211.245.24.3 - - [20/Mar/2022:20:44:17] "GET /product.screen?productId=PZ-SG-G05&JSESSIONID=SD6SL5FF9ADFF4952 HTTP 1.1" 200 2340 "http://www.buttercupgames.com" "Opera/9.01 (Windows NT 5.1; U; en)" 216
211.245.24.3 - - [20/Mar/2022:20:44:24] "GET /category.screen?categoryId=STRATEGY&JSESSIONID=SD6SL5FF9ADFF4952 HTTP 1.1" 200 3213 "http://www.buttercupgames.com/product.screen?productId=DB-SG-G01" "Opera/9.01 (Windows NT 5.1; U; en)" 325
211.245.24.3 - - [20/Mar/2022:20:44:40] "GET /product.screen?productId=CU-PG-G06&JSESSIONID=SD6SL5FF9ADFF4952 HTTP 1.1" 200 2806 "http://www.buttercupgames.com/product.screen?productId=CU-PG-G06" "Opera/9.01 (Windows NT 5.1; U; en)" 607
211.245.24.3 - - [20/Mar/2022:20:44:44] "GET /oldlink?&JSESSIONID=SD6SL5FF9ADFF4952 HTTP 1.1" 200 3925 "http://www.buttercupgames.com/category.screen?categoryId=STRATEGY" "Opera/9.01 (Windows NT 5.1; U; en)" 342
60.220.218.88 - - [20/Mar/2022:20:47:16] "POST /oldlink?&JSESSIONID=SD6SL10FF9ADFF4955 HTTP 1.1" 200 3985 "http://www.google.com" "Mozilla/5.0 (Windows; U; Windows NT 5.1; en-US; rv:1.9.2.28) Gecko/20120306 YFF3 Firefox/3.6.28 ( .NET CLR 3.5.30729; .NET4.0C)" 837
60.220.218.88 - - [20/Mar/2022:20:47:21] "GET /product.screen?productId=WC-SH-T02&JSESSIONID=SD6SL10FF9ADFF4955 HTTP 1.1" 200 2943 "http://www.buttercupgames.com/category.screen?categoryId=TEE" "Mozilla/5.0 (Windows; U; Windows NT 5.1; en-US; rv:1.9.2.28) Gecko/20120306 YFF3 Firefox/3.6.28 ( .NET CLR 3.5.30729; .NET4.0C)" 535
60.220.218.88 - - [20/Mar/2022:20:47:34] "POST /cart.do?action=addtocart&productId=WC-SH-A02&JSESSIONID=SD6SL10FF9ADFF4955 HTTP 1.1" 200 1143 "http://www.buttercupgames.com/category.screen?categoryId=ACCESSORIES" "Mozilla/5.0 (Windows; U; Windows NT 5.1; en-US; rv:1.9.2.28) Gecko/20120306 YFF3 Firefox/3.6.28 ( .NET CLR 3.5.30729; .NET4.0C)" 459
60.220.218.88 - - [20/Mar/2022:20:47:53] "GET /cart.do?action=remove&productId=WC-SH-A01&JSESSIONID=SD6SL10FF9ADFF4955 HTTP 1.1" 200 2583 "http://www.buttercupgames.com/cart.do?action=remove&productId=WC-SH-A01" "Mozilla/5.0 (Windows; U; Windows NT 5.1; en-US; rv:1.9.2.28) Gecko/20120306 YFF3 Firefox/3.6.28 ( .NET CLR 3.5.30729; .NET4.0C)" 107
60.220.218.88 - - [20/Mar/2022:20:48:01] "GET /cart.do?action=addtocart&productId=MB-AG-G07&JSESSIONID=SD6SL10FF9ADFF4955 HTTP 1.1" 200 1034 "http://www.buttercupgames.com/category.screen?categoryId=ARCADE" "Mozilla/5.0 (Windows; U; Windows NT 5.1; en-US; rv:1.9.2.28) Gecko/20120306 YFF3 Firefox/3.6.28 ( .NET CLR 3.5.30729; .NET4.0C)" 323
60.220.218.88 - - [20/Mar/2022:20:48:09] "GET /product.screen?productId=WC-SH-A01&JSESSIONID=SD6SL10FF9ADFF4955 HTTP 1.1" 200 2829 "http://www.buttercupgames.com/cart.do?action=view&productId=WC-SH-A01" "Mozilla/5.0 (Windows; U; Windows NT 5.1; en-US; rv:1.9.2.28) Gecko/20120306 YFF3 Firefox/3.6.28 ( .NET CLR 3.5.30729; .NET4.0C)" 290
95.163.78.227 - - [20/Mar/2022:20:51:04] "GET /category.screen?categoryId=NULL&JSESSIONID=SD4SL2FF8ADFF4956 HTTP 1.1" 503 1636 "http://www.yahoo.com" "Mozilla/5.0 (Windows NT 6.1; WOW64) AppleWebKit/536.5 (KHTML, like Gecko) Chrome/19.0.1084.52 Safari/536.5" 790
175.44.1.122 - - [20/Mar/2022:20:52:27] "POST /oldlink?&JSESSIONID=SD6SL6FF8ADFF4956 HTTP 1.1" 503 2312 "http://www.yahoo.com" "Mozilla/4.0 (compatible; MSIE 7.0; Windows NT 5.1; Trident/4.0; .NET CLR 2.0.50727; MS-RTC LM 8; InfoPath.2)" 497
195.80.144.22 - - [20/Mar/2022:20:55:38] "GET /product.screen?productId=DC-SG-G02&JSESSIONID=SD1SL3FF3ADFF4965 HTTP 1.1" 200 1292 "http://www.buttercupgames.com/category.screen?categoryId=STRATEGY" "Mozilla/5.0 (Macintosh; U; Intel Mac OS X 10_6_3; en-US) AppleWebKit/533.4 (KHTML, like Gecko) Chrome/5.0.375.38 Safari/533.4" 556
195.80.144.22 - - [20/Mar/2022:20:55:42] "POST /cart.do?action=addtocart&productId=DC-SG-G02&JSESSIONID=SD1SL3FF3ADFF4965 HTTP 1.1" 200 2175 "http://www.buttercupgames.com/product.screen?productId=DC-SG-G02" "Mozilla/5.0 (Macintosh; U; Intel Mac OS X 10_6_3; en-US) AppleWebKit/533.4 (KHTML, like Gecko) Chrome/5.0.375.38 Safari/533.4" 397
195.80.144.22 - - [20/Mar/2022:20:55:46] "POST /success.do?action=purchase&categoryId=STRATEGY&productId=DC-SG-G02&JSESSIONID=SD1SL3FF3ADFF4965 HTTP 1.1" 200 2315 "http://www.buttercupgames.com/cart.do?action=addtocart&categoryId=STRATEGY&productId=DC-SG-G02" "Mozilla/5.0 (Macintosh; U; Intel Mac OS X 10_6_3; en-US) AppleWebKit/533.4 (KHTML, like Gecko) Chrome/5.0.375.38 Safari/533.4" 653
195.80.144.22 - - [20/Mar/2022:20:55:46] "POST /cart/success.do?JSESSIONID=SD1SL3FF3ADFF4965&productId=WC-SH-A01 HTTP 1.1" 200 1948 "http://www.buttercupgames.com/cart.do?action=purchase&" "Mozilla/5.0 (Macintosh; U; Intel Mac OS X 10_6_3; en-US) AppleWebKit/533.4 (KHTML, like Gecko) Chrome/5.0.375.38 Safari/533.4" 927
195.80.144.22 - - [20/Mar/2022:20:55:50] "GET /category.screen?categoryId=TEE&JSESSIONID=SD1SL3FF3ADFF4965 HTTP 1.1" 200 1640 "http://www.buttercupgames.com/category.screen?categoryId=TEE" "Mozilla/5.0 (Macintosh; U; Intel Mac OS X 10_6_3; en-US) AppleWebKit/533.4 (KHTML, like Gecko) Chrome/5.0.375.38 Safari/533.4" 624
195.80.144.22 - - [20/Mar/2022:20:56:00] "GET /cart.do?action=view&productId=SC-MG-G10&JSESSIONID=SD1SL3FF3ADFF4965 HTTP 1.1" 200 3154 "http://www.buttercupgames.com/product.screen?productId=SC-MG-G10" "Mozilla/5.0 (Macintosh; U; Intel Mac OS X 10_6_3; en-US) AppleWebKit/533.4 (KHTML, like Gecko) Chrome/5.0.375.38 Safari/533.4" 716
195.80.144.22 - - [20/Mar/2022:20:56:04] "POST /oldlink?&JSESSIONID=SD1SL3FF3ADFF4965 HTTP 1.1" 408 2096 "http://www.buttercupgames.com/cart.do?action=addtocart&" "Mozilla/5.0 (Macintosh; U; Intel Mac OS X 10_6_3; en-US) AppleWebKit/533.4 (KHTML, like Gecko) Chrome/5.0.375.38 Safari/533.4" 129
195.80.144.22 - - [20/Mar/2022:20:56:08] "GET /product.screen?productId=WC-SH-G04&JSESSIONID=SD1SL3FF3ADFF4965 HTTP 1.1" 200 376 "http://www.buttercupgames.com/category.screen?categoryId=SHOOTER" "Mozilla/5.0 (Macintosh; U; Intel Mac OS X 10_6_3; en-US) AppleWebKit/533.4 (KHTML, like Gecko) Chrome/5.0.375.38 Safari/533.4" 289
195.80.144.22 - - [20/Mar/2022:20:56:11] "POST /cart.do?action=addtocart&productId=WC-SH-G04&JSESSIONID=SD1SL3FF3ADFF4965 HTTP 1.1" 200 3376 "http://www.buttercupgames.com/product.screen?productId=WC-SH-G04" "Mozilla/5.0 (Macintosh; U; Intel Mac OS X 10_6_3; en-US) AppleWebKit/533.4 (KHTML, like Gecko) Chrome/5.0.375.38 Safari/533.4" 342
195.80.144.22 - - [20/Mar/2022:20:56:16] "POST /success.do?action=purchase&categoryId=SHOOTER&productId=WC-SH-G04&JSESSIONID=SD1SL3FF3ADFF4965 HTTP 1.1" 200 1013 "http://www.buttercupgames.com/cart.do?action=addtocart&categoryId=SHOOTER&productId=WC-SH-G04" "Mozilla/5.0 (Macintosh; U; Intel Mac OS X 10_6_3; en-US) AppleWebKit/533.4 (KHTML, like Gecko) Chrome/5.0.375.38 Safari/533.4" 822
195.80.144.22 - - [20/Mar/2022:20:56:16] "POST /cart/success.do?JSESSIONID=SD1SL3FF3ADFF4965&productId=WSC-MG-G10 HTTP 1.1" 200 3166 "http://www.buttercupgames.com/cart.do?action=purchase&" "Mozilla/5.0 (Macintosh; U; Intel Mac OS X 10_6_3; en-US) AppleWebKit/533.4 (KHTML, like Gecko) Chrome/5.0.375.38 Safari/533.4" 198
178.19.3.199 - - [20/Mar/2022:20:56:29] "GET /category.screen?categoryId=SHOOTER&JSESSIONID=SD4SL9FF10ADFF4957 HTTP 1.1" 200 1293 "http://www.google.com" "Mozilla/5.0 (iPad; CPU OS 5_1_1 like Mac OS X) AppleWebKit/534.46 (KHTML, like Gecko) Version/5.1 Mobile/9B206 Safari/7534.48.3" 225
195.80.144.22 - - [20/Mar/2022:20:56:32] "GET /oldlink?&JSESSIONID=SD1SL3FF3ADFF4965 HTTP 1.1" 200 3034 "http://www.buttercupgames.com/product.screen?productId=DC-SG-G02" "Mozilla/5.0 (Macintosh; U; Intel Mac OS X 10_6_3; en-US) AppleWebKit/533.4 (KHTML, like Gecko) Chrome/5.0.375.38 Safari/533.4" 739
195.80.144.22 - - [20/Mar/2022:20:56:41] "POST /product.screen?productId=CU-PG-G06&JSESSIONID=SD1SL3FF3ADFF4965 HTTP 1.1" 200 1565 "http://www.buttercupgames.com/category.screen?categoryId=SPORTS" "Mozilla/5.0 (Macintosh; U; Intel Mac OS X 10_6_3; en-US) AppleWebKit/533.4 (KHTML, like Gecko) Chrome/5.0.375.38 Safari/533.4" 930
195.80.144.22 - - [20/Mar/2022:20:56:43] "POST /cart.do?action=addtocart&productId=CU-PG-G06&JSESSIONID=SD1SL3FF3ADFF4965 HTTP 1.1" 200 1092 "http://www.buttercupgames.com/product.screen?productId=CU-PG-G06" "Mozilla/5.0 (Macintosh; U; Intel Mac OS X 10_6_3; en-US) AppleWebKit/533.4 (KHTML, like Gecko) Chrome/5.0.375.38 Safari/533.4" 280
178.19.3.199 - - [20/Mar/2022:20:56:45] "GET /product.screen?productId=SC-MG-G10&JSESSIONID=SD4SL9FF10ADFF4957 HTTP 1.1" 200 1881 "http://www.buttercupgames.com/cart.do?action=view&productId=SC-MG-G10" "Mozilla/5.0 (iPad; CPU OS 5_1_1 like Mac OS X) AppleWebKit/534.46 (KHTML, like Gecko) Version/5.1 Mobile/9B206 Safari/7534.48.3" 999
195.80.144.22 - - [20/Mar/2022:20:56:47] "POST /success.do?action=purchase&categoryId=SPORTS&productId=CU-PG-G06&JSESSIONID=SD1SL3FF3ADFF4965 HTTP 1.1" 200 2727 "http://www.buttercupgames.com/cart.do?action=addtocart&categoryId=SPORTS&productId=CU-PG-G06" "Mozilla/5.0 (Macintosh; U; Intel Mac OS X 10_6_3; en-US) AppleWebKit/533.4 (KHTML, like Gecko) Chrome/5.0.375.38 Safari/533.4" 311
195.80.144.22 - - [20/Mar/2022:20:56:47] "POST /cart/success.do?JSESSIONID=SD1SL3FF3ADFF4965&productId=WSC-MG-G10 HTTP 1.1" 200 228 "http://www.buttercupgames.com/cart.do?action=purchase&" "Mozilla/5.0 (Macintosh; U; Intel Mac OS X 10_6_3; en-US) AppleWebKit/533.4 (KHTML, like Gecko) Chrome/5.0.375.38 Safari/533.4" 205
178.19.3.199 - - [20/Mar/2022:20:56:55] "POST /category.screen?categoryId=SPORTS&JSESSIONID=SD4SL9FF10ADFF4957 HTTP 1.1" 200 3659 "http://www.buttercupgames.com/cart.do?action=changequantity&productId=CU-PG-G06" "Mozilla/5.0 (iPad; CPU OS 5_1_1 like Mac OS X) AppleWebKit/534.46 (KHTML, like Gecko) Version/5.1 Mobile/9B206 Safari/7534.48.3" 307
195.80.144.22 - - [20/Mar/2022:20:56:57] "GET /cart.do?action=addtocart&productId=WC-SH-G04&JSESSIONID=SD1SL3FF3ADFF4965 HTTP 1.1" 200 2417 "http://www.buttercupgames.com/cart.do?action=addtocart&productId=WC-SH-G04" "Mozilla/5.0 (Macintosh; U; Intel Mac OS X 10_6_3; en-US) AppleWebKit/533.4 (KHTML, like Gecko) Chrome/5.0.375.38 Safari/533.4" 365
195.80.144.22 - - [20/Mar/2022:20:57:11] "POST /oldlink?&JSESSIONID=SD1SL3FF3ADFF4965 HTTP 1.1" 200 1190 "http://www.buttercupgames.com/cart.do?action=addtocart&productId=SC-MG-G10" "Mozilla/5.0 (Macintosh; U; Intel Mac OS X 10_6_3; en-US) AppleWebKit/533.4 (KHTML, like Gecko) Chrome/5.0.375.38 Safari/533.4" 123
178.19.3.199 - - [20/Mar/2022:20:57:13] "POST /category.screen?categoryId=STRATEGY&JSESSIONID=SD4SL9FF10ADFF4957 HTTP 1.1" 200 2076 "http://www.buttercupgames.com/cart.do?action=view&productId=DB-SG-G01" "Mozilla/5.0 (iPad; CPU OS 5_1_1 like Mac OS X) AppleWebKit/534.46 (KHTML, like Gecko) Version/5.1 Mobile/9B206 Safari/7534.48.3" 298
178.19.3.199 - - [20/Mar/2022:20:57:28] "POST /category.screen?categoryId=SIMULATION&JSESSIONID=SD4SL9FF10ADFF4957 HTTP 1.1" 200 3689 "http://www.buttercupgames.com/product.screen?productId=SC-MG-G10" "Mozilla/5.0 (iPad; CPU OS 5_1_1 like Mac OS X) AppleWebKit/534.46 (KHTML, like Gecko) Version/5.1 Mobile/9B206 Safari/7534.48.3" 525
195.80.144.22 - - [20/Mar/2022:20:57:29] "POST /oldlink?&JSESSIONID=SD1SL3FF3ADFF4965 HTTP 1.1" 200 725 "http://www.buttercupgames.com/category.screen?categoryId=TEE" "Mozilla/5.0 (Macintosh; U; Intel Mac OS X 10_6_3; en-US) AppleWebKit/533.4 (KHTML, like Gecko) Chrome/5.0.375.38 Safari/533.4" 552
195.80.144.22 - - [20/Mar/2022:20:57:38] "GET /oldlink?&JSESSIONID=SD1SL3FF3ADFF4965 HTTP 1.1" 200 3303 "http://www.buttercupgames.com/cart.do?action=view&productId=WC-SH-A01" "Mozilla/5.0 (Macintosh; U; Intel Mac OS X 10_6_3; en-US) AppleWebKit/533.4 (KHTML, like Gecko) Chrome/5.0.375.38 Safari/533.4" 224
178.19.3.199 - - [20/Mar/2022:20:57:43] "POST /category.screen?categoryId=TEE&JSESSIONID=SD4SL9FF10ADFF4957 HTTP 1.1" 200 3241 "http://www.buttercupgames.com/category.screen?categoryId=TEE" "Mozilla/5.0 (iPad; CPU OS 5_1_1 like Mac OS X) AppleWebKit/534.46 (KHTML, like Gecko) Version/5.1 Mobile/9B206 Safari/7534.48.3" 196
178.19.3.199 - - [20/Mar/2022:20:58:01] "GET /category.screen?categoryId=TEE&JSESSIONID=SD4SL9FF10ADFF4957 HTTP 1.1" 200 3777 "http://www.buttercupgames.com/product.screen?productId=MB-AG-T01" "Mozilla/5.0 (iPad; CPU OS 5_1_1 like Mac OS X) AppleWebKit/534.46 (KHTML, like Gecko) Version/5.1 Mobile/9B206 Safari/7534.48.3" 549
94.229.0.20 - - [20/Mar/2022:21:01:07] "GET /oldlink?&JSESSIONID=SD4SL8FF3ADFF4958 HTTP 1.1" 200 1285 "http://www.google.com" "Mozilla/5.0 (compatible; MSIE 9.0; Windows NT 6.1; WOW64; Trident/5.0; BOIE9;ENUS)" 264
91.210.104.143 - - [20/Mar/2022:21:01:09] "GET /product.screen?productId=DC-SG-G02&JSESSIONID=SD1SL3FF5ADFF4957 HTTP 1.1" 200 2120 "http://www.google.com" "Mozilla/5.0 (Windows; U; Windows NT 5.1; en-US; rv:1.9.2.28) Gecko/20120306 YFF3 Firefox/3.6.28 ( .NET CLR 3.5.30729; .NET4.0C)" 954
91.210.104.143 - - [20/Mar/2022:21:01:17] "GET /oldlink?&JSESSIONID=SD1SL3FF5ADFF4957 HTTP 1.1" 200 1897 "http://www.buttercupgames.com/cart.do?action=view&productId=WC-SH-A01" "Mozilla/5.0 (Windows; U; Windows NT 5.1; en-US; rv:1.9.2.28) Gecko/20120306 YFF3 Firefox/3.6.28 ( .NET CLR 3.5.30729; .NET4.0C)" 499
94.229.0.20 - - [20/Mar/2022:21:01:22] "POST /oldlink?&JSESSIONID=SD4SL8FF3ADFF4958 HTTP 1.1" 200 3441 "http://www.buttercupgames.com/category.screen?categoryId=ACCESSORIES" "Mozilla/5.0 (compatible; MSIE 9.0; Windows NT 6.1; WOW64; Trident/5.0; BOIE9;ENUS)" 136
91.210.104.143 - - [20/Mar/2022:21:01:33] "GET /cart.do?action=changequantity&productId=FS-SG-G03&JSESSIONID=SD1SL3FF5ADFF4957 HTTP 1.1" 200 1015 "http://www.buttercupgames.com/oldlink" "Mozilla/5.0 (Windows; U; Windows NT 5.1; en-US; rv:1.9.2.28) Gecko/20120306 YFF3 Firefox/3.6.28 ( .NET CLR 3.5.30729; .NET4.0C)" 411
94.229.0.20 - - [20/Mar/2022:21:01:41] "GET /oldlink?&JSESSIONID=SD4SL8FF3ADFF4958 HTTP 1.1" 200 2311 "http://www.buttercupgames.com/category.screen?categoryId=TEE" "Mozilla/5.0 (compatible; MSIE 9.0; Windows NT 6.1; WOW64; Trident/5.0; BOIE9;ENUS)" 936
91.210.104.143 - - [20/Mar/2022:21:01:48] "GET /cart.do?action=addtocart&productId=SC-MG-G10&JSESSIONID=SD1SL3FF5ADFF4957 HTTP 1.1" 200 898 "http://www.buttercupgames.com/product.screen?productId=SC-MG-G10" "Mozilla/5.0 (Windows; U; Windows NT 5.1; en-US; rv:1.9.2.28) Gecko/20120306 YFF3 Firefox/3.6.28 ( .NET CLR 3.5.30729; .NET4.0C)" 791
91.210.104.143 - - [20/Mar/2022:21:02:05] "POST /product.screen?productId=MB-AG-G07&JSESSIONID=SD1SL3FF5ADFF4957 HTTP 1.1" 200 1584 "http://www.buttercupgames.com/category.screen?categoryId=ARCADE" "Mozilla/5.0 (Windows; U; Windows NT 5.1; en-US; rv:1.9.2.28) Gecko/20120306 YFF3 Firefox/3.6.28 ( .NET CLR 3.5.30729; .NET4.0C)" 727
91.210.104.143 - - [20/Mar/2022:21:02:08] "POST /cart.do?action=addtocart&productId=MB-AG-G07&JSESSIONID=SD1SL3FF5ADFF4957 HTTP 1.1" 200 451 "http://www.buttercupgames.com/product.screen?productId=MB-AG-G07" "Mozilla/5.0 (Windows; U; Windows NT 5.1; en-US; rv:1.9.2.28) Gecko/20120306 YFF3 Firefox/3.6.28 ( .NET CLR 3.5.30729; .NET4.0C)" 620
91.210.104.143 - - [20/Mar/2022:21:02:11] "POST /success.do?action=purchase&categoryId=ARCADE&productId=MB-AG-G07&JSESSIONID=SD1SL3FF5ADFF4957 HTTP 1.1" 200 1285 "http://www.buttercupgames.com/cart.do?action=addtocart&categoryId=ARCADE&productId=MB-AG-G07" "Mozilla/5.0 (Windows; U; Windows NT 5.1; en-US; rv:1.9.2.28) Gecko/20120306 YFF3 Firefox/3.6.28 ( .NET CLR 3.5.30729; .NET4.0C)" 966
91.210.104.143 - - [20/Mar/2022:21:02:11] "POST /cart/success.do?JSESSIONID=SD1SL3FF5ADFF4957&productId=WC-SH-A01 HTTP 1.1" 200 873 "http://www.buttercupgames.com/cart.do?action=purchase&" "Mozilla/5.0 (Windows; U; Windows NT 5.1; en-US; rv:1.9.2.28) Gecko/20120306 YFF3 Firefox/3.6.28 ( .NET CLR 3.5.30729; .NET4.0C)" 388
202.179.8.245 - - [20/Mar/2022:21:04:18] "GET /product.screen?productId=DC-SG-G02&JSESSIONID=SD4SL5FF8ADFF4964 HTTP 1.1" 200 693 "http://www.yahoo.com" "Mozilla/5.0 (Windows; U; Windows NT 5.1; en-US; rv:1.9.2.28) Gecko/20120306 YFF3 Firefox/3.6.28 ( .NET CLR 3.5.30729; .NET4.0C)" 913
202.179.8.245 - - [20/Mar/2022:21:04:29] "GET /product.screen?productId=SC-MG-G10&JSESSIONID=SD4SL5FF8ADFF4964 HTTP 1.1" 200 1790 "http://www.buttercupgames.com/category.screen?categoryId=SIMULATION" "Mozilla/5.0 (Windows; U; Windows NT 5.1; en-US; rv:1.9.2.28) Gecko/20120306 YFF3 Firefox/3.6.28 ( .NET CLR 3.5.30729; .NET4.0C)" 888
202.179.8.245 - - [20/Mar/2022:21:04:34] "POST /cart.do?action=addtocart&productId=SC-MG-G10&JSESSIONID=SD4SL5FF8ADFF4964 HTTP 1.1" 200 1903 "http://www.buttercupgames.com/product.screen?productId=SC-MG-G10" "Mozilla/5.0 (Windows; U; Windows NT 5.1; en-US; rv:1.9.2.28) Gecko/20120306 YFF3 Firefox/3.6.28 ( .NET CLR 3.5.30729; .NET4.0C)" 301
203.92.58.136 - - [20/Mar/2022:21:04:39] "GET /oldlink?&JSESSIONID=SD9SL9FF3ADFF4958 HTTP 1.1" 200 3973 "http://www.yahoo.com" "Mozilla/5.0 (Windows; U; Windows NT 5.1; en-US; rv:1.9.2.28) Gecko/20120306 YFF3 Firefox/3.6.28 ( .NET CLR 3.5.30729; .NET4.0C)" 549
202.179.8.245 - - [20/Mar/2022:21:04:39] "POST /success.do?action=purchase&categoryId=SIMULATION&productId=SC-MG-G10&JSESSIONID=SD4SL5FF8ADFF4964 HTTP 1.1" 200 790 "http://www.buttercupgames.com/cart.do?action=addtocart&categoryId=SIMULATION&productId=SC-MG-G10" "Mozilla/5.0 (Windows; U; Windows NT 5.1; en-US; rv:1.9.2.28) Gecko/20120306 YFF3 Firefox/3.6.28 ( .NET CLR 3.5.30729; .NET4.0C)" 614
202.179.8.245 - - [20/Mar/2022:21:04:39] "POST /cart/success.do?JSESSIONID=SD4SL5FF8ADFF4964&productId=DC-SG-G02 HTTP 1.1" 200 2983 "http://www.buttercupgames.com/cart.do?action=purchase&" "Mozilla/5.0 (Windows; U; Windows NT 5.1; en-US; rv:1.9.2.28) Gecko/20120306 YFF3 Firefox/3.6.28 ( .NET CLR 3.5.30729; .NET4.0C)" 201
202.179.8.245 - - [20/Mar/2022:21:04:54] "GET /cart.do?action=view&productId=MB-AG-G07&JSESSIONID=SD4SL5FF8ADFF4964 HTTP 1.1" 200 3713 "http://www.buttercupgames.com/product.screen?productId=MB-AG-G07" "Mozilla/5.0 (Windows; U; Windows NT 5.1; en-US; rv:1.9.2.28) Gecko/20120306 YFF3 Firefox/3.6.28 ( .NET CLR 3.5.30729; .NET4.0C)" 838
202.179.8.245 - - [20/Mar/2022:21:05:04] "GET /product.screen?productId=DB-SG-G01&JSESSIONID=SD4SL5FF8ADFF4964 HTTP 1.1" 200 1150 "http://www.buttercupgames.com/oldlink" "Mozilla/5.0 (Windows; U; Windows NT 5.1; en-US; rv:1.9.2.28) Gecko/20120306 YFF3 Firefox/3.6.28 ( .NET CLR 3.5.30729; .NET4.0C)" 359
202.179.8.245 - - [20/Mar/2022:21:05:23] "GET /productscreen.html?t=ou812&JSESSIONID=SD4SL5FF8ADFF4964 HTTP 1.1" 404 1874 "http://www.buttercupgames.com/category.screen?categoryId=NULL" "Mozilla/5.0 (Windows; U; Windows NT 5.1; en-US; rv:1.9.2.28) Gecko/20120306 YFF3 Firefox/3.6.28 ( .NET CLR 3.5.30729; .NET4.0C)" 396
188.173.152.100 - - [20/Mar/2022:21:10:30] "POST /oldlink?&JSESSIONID=SD7SL1FF8ADFF4965 HTTP 1.1" 200 3517 "http://www.google.com" "Mozilla/5.0 (compatible; MSIE 9.0; Windows NT 6.1; WOW64; Trident/5.0; BOIE9;ENUS)" 634
188.173.152.100 - - [20/Mar/2022:21:10:41] "GET /product.screen?productId=SC-MG-G10&JSESSIONID=SD7SL1FF8ADFF4965 HTTP 1.1" 200 2082 "http://www.buttercupgames.com/product.screen?productId=SC-MG-G10" "Mozilla/5.0 (compatible; MSIE 9.0; Windows NT 6.1; WOW64; Trident/5.0; BOIE9;ENUS)" 778
188.173.152.100 - - [20/Mar/2022:21:10:56] "POST /category.screen?categoryId=TEE&JSESSIONID=SD7SL1FF8ADFF4965 HTTP 1.1" 200 3943 "http://www.buttercupgames.com/oldlink" "Mozilla/5.0 (compatible; MSIE 9.0; Windows NT 6.1; WOW64; Trident/5.0; BOIE9;ENUS)" 385
200.6.134.23 - - [20/Mar/2022:21:10:59] "GET /product.screen?productId=WC-SH-A02&JSESSIONID=SD10SL6FF4ADFF4965 HTTP 1.1" 200 2887 "http://www.buttercupgames.com/category.screen?categoryId=ACCESSORIES" "Mozilla/5.0 (Macintosh; Intel Mac OS X 10_7_4) AppleWebKit/536.5 (KHTML, like Gecko) Chrome/19.0.1084.46 Safari/536.5" 188
200.6.134.23 - - [20/Mar/2022:21:11:01] "POST /cart.do?action=addtocart&productId=WC-SH-A02&JSESSIONID=SD10SL6FF4ADFF4965 HTTP 1.1" 200 343 "http://www.buttercupgames.com/product.screen?productId=WC-SH-A02" "Mozilla/5.0 (Macintosh; Intel Mac OS X 10_7_4) AppleWebKit/536.5 (KHTML, like Gecko) Chrome/19.0.1084.46 Safari/536.5" 334
200.6.134.23 - - [20/Mar/2022:21:11:06] "POST /success.do?action=purchase&categoryId=ACCESSORIES&productId=WC-SH-A02&JSESSIONID=SD10SL6FF4ADFF4965 HTTP 1.1" 200 3469 "http://www.buttercupgames.com/cart.do?action=addtocart&categoryId=ACCESSORIES&productId=WC-SH-A02" "Mozilla/5.0 (Macintosh; Intel Mac OS X 10_7_4) AppleWebKit/536.5 (KHTML, like Gecko) Chrome/19.0.1084.46 Safari/536.5" 830
200.6.134.23 - - [20/Mar/2022:21:11:06] "POST /cart/success.do?productId=GT-SC-G01&JSESSIONID=SD10SL6FF4ADFF4965 HTTP 1.1" 200 1474 "http://www.buttercupgames.com/cart.do?action=purchase&productId=GT-SC-G01" "Mozilla/5.0 (Macintosh; Intel Mac OS X 10_7_4) AppleWebKit/536.5 (KHTML, like Gecko) Chrome/19.0.1084.46 Safari/536.5" 980
188.173.152.100 - - [20/Mar/2022:21:11:10] "GET /cart.do?action=addtocart&productId=PZ-SG-G05&JSESSIONID=SD7SL1FF8ADFF4965 HTTP 1.1" 200 2920 "http://www.buttercupgames.com/product.screen?productId=PZ-SG-G05" "Mozilla/5.0 (compatible; MSIE 9.0; Windows NT 6.1; WOW64; Trident/5.0; BOIE9;ENUS)" 872
188.173.152.100 - - [20/Mar/2022:21:11:14] "GET /product.screen?productId=SF-BVS-01&JSESSIONID=SD7SL1FF8ADFF4965 HTTP 1.1" 503 2140 "http://www.buttercupgames.com/product.screen?productId=SF-BVS-01" "Mozilla/5.0 (compatible; MSIE 9.0; Windows NT 6.1; WOW64; Trident/5.0; BOIE9;ENUS)" 746
200.6.134.23 - - [20/Mar/2022:21:11:23] "POST /cart.do?action=view&productId=MB-AG-G07&JSESSIONID=SD10SL6FF4ADFF4965 HTTP 1.1" 200 1049 "http://www.buttercupgames.com/product.screen?productId=MB-AG-G07" "Mozilla/5.0 (Macintosh; Intel Mac OS X 10_7_4) AppleWebKit/536.5 (KHTML, like Gecko) Chrome/19.0.1084.46 Safari/536.5" 838
200.6.134.23 - - [20/Mar/2022:21:11:41] "POST /oldlink?&JSESSIONID=SD10SL6FF4ADFF4965 HTTP 1.1" 200 1311 "http://www.buttercupgames.com/cart.do?action=remove&productId=WC-SH-G04" "Mozilla/5.0 (Macintosh; Intel Mac OS X 10_7_4) AppleWebKit/536.5 (KHTML, like Gecko) Chrome/19.0.1084.46 Safari/536.5" 741
200.6.134.23 - - [20/Mar/2022:21:11:48] "POST /cart.do?action=view&productId=SC-MG-G10&JSESSIONID=SD10SL6FF4ADFF4965 HTTP 1.1" 200 629 "http://www.buttercupgames.com/cart.do?action=view&productId=SC-MG-G10" "Mozilla/5.0 (Macintosh; Intel Mac OS X 10_7_4) AppleWebKit/536.5 (KHTML, like Gecko) Chrome/19.0.1084.46 Safari/536.5" 342
200.6.134.23 - - [20/Mar/2022:21:12:01] "GET /product.screen?productId=MB-AG-G07&JSESSIONID=SD10SL6FF4ADFF4965 HTTP 1.1" 200 1107 "http://www.buttercupgames.com/category.screen?categoryId=ARCADE" "Mozilla/5.0 (Macintosh; Intel Mac OS X 10_7_4) AppleWebKit/536.5 (KHTML, like Gecko) Chrome/19.0.1084.46 Safari/536.5" 938
200.6.134.23 - - [20/Mar/2022:21:12:06] "POST /cart.do?action=addtocart&productId=MB-AG-G07&JSESSIONID=SD10SL6FF4ADFF4965 HTTP 1.1" 200 3145 "http://www.buttercupgames.com/product.screen?productId=MB-AG-G07" "Mozilla/5.0 (Macintosh; Intel Mac OS X 10_7_4) AppleWebKit/536.5 (KHTML, like Gecko) Chrome/19.0.1084.46 Safari/536.5" 794
200.6.134.23 - - [20/Mar/2022:21:12:11] "POST /success.do?action=purchase&categoryId=ARCADE&productId=MB-AG-G07&JSESSIONID=SD10SL6FF4ADFF4965 HTTP 1.1" 503 630 "http://www.buttercupgames.com/cart.do?action=addtocart&categoryId=ARCADE&productId=MB-AG-G07" "Mozilla/5.0 (Macintosh; Intel Mac OS X 10_7_4) AppleWebKit/536.5 (KHTML, like Gecko) Chrome/19.0.1084.46 Safari/536.5" 448
69.80.0.18 - - [20/Mar/2022:21:13:59] "GET /product.screen?productId=SF-BVS-01&JSESSIONID=SD4SL5FF10ADFF4959 HTTP 1.1" 403 3997 "http://www.buttercupgames.com" "Mozilla/5.0 (Windows; U; Windows NT 5.1; en-US; rv:1.9.2.28) Gecko/20120306 YFF3 Firefox/3.6.28 ( .NET CLR 3.5.30729; .NET4.0C)" 900
69.80.0.18 - - [20/Mar/2022:21:14:06] "GET /product.screen?productId=DB-SG-G01&JSESSIONID=SD4SL5FF10ADFF4959 HTTP 1.1" 200 3079 "http://www.buttercupgames.com/product.screen?productId=DB-SG-G01" "Mozilla/5.0 (Windows; U; Windows NT 5.1; en-US; rv:1.9.2.28) Gecko/20120306 YFF3 Firefox/3.6.28 ( .NET CLR 3.5.30729; .NET4.0C)" 492
69.80.0.18 - - [20/Mar/2022:21:14:15] "GET /cart.do?action=addtocart&productId=PZ-SG-G05&JSESSIONID=SD4SL5FF10ADFF4959 HTTP 1.1" 200 3300 "http://www.buttercupgames.com/oldlink" "Mozilla/5.0 (Windows; U; Windows NT 5.1; en-US; rv:1.9.2.28) Gecko/20120306 YFF3 Firefox/3.6.28 ( .NET CLR 3.5.30729; .NET4.0C)" 169
69.80.0.18 - - [20/Mar/2022:21:14:30] "POST /cart.do?action=remove&productId=DC-SG-G02&JSESSIONID=SD4SL5FF10ADFF4959 HTTP 1.1" 200 1604 "http://www.buttercupgames.com/category.screen?categoryId=STRATEGY" "Mozilla/5.0 (Windows; U; Windows NT 5.1; en-US; rv:1.9.2.28) Gecko/20120306 YFF3 Firefox/3.6.28 ( .NET CLR 3.5.30729; .NET4.0C)" 877
69.80.0.18 - - [20/Mar/2022:21:14:43] "GET /product.screen?productId=WC-SH-T02&JSESSIONID=SD4SL5FF10ADFF4959 HTTP 1.1" 200 245 "http://www.buttercupgames.com/category.screen?categoryId=TEE" "Mozilla/5.0 (Windows; U; Windows NT 5.1; en-US; rv:1.9.2.28) Gecko/20120306 YFF3 Firefox/3.6.28 ( .NET CLR 3.5.30729; .NET4.0C)" 114
69.80.0.18 - - [20/Mar/2022:21:14:46] "POST /cart.do?action=addtocart&productId=WC-SH-T02&JSESSIONID=SD4SL5FF10ADFF4959 HTTP 1.1" 200 3732 "http://www.buttercupgames.com/product.screen?productId=WC-SH-T02" "Mozilla/5.0 (Windows; U; Windows NT 5.1; en-US; rv:1.9.2.28) Gecko/20120306 YFF3 Firefox/3.6.28 ( .NET CLR 3.5.30729; .NET4.0C)" 969
69.80.0.18 - - [20/Mar/2022:21:14:51] "POST /success.do?action=purchase&categoryId=TEE&productId=WC-SH-T02&JSESSIONID=SD4SL5FF10ADFF4959 HTTP 1.1" 200 2345 "http://www.buttercupgames.com/cart.do?action=addtocart&categoryId=TEE&productId=WC-SH-T02" "Mozilla/5.0 (Windows; U; Windows NT 5.1; en-US; rv:1.9.2.28) Gecko/20120306 YFF3 Firefox/3.6.28 ( .NET CLR 3.5.30729; .NET4.0C)" 373
69.80.0.18 - - [20/Mar/2022:21:14:51] "POST /cart/success.do?JSESSIONID=SD4SL5FF10ADFF4959&productId=FI-AG-G08 HTTP 1.1" 200 3068 "http://www.buttercupgames.com/cart.do?action=purchase&" "Mozilla/5.0 (Windows; U; Windows NT 5.1; en-US; rv:1.9.2.28) Gecko/20120306 YFF3 Firefox/3.6.28 ( .NET CLR 3.5.30729; .NET4.0C)" 941
69.80.0.18 - - [20/Mar/2022:21:15:06] "GET /category.screen?categoryId=NULL&JSESSIONID=SD4SL5FF10ADFF4959 HTTP 1.1" 403 1605 "http://www.buttercupgames.com/oldlink" "Mozilla/5.0 (Windows; U; Windows NT 5.1; en-US; rv:1.9.2.28) Gecko/20120306 YFF3 Firefox/3.6.28 ( .NET CLR 3.5.30729; .NET4.0C)" 203
69.80.0.18 - - [20/Mar/2022:21:15:14] "GET /cart.do?action=view&productId=WC-SH-T02&JSESSIONID=SD4SL5FF10ADFF4959 HTTP 1.1" 200 340 "http://www.buttercupgames.com/product.screen?productId=WC-SH-T02" "Mozilla/5.0 (Windows; U; Windows NT 5.1; en-US; rv:1.9.2.28) Gecko/20120306 YFF3 Firefox/3.6.28 ( .NET CLR 3.5.30729; .NET4.0C)" 758
69.80.0.18 - - [20/Mar/2022:21:15:18] "POST /oldlink?&JSESSIONID=SD4SL5FF10ADFF4959 HTTP 1.1" 503 2226 "http://www.buttercupgames.com/oldlink" "Mozilla/5.0 (Windows; U; Windows NT 5.1; en-US; rv:1.9.2.28) Gecko/20120306 YFF3 Firefox/3.6.28 ( .NET CLR 3.5.30729; .NET4.0C)" 871
209.114.36.109 - - [20/Mar/2022:21:16:45] "GET /oldlink?&JSESSIONID=SD7SL2FF10ADFF4963 HTTP 1.1" 200 1458 "http://www.buttercupgames.com" "Mozilla/5.0 (Macintosh; U; Intel Mac OS X 10_6_3; en-US) AppleWebKit/533.4 (KHTML, like Gecko) Chrome/5.0.375.38 Safari/533.4" 612
209.114.36.109 - - [20/Mar/2022:21:16:49] "GET /category.screen?categoryId=TEE&JSESSIONID=SD7SL2FF10ADFF4963 HTTP 1.1" 200 3214 "http://www.buttercupgames.com/oldlink" "Mozilla/5.0 (Macintosh; U; Intel Mac OS X 10_6_3; en-US) AppleWebKit/533.4 (KHTML, like Gecko) Chrome/5.0.375.38 Safari/533.4" 309
209.114.36.109 - - [20/Mar/2022:21:17:05] "GET /product.screen?productId=WC-SH-A02&JSESSIONID=SD7SL2FF10ADFF4963 HTTP 1.1" 200 1756 "http://www.buttercupgames.com/cart.do?action=view&productId=WC-SH-A02" "Mozilla/5.0 (Macintosh; U; Intel Mac OS X 10_6_3; en-US) AppleWebKit/533.4 (KHTML, like Gecko) Chrome/5.0.375.38 Safari/533.4" 930
209.114.36.109 - - [20/Mar/2022:21:17:22] "POST /cart.do?action=view&productId=FI-AG-G08&JSESSIONID=SD7SL2FF10ADFF4963 HTTP 1.1" 200 3778 "http://www.buttercupgames.com/oldlink" "Mozilla/5.0 (Macintosh; U; Intel Mac OS X 10_6_3; en-US) AppleWebKit/533.4 (KHTML, like Gecko) Chrome/5.0.375.38 Safari/533.4" 145
209.114.36.109 - - [20/Mar/2022:21:17:33] "GET /cart.do?action=view&productId=MB-AG-G07&JSESSIONID=SD7SL2FF10ADFF4963 HTTP 1.1" 200 3097 "http://www.buttercupgames.com/oldlink" "Mozilla/5.0 (Macintosh; U; Intel Mac OS X 10_6_3; en-US) AppleWebKit/533.4 (KHTML, like Gecko) Chrome/5.0.375.38 Safari/533.4" 464
209.114.36.109 - - [20/Mar/2022:21:17:47] "GET /category.screen?categoryId=ARCADE&JSESSIONID=SD7SL2FF10ADFF4963 HTTP 1.1" 200 3459 "http://www.buttercupgames.com/product.screen?productId=FI-AG-G08" "Mozilla/5.0 (Macintosh; U; Intel Mac OS X 10_6_3; en-US) AppleWebKit/533.4 (KHTML, like Gecko) Chrome/5.0.375.38 Safari/533.4" 230
209.114.36.109 - - [20/Mar/2022:21:17:52] "GET /category.screen?categoryId=ARCADE&JSESSIONID=SD7SL2FF10ADFF4963 HTTP 1.1" 200 222 "http://www.buttercupgames.com/category.screen?categoryId=ARCADE" "Mozilla/5.0 (Macintosh; U; Intel Mac OS X 10_6_3; en-US) AppleWebKit/533.4 (KHTML, like Gecko) Chrome/5.0.375.38 Safari/533.4" 192
209.114.36.109 - - [20/Mar/2022:21:17:56] "GET /product.screen?productId=CU-PG-G06&JSESSIONID=SD7SL2FF10ADFF4963 HTTP 1.1" 200 1559 "http://www.buttercupgames.com/category.screen?categoryId=SPORTS" "Mozilla/5.0 (Macintosh; U; Intel Mac OS X 10_6_3; en-US) AppleWebKit/533.4 (KHTML, like Gecko) Chrome/5.0.375.38 Safari/533.4" 458
209.114.36.109 - - [20/Mar/2022:21:17:59] "POST /cart.do?action=addtocart&productId=CU-PG-G06&JSESSIONID=SD7SL2FF10ADFF4963 HTTP 1.1" 200 3610 "http://www.buttercupgames.com/product.screen?productId=CU-PG-G06" "Mozilla/5.0 (Macintosh; U; Intel Mac OS X 10_6_3; en-US) AppleWebKit/533.4 (KHTML, like Gecko) Chrome/5.0.375.38 Safari/533.4" 476
209.114.36.109 - - [20/Mar/2022:21:18:02] "POST /success.do?action=purchase&categoryId=SPORTS&productId=CU-PG-G06&JSESSIONID=SD7SL2FF10ADFF4963 HTTP 1.1" 200 1701 "http://www.buttercupgames.com/cart.do?action=addtocart&categoryId=SPORTS&productId=CU-PG-G06" "Mozilla/5.0 (Macintosh; U; Intel Mac OS X 10_6_3; en-US) AppleWebKit/533.4 (KHTML, like Gecko) Chrome/5.0.375.38 Safari/533.4" 287
209.114.36.109 - - [20/Mar/2022:21:18:02] "POST /cart/success.do?JSESSIONID=SD7SL2FF10ADFF4963&productId=DC-SG-G02 HTTP 1.1" 200 3851 "http://www.buttercupgames.com/cart.do?action=purchase&" "Mozilla/5.0 (Macintosh; U; Intel Mac OS X 10_6_3; en-US) AppleWebKit/533.4 (KHTML, like Gecko) Chrome/5.0.375.38 Safari/533.4" 274
207.36.232.245 - - [20/Mar/2022:21:20:02] "GET /product.screen?productId=WC-SH-G04&JSESSIONID=SD6SL4FF7ADFF4962 HTTP 1.1" 200 2498 "http://www.buttercupgames.com" "Mozilla/5.0 (iPad; CPU OS 5_1_1 like Mac OS X) AppleWebKit/534.46 (KHTML, like Gecko) Version/5.1 Mobile/9B206 Safari/7534.48.3" 618
207.36.232.245 - - [20/Mar/2022:21:20:19] "GET /cart.do?action=view&JSESSIONID=SD6SL4FF7ADFF4962 HTTP 1.1" 503 2864 "http://www.buttercupgames.com/oldlink" "Mozilla/5.0 (iPad; CPU OS 5_1_1 like Mac OS X) AppleWebKit/534.46 (KHTML, like Gecko) Version/5.1 Mobile/9B206 Safari/7534.48.3" 815
188.173.152.100 - - [20/Mar/2022:21:23:33] "GET /oldlink?&JSESSIONID=SD3SL2FF1ADFF4956 HTTP 1.1" 200 1742 "http://www.google.com" "Mozilla/4.0 (compatible; MSIE 6.0; Windows NT 5.1; SV1)" 371
201.28.109.162 - - [20/Mar/2022:21:26:57] "POST /cart.do?action=view&productId=WC-SH-G04&JSESSIONID=SD4SL4FF3ADFF4959 HTTP 1.1" 200 1340 "http://www.buttercupgames.com" "Mozilla/4.0 (compatible; MSIE 7.0; Windows NT 5.1; .NET CLR 2.0.50727; .NET CLR 3.0.4506.2152; .NET CLR 3.5.30729; .NET4.0C; .NET4.0E; MS-RTC LM 8; InfoPath.1)" 280
123.118.73.155 - - [20/Mar/2022:21:27:10] "POST /category.screen?categoryId=ARCADE&JSESSIONID=SD4SL5FF5ADFF4964 HTTP 1.1" 200 3629 "http://www.yahoo.com" "Mozilla/4.0 (compatible; MSIE 7.0; Windows NT 5.1; Trident/4.0; .NET CLR 2.0.50727; MS-RTC LM 8; InfoPath.2)" 123
123.118.73.155 - - [20/Mar/2022:21:27:20] "GET /product.screen?productId=SC-MG-G10&JSESSIONID=SD4SL5FF5ADFF4964 HTTP 1.1" 200 3970 "http://www.buttercupgames.com/category.screen?categoryId=SIMULATION" "Mozilla/4.0 (compatible; MSIE 7.0; Windows NT 5.1; Trident/4.0; .NET CLR 2.0.50727; MS-RTC LM 8; InfoPath.2)" 890
123.118.73.155 - - [20/Mar/2022:21:27:29] "GET /category.screen?categoryId=NULL&JSESSIONID=SD4SL5FF5ADFF4964 HTTP 1.1" 406 458 "http://www.buttercupgames.com/oldlink" "Mozilla/4.0 (compatible; MSIE 7.0; Windows NT 5.1; Trident/4.0; .NET CLR 2.0.50727; MS-RTC LM 8; InfoPath.2)" 988
123.118.73.155 - - [20/Mar/2022:21:27:40] "POST /category.screen?categoryId=STRATEGY&JSESSIONID=SD4SL5FF5ADFF4964 HTTP 1.1" 200 2114 "http://www.buttercupgames.com/oldlink" "Mozilla/4.0 (compatible; MSIE 7.0; Windows NT 5.1; Trident/4.0; .NET CLR 2.0.50727; MS-RTC LM 8; InfoPath.2)" 778
123.118.73.155 - - [20/Mar/2022:21:27:51] "GET /oldlink?&JSESSIONID=SD4SL5FF5ADFF4964 HTTP 1.1" 200 3343 "http://www.buttercupgames.com/product.screen?productId=CU-PG-G06" "Mozilla/4.0 (compatible; MSIE 7.0; Windows NT 5.1; Trident/4.0; .NET CLR 2.0.50727; MS-RTC LM 8; InfoPath.2)" 552
123.118.73.155 - - [20/Mar/2022:21:28:01] "POST /product.screen?productId=SC-MG-G10&JSESSIONID=SD4SL5FF5ADFF4964 HTTP 1.1" 200 2144 "http://www.buttercupgames.com/oldlink" "Mozilla/4.0 (compatible; MSIE 7.0; Windows NT 5.1; Trident/4.0; .NET CLR 2.0.50727; MS-RTC LM 8; InfoPath.2)" 173
123.118.73.155 - - [20/Mar/2022:21:28:20] "GET /product.screen?productId=WC-SH-A02&JSESSIONID=SD4SL5FF5ADFF4964 HTTP 1.1" 200 2046 "http://www.buttercupgames.com/category.screen?categoryId=ACCESSORIES" "Mozilla/4.0 (compatible; MSIE 7.0; Windows NT 5.1; Trident/4.0; .NET CLR 2.0.50727; MS-RTC LM 8; InfoPath.2)" 453
123.118.73.155 - - [20/Mar/2022:21:28:27] "POST /product.screen?productId=SF-BVS-01&JSESSIONID=SD4SL5FF5ADFF4964 HTTP 1.1" 503 1291 "http://www.buttercupgames.com/oldlink" "Mozilla/4.0 (compatible; MSIE 7.0; Windows NT 5.1; Trident/4.0; .NET CLR 2.0.50727; MS-RTC LM 8; InfoPath.2)" 570
95.163.78.227 - - [20/Mar/2022:21:33:00] "GET /category.screen?categoryId=STRATEGY&JSESSIONID=SD4SL6FF3ADFF4961 HTTP 1.1" 200 775 "http://www.buttercupgames.com" "Mozilla/5.0 (Macintosh; U; Intel Mac OS X 10_6_3; en-US) AppleWebKit/533.4 (KHTML, like Gecko) Chrome/5.0.375.38 Safari/533.4" 849
95.163.78.227 - - [20/Mar/2022:21:33:17] "POST /cart.do?action=addtocart&productId=PZ-SG-G05&JSESSIONID=SD4SL6FF3ADFF4961 HTTP 1.1" 200 905 "http://www.buttercupgames.com/product.screen?productId=PZ-SG-G05" "Mozilla/5.0 (Macintosh; U; Intel Mac OS X 10_6_3; en-US) AppleWebKit/533.4 (KHTML, like Gecko) Chrome/5.0.375.38 Safari/533.4" 908
95.163.78.227 - - [20/Mar/2022:21:33:29] "POST /product.screen?productId=PZ-SG-G05&JSESSIONID=SD4SL6FF3ADFF4961 HTTP 1.1" 200 1475 "http://www.buttercupgames.com/oldlink" "Mozilla/5.0 (Macintosh; U; Intel Mac OS X 10_6_3; en-US) AppleWebKit/533.4 (KHTML, like Gecko) Chrome/5.0.375.38 Safari/533.4" 335
95.163.78.227 - - [20/Mar/2022:21:33:40] "GET /oldlink?&JSESSIONID=SD4SL6FF3ADFF4961 HTTP 1.1" 200 2577 "http://www.buttercupgames.com/cart.do?action=addtocart&productId=FS-SG-G03" "Mozilla/5.0 (Macintosh; U; Intel Mac OS X 10_6_3; en-US) AppleWebKit/533.4 (KHTML, like Gecko) Chrome/5.0.375.38 Safari/533.4" 647
95.163.78.227 - - [20/Mar/2022:21:33:44] "GET /oldlink?&JSESSIONID=SD4SL6FF3ADFF4961 HTTP 1.1" 200 1517 "http://www.buttercupgames.com/cart.do?action=view&productId=DC-SG-G02" "Mozilla/5.0 (Macintosh; U; Intel Mac OS X 10_6_3; en-US) AppleWebKit/533.4 (KHTML, like Gecko) Chrome/5.0.375.38 Safari/533.4" 607
95.163.78.227 - - [20/Mar/2022:21:34:02] "GET /category.screen?categoryId=TEE&JSESSIONID=SD4SL6FF3ADFF4961 HTTP 1.1" 200 2536 "http://www.buttercupgames.com/cart.do?action=view&productId=MB-AG-T01" "Mozilla/5.0 (Macintosh; U; Intel Mac OS X 10_6_3; en-US) AppleWebKit/533.4 (KHTML, like Gecko) Chrome/5.0.375.38 Safari/533.4" 731
95.163.78.227 - - [20/Mar/2022:21:34:09] "GET /product.screen?productId=CU-PG-G06&JSESSIONID=SD4SL6FF3ADFF4961 HTTP 1.1" 200 611 "http://www.buttercupgames.com/cart.do?action=changequantity&productId=CU-PG-G06" "Mozilla/5.0 (Macintosh; U; Intel Mac OS X 10_6_3; en-US) AppleWebKit/533.4 (KHTML, like Gecko) Chrome/5.0.375.38 Safari/533.4" 956
125.17.14.100 - - [20/Mar/2022:21:34:10] "GET /cart.do?action=view&productId=BS-AG-G09&JSESSIONID=SD4SL6FF6ADFF4959 HTTP 1.1" 200 2891 "http://www.yahoo.com" "Mozilla/5.0 (Macintosh; Intel Mac OS X 10_7_4) AppleWebKit/536.5 (KHTML, like Gecko) Chrome/19.0.1084.46 Safari/536.5" 988
95.163.78.227 - - [20/Mar/2022:21:34:14] "GET /cart.do?action=addtocart&JSESSIONID=SD4SL6FF3ADFF4961 HTTP 1.1" 400 1412 "http://www.buttercupgames.com/product.screen?productId=SF-BVS-01" "Mozilla/5.0 (Macintosh; U; Intel Mac OS X 10_6_3; en-US) AppleWebKit/533.4 (KHTML, like Gecko) Chrome/5.0.375.38 Safari/533.4" 139
125.17.14.100 - - [20/Mar/2022:21:34:22] "GET /product.screen?productId=WC-SH-G04&JSESSIONID=SD4SL6FF6ADFF4959 HTTP 1.1" 200 3838 "http://www.buttercupgames.com/category.screen?categoryId=SHOOTER" "Mozilla/5.0 (Macintosh; Intel Mac OS X 10_7_4) AppleWebKit/536.5 (KHTML, like Gecko) Chrome/19.0.1084.46 Safari/536.5" 270
95.163.78.227 - - [20/Mar/2022:21:34:26] "GET /oldlink?&JSESSIONID=SD4SL6FF3ADFF4961 HTTP 1.1" 200 1339 "http://www.buttercupgames.com/oldlink" "Mozilla/5.0 (Macintosh; U; Intel Mac OS X 10_6_3; en-US) AppleWebKit/533.4 (KHTML, like Gecko) Chrome/5.0.375.38 Safari/533.4" 210
125.17.14.100 - - [20/Mar/2022:21:34:27] "POST /cart.do?action=addtocart&productId=WC-SH-G04&JSESSIONID=SD4SL6FF6ADFF4959 HTTP 1.1" 200 3825 "http://www.buttercupgames.com/product.screen?productId=WC-SH-G04" "Mozilla/5.0 (Macintosh; Intel Mac OS X 10_7_4) AppleWebKit/536.5 (KHTML, like Gecko) Chrome/19.0.1084.46 Safari/536.5" 454
125.17.14.100 - - [20/Mar/2022:21:34:29] "POST /success.do?action=purchase&categoryId=SHOOTER&productId=WC-SH-G04&JSESSIONID=SD4SL6FF6ADFF4959 HTTP 1.1" 200 1475 "http://www.buttercupgames.com/cart.do?action=addtocart&categoryId=SHOOTER&productId=WC-SH-G04" "Mozilla/5.0 (Macintosh; Intel Mac OS X 10_7_4) AppleWebKit/536.5 (KHTML, like Gecko) Chrome/19.0.1084.46 Safari/536.5" 116
125.17.14.100 - - [20/Mar/2022:21:34:29] "POST /cart/success.do?JSESSIONID=SD4SL6FF6ADFF4959&productId=MB-AG-G07 HTTP 1.1" 200 800 "http://www.buttercupgames.com/cart.do?action=purchase&" "Mozilla/5.0 (Macintosh; Intel Mac OS X 10_7_4) AppleWebKit/536.5 (KHTML, like Gecko) Chrome/19.0.1084.46 Safari/536.5" 315
95.163.78.227 - - [20/Mar/2022:21:34:34] "GET /product.screen?productId=SF-BVS-01&JSESSIONID=SD4SL6FF3ADFF4961 HTTP 1.1" 500 1232 "http://www.buttercupgames.com/product.screen?productId=SF-BVS-01" "Mozilla/5.0 (Macintosh; U; Intel Mac OS X 10_6_3; en-US) AppleWebKit/533.4 (KHTML, like Gecko) Chrome/5.0.375.38 Safari/533.4" 584
95.163.78.227 - - [20/Mar/2022:21:34:43] "POST /category.screen?categoryId=NULL&JSESSIONID=SD4SL6FF3ADFF4961 HTTP 1.1" 400 202 "http://www.buttercupgames.com/category.screen?categoryId=NULL" "Mozilla/5.0 (Macintosh; U; Intel Mac OS X 10_6_3; en-US) AppleWebKit/533.4 (KHTML, like Gecko) Chrome/5.0.375.38 Safari/533.4" 533
125.17.14.100 - - [20/Mar/2022:21:34:47] "GET show.do?productId=SF-BVS-01&JSESSIONID=SD4SL6FF6ADFF4959 HTTP 1.1" 404 2634 "http://www.buttercupgames.com/oldlink" "Mozilla/5.0 (Macintosh; Intel Mac OS X 10_7_4) AppleWebKit/536.5 (KHTML, like Gecko) Chrome/19.0.1084.46 Safari/536.5" 285
125.17.14.100 - - [20/Mar/2022:21:35:02] "GET /category.screen?categoryId=SHOOTER&JSESSIONID=SD4SL6FF6ADFF4959 HTTP 1.1" 200 265 "http://www.buttercupgames.com/oldlink" "Mozilla/5.0 (Macintosh; Intel Mac OS X 10_7_4) AppleWebKit/536.5 (KHTML, like Gecko) Chrome/19.0.1084.46 Safari/536.5" 788
95.163.78.227 - - [20/Mar/2022:21:35:02] "POST /category.screen?categoryId=ACCESSORIES&JSESSIONID=SD4SL6FF3ADFF4961 HTTP 1.1" 200 2700 "http://www.buttercupgames.com/product.screen?productId=WC-SH-A02" "Mozilla/5.0 (Macintosh; U; Intel Mac OS X 10_6_3; en-US) AppleWebKit/533.4 (KHTML, like Gecko) Chrome/5.0.375.38 Safari/533.4" 231
125.17.14.100 - - [20/Mar/2022:21:35:17] "GET /cart.do?action=addtocart&JSESSIONID=SD4SL6FF6ADFF4959 HTTP 1.1" 503 433 "http://www.buttercupgames.com/cart.do?action=addtocart&" "Mozilla/5.0 (Macintosh; Intel Mac OS X 10_7_4) AppleWebKit/536.5 (KHTML, like Gecko) Chrome/19.0.1084.46 Safari/536.5" 304
91.205.189.27 - - [20/Mar/2022:21:37:37] "GET /category.screen?categoryId=ARCADE&JSESSIONID=SD2SL9FF6ADFF4957 HTTP 1.1" 200 319 "http://www.google.com" "Mozilla/4.0 (compatible; MSIE 7.0; Windows NT 5.1; Trident/4.0; .NET CLR 2.0.50727; MS-RTC LM 8; InfoPath.2)" 853
91.205.189.27 - - [20/Mar/2022:21:37:46] "GET /cart.do?action=changequantity&productId=WC-SH-G04&JSESSIONID=SD2SL9FF6ADFF4957 HTTP 1.1" 200 2766 "http://www.buttercupgames.com/product.screen?productId=WC-SH-G04" "Mozilla/4.0 (compatible; MSIE 7.0; Windows NT 5.1; Trident/4.0; .NET CLR 2.0.50727; MS-RTC LM 8; InfoPath.2)" 439
91.205.189.27 - - [20/Mar/2022:21:37:58] "GET /category.screen?categoryId=SHOOTER&JSESSIONID=SD2SL9FF6ADFF4957 HTTP 1.1" 200 3042 "http://www.buttercupgames.com/category.screen?categoryId=SHOOTER" "Mozilla/4.0 (compatible; MSIE 7.0; Windows NT 5.1; Trident/4.0; .NET CLR 2.0.50727; MS-RTC LM 8; InfoPath.2)" 392
91.205.189.27 - - [20/Mar/2022:21:38:03] "GET /category.screen?categoryId=ACCESSORIES&JSESSIONID=SD2SL9FF6ADFF4957 HTTP 1.1" 200 1396 "http://www.buttercupgames.com/oldlink" "Mozilla/4.0 (compatible; MSIE 7.0; Windows NT 5.1; Trident/4.0; .NET CLR 2.0.50727; MS-RTC LM 8; InfoPath.2)" 416
91.205.189.27 - - [20/Mar/2022:21:38:11] "POST /cart.do?action=remove&productId=MB-AG-G07&JSESSIONID=SD2SL9FF6ADFF4957 HTTP 1.1" 200 3969 "http://www.buttercupgames.com/cart.do?action=remove&productId=MB-AG-G07" "Mozilla/4.0 (compatible; MSIE 7.0; Windows NT 5.1; Trident/4.0; .NET CLR 2.0.50727; MS-RTC LM 8; InfoPath.2)" 205
91.205.189.27 - - [20/Mar/2022:21:38:21] "POST show.do?productId=SF-BVS-01&JSESSIONID=SD2SL9FF6ADFF4957 HTTP 1.1" 404 2355 "http://www.buttercupgames.com/product.screen?productId=SF-BVS-01" "Mozilla/4.0 (compatible; MSIE 7.0; Windows NT 5.1; Trident/4.0; .NET CLR 2.0.50727; MS-RTC LM 8; InfoPath.2)" 824
91.205.189.27 - - [20/Mar/2022:21:38:27] "GET /oldlink?&JSESSIONID=SD2SL9FF6ADFF4957 HTTP 1.1" 200 2020 "http://www.buttercupgames.com/product.screen?productId=WC-SH-G04" "Mozilla/4.0 (compatible; MSIE 7.0; Windows NT 5.1; Trident/4.0; .NET CLR 2.0.50727; MS-RTC LM 8; InfoPath.2)" 433
92.1.170.135 - - [20/Mar/2022:21:39:04] "GET /oldlink?&JSESSIONID=SD7SL3FF10ADFF4961 HTTP 1.1" 200 2986 "http://www.buttercupgames.com" "Mozilla/5.0 (Windows NT 6.1; WOW64) AppleWebKit/536.5 (KHTML, like Gecko) Chrome/19.0.1084.46 Safari/536.5" 671
92.1.170.135 - - [20/Mar/2022:21:39:20] "GET /category.screen?categoryId=SPORTS&JSESSIONID=SD7SL3FF10ADFF4961 HTTP 1.1" 200 2936 "http://www.buttercupgames.com/oldlink" "Mozilla/5.0 (Windows NT 6.1; WOW64) AppleWebKit/536.5 (KHTML, like Gecko) Chrome/19.0.1084.46 Safari/536.5" 711
92.1.170.135 - - [20/Mar/2022:21:39:27] "POST /product.screen?productId=WC-SH-T02&JSESSIONID=SD7SL3FF10ADFF4961 HTTP 1.1" 200 1283 "http://www.buttercupgames.com/oldlink" "Mozilla/5.0 (Windows NT 6.1; WOW64) AppleWebKit/536.5 (KHTML, like Gecko) Chrome/19.0.1084.46 Safari/536.5" 327
92.1.170.135 - - [20/Mar/2022:21:39:44] "GET /cart.do?action=view&productId=DC-SG-G02&JSESSIONID=SD7SL3FF10ADFF4961 HTTP 1.1" 200 3607 "http://www.buttercupgames.com/product.screen?productId=DC-SG-G02" "Mozilla/5.0 (Windows NT 6.1; WOW64) AppleWebKit/536.5 (KHTML, like Gecko) Chrome/19.0.1084.46 Safari/536.5" 600
92.1.170.135 - - [20/Mar/2022:21:39:53] "GET /oldlink?&JSESSIONID=SD7SL3FF10ADFF4961 HTTP 1.1" 200 651 "http://www.buttercupgames.com/product.screen?productId=CU-PG-G06" "Mozilla/5.0 (Windows NT 6.1; WOW64) AppleWebKit/536.5 (KHTML, like Gecko) Chrome/19.0.1084.46 Safari/536.5" 291
92.1.170.135 - - [20/Mar/2022:21:40:10] "POST /oldlink?&JSESSIONID=SD7SL3FF10ADFF4961 HTTP 1.1" 200 2325 "http://www.buttercupgames.com/cart.do?action=changequantity&productId=MB-AG-T01" "Mozilla/5.0 (Windows NT 6.1; WOW64) AppleWebKit/536.5 (KHTML, like Gecko) Chrome/19.0.1084.46 Safari/536.5" 189
92.1.170.135 - - [20/Mar/2022:21:40:20] "POST /oldlink?&JSESSIONID=SD7SL3FF10ADFF4961 HTTP 1.1" 200 1318 "http://www.buttercupgames.com/product.screen?productId=FI-AG-G08" "Mozilla/5.0 (Windows NT 6.1; WOW64) AppleWebKit/536.5 (KHTML, like Gecko) Chrome/19.0.1084.46 Safari/536.5" 777
220.225.12.171 - - [20/Mar/2022:21:41:34] "GET /oldlink?&JSESSIONID=SD9SL10FF9ADFF4958 HTTP 1.1" 200 2403 "http://www.google.com" "Mozilla/5.0 (compatible; MSIE 9.0; Windows NT 6.1; WOW64; Trident/5.0; BOIE9;ENUS)" 322
195.2.240.99 - - [20/Mar/2022:21:41:36] "GET /product.screen?productId=WC-SH-G04&JSESSIONID=SD5SL2FF4ADFF4966 HTTP 1.1" 200 1696 "http://www.google.com" "Mozilla/5.0 (Windows NT 6.1; WOW64) AppleWebKit/536.5 (KHTML, like Gecko) Chrome/19.0.1084.52 Safari/536.5" 186
195.2.240.99 - - [20/Mar/2022:21:41:45] "POST /product.screen?productId=MB-AG-G07&JSESSIONID=SD5SL2FF4ADFF4966 HTTP 1.1" 200 2894 "http://www.buttercupgames.com/category.screen?categoryId=ARCADE" "Mozilla/5.0 (Windows NT 6.1; WOW64) AppleWebKit/536.5 (KHTML, like Gecko) Chrome/19.0.1084.52 Safari/536.5" 103
195.2.240.99 - - [20/Mar/2022:21:41:46] "POST /cart.do?action=addtocart&productId=MB-AG-G07&JSESSIONID=SD5SL2FF4ADFF4966 HTTP 1.1" 200 2875 "http://www.buttercupgames.com/product.screen?productId=MB-AG-G07" "Mozilla/5.0 (Windows NT 6.1; WOW64) AppleWebKit/536.5 (KHTML, like Gecko) Chrome/19.0.1084.52 Safari/536.5" 680
195.2.240.99 - - [20/Mar/2022:21:41:47] "POST /success.do?action=purchase&categoryId=ARCADE&productId=MB-AG-G07&JSESSIONID=SD5SL2FF4ADFF4966 HTTP 1.1" 200 953 "http://www.buttercupgames.com/cart.do?action=addtocart&categoryId=ARCADE&productId=MB-AG-G07" "Mozilla/5.0 (Windows NT 6.1; WOW64) AppleWebKit/536.5 (KHTML, like Gecko) Chrome/19.0.1084.52 Safari/536.5" 804
195.2.240.99 - - [20/Mar/2022:21:41:47] "POST /cart/success.do?JSESSIONID=SD5SL2FF4ADFF4966&productId=MB-AG-G07 HTTP 1.1" 200 1268 "http://www.buttercupgames.com/cart.do?action=purchase&" "Mozilla/5.0 (Windows NT 6.1; WOW64) AppleWebKit/536.5 (KHTML, like Gecko) Chrome/19.0.1084.52 Safari/536.5" 641
220.225.12.171 - - [20/Mar/2022:21:41:53] "GET /oldlink?&JSESSIONID=SD9SL10FF9ADFF4958 HTTP 1.1" 505 782 "http://www.buttercupgames.com/cart.do?action=view&" "Mozilla/5.0 (compatible; MSIE 9.0; Windows NT 6.1; WOW64; Trident/5.0; BOIE9;ENUS)" 426
195.2.240.99 - - [20/Mar/2022:21:41:57] "GET /oldlink?&JSESSIONID=SD5SL2FF4ADFF4966 HTTP 1.1" 500 1447 "http://www.buttercupgames.com/cart.do?action=changequantity&" "Mozilla/5.0 (Windows NT 6.1; WOW64) AppleWebKit/536.5 (KHTML, like Gecko) Chrome/19.0.1084.52 Safari/536.5" 290
195.2.240.99 - - [20/Mar/2022:21:42:11] "POST /category.screen?categoryId=STRATEGY&JSESSIONID=SD5SL2FF4ADFF4966 HTTP 1.1" 200 1006 "http://www.buttercupgames.com/oldlink" "Mozilla/5.0 (Windows NT 6.1; WOW64) AppleWebKit/536.5 (KHTML, like Gecko) Chrome/19.0.1084.52 Safari/536.5" 786
220.225.12.171 - - [20/Mar/2022:21:42:11] "GET /cart.do?action=addtocart&JSESSIONID=SD9SL10FF9ADFF4958 HTTP 1.1" 500 452 "http://www.buttercupgames.com/cart.do?action=addtocart&" "Mozilla/5.0 (compatible; MSIE 9.0; Windows NT 6.1; WOW64; Trident/5.0; BOIE9;ENUS)" 270
195.2.240.99 - - [20/Mar/2022:21:42:15] "POST /category.screen?categoryId=ACCESSORIES&JSESSIONID=SD5SL2FF4ADFF4966 HTTP 1.1" 200 3466 "http://www.buttercupgames.com/cart.do?action=view&productId=WC-SH-A02" "Mozilla/5.0 (Windows NT 6.1; WOW64) AppleWebKit/536.5 (KHTML, like Gecko) Chrome/19.0.1084.52 Safari/536.5" 841
195.2.240.99 - - [20/Mar/2022:21:42:22] "GET /product.screen?productId=SF-BVS-01&JSESSIONID=SD5SL2FF4ADFF4966 HTTP 1.1" 400 2404 "http://www.buttercupgames.com/oldlink" "Mozilla/5.0 (Windows NT 6.1; WOW64) AppleWebKit/536.5 (KHTML, like Gecko) Chrome/19.0.1084.52 Safari/536.5" 1000
220.225.12.171 - - [20/Mar/2022:21:42:30] "GET /cart.do?action=view&productId=DC-SG-G02&JSESSIONID=SD9SL10FF9ADFF4958 HTTP 1.1" 200 1305 "http://www.buttercupgames.com/oldlink" "Mozilla/5.0 (compatible; MSIE 9.0; Windows NT 6.1; WOW64; Trident/5.0; BOIE9;ENUS)" 425
220.225.12.171 - - [20/Mar/2022:21:42:39] "GET /product.screen?productId=WC-SH-G04&JSESSIONID=SD9SL10FF9ADFF4958 HTTP 1.1" 200 1524 "http://www.buttercupgames.com/cart.do?action=view&productId=WC-SH-G04" "Mozilla/5.0 (compatible; MSIE 9.0; Windows NT 6.1; WOW64; Trident/5.0; BOIE9;ENUS)" 237
220.225.12.171 - - [20/Mar/2022:21:42:57] "GET /cart.do?action=addtocart&productId=CU-PG-G06&JSESSIONID=SD9SL10FF9ADFF4958 HTTP 1.1" 200 2437 "http://www.buttercupgames.com/cart.do?action=addtocart&productId=CU-PG-G06" "Mozilla/5.0 (compatible; MSIE 9.0; Windows NT 6.1; WOW64; Trident/5.0; BOIE9;ENUS)" 848
220.225.12.171 - - [20/Mar/2022:21:43:07] "GET /cart.do?action=view&productId=WC-SH-G04&JSESSIONID=SD9SL10FF9ADFF4958 HTTP 1.1" 200 3870 "http://www.buttercupgames.com/oldlink" "Mozilla/5.0 (compatible; MSIE 9.0; Windows NT 6.1; WOW64; Trident/5.0; BOIE9;ENUS)" 997
221.204.246.72 - - [20/Mar/2022:21:47:26] "GET /product.screen?productId=SF-BVS-01&JSESSIONID=SD6SL5FF3ADFF4961 HTTP 1.1" 500 3054 "http://www.google.com" "Mozilla/5.0 (Windows; U; Windows NT 5.1; en-US; rv:1.9.2.28) Gecko/20120306 YFF3 Firefox/3.6.28 ( .NET CLR 3.5.30729; .NET4.0C)" 296
221.204.246.72 - - [20/Mar/2022:21:47:39] "GET /product.screen?productId=BS-AG-G09&JSESSIONID=SD6SL5FF3ADFF4961 HTTP 1.1" 200 2488 "http://www.buttercupgames.com/product.screen?productId=BS-AG-G09" "Mozilla/5.0 (Windows; U; Windows NT 5.1; en-US; rv:1.9.2.28) Gecko/20120306 YFF3 Firefox/3.6.28 ( .NET CLR 3.5.30729; .NET4.0C)" 133
221.204.246.72 - - [20/Mar/2022:21:47:54] "GET /oldlink?&JSESSIONID=SD6SL5FF3ADFF4961 HTTP 1.1" 408 1617 "http://www.buttercupgames.com/cart.do?action=purchase&" "Mozilla/5.0 (Windows; U; Windows NT 5.1; en-US; rv:1.9.2.28) Gecko/20120306 YFF3 Firefox/3.6.28 ( .NET CLR 3.5.30729; .NET4.0C)" 627
