148.107.2.20 - - [20/Mar/2022:17:14:07] "GET /product.screen?productId=SF-BVS-01&JSESSIONID=SD9SL9FF6ADFF4964 HTTP 1.1" 503 2191 "http://www.buttercupgames.com/product.screen?productId=SF-BVS-01" "Mozilla/5.0 (Macintosh; Intel Mac OS X 10_7_4) AppleWebKit/536.5 (KHTML, like Gecko) Chrome/19.0.1084.46 Safari/536.5" 478
108.65.113.83 - - [20/Mar/2022:17:14:51] "GET /category.screen?categoryId=NULL&JSESSIONID=SD4SL5FF2ADFF4962 HTTP 1.1" 500 1153 "http://www.yahoo.com" "Mozilla/5.0 (iPad; CPU OS 5_1_1 like Mac OS X) AppleWebKit/534.46 (KHTML, like Gecko) Version/5.1 Mobile/9B206 Safari/7534.48.3" 280
108.65.113.83 - - [20/Mar/2022:17:15:00] "POST /product.screen?productId=DB-SG-G01&JSESSIONID=SD4SL5FF2ADFF4962 HTTP 1.1" 200 2538 "http://www.buttercupgames.com/category.screen?categoryId=STRATEGY" "Mozilla/5.0 (iPad; CPU OS 5_1_1 like Mac OS X) AppleWebKit/534.46 (KHTML, like Gecko) Version/5.1 Mobile/9B206 Safari/7534.48.3" 911
27.101.11.11 - - [20/Mar/2022:17:15:00] "GET /category.screen?categoryId=ACCESSORIES&JSESSIONID=SD0SL3FF3ADFF4964 HTTP 1.1" 200 470 "http://www.buttercupgames.com" "Mozilla/4.0 (compatible; MSIE 7.0; Windows NT 5.2; .NET CLR 1.1.4322; InfoPath.1; MS-RTC LM 8)" 728
108.65.113.83 - - [20/Mar/2022:17:15:05] "POST /cart.do?action=addtocart&productId=DB-SG-G01&JSESSIONID=SD4SL5FF2ADFF4962 HTTP 1.1" 200 275 "http://www.buttercupgames.com/product.screen?productId=DB-SG-G01" "Mozilla/5.0 (iPad; CPU OS 5_1_1 like Mac OS X) AppleWebKit/534.46 (KHTML, like Gecko) Version/5.1 Mobile/9B206 Safari/7534.48.3" 575
108.65.113.83 - - [20/Mar/2022:17:15:08] "POST /success.do?action=purchase&categoryId=STRATEGY&productId=DB-SG-G01&JSESSIONID=SD4SL5FF2ADFF4962 HTTP 1.1" 200 892 "http://www.buttercupgames.com/cart.do?action=addtocart&categoryId=STRATEGY&productId=DB-SG-G01" "Mozilla/5.0 (iPad; CPU OS 5_1_1 like Mac OS X) AppleWebKit/534.46 (KHTML, like Gecko) Version/5.1 Mobile/9B206 Safari/7534.48.3" 532
108.65.113.83 - - [20/Mar/2022:17:15:08] "POST /cart/success.do?JSESSIONID=SD4SL5FF2ADFF4962&productId=WC-SH-A01 HTTP 1.1" 200 3734 "http://www.buttercupgames.com/cart.do?action=purchase&" "Mozilla/5.0 (iPad; CPU OS 5_1_1 like Mac OS X) AppleWebKit/534.46 (KHTML, like Gecko) Version/5.1 Mobile/9B206 Safari/7534.48.3" 570
108.65.113.83 - - [20/Mar/2022:17:15:12] "GET /oldlink?&JSESSIONID=SD4SL5FF2ADFF4962 HTTP 1.1" 200 2623 "http://www.buttercupgames.com/cart.do?action=view&productId=MB-AG-G07" "Mozilla/5.0 (iPad; CPU OS 5_1_1 like Mac OS X) AppleWebKit/534.46 (KHTML, like Gecko) Version/5.1 Mobile/9B206 Safari/7534.48.3" 222
27.101.11.11 - - [20/Mar/2022:17:15:15] "POST /product.screen?productId=SF-BVS-01&JSESSIONID=SD0SL3FF3ADFF4964 HTTP 1.1" 408 1182 "http://www.buttercupgames.com/oldlink" "Mozilla/4.0 (compatible; MSIE 7.0; Windows NT 5.2; .NET CLR 1.1.4322; InfoPath.1; MS-RTC LM 8)" 916
27.101.11.11 - - [20/Mar/2022:17:15:19] "POST /cart.do?action=remove&productId=WC-SH-T02&JSESSIONID=SD0SL3FF3ADFF4964 HTTP 1.1" 200 243 "http://www.buttercupgames.com/oldlink" "Mozilla/4.0 (compatible; MSIE 7.0; Windows NT 5.2; .NET CLR 1.1.4322; InfoPath.1; MS-RTC LM 8)" 258
108.65.113.83 - - [20/Mar/2022:17:15:31] "POST /cart.do?action=view&productId=SC-MG-G10&JSESSIONID=SD4SL5FF2ADFF4962 HTTP 1.1" 200 2608 "http://www.buttercupgames.com/product.screen?productId=SC-MG-G10" "Mozilla/5.0 (iPad; CPU OS 5_1_1 like Mac OS X) AppleWebKit/534.46 (KHTML, like Gecko) Version/5.1 Mobile/9B206 Safari/7534.48.3" 487
27.101.11.11 - - [20/Mar/2022:17:15:32] "POST /product.screen?productId=WC-SH-G04&JSESSIONID=SD0SL3FF3ADFF4964 HTTP 1.1" 200 3254 "http://www.buttercupgames.com/oldlink" "Mozilla/4.0 (compatible; MSIE 7.0; Windows NT 5.2; .NET CLR 1.1.4322; InfoPath.1; MS-RTC LM 8)" 864
108.65.113.83 - - [20/Mar/2022:17:15:46] "GET /product.screen?productId=WC-SH-T02&JSESSIONID=SD4SL5FF2ADFF4962 HTTP 1.1" 200 436 "http://www.buttercupgames.com/cart.do?action=view&productId=WC-SH-T02" "Mozilla/5.0 (iPad; CPU OS 5_1_1 like Mac OS X) AppleWebKit/534.46 (KHTML, like Gecko) Version/5.1 Mobile/9B206 Safari/7534.48.3" 698
27.101.11.11 - - [20/Mar/2022:17:15:50] "GET /product.screen?productId=MB-AG-G07&JSESSIONID=SD0SL3FF3ADFF4964 HTTP 1.1" 200 631 "http://www.buttercupgames.com/cart.do?action=changequantity&productId=MB-AG-G07" "Mozilla/4.0 (compatible; MSIE 7.0; Windows NT 5.2; .NET CLR 1.1.4322; InfoPath.1; MS-RTC LM 8)" 611
27.101.11.11 - - [20/Mar/2022:17:16:06] "POST /category.screen?categoryId=NULL&JSESSIONID=SD0SL3FF3ADFF4964 HTTP 1.1" 505 2906 "http://www.buttercupgames.com/category.screen?categoryId=NULL" "Mozilla/4.0 (compatible; MSIE 7.0; Windows NT 5.2; .NET CLR 1.1.4322; InfoPath.1; MS-RTC LM 8)" 553
27.101.11.11 - - [20/Mar/2022:17:16:18] "GET /oldlink?&JSESSIONID=SD0SL3FF3ADFF4964 HTTP 1.1" 408 596 "http://www.buttercupgames.com/cart.do?action=addtocart&" "Mozilla/4.0 (compatible; MSIE 7.0; Windows NT 5.2; .NET CLR 1.1.4322; InfoPath.1; MS-RTC LM 8)" 930
27.101.11.11 - - [20/Mar/2022:17:16:35] "GET /product.screen?productId=DB-SG-G01&JSESSIONID=SD0SL3FF3ADFF4964 HTTP 1.1" 200 1200 "http://www.buttercupgames.com/category.screen?categoryId=STRATEGY" "Mozilla/4.0 (compatible; MSIE 7.0; Windows NT 5.2; .NET CLR 1.1.4322; InfoPath.1; MS-RTC LM 8)" 158
27.101.11.11 - - [20/Mar/2022:17:16:38] "POST /cart.do?action=addtocart&productId=DB-SG-G01&JSESSIONID=SD0SL3FF3ADFF4964 HTTP 1.1" 200 1258 "http://www.buttercupgames.com/product.screen?productId=DB-SG-G01" "Mozilla/4.0 (compatible; MSIE 7.0; Windows NT 5.2; .NET CLR 1.1.4322; InfoPath.1; MS-RTC LM 8)" 837
27.101.11.11 - - [20/Mar/2022:17:16:41] "POST /success.do?action=purchase&categoryId=STRATEGY&productId=DB-SG-G01&JSESSIONID=SD0SL3FF3ADFF4964 HTTP 1.1" 200 1437 "http://www.buttercupgames.com/cart.do?action=addtocart&categoryId=STRATEGY&productId=DB-SG-G01" "Mozilla/4.0 (compatible; MSIE 7.0; Windows NT 5.2; .NET CLR 1.1.4322; InfoPath.1; MS-RTC LM 8)" 309
27.101.11.11 - - [20/Mar/2022:17:16:41] "POST /cart/success.do?JSESSIONID=SD0SL3FF3ADFF4964&productId=WSC-MG-G10 HTTP 1.1" 200 2434 "http://www.buttercupgames.com/cart.do?action=purchase&" "Mozilla/4.0 (compatible; MSIE 7.0; Windows NT 5.2; .NET CLR 1.1.4322; InfoPath.1; MS-RTC LM 8)" 717
194.8.74.23 - - [20/Mar/2022:17:17:47] "GET /product.screen?productId=DC-SG-G02&JSESSIONID=SD5SL4FF4ADFF4960 HTTP 1.1" 200 3499 "http://www.yahoo.com" "Mozilla/5.0 (Windows; U; Windows NT 5.1; en-US; rv:1.9.2.28) Gecko/20120306 YFF3 Firefox/3.6.28 ( .NET CLR 3.5.30729; .NET4.0C)" 897
194.8.74.23 - - [20/Mar/2022:17:17:52] "GET /product.screen?productId=WC-SH-A01&JSESSIONID=SD5SL4FF4ADFF4960 HTTP 1.1" 200 1928 "http://www.buttercupgames.com/category.screen?categoryId=ACCESSORIES" "Mozilla/5.0 (Windows; U; Windows NT 5.1; en-US; rv:1.9.2.28) Gecko/20120306 YFF3 Firefox/3.6.28 ( .NET CLR 3.5.30729; .NET4.0C)" 962
194.8.74.23 - - [20/Mar/2022:17:18:09] "GET /category.screen?categoryId=SIMULATION&JSESSIONID=SD5SL4FF4ADFF4960 HTTP 1.1" 200 2922 "http://www.buttercupgames.com/oldlink" "Mozilla/5.0 (Windows; U; Windows NT 5.1; en-US; rv:1.9.2.28) Gecko/20120306 YFF3 Firefox/3.6.28 ( .NET CLR 3.5.30729; .NET4.0C)" 149
194.8.74.23 - - [20/Mar/2022:17:18:17] "GET /oldlink?&JSESSIONID=SD5SL4FF4ADFF4960 HTTP 1.1" 200 1405 "http://www.buttercupgames.com/oldlink" "Mozilla/5.0 (Windows; U; Windows NT 5.1; en-US; rv:1.9.2.28) Gecko/20120306 YFF3 Firefox/3.6.28 ( .NET CLR 3.5.30729; .NET4.0C)" 444
202.164.25.24 - - [20/Mar/2022:17:18:36] "GET /category.screen?categoryId=TEE&JSESSIONID=SD2SL2FF1ADFF4955 HTTP 1.1" 200 3465 "http://www.buttercupgames.com" "Mozilla/5.0 (Macintosh; Intel Mac OS X 10_6_8) AppleWebKit/534.55.3 (KHTML, like Gecko) Version/5.1.5 Safari/534.55.3" 988
202.164.25.24 - - [20/Mar/2022:17:18:45] "GET /category.screen?categoryId=STRATEGY&JSESSIONID=SD2SL2FF1ADFF4955 HTTP 1.1" 200 1354 "http://www.buttercupgames.com/category.screen?categoryId=STRATEGY" "Mozilla/5.0 (Macintosh; Intel Mac OS X 10_6_8) AppleWebKit/534.55.3 (KHTML, like Gecko) Version/5.1.5 Safari/534.55.3" 499
202.164.25.24 - - [20/Mar/2022:17:18:55] "POST /oldlink?&JSESSIONID=SD2SL2FF1ADFF4955 HTTP 1.1" 200 1428 "http://www.buttercupgames.com/cart.do?action=view&productId=FS-SG-G03" "Mozilla/5.0 (Macintosh; Intel Mac OS X 10_6_8) AppleWebKit/534.55.3 (KHTML, like Gecko) Version/5.1.5 Safari/534.55.3" 113
212.27.63.151 - - [20/Mar/2022:17:20:00] "GET /category.screen?categoryId=SIMULATION&JSESSIONID=SD0SL9FF8ADFF4961 HTTP 1.1" 200 3567 "http://www.buttercupgames.com" "Mozilla/4.0 (compatible; MSIE 7.0; Windows NT 5.2; .NET CLR 1.1.4322; InfoPath.1; MS-RTC LM 8)" 593
212.27.63.151 - - [20/Mar/2022:17:20:06] "POST /product.screen?productId=DC-SG-G02&JSESSIONID=SD0SL9FF8ADFF4961 HTTP 1.1" 200 271 "http://www.buttercupgames.com/category.screen?categoryId=STRATEGY" "Mozilla/4.0 (compatible; MSIE 7.0; Windows NT 5.2; .NET CLR 1.1.4322; InfoPath.1; MS-RTC LM 8)" 573
212.27.63.151 - - [20/Mar/2022:17:20:10] "POST /cart.do?action=addtocart&productId=DC-SG-G02&JSESSIONID=SD0SL9FF8ADFF4961 HTTP 1.1" 200 3468 "http://www.buttercupgames.com/product.screen?productId=DC-SG-G02" "Mozilla/4.0 (compatible; MSIE 7.0; Windows NT 5.2; .NET CLR 1.1.4322; InfoPath.1; MS-RTC LM 8)" 883
212.27.63.151 - - [20/Mar/2022:17:20:11] "POST /success.do?action=purchase&categoryId=STRATEGY&productId=DC-SG-G02&JSESSIONID=SD0SL9FF8ADFF4961 HTTP 1.1" 200 771 "http://www.buttercupgames.com/cart.do?action=addtocart&categoryId=STRATEGY&productId=DC-SG-G02" "Mozilla/4.0 (compatible; MSIE 7.0; Windows NT 5.2; .NET CLR 1.1.4322; InfoPath.1; MS-RTC LM 8)" 911
212.27.63.151 - - [20/Mar/2022:17:20:11] "POST /cart/success.do?JSESSIONID=SD0SL9FF8ADFF4961&productId=DC-SG-G02 HTTP 1.1" 200 1901 "http://www.buttercupgames.com/cart.do?action=purchase&" "Mozilla/4.0 (compatible; MSIE 7.0; Windows NT 5.2; .NET CLR 1.1.4322; InfoPath.1; MS-RTC LM 8)" 572
212.27.63.151 - - [20/Mar/2022:17:20:26] "POST /category.screen?categoryId=SIMULATION&JSESSIONID=SD0SL9FF8ADFF4961 HTTP 1.1" 200 3873 "http://www.buttercupgames.com/oldlink" "Mozilla/4.0 (compatible; MSIE 7.0; Windows NT 5.2; .NET CLR 1.1.4322; InfoPath.1; MS-RTC LM 8)" 135
212.27.63.151 - - [20/Mar/2022:17:20:39] "GET /category.screen?categoryId=TEE&JSESSIONID=SD0SL9FF8ADFF4961 HTTP 1.1" 200 1869 "http://www.buttercupgames.com/oldlink" "Mozilla/4.0 (compatible; MSIE 7.0; Windows NT 5.2; .NET CLR 1.1.4322; InfoPath.1; MS-RTC LM 8)" 432
212.27.63.151 - - [20/Mar/2022:17:20:49] "GET /cart.do?action=view&JSESSIONID=SD0SL9FF8ADFF4961 HTTP 1.1" 408 3922 "http://www.buttercupgames.com/cart.do?action=view&" "Mozilla/4.0 (compatible; MSIE 7.0; Windows NT 5.2; .NET CLR 1.1.4322; InfoPath.1; MS-RTC LM 8)" 128
212.27.63.151 - - [20/Mar/2022:17:21:02] "GET /cart.do?action=view&JSESSIONID=SD0SL9FF8ADFF4961 HTTP 1.1" 400 3671 "http://www.buttercupgames.com/category.screen?categoryId=NULL" "Mozilla/4.0 (compatible; MSIE 7.0; Windows NT 5.2; .NET CLR 1.1.4322; InfoPath.1; MS-RTC LM 8)" 574
212.27.63.151 - - [20/Mar/2022:17:21:14] "GET /oldlink?&JSESSIONID=SD0SL9FF8ADFF4961 HTTP 1.1" 200 1466 "http://www.buttercupgames.com/category.screen?categoryId=TEE" "Mozilla/4.0 (compatible; MSIE 7.0; Windows NT 5.2; .NET CLR 1.1.4322; InfoPath.1; MS-RTC LM 8)" 762
195.80.144.22 - - [20/Mar/2022:17:23:59] "POST /oldlink?&JSESSIONID=SD2SL4FF9ADFF4960 HTTP 1.1" 200 2435 "http://www.yahoo.com" "Mozilla/5.0 (Windows; U; Windows NT 5.1; en-US; rv:1.9.2.28) Gecko/20120306 YFF3 Firefox/3.6.28 ( .NET CLR 3.5.30729; .NET4.0C)" 457
233.77.49.94 - - [20/Mar/2022:17:25:25] "GET /product.screen?productId=FS-SG-G03&JSESSIONID=SD2SL7FF9ADFF4963 HTTP 1.1" 200 952 "http://www.google.com" "Mozilla/4.0 (compatible; MSIE 7.0; Windows NT 5.2; .NET CLR 1.1.4322; InfoPath.1; MS-RTC LM 8)" 769
233.77.49.94 - - [20/Mar/2022:17:25:32] "GET /product.screen?productId=DB-SG-G01&JSESSIONID=SD2SL7FF9ADFF4963 HTTP 1.1" 200 435 "http://www.buttercupgames.com/oldlink" "Mozilla/4.0 (compatible; MSIE 7.0; Windows NT 5.2; .NET CLR 1.1.4322; InfoPath.1; MS-RTC LM 8)" 792
233.77.49.94 - - [20/Mar/2022:17:25:37] "GET /category.screen?categoryId=STRATEGY&JSESSIONID=SD2SL7FF9ADFF4963 HTTP 1.1" 200 2042 "http://www.buttercupgames.com/product.screen?productId=FS-SG-G03" "Mozilla/4.0 (compatible; MSIE 7.0; Windows NT 5.2; .NET CLR 1.1.4322; InfoPath.1; MS-RTC LM 8)" 443
233.77.49.94 - - [20/Mar/2022:17:25:55] "GET /oldlink?&JSESSIONID=SD2SL7FF9ADFF4963 HTTP 1.1" 200 3793 "http://www.buttercupgames.com/cart.do?action=addtocart&productId=MB-AG-G07" "Mozilla/4.0 (compatible; MSIE 7.0; Windows NT 5.2; .NET CLR 1.1.4322; InfoPath.1; MS-RTC LM 8)" 286
233.77.49.94 - - [20/Mar/2022:17:26:14] "GET /oldlink?&JSESSIONID=SD2SL7FF9ADFF4963 HTTP 1.1" 200 801 "http://www.buttercupgames.com/product.screen?productId=WC-SH-T02" "Mozilla/4.0 (compatible; MSIE 7.0; Windows NT 5.2; .NET CLR 1.1.4322; InfoPath.1; MS-RTC LM 8)" 738
233.77.49.94 - - [20/Mar/2022:17:26:28] "GET /category.screen?categoryId=SHOOTER&JSESSIONID=SD2SL7FF9ADFF4963 HTTP 1.1" 200 1239 "http://www.buttercupgames.com/product.screen?productId=WC-SH-G04" "Mozilla/4.0 (compatible; MSIE 7.0; Windows NT 5.2; .NET CLR 1.1.4322; InfoPath.1; MS-RTC LM 8)" 739
233.77.49.94 - - [20/Mar/2022:17:26:34] "GET /cart.do?action=remove&productId=FI-AG-G08&JSESSIONID=SD2SL7FF9ADFF4963 HTTP 1.1" 200 2143 "http://www.buttercupgames.com/product.screen?productId=FI-AG-G08" "Mozilla/4.0 (compatible; MSIE 7.0; Windows NT 5.2; .NET CLR 1.1.4322; InfoPath.1; MS-RTC LM 8)" 324
210.192.123.204 - - [20/Mar/2022:17:26:45] "GET /product.screen?productId=SF-BVS-01&JSESSIONID=SD10SL6FF3ADFF4952 HTTP 1.1" 408 3442 "http://www.buttercupgames.com" "Mozilla/4.0 (compatible; MSIE 7.0; Windows NT 5.2; .NET CLR 1.1.4322; InfoPath.1; MS-RTC LM 8)" 952
210.192.123.204 - - [20/Mar/2022:17:26:52] "GET /cart.do?action=view&productId=WC-SH-A02&JSESSIONID=SD10SL6FF3ADFF4952 HTTP 1.1" 200 299 "http://www.buttercupgames.com/oldlink" "Mozilla/4.0 (compatible; MSIE 7.0; Windows NT 5.2; .NET CLR 1.1.4322; InfoPath.1; MS-RTC LM 8)" 113
210.192.123.204 - - [20/Mar/2022:17:27:08] "GET /product.screen?productId=WC-SH-T02&JSESSIONID=SD10SL6FF3ADFF4952 HTTP 1.1" 200 3186 "http://www.buttercupgames.com/cart.do?action=view&productId=WC-SH-T02" "Mozilla/4.0 (compatible; MSIE 7.0; Windows NT 5.2; .NET CLR 1.1.4322; InfoPath.1; MS-RTC LM 8)" 195
210.192.123.204 - - [20/Mar/2022:17:27:23] "GET /product.screen?productId=FS-SG-G03&JSESSIONID=SD10SL6FF3ADFF4952 HTTP 1.1" 200 3535 "http://www.buttercupgames.com/product.screen?productId=FS-SG-G03" "Mozilla/4.0 (compatible; MSIE 7.0; Windows NT 5.2; .NET CLR 1.1.4322; InfoPath.1; MS-RTC LM 8)" 915
210.192.123.204 - - [20/Mar/2022:17:27:27] "GET /category.screen?categoryId=NULL&JSESSIONID=SD10SL6FF3ADFF4952 HTTP 1.1" 408 3056 "http://www.buttercupgames.com/category.screen?categoryId=NULL" "Mozilla/4.0 (compatible; MSIE 7.0; Windows NT 5.2; .NET CLR 1.1.4322; InfoPath.1; MS-RTC LM 8)" 785
210.192.123.204 - - [20/Mar/2022:17:27:36] "GET /oldlink?&JSESSIONID=SD10SL6FF3ADFF4952 HTTP 1.1" 200 587 "http://www.buttercupgames.com/category.screen?categoryId=SIMULATION" "Mozilla/4.0 (compatible; MSIE 7.0; Windows NT 5.2; .NET CLR 1.1.4322; InfoPath.1; MS-RTC LM 8)" 816
210.192.123.204 - - [20/Mar/2022:17:27:48] "GET /category.screen?categoryId=STRATEGY&JSESSIONID=SD10SL6FF3ADFF4952 HTTP 1.1" 200 1202 "http://www.buttercupgames.com/product.screen?productId=DB-SG-G01" "Mozilla/4.0 (compatible; MSIE 7.0; Windows NT 5.2; .NET CLR 1.1.4322; InfoPath.1; MS-RTC LM 8)" 639
210.192.123.204 - - [20/Mar/2022:17:28:01] "GET /product.screen?productId=DB-SG-G01&JSESSIONID=SD10SL6FF3ADFF4952 HTTP 1.1" 200 1130 "http://www.buttercupgames.com/cart.do?action=view&productId=DB-SG-G01" "Mozilla/4.0 (compatible; MSIE 7.0; Windows NT 5.2; .NET CLR 1.1.4322; InfoPath.1; MS-RTC LM 8)" 457
210.192.123.204 - - [20/Mar/2022:17:28:11] "GET /cart.do?action=remove&productId=PZ-SG-G05&JSESSIONID=SD10SL6FF3ADFF4952 HTTP 1.1" 200 998 "http://www.buttercupgames.com/category.screen?categoryId=STRATEGY" "Mozilla/4.0 (compatible; MSIE 7.0; Windows NT 5.2; .NET CLR 1.1.4322; InfoPath.1; MS-RTC LM 8)" 108
210.192.123.204 - - [20/Mar/2022:17:28:17] "GET /cart.do?action=remove&productId=WC-SH-G04&JSESSIONID=SD10SL6FF3ADFF4952 HTTP 1.1" 200 1745 "http://www.buttercupgames.com/category.screen?categoryId=SHOOTER" "Mozilla/4.0 (compatible; MSIE 7.0; Windows NT 5.2; .NET CLR 1.1.4322; InfoPath.1; MS-RTC LM 8)" 628
210.192.123.204 - - [20/Mar/2022:17:28:23] "GET /product.screen?productId=SC-MG-G10&JSESSIONID=SD10SL6FF3ADFF4952 HTTP 1.1" 200 2328 "http://www.buttercupgames.com/category.screen?categoryId=SIMULATION" "Mozilla/4.0 (compatible; MSIE 7.0; Windows NT 5.2; .NET CLR 1.1.4322; InfoPath.1; MS-RTC LM 8)" 179
86.212.199.60 - - [20/Mar/2022:17:32:30] "GET /cart.do?action=view&productId=WC-SH-A01&JSESSIONID=SD2SL5FF10ADFF4955 HTTP 1.1" 200 1995 "http://www.google.com" "Mozilla/5.0 (Macintosh; Intel Mac OS X 10_7_4) AppleWebKit/536.5 (KHTML, like Gecko) Chrome/19.0.1084.46 Safari/536.5" 706
27.101.11.11 - - [20/Mar/2022:17:32:42] "GET /product.screen?productId=PZ-SG-G05&JSESSIONID=SD3SL8FF2ADFF4950 HTTP 1.1" 200 2587 "http://www.buttercupgames.com/category.screen?categoryId=STRATEGY" "Mozilla/5.0 (compatible; MSIE 9.0; Windows NT 6.1; WOW64; Trident/5.0; BOIE9;ENUS)" 285
27.101.11.11 - - [20/Mar/2022:17:32:45] "POST /cart.do?action=addtocart&productId=PZ-SG-G05&JSESSIONID=SD3SL8FF2ADFF4950 HTTP 1.1" 200 2855 "http://www.buttercupgames.com/product.screen?productId=PZ-SG-G05" "Mozilla/5.0 (compatible; MSIE 9.0; Windows NT 6.1; WOW64; Trident/5.0; BOIE9;ENUS)" 922
86.212.199.60 - - [20/Mar/2022:17:32:48] "GET /cart.do?action=addtocart&productId=DC-SG-G02&JSESSIONID=SD2SL5FF10ADFF4955 HTTP 1.1" 200 3542 "http://www.buttercupgames.com/oldlink" "Mozilla/5.0 (Macintosh; Intel Mac OS X 10_7_4) AppleWebKit/536.5 (KHTML, like Gecko) Chrome/19.0.1084.46 Safari/536.5" 936
27.101.11.11 - - [20/Mar/2022:17:32:50] "POST /success.do?action=purchase&categoryId=STRATEGY&productId=PZ-SG-G05&JSESSIONID=SD3SL8FF2ADFF4950 HTTP 1.1" 200 1668 "http://www.buttercupgames.com/cart.do?action=addtocart&categoryId=STRATEGY&productId=PZ-SG-G05" "Mozilla/5.0 (compatible; MSIE 9.0; Windows NT 6.1; WOW64; Trident/5.0; BOIE9;ENUS)" 389
27.101.11.11 - - [20/Mar/2022:17:32:50] "POST /cart/success.do?JSESSIONID=SD3SL8FF2ADFF4950&productId=PZ-SG-G05 HTTP 1.1" 200 2471 "http://www.buttercupgames.com/cart.do?action=purchase&" "Mozilla/5.0 (compatible; MSIE 9.0; Windows NT 6.1; WOW64; Trident/5.0; BOIE9;ENUS)" 171
86.212.199.60 - - [20/Mar/2022:17:32:53] "POST /oldlink?&JSESSIONID=SD2SL5FF10ADFF4955 HTTP 1.1" 200 2679 "http://www.buttercupgames.com/category.screen?categoryId=SIMULATION" "Mozilla/5.0 (Macintosh; Intel Mac OS X 10_7_4) AppleWebKit/536.5 (KHTML, like Gecko) Chrome/19.0.1084.46 Safari/536.5" 758
27.101.11.11 - - [20/Mar/2022:17:32:58] "GET /category.screen?categoryId=TEE&JSESSIONID=SD3SL8FF2ADFF4950 HTTP 1.1" 200 990 "http://www.buttercupgames.com/cart.do?action=view&productId=MB-AG-T01" "Mozilla/5.0 (compatible; MSIE 9.0; Windows NT 6.1; WOW64; Trident/5.0; BOIE9;ENUS)" 433
27.101.11.11 - - [20/Mar/2022:17:33:14] "GET /cart.do?action=addtocart&productId=MB-AG-G07&JSESSIONID=SD3SL8FF2ADFF4950 HTTP 1.1" 200 1433 "http://www.buttercupgames.com/cart.do?action=addtocart&productId=MB-AG-G07" "Mozilla/5.0 (compatible; MSIE 9.0; Windows NT 6.1; WOW64; Trident/5.0; BOIE9;ENUS)" 902
27.101.11.11 - - [20/Mar/2022:17:33:26] "GET /category.screen?categoryId=ACCESSORIES&JSESSIONID=SD3SL8FF2ADFF4950 HTTP 1.1" 200 3954 "http://www.buttercupgames.com/category.screen?categoryId=ACCESSORIES" "Mozilla/5.0 (compatible; MSIE 9.0; Windows NT 6.1; WOW64; Trident/5.0; BOIE9;ENUS)" 596
221.204.246.72 - - [20/Mar/2022:17:36:59] "GET /cart.do?action=changequantity&productId=DB-SG-G01&JSESSIONID=SD10SL8FF9ADFF4965 HTTP 1.1" 200 1903 "http://www.google.com" "Mozilla/5.0 (Windows; U; Windows NT 5.1; en-US; rv:1.9.2.28) Gecko/20120306 YFF3 Firefox/3.6.28 ( .NET CLR 3.5.30729; .NET4.0C)" 968
223.205.219.198 - - [20/Mar/2022:17:37:12] "POST /cart.do?action=view&productId=DC-SG-G02&JSESSIONID=SD9SL7FF8ADFF4957 HTTP 1.1" 200 3493 "http://www.buttercupgames.com" "Mozilla/5.0 (Windows NT 6.1; WOW64) AppleWebKit/536.5 (KHTML, like Gecko) Chrome/19.0.1084.46 Safari/536.5" 724
223.205.219.198 - - [20/Mar/2022:17:37:31] "GET /cart.do?action=purchase&JSESSIONID=SD9SL7FF8ADFF4957 HTTP 1.1" 505 1848 "http://www.buttercupgames.com/category.screen?categoryId=NULL" "Mozilla/5.0 (Windows NT 6.1; WOW64) AppleWebKit/536.5 (KHTML, like Gecko) Chrome/19.0.1084.46 Safari/536.5" 134
223.205.219.198 - - [20/Mar/2022:17:37:38] "GET /cart.do?action=view&productId=BS-AG-G09&JSESSIONID=SD9SL7FF8ADFF4957 HTTP 1.1" 200 3567 "http://www.buttercupgames.com/cart.do?action=view&productId=BS-AG-G09" "Mozilla/5.0 (Windows NT 6.1; WOW64) AppleWebKit/536.5 (KHTML, like Gecko) Chrome/19.0.1084.46 Safari/536.5" 733
223.205.219.198 - - [20/Mar/2022:17:37:53] "GET /product.screen?productId=CU-PG-G06&JSESSIONID=SD9SL7FF8ADFF4957 HTTP 1.1" 200 240 "http://www.buttercupgames.com/product.screen?productId=CU-PG-G06" "Mozilla/5.0 (Windows NT 6.1; WOW64) AppleWebKit/536.5 (KHTML, like Gecko) Chrome/19.0.1084.46 Safari/536.5" 996
223.205.219.198 - - [20/Mar/2022:17:38:06] "GET /oldlink?&JSESSIONID=SD9SL7FF8ADFF4957 HTTP 1.1" 200 2527 "http://www.buttercupgames.com/product.screen?productId=CU-PG-G06" "Mozilla/5.0 (Windows NT 6.1; WOW64) AppleWebKit/536.5 (KHTML, like Gecko) Chrome/19.0.1084.46 Safari/536.5" 855
223.205.219.198 - - [20/Mar/2022:17:38:16] "GET /cart.do?action=addtocart&JSESSIONID=SD9SL7FF8ADFF4957 HTTP 1.1" 500 3306 "http://www.buttercupgames.com/category.screen?categoryId=NULL" "Mozilla/5.0 (Windows NT 6.1; WOW64) AppleWebKit/536.5 (KHTML, like Gecko) Chrome/19.0.1084.46 Safari/536.5" 514
223.205.219.198 - - [20/Mar/2022:17:38:26] "POST /category.screen?categoryId=STRATEGY&JSESSIONID=SD9SL7FF8ADFF4957 HTTP 1.1" 200 348 "http://www.buttercupgames.com/category.screen?categoryId=STRATEGY" "Mozilla/5.0 (Windows NT 6.1; WOW64) AppleWebKit/536.5 (KHTML, like Gecko) Chrome/19.0.1084.46 Safari/536.5" 815
59.99.230.91 - - [20/Mar/2022:17:43:05] "GET /category.screen?categoryId=NULL&JSESSIONID=SD4SL5FF9ADFF4959 HTTP 1.1" 406 287 "http://www.google.com" "Mozilla/5.0 (Windows NT 6.1; WOW64) AppleWebKit/536.5 (KHTML, like Gecko) Chrome/19.0.1084.46 Safari/536.5" 639
59.99.230.91 - - [20/Mar/2022:17:43:12] "POST /product.screen?productId=DC-SG-G02&JSESSIONID=SD4SL5FF9ADFF4959 HTTP 1.1" 200 824 "http://www.buttercupgames.com/category.screen?categoryId=STRATEGY" "Mozilla/5.0 (Windows NT 6.1; WOW64) AppleWebKit/536.5 (KHTML, like Gecko) Chrome/19.0.1084.46 Safari/536.5" 488
59.99.230.91 - - [20/Mar/2022:17:43:17] "POST /cart.do?action=addtocart&productId=DC-SG-G02&JSESSIONID=SD4SL5FF9ADFF4959 HTTP 1.1" 200 3349 "http://www.buttercupgames.com/product.screen?productId=DC-SG-G02" "Mozilla/5.0 (Windows NT 6.1; WOW64) AppleWebKit/536.5 (KHTML, like Gecko) Chrome/19.0.1084.46 Safari/536.5" 418
59.99.230.91 - - [20/Mar/2022:17:43:19] "POST /success.do?action=purchase&categoryId=STRATEGY&productId=DC-SG-G02&JSESSIONID=SD4SL5FF9ADFF4959 HTTP 1.1" 503 2037 "http://www.buttercupgames.com/cart.do?action=addtocart&categoryId=STRATEGY&productId=DC-SG-G02" "Mozilla/5.0 (Windows NT 6.1; WOW64) AppleWebKit/536.5 (KHTML, like Gecko) Chrome/19.0.1084.46 Safari/536.5" 871
59.162.167.100 - - [20/Mar/2022:17:44:47] "GET /cart.do?action=changequantity&productId=WC-SH-A01&JSESSIONID=SD7SL3FF6ADFF4965 HTTP 1.1" 200 2023 "http://www.google.com" "Mozilla/5.0 (compatible; MSIE 9.0; Windows NT 6.1; WOW64; Trident/5.0; BOIE9;ENUS)" 659
67.170.226.218 - - [20/Mar/2022:17:44:48] "GET /product.screen?productId=DB-SG-G01&JSESSIONID=SD10SL6FF2ADFF4956 HTTP 1.1" 200 982 "http://www.buttercupgames.com" "Mozilla/4.0 (compatible; MSIE 7.0; Windows NT 5.1; Trident/4.0; .NET CLR 2.0.50727; MS-RTC LM 8; InfoPath.2)" 651
67.170.226.218 - - [20/Mar/2022:17:44:52] "GET /cart.do?action=remove&productId=PZ-SG-G05&JSESSIONID=SD10SL6FF2ADFF4956 HTTP 1.1" 200 580 "http://www.buttercupgames.com/category.screen?categoryId=STRATEGY" "Mozilla/4.0 (compatible; MSIE 7.0; Windows NT 5.1; Trident/4.0; .NET CLR 2.0.50727; MS-RTC LM 8; InfoPath.2)" 994
59.162.167.100 - - [20/Mar/2022:17:44:53] "GET /category.screen?categoryId=STRATEGY&JSESSIONID=SD7SL3FF6ADFF4965 HTTP 1.1" 200 3266 "http://www.buttercupgames.com/category.screen?categoryId=STRATEGY" "Mozilla/5.0 (compatible; MSIE 9.0; Windows NT 6.1; WOW64; Trident/5.0; BOIE9;ENUS)" 124
67.170.226.218 - - [20/Mar/2022:17:45:03] "POST /oldlink?&JSESSIONID=SD10SL6FF2ADFF4956 HTTP 1.1" 200 1993 "http://www.buttercupgames.com/cart.do?action=addtocart&productId=DB-SG-G01" "Mozilla/4.0 (compatible; MSIE 7.0; Windows NT 5.1; Trident/4.0; .NET CLR 2.0.50727; MS-RTC LM 8; InfoPath.2)" 736
59.162.167.100 - - [20/Mar/2022:17:45:10] "GET /oldlink?&JSESSIONID=SD7SL3FF6ADFF4965 HTTP 1.1" 200 2955 "http://www.buttercupgames.com/category.screen?categoryId=STRATEGY" "Mozilla/5.0 (compatible; MSIE 9.0; Windows NT 6.1; WOW64; Trident/5.0; BOIE9;ENUS)" 455
67.170.226.218 - - [20/Mar/2022:17:45:16] "GET /category.screen?categoryId=NULL&JSESSIONID=SD10SL6FF2ADFF4956 HTTP 1.1" 503 3264 "http://www.buttercupgames.com/product.screen?productId=SF-BVS-01" "Mozilla/4.0 (compatible; MSIE 7.0; Windows NT 5.1; Trident/4.0; .NET CLR 2.0.50727; MS-RTC LM 8; InfoPath.2)" 642
59.162.167.100 - - [20/Mar/2022:17:45:24] "GET /oldlink?&JSESSIONID=SD7SL3FF6ADFF4965 HTTP 1.1" 200 2659 "http://www.buttercupgames.com/category.screen?categoryId=STRATEGY" "Mozilla/5.0 (compatible; MSIE 9.0; Windows NT 6.1; WOW64; Trident/5.0; BOIE9;ENUS)" 481
59.162.167.100 - - [20/Mar/2022:17:45:38] "POST /cart.do?action=view&productId=WC-SH-G04&JSESSIONID=SD7SL3FF6ADFF4965 HTTP 1.1" 200 3297 "http://www.buttercupgames.com/product.screen?productId=WC-SH-G04" "Mozilla/5.0 (compatible; MSIE 9.0; Windows NT 6.1; WOW64; Trident/5.0; BOIE9;ENUS)" 742
59.162.167.100 - - [20/Mar/2022:17:45:45] "GET /cart.do?action=addtocart&productId=PZ-SG-G05&JSESSIONID=SD7SL3FF6ADFF4965 HTTP 1.1" 200 1764 "http://www.buttercupgames.com/cart.do?action=addtocart&productId=PZ-SG-G05" "Mozilla/5.0 (compatible; MSIE 9.0; Windows NT 6.1; WOW64; Trident/5.0; BOIE9;ENUS)" 493
59.162.167.100 - - [20/Mar/2022:17:45:57] "GET /category.screen?categoryId=STRATEGY&JSESSIONID=SD7SL3FF6ADFF4965 HTTP 1.1" 200 3171 "http://www.buttercupgames.com/oldlink" "Mozilla/5.0 (compatible; MSIE 9.0; Windows NT 6.1; WOW64; Trident/5.0; BOIE9;ENUS)" 418
59.162.167.100 - - [20/Mar/2022:17:46:02] "GET /oldlink?&JSESSIONID=SD7SL3FF6ADFF4965 HTTP 1.1" 200 524 "http://www.buttercupgames.com/cart.do?action=view&productId=PZ-SG-G05" "Mozilla/5.0 (compatible; MSIE 9.0; Windows NT 6.1; WOW64; Trident/5.0; BOIE9;ENUS)" 953
59.162.167.100 - - [20/Mar/2022:17:46:19] "POST /cart.do?action=addtocart&productId=WC-SH-G04&JSESSIONID=SD7SL3FF6ADFF4965 HTTP 1.1" 200 3298 "http://www.buttercupgames.com/category.screen?categoryId=SHOOTER" "Mozilla/5.0 (compatible; MSIE 9.0; Windows NT 6.1; WOW64; Trident/5.0; BOIE9;ENUS)" 130
59.162.167.100 - - [20/Mar/2022:17:46:28] "GET /product.screen?productId=WC-SH-A01&JSESSIONID=SD7SL3FF6ADFF4965 HTTP 1.1" 200 3559 "http://www.buttercupgames.com/cart.do?action=changequantity&productId=WC-SH-A01" "Mozilla/5.0 (compatible; MSIE 9.0; Windows NT 6.1; WOW64; Trident/5.0; BOIE9;ENUS)" 145
59.162.167.100 - - [20/Mar/2022:17:46:44] "GET /oldlink?&JSESSIONID=SD7SL3FF6ADFF4965 HTTP 1.1" 200 3025 "http://www.buttercupgames.com/product.screen?productId=WC-SH-G04" "Mozilla/5.0 (compatible; MSIE 9.0; Windows NT 6.1; WOW64; Trident/5.0; BOIE9;ENUS)" 396
141.146.8.66 - - [20/Mar/2022:17:49:13] "POST /product.screen?productId=DB-SG-G01&JSESSIONID=SD6SL1FF7ADFF4955 HTTP 1.1" 200 1139 "http://www.yahoo.com" "Mozilla/5.0 (Macintosh; Intel Mac OS X 10_7_4) AppleWebKit/536.5 (KHTML, like Gecko) Chrome/19.0.1084.46 Safari/536.5" 478
91.208.184.24 - - [20/Mar/2022:17:50:16] "POST /category.screen?categoryId=NULL&JSESSIONID=SD6SL7FF1ADFF4963 HTTP 1.1" 505 3873 "http://www.google.com" "Mozilla/4.0 (compatible; MSIE 7.0; Windows NT 5.1; .NET CLR 2.0.50727; .NET CLR 3.0.4506.2152; .NET CLR 3.5.30729; InfoPath.1; .NET4.0C; .NET4.0E; MS-RTC LM 8)" 573
91.208.184.24 - - [20/Mar/2022:17:50:31] "GET /product.screen?productId=WC-SH-G04&JSESSIONID=SD6SL7FF1ADFF4963 HTTP 1.1" 200 3653 "http://www.buttercupgames.com/cart.do?action=remove&productId=WC-SH-G04" "Mozilla/4.0 (compatible; MSIE 7.0; Windows NT 5.1; .NET CLR 2.0.50727; .NET CLR 3.0.4506.2152; .NET CLR 3.5.30729; InfoPath.1; .NET4.0C; .NET4.0E; MS-RTC LM 8)" 429
91.208.184.24 - - [20/Mar/2022:17:50:50] "GET /cart.do?action=view&productId=WC-SH-A02&JSESSIONID=SD6SL7FF1ADFF4963 HTTP 1.1" 200 3793 "http://www.buttercupgames.com/product.screen?productId=WC-SH-A02" "Mozilla/4.0 (compatible; MSIE 7.0; Windows NT 5.1; .NET CLR 2.0.50727; .NET CLR 3.0.4506.2152; .NET CLR 3.5.30729; InfoPath.1; .NET4.0C; .NET4.0E; MS-RTC LM 8)" 154
91.208.184.24 - - [20/Mar/2022:17:51:04] "GET /product.screen?productId=SC-MG-G10&JSESSIONID=SD6SL7FF1ADFF4963 HTTP 1.1" 200 1876 "http://www.buttercupgames.com/category.screen?categoryId=SIMULATION" "Mozilla/4.0 (compatible; MSIE 7.0; Windows NT 5.1; .NET CLR 2.0.50727; .NET CLR 3.0.4506.2152; .NET CLR 3.5.30729; InfoPath.1; .NET4.0C; .NET4.0E; MS-RTC LM 8)" 369
91.208.184.24 - - [20/Mar/2022:17:51:05] "POST /cart.do?action=addtocart&productId=SC-MG-G10&JSESSIONID=SD6SL7FF1ADFF4963 HTTP 1.1" 200 2876 "http://www.buttercupgames.com/product.screen?productId=SC-MG-G10" "Mozilla/4.0 (compatible; MSIE 7.0; Windows NT 5.1; .NET CLR 2.0.50727; .NET CLR 3.0.4506.2152; .NET CLR 3.5.30729; InfoPath.1; .NET4.0C; .NET4.0E; MS-RTC LM 8)" 675
91.208.184.24 - - [20/Mar/2022:17:51:06] "POST /success.do?action=purchase&categoryId=SIMULATION&productId=SC-MG-G10&JSESSIONID=SD6SL7FF1ADFF4963 HTTP 1.1" 200 1096 "http://www.buttercupgames.com/cart.do?action=addtocart&categoryId=SIMULATION&productId=SC-MG-G10" "Mozilla/4.0 (compatible; MSIE 7.0; Windows NT 5.1; .NET CLR 2.0.50727; .NET CLR 3.0.4506.2152; .NET CLR 3.5.30729; InfoPath.1; .NET4.0C; .NET4.0E; MS-RTC LM 8)" 684
91.208.184.24 - - [20/Mar/2022:17:51:06] "POST /cart/success.do?JSESSIONID=SD6SL7FF1ADFF4963&productId=MB-AG-G07 HTTP 1.1" 200 752 "http://www.buttercupgames.com/cart.do?action=purchase&" "Mozilla/4.0 (compatible; MSIE 7.0; Windows NT 5.1; .NET CLR 2.0.50727; .NET CLR 3.0.4506.2152; .NET CLR 3.5.30729; InfoPath.1; .NET4.0C; .NET4.0E; MS-RTC LM 8)" 506
91.208.184.24 - - [20/Mar/2022:17:51:18] "GET /category.screen?categoryId=SIMULATION&JSESSIONID=SD6SL7FF1ADFF4963 HTTP 1.1" 200 1984 "http://www.buttercupgames.com/product.screen?productId=SC-MG-G10" "Mozilla/4.0 (compatible; MSIE 7.0; Windows NT 5.1; .NET CLR 2.0.50727; .NET CLR 3.0.4506.2152; .NET CLR 3.5.30729; InfoPath.1; .NET4.0C; .NET4.0E; MS-RTC LM 8)" 584
91.208.184.24 - - [20/Mar/2022:17:51:30] "GET /cart.do?action=remove&JSESSIONID=SD6SL7FF1ADFF4963 HTTP 1.1" 503 507 "http://www.buttercupgames.com/product.screen?productId=SF-BVS-01" "Mozilla/4.0 (compatible; MSIE 7.0; Windows NT 5.1; .NET CLR 2.0.50727; .NET CLR 3.0.4506.2152; .NET CLR 3.5.30729; InfoPath.1; .NET4.0C; .NET4.0E; MS-RTC LM 8)" 152
87.240.128.18 - - [20/Mar/2022:17:53:17] "GET /oldlink?&JSESSIONID=SD0SL1FF8ADFF4957 HTTP 1.1" 200 3275 "http://www.buttercupgames.com" "Mozilla/4.0 (compatible; MSIE 7.0; Windows NT 5.1; Trident/4.0; .NET CLR 2.0.50727; MS-RTC LM 8; InfoPath.2)" 352
87.240.128.18 - - [20/Mar/2022:17:53:29] "GET /rush/signals.zip?JSESSIONID=SD0SL1FF8ADFF4957 HTTP 1.1" 404 3867 "http://www.buttercupgames.com/oldlink" "Mozilla/4.0 (compatible; MSIE 7.0; Windows NT 5.1; Trident/4.0; .NET CLR 2.0.50727; MS-RTC LM 8; InfoPath.2)" 573
87.240.128.18 - - [20/Mar/2022:17:53:36] "GET /category.screen?categoryId=STRATEGY&JSESSIONID=SD0SL1FF8ADFF4957 HTTP 1.1" 200 1681 "http://www.buttercupgames.com/cart.do?action=view&productId=DC-SG-G02" "Mozilla/4.0 (compatible; MSIE 7.0; Windows NT 5.1; Trident/4.0; .NET CLR 2.0.50727; MS-RTC LM 8; InfoPath.2)" 183
87.240.128.18 - - [20/Mar/2022:17:53:49] "GET /product.screen?productId=BS-AG-G09&JSESSIONID=SD0SL1FF8ADFF4957 HTTP 1.1" 200 1907 "http://www.buttercupgames.com/oldlink" "Mozilla/4.0 (compatible; MSIE 7.0; Windows NT 5.1; Trident/4.0; .NET CLR 2.0.50727; MS-RTC LM 8; InfoPath.2)" 843
87.240.128.18 - - [20/Mar/2022:17:54:07] "GET /oldlink?&JSESSIONID=SD0SL1FF8ADFF4957 HTTP 1.1" 200 3127 "http://www.buttercupgames.com/cart.do?action=view&productId=WC-SH-T02" "Mozilla/4.0 (compatible; MSIE 7.0; Windows NT 5.1; Trident/4.0; .NET CLR 2.0.50727; MS-RTC LM 8; InfoPath.2)" 314
87.240.128.18 - - [20/Mar/2022:17:54:18] "GET /product.screen?productId=WC-SH-T02&JSESSIONID=SD0SL1FF8ADFF4957 HTTP 1.1" 200 526 "http://www.buttercupgames.com/category.screen?categoryId=TEE" "Mozilla/4.0 (compatible; MSIE 7.0; Windows NT 5.1; Trident/4.0; .NET CLR 2.0.50727; MS-RTC LM 8; InfoPath.2)" 665
87.240.128.18 - - [20/Mar/2022:17:54:21] "POST /cart.do?action=addtocart&productId=WC-SH-T02&JSESSIONID=SD0SL1FF8ADFF4957 HTTP 1.1" 200 1709 "http://www.buttercupgames.com/product.screen?productId=WC-SH-T02" "Mozilla/4.0 (compatible; MSIE 7.0; Windows NT 5.1; Trident/4.0; .NET CLR 2.0.50727; MS-RTC LM 8; InfoPath.2)" 889
87.240.128.18 - - [20/Mar/2022:17:54:25] "POST /success.do?action=purchase&categoryId=TEE&productId=WC-SH-T02&JSESSIONID=SD0SL1FF8ADFF4957 HTTP 1.1" 200 3352 "http://www.buttercupgames.com/cart.do?action=addtocart&categoryId=TEE&productId=WC-SH-T02" "Mozilla/4.0 (compatible; MSIE 7.0; Windows NT 5.1; Trident/4.0; .NET CLR 2.0.50727; MS-RTC LM 8; InfoPath.2)" 373
87.240.128.18 - - [20/Mar/2022:17:54:25] "POST /cart/success.do?JSESSIONID=SD0SL1FF8ADFF4957&productId=FS-SG-G03 HTTP 1.1" 200 1577 "http://www.buttercupgames.com/cart.do?action=purchase&" "Mozilla/4.0 (compatible; MSIE 7.0; Windows NT 5.1; Trident/4.0; .NET CLR 2.0.50727; MS-RTC LM 8; InfoPath.2)" 543
85.62.218.82 - - [20/Mar/2022:17:56:05] "GET /product.screen?productId=SC-MG-G10&JSESSIONID=SD4SL1FF1ADFF4957 HTTP 1.1" 200 3854 "http://www.buttercupgames.com/category.screen?categoryId=SIMULATION" "Mozilla/4.0 (compatible; MSIE 7.0; Windows NT 5.2; .NET CLR 1.1.4322; InfoPath.1; MS-RTC LM 8)" 625
85.62.218.82 - - [20/Mar/2022:17:56:08] "POST /cart.do?action=addtocart&productId=SC-MG-G10&JSESSIONID=SD4SL1FF1ADFF4957 HTTP 1.1" 200 868 "http://www.buttercupgames.com/product.screen?productId=SC-MG-G10" "Mozilla/4.0 (compatible; MSIE 7.0; Windows NT 5.2; .NET CLR 1.1.4322; InfoPath.1; MS-RTC LM 8)" 965
85.62.218.82 - - [20/Mar/2022:17:56:12] "POST /success.do?action=purchase&categoryId=SIMULATION&productId=SC-MG-G10&JSESSIONID=SD4SL1FF1ADFF4957 HTTP 1.1" 200 1685 "http://www.buttercupgames.com/cart.do?action=addtocart&categoryId=SIMULATION&productId=SC-MG-G10" "Mozilla/4.0 (compatible; MSIE 7.0; Windows NT 5.2; .NET CLR 1.1.4322; InfoPath.1; MS-RTC LM 8)" 456
85.62.218.82 - - [20/Mar/2022:17:56:12] "POST /cart/success.do?JSESSIONID=SD4SL1FF1ADFF4957&productId=MB-AG-T01 HTTP 1.1" 200 3060 "http://www.buttercupgames.com/cart.do?action=purchase&" "Mozilla/4.0 (compatible; MSIE 7.0; Windows NT 5.2; .NET CLR 1.1.4322; InfoPath.1; MS-RTC LM 8)" 163
85.62.218.82 - - [20/Mar/2022:17:56:28] "POST /product.screen?productId=SC-MG-G10&JSESSIONID=SD4SL1FF1ADFF4957 HTTP 1.1" 200 294 "http://www.buttercupgames.com/product.screen?productId=SC-MG-G10" "Mozilla/4.0 (compatible; MSIE 7.0; Windows NT 5.2; .NET CLR 1.1.4322; InfoPath.1; MS-RTC LM 8)" 803
85.62.218.82 - - [20/Mar/2022:17:56:33] "GET /cart.do?action=changequantity&JSESSIONID=SD4SL1FF1ADFF4957 HTTP 1.1" 500 3794 "http://www.buttercupgames.com/category.screen?categoryId=NULL" "Mozilla/4.0 (compatible; MSIE 7.0; Windows NT 5.2; .NET CLR 1.1.4322; InfoPath.1; MS-RTC LM 8)" 462
85.62.218.82 - - [20/Mar/2022:17:56:39] "GET /category.screen?categoryId=SHOOTER&JSESSIONID=SD4SL1FF1ADFF4957 HTTP 1.1" 200 1356 "http://www.buttercupgames.com/product.screen?productId=WC-SH-G04" "Mozilla/4.0 (compatible; MSIE 7.0; Windows NT 5.2; .NET CLR 1.1.4322; InfoPath.1; MS-RTC LM 8)" 536
91.205.189.27 - - [20/Mar/2022:17:56:52] "GET /cart.do?action=view&productId=SC-MG-G10&JSESSIONID=SD3SL4FF6ADFF4966 HTTP 1.1" 200 1939 "http://www.buttercupgames.com" "Mozilla/5.0 (Windows NT 6.1; WOW64) AppleWebKit/536.5 (KHTML, like Gecko) Chrome/19.0.1084.46 Safari/536.5" 947
85.62.218.82 - - [20/Mar/2022:17:56:56] "GET /category.screen?categoryId=SIMULATION&JSESSIONID=SD4SL1FF1ADFF4957 HTTP 1.1" 200 1861 "http://www.buttercupgames.com/product.screen?productId=SC-MG-G10" "Mozilla/4.0 (compatible; MSIE 7.0; Windows NT 5.2; .NET CLR 1.1.4322; InfoPath.1; MS-RTC LM 8)" 487
85.62.218.82 - - [20/Mar/2022:17:57:06] "POST /cart.do?action=remove&productId=MB-AG-G07&JSESSIONID=SD4SL1FF1ADFF4957 HTTP 1.1" 200 290 "http://www.buttercupgames.com/cart.do?action=remove&productId=MB-AG-G07" "Mozilla/4.0 (compatible; MSIE 7.0; Windows NT 5.2; .NET CLR 1.1.4322; InfoPath.1; MS-RTC LM 8)" 933
91.205.189.27 - - [20/Mar/2022:17:57:09] "GET /product.screen?productId=CU-PG-G06&JSESSIONID=SD3SL4FF6ADFF4966 HTTP 1.1" 200 2367 "http://www.buttercupgames.com/category.screen?categoryId=SPORTS" "Mozilla/5.0 (Windows NT 6.1; WOW64) AppleWebKit/536.5 (KHTML, like Gecko) Chrome/19.0.1084.46 Safari/536.5" 374
91.205.189.27 - - [20/Mar/2022:17:57:11] "POST /cart.do?action=addtocart&productId=CU-PG-G06&JSESSIONID=SD3SL4FF6ADFF4966 HTTP 1.1" 200 3882 "http://www.buttercupgames.com/product.screen?productId=CU-PG-G06" "Mozilla/5.0 (Windows NT 6.1; WOW64) AppleWebKit/536.5 (KHTML, like Gecko) Chrome/19.0.1084.46 Safari/536.5" 879
91.205.189.27 - - [20/Mar/2022:17:57:13] "POST /success.do?action=purchase&categoryId=SPORTS&productId=CU-PG-G06&JSESSIONID=SD3SL4FF6ADFF4966 HTTP 1.1" 200 514 "http://www.buttercupgames.com/cart.do?action=addtocart&categoryId=SPORTS&productId=CU-PG-G06" "Mozilla/5.0 (Windows NT 6.1; WOW64) AppleWebKit/536.5 (KHTML, like Gecko) Chrome/19.0.1084.46 Safari/536.5" 699
91.205.189.27 - - [20/Mar/2022:17:57:13] "POST /cart/success.do?JSESSIONID=SD3SL4FF6ADFF4966&productId=WSC-MG-G10 HTTP 1.1" 200 3764 "http://www.buttercupgames.com/cart.do?action=purchase&" "Mozilla/5.0 (Windows NT 6.1; WOW64) AppleWebKit/536.5 (KHTML, like Gecko) Chrome/19.0.1084.46 Safari/536.5" 918
91.205.189.27 - - [20/Mar/2022:17:57:24] "GET /product.screen?productId=WC-SH-G04&JSESSIONID=SD3SL4FF6ADFF4966 HTTP 1.1" 200 3890 "http://www.buttercupgames.com/category.screen?categoryId=SHOOTER" "Mozilla/5.0 (Windows NT 6.1; WOW64) AppleWebKit/536.5 (KHTML, like Gecko) Chrome/19.0.1084.46 Safari/536.5" 652
91.205.189.27 - - [20/Mar/2022:17:57:27] "POST /cart.do?action=addtocart&productId=WC-SH-G04&JSESSIONID=SD3SL4FF6ADFF4966 HTTP 1.1" 200 248 "http://www.buttercupgames.com/product.screen?productId=WC-SH-G04" "Mozilla/5.0 (Windows NT 6.1; WOW64) AppleWebKit/536.5 (KHTML, like Gecko) Chrome/19.0.1084.46 Safari/536.5" 535
91.205.189.27 - - [20/Mar/2022:17:57:29] "POST /success.do?action=purchase&categoryId=SHOOTER&productId=WC-SH-G04&JSESSIONID=SD3SL4FF6ADFF4966 HTTP 1.1" 200 1071 "http://www.buttercupgames.com/cart.do?action=addtocart&categoryId=SHOOTER&productId=WC-SH-G04" "Mozilla/5.0 (Windows NT 6.1; WOW64) AppleWebKit/536.5 (KHTML, like Gecko) Chrome/19.0.1084.46 Safari/536.5" 661
91.205.189.27 - - [20/Mar/2022:17:57:29] "POST /cart/success.do?JSESSIONID=SD3SL4FF6ADFF4966&productId=DC-SG-G02 HTTP 1.1" 200 933 "http://www.buttercupgames.com/cart.do?action=purchase&" "Mozilla/5.0 (Windows NT 6.1; WOW64) AppleWebKit/536.5 (KHTML, like Gecko) Chrome/19.0.1084.46 Safari/536.5" 629
91.205.189.27 - - [20/Mar/2022:17:57:33] "GET /category.screen?categoryId=ARCADE&JSESSIONID=SD3SL4FF6ADFF4966 HTTP 1.1" 200 2021 "http://www.buttercupgames.com/category.screen?categoryId=ARCADE" "Mozilla/5.0 (Windows NT 6.1; WOW64) AppleWebKit/536.5 (KHTML, like Gecko) Chrome/19.0.1084.46 Safari/536.5" 128
91.205.189.27 - - [20/Mar/2022:17:57:41] "GET /product.screen?productId=SF-BVS-01&JSESSIONID=SD3SL4FF6ADFF4966 HTTP 1.1" 406 209 "http://www.buttercupgames.com/product.screen?productId=SF-BVS-01" "Mozilla/5.0 (Windows NT 6.1; WOW64) AppleWebKit/536.5 (KHTML, like Gecko) Chrome/19.0.1084.46 Safari/536.5" 180
91.205.189.27 - - [20/Mar/2022:17:57:46] "GET /category.screen?categoryId=TEE&JSESSIONID=SD3SL4FF6ADFF4966 HTTP 1.1" 200 3833 "http://www.buttercupgames.com/category.screen?categoryId=TEE" "Mozilla/5.0 (Windows NT 6.1; WOW64) AppleWebKit/536.5 (KHTML, like Gecko) Chrome/19.0.1084.46 Safari/536.5" 884
91.205.189.27 - - [20/Mar/2022:17:57:51] "GET /cart.do?action=addtocart&productId=DC-SG-G02&JSESSIONID=SD3SL4FF6ADFF4966 HTTP 1.1" 200 3566 "http://www.buttercupgames.com/cart.do?action=addtocart&productId=DC-SG-G02" "Mozilla/5.0 (Windows NT 6.1; WOW64) AppleWebKit/536.5 (KHTML, like Gecko) Chrome/19.0.1084.46 Safari/536.5" 430
91.205.189.27 - - [20/Mar/2022:17:57:59] "GET /hidden/anna_nicole.html?JSESSIONID=SD3SL4FF6ADFF4966 HTTP 1.1" 404 3951 "http://www.buttercupgames.com/oldlink" "Mozilla/5.0 (Windows NT 6.1; WOW64) AppleWebKit/536.5 (KHTML, like Gecko) Chrome/19.0.1084.46 Safari/536.5" 601
91.205.189.27 - - [20/Mar/2022:17:58:06] "GET /oldlink?&JSESSIONID=SD3SL4FF6ADFF4966 HTTP 1.1" 200 3378 "http://www.buttercupgames.com/cart.do?action=view&productId=WC-SH-A01" "Mozilla/5.0 (Windows NT 6.1; WOW64) AppleWebKit/536.5 (KHTML, like Gecko) Chrome/19.0.1084.46 Safari/536.5" 359
193.33.170.23 - - [20/Mar/2022:18:00:31] "GET /product.screen?productId=WC-SH-A02&JSESSIONID=SD9SL3FF9ADFF4955 HTTP 1.1" 200 2796 "http://www.buttercupgames.com/category.screen?categoryId=ACCESSORIES" "Mozilla/4.0 (compatible; MSIE 7.0; Windows NT 5.1; Trident/4.0; .NET CLR 2.0.50727; MS-RTC LM 8; InfoPath.2)" 998
193.33.170.23 - - [20/Mar/2022:18:00:32] "POST /cart.do?action=addtocart&productId=WC-SH-A02&JSESSIONID=SD9SL3FF9ADFF4955 HTTP 1.1" 200 3508 "http://www.buttercupgames.com/product.screen?productId=WC-SH-A02" "Mozilla/4.0 (compatible; MSIE 7.0; Windows NT 5.1; Trident/4.0; .NET CLR 2.0.50727; MS-RTC LM 8; InfoPath.2)" 837
193.33.170.23 - - [20/Mar/2022:18:00:37] "POST /success.do?action=purchase&categoryId=ACCESSORIES&productId=WC-SH-A02&JSESSIONID=SD9SL3FF9ADFF4955 HTTP 1.1" 200 3648 "http://www.buttercupgames.com/cart.do?action=addtocart&categoryId=ACCESSORIES&productId=WC-SH-A02" "Mozilla/4.0 (compatible; MSIE 7.0; Windows NT 5.1; Trident/4.0; .NET CLR 2.0.50727; MS-RTC LM 8; InfoPath.2)" 534
193.33.170.23 - - [20/Mar/2022:18:00:37] "POST /cart/success.do?JSESSIONID=SD9SL3FF9ADFF4955&productId=DC-SG-G02 HTTP 1.1" 200 1713 "http://www.buttercupgames.com/cart.do?action=purchase&" "Mozilla/4.0 (compatible; MSIE 7.0; Windows NT 5.1; Trident/4.0; .NET CLR 2.0.50727; MS-RTC LM 8; InfoPath.2)" 689
193.33.170.23 - - [20/Mar/2022:18:00:45] "GET /oldlink?&JSESSIONID=SD9SL3FF9ADFF4955 HTTP 1.1" 200 1120 "http://www.buttercupgames.com/oldlink" "Mozilla/4.0 (compatible; MSIE 7.0; Windows NT 5.1; Trident/4.0; .NET CLR 2.0.50727; MS-RTC LM 8; InfoPath.2)" 536
193.33.170.23 - - [20/Mar/2022:18:01:00] "POST /product.screen?productId=FS-SG-G03&JSESSIONID=SD9SL3FF9ADFF4955 HTTP 1.1" 200 1293 "http://www.buttercupgames.com/category.screen?categoryId=STRATEGY" "Mozilla/4.0 (compatible; MSIE 7.0; Windows NT 5.1; Trident/4.0; .NET CLR 2.0.50727; MS-RTC LM 8; InfoPath.2)" 795
193.33.170.23 - - [20/Mar/2022:18:01:09] "POST /product.screen?productId=CU-PG-G06&JSESSIONID=SD9SL3FF9ADFF4955 HTTP 1.1" 200 1751 "http://www.buttercupgames.com/category.screen?categoryId=SPORTS" "Mozilla/4.0 (compatible; MSIE 7.0; Windows NT 5.1; Trident/4.0; .NET CLR 2.0.50727; MS-RTC LM 8; InfoPath.2)" 924
193.33.170.23 - - [20/Mar/2022:18:01:13] "POST /cart.do?action=addtocart&productId=CU-PG-G06&JSESSIONID=SD9SL3FF9ADFF4955 HTTP 1.1" 200 3484 "http://www.buttercupgames.com/product.screen?productId=CU-PG-G06" "Mozilla/4.0 (compatible; MSIE 7.0; Windows NT 5.1; Trident/4.0; .NET CLR 2.0.50727; MS-RTC LM 8; InfoPath.2)" 837
193.33.170.23 - - [20/Mar/2022:18:01:17] "POST /success.do?action=purchase&categoryId=SPORTS&productId=CU-PG-G06&JSESSIONID=SD9SL3FF9ADFF4955 HTTP 1.1" 200 3457 "http://www.buttercupgames.com/cart.do?action=addtocart&categoryId=SPORTS&productId=CU-PG-G06" "Mozilla/4.0 (compatible; MSIE 7.0; Windows NT 5.1; Trident/4.0; .NET CLR 2.0.50727; MS-RTC LM 8; InfoPath.2)" 911
193.33.170.23 - - [20/Mar/2022:18:01:17] "POST /cart/success.do?JSESSIONID=SD9SL3FF9ADFF4955&productId=WC-SH-A02 HTTP 1.1" 200 1202 "http://www.buttercupgames.com/cart.do?action=purchase&" "Mozilla/4.0 (compatible; MSIE 7.0; Windows NT 5.1; Trident/4.0; .NET CLR 2.0.50727; MS-RTC LM 8; InfoPath.2)" 590
193.33.170.23 - - [20/Mar/2022:18:01:27] "GET /cart.do?action=view&productId=WC-SH-A01&JSESSIONID=SD9SL3FF9ADFF4955 HTTP 1.1" 200 558 "http://www.buttercupgames.com/category.screen?categoryId=ACCESSORIES" "Mozilla/4.0 (compatible; MSIE 7.0; Windows NT 5.1; Trident/4.0; .NET CLR 2.0.50727; MS-RTC LM 8; InfoPath.2)" 641
193.33.170.23 - - [20/Mar/2022:18:01:40] "GET /product.screen?productId=MB-AG-T01&JSESSIONID=SD9SL3FF9ADFF4955 HTTP 1.1" 200 3269 "http://www.buttercupgames.com/category.screen?categoryId=TEE" "Mozilla/4.0 (compatible; MSIE 7.0; Windows NT 5.1; Trident/4.0; .NET CLR 2.0.50727; MS-RTC LM 8; InfoPath.2)" 994
193.33.170.23 - - [20/Mar/2022:18:01:53] "GET /product.screen?productId=DB-SG-G01&JSESSIONID=SD9SL3FF9ADFF4955 HTTP 1.1" 200 2622 "http://www.buttercupgames.com/category.screen?categoryId=STRATEGY" "Mozilla/4.0 (compatible; MSIE 7.0; Windows NT 5.1; Trident/4.0; .NET CLR 2.0.50727; MS-RTC LM 8; InfoPath.2)" 399
193.33.170.23 - - [20/Mar/2022:18:01:58] "POST /cart.do?action=addtocart&productId=DB-SG-G01&JSESSIONID=SD9SL3FF9ADFF4955 HTTP 1.1" 200 2515 "http://www.buttercupgames.com/product.screen?productId=DB-SG-G01" "Mozilla/4.0 (compatible; MSIE 7.0; Windows NT 5.1; Trident/4.0; .NET CLR 2.0.50727; MS-RTC LM 8; InfoPath.2)" 251
193.33.170.23 - - [20/Mar/2022:18:02:02] "POST /success.do?action=purchase&categoryId=STRATEGY&productId=DB-SG-G01&JSESSIONID=SD9SL3FF9ADFF4955 HTTP 1.1" 200 2294 "http://www.buttercupgames.com/cart.do?action=addtocart&categoryId=STRATEGY&productId=DB-SG-G01" "Mozilla/4.0 (compatible; MSIE 7.0; Windows NT 5.1; Trident/4.0; .NET CLR 2.0.50727; MS-RTC LM 8; InfoPath.2)" 654
193.33.170.23 - - [20/Mar/2022:18:02:02] "POST /cart/success.do?productId=GT-SC-G01&JSESSIONID=SD9SL3FF9ADFF4955 HTTP 1.1" 200 500 "http://www.buttercupgames.com/cart.do?action=purchase&productId=GT-SC-G01" "Mozilla/4.0 (compatible; MSIE 7.0; Windows NT 5.1; Trident/4.0; .NET CLR 2.0.50727; MS-RTC LM 8; InfoPath.2)" 843
193.33.170.23 - - [20/Mar/2022:18:02:16] "GET /category.screen?categoryId=NULL&JSESSIONID=SD9SL3FF9ADFF4955 HTTP 1.1" 408 1456 "http://www.buttercupgames.com/product.screen?productId=SF-BVS-01" "Mozilla/4.0 (compatible; MSIE 7.0; Windows NT 5.1; Trident/4.0; .NET CLR 2.0.50727; MS-RTC LM 8; InfoPath.2)" 322
193.33.170.23 - - [20/Mar/2022:18:02:20] "GET /oldlink?&JSESSIONID=SD9SL3FF9ADFF4955 HTTP 1.1" 200 2528 "http://www.buttercupgames.com/product.screen?productId=WC-SH-G04" "Mozilla/4.0 (compatible; MSIE 7.0; Windows NT 5.1; Trident/4.0; .NET CLR 2.0.50727; MS-RTC LM 8; InfoPath.2)" 240
193.33.170.23 - - [20/Mar/2022:18:02:37] "GET /cart.do?action=view&JSESSIONID=SD9SL3FF9ADFF4955 HTTP 1.1" 500 3424 "http://www.buttercupgames.com/product.screen?productId=SF-BVS-01" "Mozilla/4.0 (compatible; MSIE 7.0; Windows NT 5.1; Trident/4.0; .NET CLR 2.0.50727; MS-RTC LM 8; InfoPath.2)" 569
193.33.170.23 - - [20/Mar/2022:18:02:42] "GET /cart.do?action=addtocart&productId=WC-SH-A01&JSESSIONID=SD9SL3FF9ADFF4955 HTTP 1.1" 200 1145 "http://www.buttercupgames.com/product.screen?productId=WC-SH-A01" "Mozilla/4.0 (compatible; MSIE 7.0; Windows NT 5.1; Trident/4.0; .NET CLR 2.0.50727; MS-RTC LM 8; InfoPath.2)" 379
86.212.199.60 - - [20/Mar/2022:18:02:48] "POST /category.screen?categoryId=SPORTS&JSESSIONID=SD2SL5FF4ADFF4951 HTTP 1.1" 200 1014 "http://www.yahoo.com" "Mozilla/5.0 (iPad; CPU OS 5_1_1 like Mac OS X) AppleWebKit/534.46 (KHTML, like Gecko) Version/5.1 Mobile/9B206 Safari/7534.48.3" 833
86.212.199.60 - - [20/Mar/2022:18:02:58] "GET /cart.do?action=changequantity&productId=MB-AG-T01&JSESSIONID=SD2SL5FF4ADFF4951 HTTP 1.1" 200 2090 "http://www.buttercupgames.com/cart.do?action=changequantity&productId=MB-AG-T01" "Mozilla/5.0 (iPad; CPU OS 5_1_1 like Mac OS X) AppleWebKit/534.46 (KHTML, like Gecko) Version/5.1 Mobile/9B206 Safari/7534.48.3" 415
86.212.199.60 - - [20/Mar/2022:18:03:15] "GET /product.screen?productId=DB-SG-G01&JSESSIONID=SD2SL5FF4ADFF4951 HTTP 1.1" 200 865 "http://www.buttercupgames.com/oldlink" "Mozilla/5.0 (iPad; CPU OS 5_1_1 like Mac OS X) AppleWebKit/534.46 (KHTML, like Gecko) Version/5.1 Mobile/9B206 Safari/7534.48.3" 967
86.212.199.60 - - [20/Mar/2022:18:03:29] "GET /cart.do?action=changequantity&JSESSIONID=SD2SL5FF4ADFF4951 HTTP 1.1" 500 624 "http://www.buttercupgames.com/oldlink" "Mozilla/5.0 (iPad; CPU OS 5_1_1 like Mac OS X) AppleWebKit/534.46 (KHTML, like Gecko) Version/5.1 Mobile/9B206 Safari/7534.48.3" 690
86.212.199.60 - - [20/Mar/2022:18:03:42] "GET /product.screen?productId=PZ-SG-G05&JSESSIONID=SD2SL5FF4ADFF4951 HTTP 1.1" 200 2082 "http://www.buttercupgames.com/category.screen?categoryId=STRATEGY" "Mozilla/5.0 (iPad; CPU OS 5_1_1 like Mac OS X) AppleWebKit/534.46 (KHTML, like Gecko) Version/5.1 Mobile/9B206 Safari/7534.48.3" 775
130.253.37.97 - - [20/Mar/2022:18:03:43] "GET /cart.do?action=view&productId=WC-SH-G04&JSESSIONID=SD3SL10FF7ADFF4960 HTTP 1.1" 200 950 "http://www.google.com" "Mozilla/5.0 (iPad; CPU OS 5_1_1 like Mac OS X) AppleWebKit/534.46 (KHTML, like Gecko) Version/5.1 Mobile/9B206 Safari/7534.48.3" 766
130.253.37.97 - - [20/Mar/2022:18:03:52] "GET /product.screen?productId=WC-SH-T02&JSESSIONID=SD3SL10FF7ADFF4960 HTTP 1.1" 200 232 "http://www.buttercupgames.com/category.screen?categoryId=TEE" "Mozilla/5.0 (iPad; CPU OS 5_1_1 like Mac OS X) AppleWebKit/534.46 (KHTML, like Gecko) Version/5.1 Mobile/9B206 Safari/7534.48.3" 350
