211.166.11.101 - - [18/Mar/2022:10:24:56] "GET /cart.do?action=view&productId=WC-SH-G04&JSESSIONID=SD3SL8FF9ADFF4958 HTTP 1.1" 200 2493 "http://www.buttercupgames.com/category.screen?categoryId=SHOOTER" "Mozilla/4.0 (compatible; MSIE 6.0; Windows NT 5.1; SV1)" 162
208.240.243.170 - - [18/Mar/2022:10:25:06] "GET /product.screen?productId=WC-SH-A02&JSESSIONID=SD10SL4FF6ADFF4965 HTTP 1.1" 200 1677 "http://www.google.com" "Mozilla/4.0 (compatible; MSIE 7.0; Windows NT 5.1; Trident/4.0; .NET CLR 2.0.50727; MS-RTC LM 8; InfoPath.2)" 752
208.240.243.170 - - [18/Mar/2022:10:25:11] "POST /cart.do?action=view&productId=SC-MG-G10&JSESSIONID=SD10SL4FF6ADFF4965 HTTP 1.1" 200 299 "http://www.buttercupgames.com/oldlink" "Mozilla/4.0 (compatible; MSIE 7.0; Windows NT 5.1; Trident/4.0; .NET CLR 2.0.50727; MS-RTC LM 8; InfoPath.2)" 232
211.166.11.101 - - [18/Mar/2022:10:25:11] "GET /cart.do?action=addtocart&productId=MB-AG-G07&JSESSIONID=SD3SL8FF9ADFF4958 HTTP 1.1" 200 2638 "http://www.buttercupgames.com/oldlink" "Mozilla/4.0 (compatible; MSIE 6.0; Windows NT 5.1; SV1)" 566
211.166.11.101 - - [18/Mar/2022:10:25:25] "GET /category.screen?categoryId=STRATEGY&JSESSIONID=SD3SL8FF9ADFF4958 HTTP 1.1" 200 1822 "http://www.buttercupgames.com/product.screen?productId=DC-SG-G02" "Mozilla/4.0 (compatible; MSIE 6.0; Windows NT 5.1; SV1)" 752
208.240.243.170 - - [18/Mar/2022:10:25:30] "GET /product.screen?productId=FI-AG-G08&JSESSIONID=SD10SL4FF6ADFF4965 HTTP 1.1" 200 3279 "http://www.buttercupgames.com/category.screen?categoryId=ARCADE" "Mozilla/4.0 (compatible; MSIE 7.0; Windows NT 5.1; Trident/4.0; .NET CLR 2.0.50727; MS-RTC LM 8; InfoPath.2)" 689
208.240.243.170 - - [18/Mar/2022:10:25:34] "POST /cart.do?action=addtocart&productId=FI-AG-G08&JSESSIONID=SD10SL4FF6ADFF4965 HTTP 1.1" 200 257 "http://www.buttercupgames.com/product.screen?productId=FI-AG-G08" "Mozilla/4.0 (compatible; MSIE 7.0; Windows NT 5.1; Trident/4.0; .NET CLR 2.0.50727; MS-RTC LM 8; InfoPath.2)" 929
211.166.11.101 - - [18/Mar/2022:10:25:36] "GET /category.screen?categoryId=STRATEGY&JSESSIONID=SD3SL8FF9ADFF4958 HTTP 1.1" 200 2716 "http://www.buttercupgames.com/category.screen?categoryId=STRATEGY" "Mozilla/4.0 (compatible; MSIE 6.0; Windows NT 5.1; SV1)" 880
208.240.243.170 - - [18/Mar/2022:10:25:39] "POST /success.do?action=purchase&categoryId=ARCADE&productId=FI-AG-G08&JSESSIONID=SD10SL4FF6ADFF4965 HTTP 1.1" 200 2942 "http://www.buttercupgames.com/cart.do?action=addtocart&categoryId=ARCADE&productId=FI-AG-G08" "Mozilla/4.0 (compatible; MSIE 7.0; Windows NT 5.1; Trident/4.0; .NET CLR 2.0.50727; MS-RTC LM 8; InfoPath.2)" 701
208.240.243.170 - - [18/Mar/2022:10:25:39] "POST /cart/error.do?msg=CreditNotAccepted&JSESSIONID=SD10SL4FF6ADFF4965 HTTP 1.1" 200 3691 "http://www.buttercupgames.com/cart.do?action=purchase&" "Mozilla/4.0 (compatible; MSIE 7.0; Windows NT 5.1; Trident/4.0; .NET CLR 2.0.50727; MS-RTC LM 8; InfoPath.2)" 860
211.166.11.101 - - [18/Mar/2022:10:25:43] "GET /oldlink?&JSESSIONID=SD3SL8FF9ADFF4958 HTTP 1.1" 200 3087 "http://www.buttercupgames.com/product.screen?productId=FS-SG-G03" "Mozilla/4.0 (compatible; MSIE 6.0; Windows NT 5.1; SV1)" 584
211.166.11.101 - - [18/Mar/2022:10:25:48] "GET /cart.do?action=addtocart&productId=MB-AG-G07&JSESSIONID=SD3SL8FF9ADFF4958 HTTP 1.1" 200 1494 "http://www.buttercupgames.com/cart.do?action=addtocart&productId=MB-AG-G07" "Mozilla/4.0 (compatible; MSIE 6.0; Windows NT 5.1; SV1)" 556
211.166.11.101 - - [18/Mar/2022:10:25:58] "GET /oldlink?&JSESSIONID=SD3SL8FF9ADFF4958 HTTP 1.1" 200 3292 "http://www.buttercupgames.com/category.screen?categoryId=STRATEGY" "Mozilla/4.0 (compatible; MSIE 6.0; Windows NT 5.1; SV1)" 828
208.240.243.170 - - [18/Mar/2022:10:25:59] "GET /category.screen?categoryId=NULL&JSESSIONID=SD10SL4FF6ADFF4965 HTTP 1.1" 503 2638 "http://www.buttercupgames.com/cart.do?action=view&" "Mozilla/4.0 (compatible; MSIE 7.0; Windows NT 5.1; Trident/4.0; .NET CLR 2.0.50727; MS-RTC LM 8; InfoPath.2)" 560
198.35.1.75 - - [18/Mar/2022:10:27:55] "GET /product.screen?productId=BS-AG-G09&JSESSIONID=SD4SL8FF7ADFF4956 HTTP 1.1" 200 1412 "http://www.buttercupgames.com/category.screen?categoryId=ARCADE" "Mozilla/4.0 (compatible; MSIE 7.0; Windows NT 5.2; .NET CLR 1.1.4322; InfoPath.1; MS-RTC LM 8)" 511
198.35.1.75 - - [18/Mar/2022:10:28:00] "POST /cart.do?action=addtocart&productId=BS-AG-G09&JSESSIONID=SD4SL8FF7ADFF4956 HTTP 1.1" 200 888 "http://www.buttercupgames.com/product.screen?productId=BS-AG-G09" "Mozilla/4.0 (compatible; MSIE 7.0; Windows NT 5.2; .NET CLR 1.1.4322; InfoPath.1; MS-RTC LM 8)" 352
198.35.1.75 - - [18/Mar/2022:10:28:01] "POST /success.do?action=purchase&categoryId=ARCADE&productId=BS-AG-G09&JSESSIONID=SD4SL8FF7ADFF4956 HTTP 1.1" 503 2308 "http://www.buttercupgames.com/cart.do?action=addtocart&categoryId=ARCADE&productId=BS-AG-G09" "Mozilla/4.0 (compatible; MSIE 7.0; Windows NT 5.2; .NET CLR 1.1.4322; InfoPath.1; MS-RTC LM 8)" 304
147.213.138.201 - - [18/Mar/2022:10:29:54] "GET /category.screen?categoryId=SIMULATION&JSESSIONID=SD5SL6FF3ADFF4951 HTTP 1.1" 200 3885 "http://www.buttercupgames.com" "Mozilla/5.0 (Macintosh; Intel Mac OS X 10_6_8) AppleWebKit/534.55.3 (KHTML, like Gecko) Version/5.1.5 Safari/534.55.3" 413
147.213.138.201 - - [18/Mar/2022:10:30:05] "GET /category.screen?categoryId=ARCADE&JSESSIONID=SD5SL6FF3ADFF4951 HTTP 1.1" 200 554 "http://www.buttercupgames.com/oldlink" "Mozilla/5.0 (Macintosh; Intel Mac OS X 10_6_8) AppleWebKit/534.55.3 (KHTML, like Gecko) Version/5.1.5 Safari/534.55.3" 959
147.213.138.201 - - [18/Mar/2022:10:30:12] "GET /category.screen?categoryId=STRATEGY&JSESSIONID=SD5SL6FF3ADFF4951 HTTP 1.1" 200 1925 "http://www.buttercupgames.com/product.screen?productId=DC-SG-G02" "Mozilla/5.0 (Macintosh; Intel Mac OS X 10_6_8) AppleWebKit/534.55.3 (KHTML, like Gecko) Version/5.1.5 Safari/534.55.3" 321
147.213.138.201 - - [18/Mar/2022:10:30:17] "POST /oldlink?&JSESSIONID=SD5SL6FF3ADFF4951 HTTP 1.1" 200 2164 "http://www.buttercupgames.com/oldlink" "Mozilla/5.0 (Macintosh; Intel Mac OS X 10_6_8) AppleWebKit/534.55.3 (KHTML, like Gecko) Version/5.1.5 Safari/534.55.3" 731
147.213.138.201 - - [18/Mar/2022:10:30:25] "GET /product.screen?productId=BS-AG-G09&JSESSIONID=SD5SL6FF3ADFF4951 HTTP 1.1" 200 2318 "http://www.buttercupgames.com/oldlink" "Mozilla/5.0 (Macintosh; Intel Mac OS X 10_6_8) AppleWebKit/534.55.3 (KHTML, like Gecko) Version/5.1.5 Safari/534.55.3" 505
59.99.230.91 - - [18/Mar/2022:10:31:48] "GET /product.screen?productId=FS-SG-G03&JSESSIONID=SD6SL6FF10ADFF4966 HTTP 1.1" 200 2716 "http://www.google.com" "Mozilla/4.0 (compatible; MSIE 7.0; Windows NT 5.1; .NET CLR 2.0.50727; .NET CLR 3.0.4506.2152; .NET CLR 3.5.30729; InfoPath.1; .NET4.0C; .NET4.0E; MS-RTC LM 8)" 860
59.99.230.91 - - [18/Mar/2022:10:32:09] "GET /product.screen?productId=DB-SG-G01&JSESSIONID=SD6SL6FF10ADFF4966 HTTP 1.1" 200 884 "http://www.buttercupgames.com/category.screen?categoryId=STRATEGY" "Mozilla/4.0 (compatible; MSIE 7.0; Windows NT 5.1; .NET CLR 2.0.50727; .NET CLR 3.0.4506.2152; .NET CLR 3.5.30729; InfoPath.1; .NET4.0C; .NET4.0E; MS-RTC LM 8)" 319
59.99.230.91 - - [18/Mar/2022:10:32:20] "POST /oldlink?&JSESSIONID=SD6SL6FF10ADFF4966 HTTP 1.1" 200 2870 "http://www.buttercupgames.com/category.screen?categoryId=STRATEGY" "Mozilla/4.0 (compatible; MSIE 7.0; Windows NT 5.1; .NET CLR 2.0.50727; .NET CLR 3.0.4506.2152; .NET CLR 3.5.30729; InfoPath.1; .NET4.0C; .NET4.0E; MS-RTC LM 8)" 448
59.99.230.91 - - [18/Mar/2022:10:32:39] "GET /product.screen?productId=SC-MG-G10&JSESSIONID=SD6SL6FF10ADFF4966 HTTP 1.1" 200 2813 "http://www.buttercupgames.com/category.screen?categoryId=SIMULATION" "Mozilla/4.0 (compatible; MSIE 7.0; Windows NT 5.1; .NET CLR 2.0.50727; .NET CLR 3.0.4506.2152; .NET CLR 3.5.30729; InfoPath.1; .NET4.0C; .NET4.0E; MS-RTC LM 8)" 555
59.99.230.91 - - [18/Mar/2022:10:32:45] "POST /cart.do?action=addtocart&productId=SC-MG-G10&JSESSIONID=SD6SL6FF10ADFF4966 HTTP 1.1" 200 1338 "http://www.buttercupgames.com/product.screen?productId=SC-MG-G10" "Mozilla/4.0 (compatible; MSIE 7.0; Windows NT 5.1; .NET CLR 2.0.50727; .NET CLR 3.0.4506.2152; .NET CLR 3.5.30729; InfoPath.1; .NET4.0C; .NET4.0E; MS-RTC LM 8)" 506
59.99.230.91 - - [18/Mar/2022:10:32:48] "POST /success.do?action=purchase&categoryId=SIMULATION&productId=SC-MG-G10&JSESSIONID=SD6SL6FF10ADFF4966 HTTP 1.1" 200 1755 "http://www.buttercupgames.com/cart.do?action=addtocart&categoryId=SIMULATION&productId=SC-MG-G10" "Mozilla/4.0 (compatible; MSIE 7.0; Windows NT 5.1; .NET CLR 2.0.50727; .NET CLR 3.0.4506.2152; .NET CLR 3.5.30729; InfoPath.1; .NET4.0C; .NET4.0E; MS-RTC LM 8)" 593
59.99.230.91 - - [18/Mar/2022:10:32:48] "POST /cart/success.do?JSESSIONID=SD6SL6FF10ADFF4966&productId=WC-SH-G04 HTTP 1.1" 200 3903 "http://www.buttercupgames.com/cart.do?action=purchase&" "Mozilla/4.0 (compatible; MSIE 7.0; Windows NT 5.1; .NET CLR 2.0.50727; .NET CLR 3.0.4506.2152; .NET CLR 3.5.30729; InfoPath.1; .NET4.0C; .NET4.0E; MS-RTC LM 8)" 247
59.99.230.91 - - [18/Mar/2022:10:33:10] "GET /product.screen?productId=FS-SG-G03&JSESSIONID=SD6SL6FF10ADFF4966 HTTP 1.1" 200 2988 "http://www.buttercupgames.com/cart.do?action=view&productId=FS-SG-G03" "Mozilla/4.0 (compatible; MSIE 7.0; Windows NT 5.1; .NET CLR 2.0.50727; .NET CLR 3.0.4506.2152; .NET CLR 3.5.30729; InfoPath.1; .NET4.0C; .NET4.0E; MS-RTC LM 8)" 874
203.45.206.135 - - [18/Mar/2022:10:33:20] "GET /category.screen?categoryId=SPORTS&JSESSIONID=SD10SL9FF1ADFF4954 HTTP 1.1" 200 1807 "http://www.bing.com" "Mozilla/4.0 (compatible; MSIE 6.0; Windows NT 5.1)" 888
59.99.230.91 - - [18/Mar/2022:10:33:30] "GET /oldlink?&JSESSIONID=SD6SL6FF10ADFF4966 HTTP 1.1" 200 2540 "http://www.buttercupgames.com/category.screen?categoryId=STRATEGY" "Mozilla/4.0 (compatible; MSIE 7.0; Windows NT 5.1; .NET CLR 2.0.50727; .NET CLR 3.0.4506.2152; .NET CLR 3.5.30729; InfoPath.1; .NET4.0C; .NET4.0E; MS-RTC LM 8)" 715
203.45.206.135 - - [18/Mar/2022:10:33:32] "POST /oldlink?&JSESSIONID=SD10SL9FF1ADFF4954 HTTP 1.1" 200 1562 "http://www.buttercupgames.com/cart.do?action=remove&productId=WC-SH-A01" "Mozilla/4.0 (compatible; MSIE 6.0; Windows NT 5.1)" 690
203.45.206.135 - - [18/Mar/2022:10:33:42] "GET /cart.do?action=view&productId=WC-SH-G04&JSESSIONID=SD10SL9FF1ADFF4954 HTTP 1.1" 200 1489 "http://www.buttercupgames.com/category.screen?categoryId=SHOOTER" "Mozilla/4.0 (compatible; MSIE 6.0; Windows NT 5.1)" 799
59.99.230.91 - - [18/Mar/2022:10:33:54] "GET /category.screen?categoryId=ARCADE&JSESSIONID=SD6SL6FF10ADFF4966 HTTP 1.1" 200 2347 "http://www.buttercupgames.com/oldlink" "Mozilla/4.0 (compatible; MSIE 7.0; Windows NT 5.1; .NET CLR 2.0.50727; .NET CLR 3.0.4506.2152; .NET CLR 3.5.30729; InfoPath.1; .NET4.0C; .NET4.0E; MS-RTC LM 8)" 473
203.45.206.135 - - [18/Mar/2022:10:33:58] "GET /oldlink?&JSESSIONID=SD10SL9FF1ADFF4954 HTTP 1.1" 400 3756 "http://www.buttercupgames.com/product.screen?productId=SF-BVS-01" "Mozilla/4.0 (compatible; MSIE 6.0; Windows NT 5.1)" 884
59.99.230.91 - - [18/Mar/2022:10:34:10] "GET /oldlink?&JSESSIONID=SD6SL6FF10ADFF4966 HTTP 1.1" 200 408 "http://www.buttercupgames.com/product.screen?productId=DC-SG-G02" "Mozilla/4.0 (compatible; MSIE 7.0; Windows NT 5.1; .NET CLR 2.0.50727; .NET CLR 3.0.4506.2152; .NET CLR 3.5.30729; InfoPath.1; .NET4.0C; .NET4.0E; MS-RTC LM 8)" 991
203.45.206.135 - - [18/Mar/2022:10:34:15] "GET /cart.do?action=remove&productId=SC-MG-G10&JSESSIONID=SD10SL9FF1ADFF4954 HTTP 1.1" 200 237 "http://www.buttercupgames.com/category.screen?categoryId=SIMULATION" "Mozilla/4.0 (compatible; MSIE 6.0; Windows NT 5.1)" 863
203.45.206.135 - - [18/Mar/2022:10:34:34] "GET /passwords.pdf HTTP 1.1" 200 47251 "https://www.google.com/#q=filetype:pdf+passwords&start=90" "Mozilla/4.0 (compatible; MSIE 6.0; Windows NT 5.1)" 173
125.17.14.100 - - [18/Mar/2022:10:37:23] "GET /product.screen?productId=SC-MG-G10&JSESSIONID=SD0SL6FF8ADFF4965 HTTP 1.1" 200 3379 "http://www.google.com" "Mozilla/5.0 (Windows; U; Windows NT 5.1; en-US; rv:1.9.2.28) Gecko/20120306 YFF3 Firefox/3.6.28 ( .NET CLR 3.5.30729; .NET4.0C)" 437
125.17.14.100 - - [18/Mar/2022:10:37:44] "GET /product.screen?productId=DC-SG-G02&JSESSIONID=SD0SL6FF8ADFF4965 HTTP 1.1" 200 2908 "http://www.buttercupgames.com/category.screen?categoryId=STRATEGY" "Mozilla/5.0 (Windows; U; Windows NT 5.1; en-US; rv:1.9.2.28) Gecko/20120306 YFF3 Firefox/3.6.28 ( .NET CLR 3.5.30729; .NET4.0C)" 309
125.17.14.100 - - [18/Mar/2022:10:37:51] "GET /product.screen?productId=SC-MG-G10&JSESSIONID=SD0SL6FF8ADFF4965 HTTP 1.1" 200 2024 "http://www.buttercupgames.com/category.screen?categoryId=SIMULATION" "Mozilla/5.0 (Windows; U; Windows NT 5.1; en-US; rv:1.9.2.28) Gecko/20120306 YFF3 Firefox/3.6.28 ( .NET CLR 3.5.30729; .NET4.0C)" 373
125.17.14.100 - - [18/Mar/2022:10:37:52] "POST /cart.do?action=addtocart&productId=SC-MG-G10&JSESSIONID=SD0SL6FF8ADFF4965 HTTP 1.1" 200 2708 "http://www.buttercupgames.com/product.screen?productId=SC-MG-G10" "Mozilla/5.0 (Windows; U; Windows NT 5.1; en-US; rv:1.9.2.28) Gecko/20120306 YFF3 Firefox/3.6.28 ( .NET CLR 3.5.30729; .NET4.0C)" 960
125.17.14.100 - - [18/Mar/2022:10:37:54] "POST /success.do?action=purchase&categoryId=SIMULATION&productId=SC-MG-G10&JSESSIONID=SD0SL6FF8ADFF4965 HTTP 1.1" 200 1356 "http://www.buttercupgames.com/cart.do?action=addtocart&categoryId=SIMULATION&productId=SC-MG-G10" "Mozilla/5.0 (Windows; U; Windows NT 5.1; en-US; rv:1.9.2.28) Gecko/20120306 YFF3 Firefox/3.6.28 ( .NET CLR 3.5.30729; .NET4.0C)" 446
125.17.14.100 - - [18/Mar/2022:10:37:54] "POST /cart/success.do?JSESSIONID=SD0SL6FF8ADFF4965&productId=DC-SG-G02 HTTP 1.1" 200 3413 "http://www.buttercupgames.com/cart.do?action=purchase&" "Mozilla/5.0 (Windows; U; Windows NT 5.1; en-US; rv:1.9.2.28) Gecko/20120306 YFF3 Firefox/3.6.28 ( .NET CLR 3.5.30729; .NET4.0C)" 268
125.17.14.100 - - [18/Mar/2022:10:38:11] "GET /category.screen?categoryId=SPORTS&JSESSIONID=SD0SL6FF8ADFF4965 HTTP 1.1" 200 1287 "http://www.buttercupgames.com/category.screen?categoryId=SPORTS" "Mozilla/5.0 (Windows; U; Windows NT 5.1; en-US; rv:1.9.2.28) Gecko/20120306 YFF3 Firefox/3.6.28 ( .NET CLR 3.5.30729; .NET4.0C)" 319
125.17.14.100 - - [18/Mar/2022:10:38:21] "GET /product.screen?productId=WC-SH-G04&JSESSIONID=SD0SL6FF8ADFF4965 HTTP 1.1" 200 845 "http://www.buttercupgames.com/cart.do?action=remove&productId=WC-SH-G04" "Mozilla/5.0 (Windows; U; Windows NT 5.1; en-US; rv:1.9.2.28) Gecko/20120306 YFF3 Firefox/3.6.28 ( .NET CLR 3.5.30729; .NET4.0C)" 674
198.35.2.120 - - [18/Mar/2022:10:41:53] "GET /oldlink?&JSESSIONID=SD5SL4FF7ADFF4964 HTTP 1.1" 200 3442 "http://www.google.com" "Mozilla/5.0 (Windows NT 6.1; WOW64) AppleWebKit/536.5 (KHTML, like Gecko) Chrome/19.0.1084.46 Safari/536.5" 934
198.35.2.120 - - [18/Mar/2022:10:41:59] "GET /product.screen?productId=MB-AG-G07&JSESSIONID=SD5SL4FF7ADFF4964 HTTP 1.1" 200 3357 "http://www.buttercupgames.com/category.screen?categoryId=ARCADE" "Mozilla/5.0 (Windows NT 6.1; WOW64) AppleWebKit/536.5 (KHTML, like Gecko) Chrome/19.0.1084.46 Safari/536.5" 356
198.35.2.120 - - [18/Mar/2022:10:42:04] "GET /category.screen?categoryId=NULL&JSESSIONID=SD5SL4FF7ADFF4964 HTTP 1.1" 400 2168 "http://www.buttercupgames.com/category.screen?categoryId=NULL" "Mozilla/5.0 (Windows NT 6.1; WOW64) AppleWebKit/536.5 (KHTML, like Gecko) Chrome/19.0.1084.46 Safari/536.5" 326
198.35.2.120 - - [18/Mar/2022:10:42:18] "GET /cart.do?action=view&productId=MB-AG-G07&JSESSIONID=SD5SL4FF7ADFF4964 HTTP 1.1" 200 3695 "http://www.buttercupgames.com/product.screen?productId=MB-AG-G07" "Mozilla/5.0 (Windows NT 6.1; WOW64) AppleWebKit/536.5 (KHTML, like Gecko) Chrome/19.0.1084.46 Safari/536.5" 128
198.35.2.120 - - [18/Mar/2022:10:42:28] "GET /product.screen?productId=SC-MG-G10&JSESSIONID=SD5SL4FF7ADFF4964 HTTP 1.1" 200 3496 "http://www.buttercupgames.com/cart.do?action=view&productId=SC-MG-G10" "Mozilla/5.0 (Windows NT 6.1; WOW64) AppleWebKit/536.5 (KHTML, like Gecko) Chrome/19.0.1084.46 Safari/536.5" 537
198.35.2.120 - - [18/Mar/2022:10:42:42] "POST /product.screen?productId=FS-SG-G03&JSESSIONID=SD5SL4FF7ADFF4964 HTTP 1.1" 200 3185 "http://www.buttercupgames.com/category.screen?categoryId=STRATEGY" "Mozilla/5.0 (Windows NT 6.1; WOW64) AppleWebKit/536.5 (KHTML, like Gecko) Chrome/19.0.1084.46 Safari/536.5" 104
198.35.2.120 - - [18/Mar/2022:10:42:43] "POST /cart.do?action=addtocart&productId=FS-SG-G03&JSESSIONID=SD5SL4FF7ADFF4964 HTTP 1.1" 200 1596 "http://www.buttercupgames.com/product.screen?productId=FS-SG-G03" "Mozilla/5.0 (Windows NT 6.1; WOW64) AppleWebKit/536.5 (KHTML, like Gecko) Chrome/19.0.1084.46 Safari/536.5" 882
198.35.2.120 - - [18/Mar/2022:10:42:49] "POST /success.do?action=purchase&categoryId=STRATEGY&productId=FS-SG-G03&JSESSIONID=SD5SL4FF7ADFF4964 HTTP 1.1" 200 2063 "http://www.buttercupgames.com/cart.do?action=addtocart&categoryId=STRATEGY&productId=FS-SG-G03" "Mozilla/5.0 (Windows NT 6.1; WOW64) AppleWebKit/536.5 (KHTML, like Gecko) Chrome/19.0.1084.46 Safari/536.5" 257
198.35.2.120 - - [18/Mar/2022:10:42:49] "POST /cart/success.do?JSESSIONID=SD5SL4FF7ADFF4964&productId=DB-SG-G01 HTTP 1.1" 200 270 "http://www.buttercupgames.com/cart.do?action=purchase&" "Mozilla/5.0 (Windows NT 6.1; WOW64) AppleWebKit/536.5 (KHTML, like Gecko) Chrome/19.0.1084.46 Safari/536.5" 765
198.35.2.120 - - [18/Mar/2022:10:43:11] "POST /category.screen?categoryId=ARCADE&JSESSIONID=SD5SL4FF7ADFF4964 HTTP 1.1" 200 1759 "http://www.buttercupgames.com/category.screen?categoryId=ARCADE" "Mozilla/5.0 (Windows NT 6.1; WOW64) AppleWebKit/536.5 (KHTML, like Gecko) Chrome/19.0.1084.46 Safari/536.5" 781
198.35.2.120 - - [18/Mar/2022:10:43:29] "GET /product.screen?productId=MB-AG-T01&JSESSIONID=SD5SL4FF7ADFF4964 HTTP 1.1" 200 3197 "http://www.buttercupgames.com/product.screen?productId=MB-AG-T01" "Mozilla/5.0 (Windows NT 6.1; WOW64) AppleWebKit/536.5 (KHTML, like Gecko) Chrome/19.0.1084.46 Safari/536.5" 764
198.35.2.120 - - [18/Mar/2022:10:43:49] "GET /product.screen?productId=CU-PG-G06&JSESSIONID=SD5SL4FF7ADFF4964 HTTP 1.1" 200 580 "http://www.buttercupgames.com/oldlink" "Mozilla/5.0 (Windows NT 6.1; WOW64) AppleWebKit/536.5 (KHTML, like Gecko) Chrome/19.0.1084.46 Safari/536.5" 608
91.217.178.210 - - [18/Mar/2022:10:45:23] "GET /category.screen?categoryId=ACCESSORIES&JSESSIONID=SD7SL2FF2ADFF4953 HTTP 1.1" 200 3816 "http://www.buttercupgames.com" "Mozilla/5.0 (Windows NT 6.1; WOW64) AppleWebKit/536.5 (KHTML, like Gecko) Chrome/19.0.1084.46 Safari/536.5" 164
91.217.178.210 - - [18/Mar/2022:10:45:31] "GET /cart.do?action=changequantity&productId=CU-PG-G06&JSESSIONID=SD7SL2FF2ADFF4953 HTTP 1.1" 200 1176 "http://www.buttercupgames.com/oldlink" "Mozilla/5.0 (Windows NT 6.1; WOW64) AppleWebKit/536.5 (KHTML, like Gecko) Chrome/19.0.1084.46 Safari/536.5" 474
91.217.178.210 - - [18/Mar/2022:10:45:50] "GET /product.screen?productId=CU-PG-G06&JSESSIONID=SD7SL2FF2ADFF4953 HTTP 1.1" 200 2770 "http://www.buttercupgames.com/category.screen?categoryId=SPORTS" "Mozilla/5.0 (Windows NT 6.1; WOW64) AppleWebKit/536.5 (KHTML, like Gecko) Chrome/19.0.1084.46 Safari/536.5" 308
91.217.178.210 - - [18/Mar/2022:10:45:53] "POST /cart.do?action=addtocart&productId=CU-PG-G06&JSESSIONID=SD7SL2FF2ADFF4953 HTTP 1.1" 200 867 "http://www.buttercupgames.com/product.screen?productId=CU-PG-G06" "Mozilla/5.0 (Windows NT 6.1; WOW64) AppleWebKit/536.5 (KHTML, like Gecko) Chrome/19.0.1084.46 Safari/536.5" 684
91.217.178.210 - - [18/Mar/2022:10:45:58] "POST /success.do?action=purchase&categoryId=SPORTS&productId=CU-PG-G06&JSESSIONID=SD7SL2FF2ADFF4953 HTTP 1.1" 200 1425 "http://www.buttercupgames.com/cart.do?action=addtocart&categoryId=SPORTS&productId=CU-PG-G06" "Mozilla/5.0 (Windows NT 6.1; WOW64) AppleWebKit/536.5 (KHTML, like Gecko) Chrome/19.0.1084.46 Safari/536.5" 381
91.217.178.210 - - [18/Mar/2022:10:45:58] "POST /cart/success.do?JSESSIONID=SD7SL2FF2ADFF4953&productId=CU-PG-G06 HTTP 1.1" 200 524 "http://www.buttercupgames.com/cart.do?action=purchase&" "Mozilla/5.0 (Windows NT 6.1; WOW64) AppleWebKit/536.5 (KHTML, like Gecko) Chrome/19.0.1084.46 Safari/536.5" 107
86.212.199.60 - - [18/Mar/2022:10:46:05] "GET /cart.do?action=addtocart&productId=FS-SG-G03&JSESSIONID=SD2SL8FF10ADFF4956 HTTP 1.1" 200 3050 "http://www.buttercupgames.com" "Mozilla/4.0 (compatible; MSIE 6.0; Windows NT 5.1; SV1)" 357
91.217.178.210 - - [18/Mar/2022:10:46:21] "POST /oldlink?&JSESSIONID=SD7SL2FF2ADFF4953 HTTP 1.1" 200 886 "http://www.buttercupgames.com/cart.do?action=changequantity&productId=WC-SH-G04" "Mozilla/5.0 (Windows NT 6.1; WOW64) AppleWebKit/536.5 (KHTML, like Gecko) Chrome/19.0.1084.46 Safari/536.5" 443
86.212.199.60 - - [18/Mar/2022:10:46:22] "GET /oldlink?&JSESSIONID=SD2SL8FF10ADFF4956 HTTP 1.1" 200 3396 "http://www.buttercupgames.com/oldlink" "Mozilla/4.0 (compatible; MSIE 6.0; Windows NT 5.1; SV1)" 239
86.212.199.60 - - [18/Mar/2022:10:46:28] "GET /oldlink?&JSESSIONID=SD2SL8FF10ADFF4956 HTTP 1.1" 408 3612 "http://www.buttercupgames.com/category.screen?categoryId=NULL" "Mozilla/4.0 (compatible; MSIE 6.0; Windows NT 5.1; SV1)" 829
86.212.199.60 - - [18/Mar/2022:10:46:42] "GET /category.screen?categoryId=SIMULATION&JSESSIONID=SD2SL8FF10ADFF4956 HTTP 1.1" 200 985 "http://www.buttercupgames.com/product.screen?productId=SC-MG-G10" "Mozilla/4.0 (compatible; MSIE 6.0; Windows NT 5.1; SV1)" 949
86.212.199.60 - - [18/Mar/2022:10:46:50] "GET /category.screen?categoryId=TEE&JSESSIONID=SD2SL8FF10ADFF4956 HTTP 1.1" 200 3457 "http://www.buttercupgames.com/cart.do?action=view&productId=WC-SH-T02" "Mozilla/4.0 (compatible; MSIE 6.0; Windows NT 5.1; SV1)" 739
86.212.199.60 - - [18/Mar/2022:10:46:55] "GET /product.screen?productId=PZ-SG-G05&JSESSIONID=SD2SL8FF10ADFF4956 HTTP 1.1" 200 939 "http://www.buttercupgames.com/category.screen?categoryId=STRATEGY" "Mozilla/4.0 (compatible; MSIE 6.0; Windows NT 5.1; SV1)" 419
86.212.199.60 - - [18/Mar/2022:10:47:00] "POST /cart.do?action=addtocart&productId=PZ-SG-G05&JSESSIONID=SD2SL8FF10ADFF4956 HTTP 1.1" 200 3172 "http://www.buttercupgames.com/product.screen?productId=PZ-SG-G05" "Mozilla/4.0 (compatible; MSIE 6.0; Windows NT 5.1; SV1)" 601
86.212.199.60 - - [18/Mar/2022:10:47:06] "POST /success.do?action=purchase&categoryId=STRATEGY&productId=PZ-SG-G05&JSESSIONID=SD2SL8FF10ADFF4956 HTTP 1.1" 200 3044 "http://www.buttercupgames.com/cart.do?action=addtocart&categoryId=STRATEGY&productId=PZ-SG-G05" "Mozilla/4.0 (compatible; MSIE 6.0; Windows NT 5.1; SV1)" 662
86.212.199.60 - - [18/Mar/2022:10:47:06] "POST /cart/success.do?JSESSIONID=SD2SL8FF10ADFF4956&productId=WC-SH-A01 HTTP 1.1" 200 3037 "http://www.buttercupgames.com/cart.do?action=purchase&" "Mozilla/4.0 (compatible; MSIE 6.0; Windows NT 5.1; SV1)" 891
142.162.221.28 - - [18/Mar/2022:10:49:26] "GET /product.screen?productId=MB-AG-T01&JSESSIONID=SD2SL8FF5ADFF4955 HTTP 1.1" 200 2619 "http://www.buttercupgames.com" "Mozilla/5.0 (Windows; U; Windows NT 5.1; en-US; rv:1.9.2.28) Gecko/20120306 YFF3 Firefox/3.6.28 ( .NET CLR 3.5.30729; .NET4.0C)" 125
142.162.221.28 - - [18/Mar/2022:10:49:35] "GET /category.screen?categoryId=ACCESSORIES&JSESSIONID=SD2SL8FF5ADFF4955 HTTP 1.1" 200 1120 "http://www.buttercupgames.com/product.screen?productId=WC-SH-A02" "Mozilla/5.0 (Windows; U; Windows NT 5.1; en-US; rv:1.9.2.28) Gecko/20120306 YFF3 Firefox/3.6.28 ( .NET CLR 3.5.30729; .NET4.0C)" 518
142.162.221.28 - - [18/Mar/2022:10:49:41] "GET /product.screen?productId=BS-AG-G09&JSESSIONID=SD2SL8FF5ADFF4955 HTTP 1.1" 200 3185 "http://www.buttercupgames.com/cart.do?action=addtocart&productId=BS-AG-G09" "Mozilla/5.0 (Windows; U; Windows NT 5.1; en-US; rv:1.9.2.28) Gecko/20120306 YFF3 Firefox/3.6.28 ( .NET CLR 3.5.30729; .NET4.0C)" 506
142.162.221.28 - - [18/Mar/2022:10:50:03] "GET /cart.do?action=addtocart&productId=PZ-SG-G05&JSESSIONID=SD2SL8FF5ADFF4955 HTTP 1.1" 200 482 "http://www.buttercupgames.com/category.screen?categoryId=STRATEGY" "Mozilla/5.0 (Windows; U; Windows NT 5.1; en-US; rv:1.9.2.28) Gecko/20120306 YFF3 Firefox/3.6.28 ( .NET CLR 3.5.30729; .NET4.0C)" 616
142.162.221.28 - - [18/Mar/2022:10:50:12] "GET /product.screen?productId=CU-PG-G06&JSESSIONID=SD2SL8FF5ADFF4955 HTTP 1.1" 200 395 "http://www.buttercupgames.com/product.screen?productId=CU-PG-G06" "Mozilla/5.0 (Windows; U; Windows NT 5.1; en-US; rv:1.9.2.28) Gecko/20120306 YFF3 Firefox/3.6.28 ( .NET CLR 3.5.30729; .NET4.0C)" 565
142.162.221.28 - - [18/Mar/2022:10:50:26] "GET /cart.do?action=view&JSESSIONID=SD2SL8FF5ADFF4955 HTTP 1.1" 406 3137 "http://www.buttercupgames.com/category.screen?categoryId=NULL" "Mozilla/5.0 (Windows; U; Windows NT 5.1; en-US; rv:1.9.2.28) Gecko/20120306 YFF3 Firefox/3.6.28 ( .NET CLR 3.5.30729; .NET4.0C)" 832
142.162.221.28 - - [18/Mar/2022:10:50:32] "POST /product.screen?productId=WC-SH-A02&JSESSIONID=SD2SL8FF5ADFF4955 HTTP 1.1" 200 321 "http://www.buttercupgames.com/cart.do?action=addtocart&productId=WC-SH-A02" "Mozilla/5.0 (Windows; U; Windows NT 5.1; en-US; rv:1.9.2.28) Gecko/20120306 YFF3 Firefox/3.6.28 ( .NET CLR 3.5.30729; .NET4.0C)" 704
142.162.221.28 - - [18/Mar/2022:10:50:56] "POST /category.screen?categoryId=ACCESSORIES&JSESSIONID=SD2SL8FF5ADFF4955 HTTP 1.1" 200 1607 "http://www.buttercupgames.com/product.screen?productId=WC-SH-A02" "Mozilla/5.0 (Windows; U; Windows NT 5.1; en-US; rv:1.9.2.28) Gecko/20120306 YFF3 Firefox/3.6.28 ( .NET CLR 3.5.30729; .NET4.0C)" 431
142.162.221.28 - - [18/Mar/2022:10:51:06] "GET /oldlink?&JSESSIONID=SD2SL8FF5ADFF4955 HTTP 1.1" 200 3522 "http://www.buttercupgames.com/oldlink" "Mozilla/5.0 (Windows; U; Windows NT 5.1; en-US; rv:1.9.2.28) Gecko/20120306 YFF3 Firefox/3.6.28 ( .NET CLR 3.5.30729; .NET4.0C)" 846
142.162.221.28 - - [18/Mar/2022:10:51:26] "GET /category.screen?categoryId=ARCADE&JSESSIONID=SD2SL8FF5ADFF4955 HTTP 1.1" 200 2562 "http://www.buttercupgames.com/cart.do?action=remove&productId=MB-AG-G07" "Mozilla/5.0 (Windows; U; Windows NT 5.1; en-US; rv:1.9.2.28) Gecko/20120306 YFF3 Firefox/3.6.28 ( .NET CLR 3.5.30729; .NET4.0C)" 814
27.101.11.11 - - [18/Mar/2022:10:54:30] "GET /product.screen?productId=WC-SH-A02&JSESSIONID=SD5SL5FF9ADFF4963 HTTP 1.1" 200 3589 "http://www.google.com" "Mozilla/5.0 (Windows; U; Windows NT 5.1; en-US; rv:1.9.2.28) Gecko/20120306 YFF3 Firefox/3.6.28 ( .NET CLR 3.5.30729; .NET4.0C)" 523
27.101.11.11 - - [18/Mar/2022:10:54:42] "POST /category.screen?categoryId=STRATEGY&JSESSIONID=SD5SL5FF9ADFF4963 HTTP 1.1" 200 3991 "http://www.buttercupgames.com/oldlink" "Mozilla/5.0 (Windows; U; Windows NT 5.1; en-US; rv:1.9.2.28) Gecko/20120306 YFF3 Firefox/3.6.28 ( .NET CLR 3.5.30729; .NET4.0C)" 838
27.101.11.11 - - [18/Mar/2022:10:54:51] "GET /cart.do?action=addtocart&productId=DC-SG-G02&JSESSIONID=SD5SL5FF9ADFF4963 HTTP 1.1" 200 3241 "http://www.buttercupgames.com/category.screen?categoryId=STRATEGY" "Mozilla/5.0 (Windows; U; Windows NT 5.1; en-US; rv:1.9.2.28) Gecko/20120306 YFF3 Firefox/3.6.28 ( .NET CLR 3.5.30729; .NET4.0C)" 641
27.101.11.11 - - [18/Mar/2022:10:55:05] "POST /product.screen?productId=SF-BVS-01&JSESSIONID=SD5SL5FF9ADFF4963 HTTP 1.1" 503 2419 "http://www.buttercupgames.com/category.screen?categoryId=NULL" "Mozilla/5.0 (Windows; U; Windows NT 5.1; en-US; rv:1.9.2.28) Gecko/20120306 YFF3 Firefox/3.6.28 ( .NET CLR 3.5.30729; .NET4.0C)" 534
203.172.197.2 - - [19/Mar/2022:10:59:45] "GET /category.screen?categoryId=STRATEGY&JSESSIONID=SD9SL4FF5ADFF4966 HTTP 1.1" 200 2295 "http://www.google.com" "Mozilla/4.0 (compatible; MSIE 7.0; Windows NT 5.1; .NET CLR 2.0.50727; .NET CLR 3.0.4506.2152; .NET CLR 3.5.30729; .NET4.0C; .NET4.0E; MS-RTC LM 8; InfoPath.1)" 169
203.172.197.2 - - [19/Mar/2022:11:00:01] "POST /product.screen?productId=WC-SH-G04&JSESSIONID=SD9SL4FF5ADFF4966 HTTP 1.1" 200 2259 "http://www.buttercupgames.com/category.screen?categoryId=SHOOTER" "Mozilla/4.0 (compatible; MSIE 7.0; Windows NT 5.1; .NET CLR 2.0.50727; .NET CLR 3.0.4506.2152; .NET CLR 3.5.30729; .NET4.0C; .NET4.0E; MS-RTC LM 8; InfoPath.1)" 963
203.172.197.2 - - [19/Mar/2022:11:00:06] "POST /cart.do?action=addtocart&productId=WC-SH-G04&JSESSIONID=SD9SL4FF5ADFF4966 HTTP 1.1" 200 1781 "http://www.buttercupgames.com/product.screen?productId=WC-SH-G04" "Mozilla/4.0 (compatible; MSIE 7.0; Windows NT 5.1; .NET CLR 2.0.50727; .NET CLR 3.0.4506.2152; .NET CLR 3.5.30729; .NET4.0C; .NET4.0E; MS-RTC LM 8; InfoPath.1)" 456
203.172.197.2 - - [19/Mar/2022:11:00:10] "POST /success.do?action=purchase&categoryId=SHOOTER&productId=WC-SH-G04&JSESSIONID=SD9SL4FF5ADFF4966 HTTP 1.1" 200 1366 "http://www.buttercupgames.com/cart.do?action=addtocart&categoryId=SHOOTER&productId=WC-SH-G04" "Mozilla/4.0 (compatible; MSIE 7.0; Windows NT 5.1; .NET CLR 2.0.50727; .NET CLR 3.0.4506.2152; .NET CLR 3.5.30729; .NET4.0C; .NET4.0E; MS-RTC LM 8; InfoPath.1)" 545
203.172.197.2 - - [19/Mar/2022:11:00:10] "POST /cart/error.do?msg=NothingInCart&JSESSIONID=SD9SL4FF5ADFF4966 HTTP 1.1" 200 1484 "http://www.buttercupgames.com/cart.do?action=purchase&" "Mozilla/4.0 (compatible; MSIE 7.0; Windows NT 5.1; .NET CLR 2.0.50727; .NET CLR 3.0.4506.2152; .NET CLR 3.5.30729; .NET4.0C; .NET4.0E; MS-RTC LM 8; InfoPath.1)" 724
203.172.197.2 - - [19/Mar/2022:11:00:24] "GET /product.screen?productId=DC-SG-G02&JSESSIONID=SD9SL4FF5ADFF4966 HTTP 1.1" 200 3086 "http://www.buttercupgames.com/category.screen?categoryId=STRATEGY" "Mozilla/4.0 (compatible; MSIE 7.0; Windows NT 5.1; .NET CLR 2.0.50727; .NET CLR 3.0.4506.2152; .NET CLR 3.5.30729; .NET4.0C; .NET4.0E; MS-RTC LM 8; InfoPath.1)" 769
203.172.197.2 - - [19/Mar/2022:11:00:25] "POST /cart.do?action=addtocart&productId=DC-SG-G02&JSESSIONID=SD9SL4FF5ADFF4966 HTTP 1.1" 200 927 "http://www.buttercupgames.com/product.screen?productId=DC-SG-G02" "Mozilla/4.0 (compatible; MSIE 7.0; Windows NT 5.1; .NET CLR 2.0.50727; .NET CLR 3.0.4506.2152; .NET CLR 3.5.30729; .NET4.0C; .NET4.0E; MS-RTC LM 8; InfoPath.1)" 580
203.172.197.2 - - [19/Mar/2022:11:00:29] "POST /success.do?action=purchase&categoryId=STRATEGY&productId=DC-SG-G02&JSESSIONID=SD9SL4FF5ADFF4966 HTTP 1.1" 200 712 "http://www.buttercupgames.com/cart.do?action=addtocart&categoryId=STRATEGY&productId=DC-SG-G02" "Mozilla/4.0 (compatible; MSIE 7.0; Windows NT 5.1; .NET CLR 2.0.50727; .NET CLR 3.0.4506.2152; .NET CLR 3.5.30729; .NET4.0C; .NET4.0E; MS-RTC LM 8; InfoPath.1)" 192
203.172.197.2 - - [19/Mar/2022:11:00:29] "POST /cart/success.do?JSESSIONID=SD9SL4FF5ADFF4966&productId=WC-SH-T02 HTTP 1.1" 200 1090 "http://www.buttercupgames.com/cart.do?action=purchase&" "Mozilla/4.0 (compatible; MSIE 7.0; Windows NT 5.1; .NET CLR 2.0.50727; .NET CLR 3.0.4506.2152; .NET CLR 3.5.30729; .NET4.0C; .NET4.0E; MS-RTC LM 8; InfoPath.1)" 557
203.172.197.2 - - [19/Mar/2022:11:00:50] "GET /oldlink?&JSESSIONID=SD9SL4FF5ADFF4966 HTTP 1.1" 200 2404 "http://www.buttercupgames.com/category.screen?categoryId=STRATEGY" "Mozilla/4.0 (compatible; MSIE 7.0; Windows NT 5.1; .NET CLR 2.0.50727; .NET CLR 3.0.4506.2152; .NET CLR 3.5.30729; .NET4.0C; .NET4.0E; MS-RTC LM 8; InfoPath.1)" 431
223.205.219.67 - - [19/Mar/2022:11:00:54] "GET /category.screen?categoryId=STRATEGY&JSESSIONID=SD6SL1FF5ADFF4964 HTTP 1.1" 200 1364 "http://www.buttercupgames.com" "Mozilla/4.0 (compatible; MSIE 7.0; Windows NT 5.1; .NET CLR 2.0.50727; .NET CLR 3.0.4506.2152; .NET CLR 3.5.30729; .NET4.0C; .NET4.0E; MS-RTC LM 8; InfoPath.1)" 125
223.205.219.67 - - [19/Mar/2022:11:01:04] "GET /oldlink?&JSESSIONID=SD6SL1FF5ADFF4964 HTTP 1.1" 200 854 "http://www.buttercupgames.com/cart.do?action=addtocart&productId=MB-AG-T01" "Mozilla/4.0 (compatible; MSIE 7.0; Windows NT 5.1; .NET CLR 2.0.50727; .NET CLR 3.0.4506.2152; .NET CLR 3.5.30729; .NET4.0C; .NET4.0E; MS-RTC LM 8; InfoPath.1)" 627
223.205.219.67 - - [19/Mar/2022:11:01:14] "GET /product.screen?productId=WC-SH-G04&JSESSIONID=SD6SL1FF5ADFF4964 HTTP 1.1" 200 2863 "http://www.buttercupgames.com/category.screen?categoryId=SHOOTER" "Mozilla/4.0 (compatible; MSIE 7.0; Windows NT 5.1; .NET CLR 2.0.50727; .NET CLR 3.0.4506.2152; .NET CLR 3.5.30729; .NET4.0C; .NET4.0E; MS-RTC LM 8; InfoPath.1)" 319
217.15.20.146 - - [19/Mar/2022:11:02:55] "GET /cart.do?action=view&productId=FS-SG-G03&JSESSIONID=SD5SL3FF5ADFF4957 HTTP 1.1" 200 1343 "http://www.google.com" "Mozilla/4.0 (compatible; MSIE 6.0; Windows NT 5.1; SV1)" 724
217.15.20.146 - - [19/Mar/2022:11:03:11] "GET /product.screen?productId=SC-MG-G10&JSESSIONID=SD5SL3FF5ADFF4957 HTTP 1.1" 200 1255 "http://www.buttercupgames.com/oldlink" "Mozilla/4.0 (compatible; MSIE 6.0; Windows NT 5.1; SV1)" 464
217.15.20.146 - - [19/Mar/2022:11:03:34] "GET /product.screen?productId=PZ-SG-G05&JSESSIONID=SD5SL3FF5ADFF4957 HTTP 1.1" 200 2312 "http://www.buttercupgames.com/cart.do?action=view&productId=PZ-SG-G05" "Mozilla/4.0 (compatible; MSIE 6.0; Windows NT 5.1; SV1)" 656
217.15.20.146 - - [19/Mar/2022:11:03:49] "GET /product.screen?productId=CU-PG-G06&JSESSIONID=SD5SL3FF5ADFF4957 HTTP 1.1" 200 700 "http://www.buttercupgames.com/category.screen?categoryId=SPORTS" "Mozilla/4.0 (compatible; MSIE 6.0; Windows NT 5.1; SV1)" 564
217.15.20.146 - - [19/Mar/2022:11:03:53] "POST /cart.do?action=addtocart&productId=CU-PG-G06&JSESSIONID=SD5SL3FF5ADFF4957 HTTP 1.1" 200 2585 "http://www.buttercupgames.com/product.screen?productId=CU-PG-G06" "Mozilla/4.0 (compatible; MSIE 6.0; Windows NT 5.1; SV1)" 235
217.15.20.146 - - [19/Mar/2022:11:03:57] "POST /success.do?action=purchase&categoryId=SPORTS&productId=CU-PG-G06&JSESSIONID=SD5SL3FF5ADFF4957 HTTP 1.1" 200 3587 "http://www.buttercupgames.com/cart.do?action=addtocart&categoryId=SPORTS&productId=CU-PG-G06" "Mozilla/4.0 (compatible; MSIE 6.0; Windows NT 5.1; SV1)" 232
217.15.20.146 - - [19/Mar/2022:11:03:57] "POST /cart/success.do?JSESSIONID=SD5SL3FF5ADFF4957&productId=WC-SH-A01 HTTP 1.1" 200 2986 "http://www.buttercupgames.com/cart.do?action=purchase&" "Mozilla/4.0 (compatible; MSIE 6.0; Windows NT 5.1; SV1)" 135
217.15.20.146 - - [19/Mar/2022:11:04:05] "GET /product.screen?productId=FS-SG-G03&JSESSIONID=SD5SL3FF5ADFF4957 HTTP 1.1" 200 2265 "http://www.buttercupgames.com/oldlink" "Mozilla/4.0 (compatible; MSIE 6.0; Windows NT 5.1; SV1)" 687
217.15.20.146 - - [19/Mar/2022:11:04:21] "GET /category.screen?categoryId=STRATEGY&JSESSIONID=SD5SL3FF5ADFF4957 HTTP 1.1" 200 1256 "http://www.buttercupgames.com/oldlink" "Mozilla/4.0 (compatible; MSIE 6.0; Windows NT 5.1; SV1)" 945
89.167.143.32 - - [19/Mar/2022:11:04:21] "GET /oldlink?&JSESSIONID=SD10SL1FF6ADFF4950 HTTP 1.1" 200 3966 "http://www.buttercupgames.com" "Mozilla/5.0 (Macintosh; Intel Mac OS X 10_6_8) AppleWebKit/534.55.3 (KHTML, like Gecko) Version/5.1.5 Safari/534.55.3" 325
89.167.143.32 - - [19/Mar/2022:11:04:33] "POST /oldlink?&JSESSIONID=SD10SL1FF6ADFF4950 HTTP 1.1" 200 666 "http://www.buttercupgames.com/cart.do?action=addtocart&productId=WC-SH-A02" "Mozilla/5.0 (Macintosh; Intel Mac OS X 10_6_8) AppleWebKit/534.55.3 (KHTML, like Gecko) Version/5.1.5 Safari/534.55.3" 118
89.167.143.32 - - [19/Mar/2022:11:04:42] "GET /product.screen?productId=FS-SG-G03&JSESSIONID=SD10SL1FF6ADFF4950 HTTP 1.1" 200 1243 "http://www.buttercupgames.com/category.screen?categoryId=STRATEGY" "Mozilla/5.0 (Macintosh; Intel Mac OS X 10_6_8) AppleWebKit/534.55.3 (KHTML, like Gecko) Version/5.1.5 Safari/534.55.3" 204
217.15.20.146 - - [19/Mar/2022:11:04:42] "GET /oldlink?&JSESSIONID=SD5SL3FF5ADFF4957 HTTP 1.1" 200 209 "http://www.buttercupgames.com/category.screen?categoryId=STRATEGY" "Mozilla/4.0 (compatible; MSIE 6.0; Windows NT 5.1; SV1)" 467
217.15.20.146 - - [19/Mar/2022:11:04:47] "GET /product.screen?productId=SF-BVS-01&JSESSIONID=SD5SL3FF5ADFF4957 HTTP 1.1" 503 211 "http://www.buttercupgames.com/category.screen?categoryId=NULL" "Mozilla/4.0 (compatible; MSIE 6.0; Windows NT 5.1; SV1)" 884
89.167.143.32 - - [19/Mar/2022:11:04:51] "GET /product.screen?productId=WC-SH-G04&JSESSIONID=SD10SL1FF6ADFF4950 HTTP 1.1" 200 3777 "http://www.buttercupgames.com/category.screen?categoryId=SHOOTER" "Mozilla/5.0 (Macintosh; Intel Mac OS X 10_6_8) AppleWebKit/534.55.3 (KHTML, like Gecko) Version/5.1.5 Safari/534.55.3" 335
89.167.143.32 - - [19/Mar/2022:11:04:54] "POST /cart.do?action=addtocart&productId=WC-SH-G04&JSESSIONID=SD10SL1FF6ADFF4950 HTTP 1.1" 200 1771 "http://www.buttercupgames.com/product.screen?productId=WC-SH-G04" "Mozilla/5.0 (Macintosh; Intel Mac OS X 10_6_8) AppleWebKit/534.55.3 (KHTML, like Gecko) Version/5.1.5 Safari/534.55.3" 847
89.167.143.32 - - [19/Mar/2022:11:04:57] "POST /success.do?action=purchase&categoryId=SHOOTER&productId=WC-SH-G04&JSESSIONID=SD10SL1FF6ADFF4950 HTTP 1.1" 200 3858 "http://www.buttercupgames.com/cart.do?action=addtocart&categoryId=SHOOTER&productId=WC-SH-G04" "Mozilla/5.0 (Macintosh; Intel Mac OS X 10_6_8) AppleWebKit/534.55.3 (KHTML, like Gecko) Version/5.1.5 Safari/534.55.3" 108
89.167.143.32 - - [19/Mar/2022:11:04:57] "POST /cart/error.do?msg=CreditDoesNotMatch&JSESSIONID=SD10SL1FF6ADFF4950 HTTP 1.1" 200 3649 "http://www.buttercupgames.com/cart.do?action=purchase&" "Mozilla/5.0 (Macintosh; Intel Mac OS X 10_6_8) AppleWebKit/534.55.3 (KHTML, like Gecko) Version/5.1.5 Safari/534.55.3" 725
89.167.143.32 - - [19/Mar/2022:11:05:19] "GET /product.screen?productId=SF-BVS-01&JSESSIONID=SD10SL1FF6ADFF4950 HTTP 1.1" 403 386 "http://www.buttercupgames.com/category.screen?categoryId=NULL" "Mozilla/5.0 (Macintosh; Intel Mac OS X 10_6_8) AppleWebKit/534.55.3 (KHTML, like Gecko) Version/5.1.5 Safari/534.55.3" 559
89.167.143.32 - - [19/Mar/2022:11:05:37] "POST /category.screen?categoryId=STRATEGY&JSESSIONID=SD10SL1FF6ADFF4950 HTTP 1.1" 200 2661 "http://www.buttercupgames.com/oldlink" "Mozilla/5.0 (Macintosh; Intel Mac OS X 10_6_8) AppleWebKit/534.55.3 (KHTML, like Gecko) Version/5.1.5 Safari/534.55.3" 959
89.167.143.32 - - [19/Mar/2022:11:05:43] "GET /product.screen?productId=WC-SH-T02&JSESSIONID=SD10SL1FF6ADFF4950 HTTP 1.1" 200 370 "http://www.buttercupgames.com/category.screen?categoryId=TEE" "Mozilla/5.0 (Macintosh; Intel Mac OS X 10_6_8) AppleWebKit/534.55.3 (KHTML, like Gecko) Version/5.1.5 Safari/534.55.3" 384
89.167.143.32 - - [19/Mar/2022:11:05:49] "POST /cart.do?action=addtocart&productId=WC-SH-T02&JSESSIONID=SD10SL1FF6ADFF4950 HTTP 1.1" 200 2572 "http://www.buttercupgames.com/product.screen?productId=WC-SH-T02" "Mozilla/5.0 (Macintosh; Intel Mac OS X 10_6_8) AppleWebKit/534.55.3 (KHTML, like Gecko) Version/5.1.5 Safari/534.55.3" 801
89.167.143.32 - - [19/Mar/2022:11:05:53] "POST /success.do?action=purchase&categoryId=TEE&productId=WC-SH-T02&JSESSIONID=SD10SL1FF6ADFF4950 HTTP 1.1" 503 1293 "http://www.buttercupgames.com/cart.do?action=addtocart&categoryId=TEE&productId=WC-SH-T02" "Mozilla/5.0 (Macintosh; Intel Mac OS X 10_6_8) AppleWebKit/534.55.3 (KHTML, like Gecko) Version/5.1.5 Safari/534.55.3" 644
202.179.8.245 - - [19/Mar/2022:11:06:05] "GET /oldlink?&JSESSIONID=SD8SL3FF4ADFF4955 HTTP 1.1" 200 461 "http://www.buttercupgames.com" "Mozilla/4.0 (compatible; MSIE 7.0; Windows NT 5.1; Trident/4.0; .NET CLR 2.0.50727; MS-RTC LM 8; InfoPath.2)" 476
202.179.8.245 - - [19/Mar/2022:11:06:14] "GET /oldlink?&JSESSIONID=SD8SL3FF4ADFF4955 HTTP 1.1" 200 427 "http://www.buttercupgames.com/product.screen?productId=FS-SG-G03" "Mozilla/4.0 (compatible; MSIE 7.0; Windows NT 5.1; Trident/4.0; .NET CLR 2.0.50727; MS-RTC LM 8; InfoPath.2)" 643
202.179.8.245 - - [19/Mar/2022:11:06:27] "GET /cart.do?action=changequantity&productId=WC-SH-G04&JSESSIONID=SD8SL3FF4ADFF4955 HTTP 1.1" 200 1196 "http://www.buttercupgames.com/product.screen?productId=WC-SH-G04" "Mozilla/4.0 (compatible; MSIE 7.0; Windows NT 5.1; Trident/4.0; .NET CLR 2.0.50727; MS-RTC LM 8; InfoPath.2)" 982
202.179.8.245 - - [19/Mar/2022:11:06:44] "POST /cart.do?action=view&productId=MB-AG-T01&JSESSIONID=SD8SL3FF4ADFF4955 HTTP 1.1" 200 2588 "http://www.buttercupgames.com/product.screen?productId=MB-AG-T01" "Mozilla/4.0 (compatible; MSIE 7.0; Windows NT 5.1; Trident/4.0; .NET CLR 2.0.50727; MS-RTC LM 8; InfoPath.2)" 531
202.179.8.245 - - [19/Mar/2022:11:06:57] "POST /cart.do?action=view&productId=CU-PG-G06&JSESSIONID=SD8SL3FF4ADFF4955 HTTP 1.1" 200 3316 "http://www.buttercupgames.com/cart.do?action=view&productId=CU-PG-G06" "Mozilla/4.0 (compatible; MSIE 7.0; Windows NT 5.1; Trident/4.0; .NET CLR 2.0.50727; MS-RTC LM 8; InfoPath.2)" 746
123.196.113.11 - - [19/Mar/2022:11:07:06] "GET /oldlink?&JSESSIONID=SD2SL7FF3ADFF4958 HTTP 1.1" 505 1823 "http://www.buttercupgames.com" "Mozilla/5.0 (Windows NT 6.1; WOW64; rv:12.0) Gecko/20100101 Firefox/12.0" 768
202.179.8.245 - - [19/Mar/2022:11:07:17] "POST /product.screen?productId=DC-SG-G02&JSESSIONID=SD8SL3FF4ADFF4955 HTTP 1.1" 200 1199 "http://www.buttercupgames.com/category.screen?categoryId=STRATEGY" "Mozilla/4.0 (compatible; MSIE 7.0; Windows NT 5.1; Trident/4.0; .NET CLR 2.0.50727; MS-RTC LM 8; InfoPath.2)" 195
202.179.8.245 - - [19/Mar/2022:11:07:18] "POST /cart.do?action=addtocart&productId=DC-SG-G02&JSESSIONID=SD8SL3FF4ADFF4955 HTTP 1.1" 200 447 "http://www.buttercupgames.com/product.screen?productId=DC-SG-G02" "Mozilla/4.0 (compatible; MSIE 7.0; Windows NT 5.1; Trident/4.0; .NET CLR 2.0.50727; MS-RTC LM 8; InfoPath.2)" 333
202.179.8.245 - - [19/Mar/2022:11:07:21] "POST /success.do?action=purchase&categoryId=STRATEGY&productId=DC-SG-G02&JSESSIONID=SD8SL3FF4ADFF4955 HTTP 1.1" 200 1019 "http://www.buttercupgames.com/cart.do?action=addtocart&categoryId=STRATEGY&productId=DC-SG-G02" "Mozilla/4.0 (compatible; MSIE 7.0; Windows NT 5.1; Trident/4.0; .NET CLR 2.0.50727; MS-RTC LM 8; InfoPath.2)" 969
202.179.8.245 - - [19/Mar/2022:11:07:21] "POST /cart/success.do?JSESSIONID=SD8SL3FF4ADFF4955&productId=WC-SH-A01 HTTP 1.1" 200 3278 "http://www.buttercupgames.com/cart.do?action=purchase&" "Mozilla/4.0 (compatible; MSIE 7.0; Windows NT 5.1; Trident/4.0; .NET CLR 2.0.50727; MS-RTC LM 8; InfoPath.2)" 858
123.196.113.11 - - [19/Mar/2022:11:07:29] "GET /product.screen?productId=DB-SG-G01&JSESSIONID=SD2SL7FF3ADFF4958 HTTP 1.1" 200 625 "http://www.buttercupgames.com/oldlink" "Mozilla/5.0 (Windows NT 6.1; WOW64; rv:12.0) Gecko/20100101 Firefox/12.0" 118
202.179.8.245 - - [19/Mar/2022:11:07:41] "POST /product.screen?productId=MB-AG-T01&JSESSIONID=SD8SL3FF4ADFF4955 HTTP 1.1" 200 528 "http://www.buttercupgames.com/oldlink" "Mozilla/4.0 (compatible; MSIE 7.0; Windows NT 5.1; Trident/4.0; .NET CLR 2.0.50727; MS-RTC LM 8; InfoPath.2)" 533
123.196.113.11 - - [19/Mar/2022:11:07:45] "POST /product.screen?productId=CU-PG-G06&JSESSIONID=SD2SL7FF3ADFF4958 HTTP 1.1" 200 1961 "http://www.buttercupgames.com/category.screen?categoryId=SPORTS" "Mozilla/5.0 (Windows NT 6.1; WOW64; rv:12.0) Gecko/20100101 Firefox/12.0" 630
123.196.113.11 - - [19/Mar/2022:11:07:48] "POST /cart.do?action=addtocart&productId=CU-PG-G06&JSESSIONID=SD2SL7FF3ADFF4958 HTTP 1.1" 200 2168 "http://www.buttercupgames.com/product.screen?productId=CU-PG-G06" "Mozilla/5.0 (Windows NT 6.1; WOW64; rv:12.0) Gecko/20100101 Firefox/12.0" 347
123.196.113.11 - - [19/Mar/2022:11:07:53] "POST /success.do?action=purchase&categoryId=SPORTS&productId=CU-PG-G06&JSESSIONID=SD2SL7FF3ADFF4958 HTTP 1.1" 200 1416 "http://www.buttercupgames.com/cart.do?action=addtocart&categoryId=SPORTS&productId=CU-PG-G06" "Mozilla/5.0 (Windows NT 6.1; WOW64; rv:12.0) Gecko/20100101 Firefox/12.0" 708
123.196.113.11 - - [19/Mar/2022:11:07:53] "POST /cart/success.do?JSESSIONID=SD2SL7FF3ADFF4958&productId=MB-AG-T01 HTTP 1.1" 200 601 "http://www.buttercupgames.com/cart.do?action=purchase&" "Mozilla/5.0 (Windows NT 6.1; WOW64; rv:12.0) Gecko/20100101 Firefox/12.0" 393
123.196.113.11 - - [19/Mar/2022:11:08:07] "POST /category.screen?categoryId=NULL&JSESSIONID=SD2SL7FF3ADFF4958 HTTP 1.1" 408 2067 "http://www.buttercupgames.com/cart.do?action=remove&" "Mozilla/5.0 (Windows NT 6.1; WOW64; rv:12.0) Gecko/20100101 Firefox/12.0" 442
123.196.113.11 - - [19/Mar/2022:11:08:18] "GET /category.screen?categoryId=TEE&JSESSIONID=SD2SL7FF3ADFF4958 HTTP 1.1" 200 259 "http://www.buttercupgames.com/product.screen?productId=MB-AG-T01" "Mozilla/5.0 (Windows NT 6.1; WOW64; rv:12.0) Gecko/20100101 Firefox/12.0" 380
123.196.113.11 - - [19/Mar/2022:11:08:40] "GET /oldlink?&JSESSIONID=SD2SL7FF3ADFF4958 HTTP 1.1" 400 2089 "http://www.buttercupgames.com/cart.do?action=remove&" "Mozilla/5.0 (Windows NT 6.1; WOW64; rv:12.0) Gecko/20100101 Firefox/12.0" 227
123.196.113.11 - - [19/Mar/2022:11:08:46] "GET /cart.do?action=view&productId=WC-SH-A02&JSESSIONID=SD2SL7FF3ADFF4958 HTTP 1.1" 200 3963 "http://www.buttercupgames.com/product.screen?productId=WC-SH-A02" "Mozilla/5.0 (Windows NT 6.1; WOW64; rv:12.0) Gecko/20100101 Firefox/12.0" 158
175.44.1.122 - - [19/Mar/2022:11:12:04] "GET /cart.do?action=remove&JSESSIONID=SD4SL7FF7ADFF4962 HTTP 1.1" 505 3137 "http://www.google.com" "Mozilla/5.0 (Macintosh; Intel Mac OS X 10_7_4) AppleWebKit/536.5 (KHTML, like Gecko) Chrome/19.0.1084.46 Safari/536.5" 764
175.44.1.122 - - [19/Mar/2022:11:12:21] "GET /cart.do?action=view&JSESSIONID=SD4SL7FF7ADFF4962 HTTP 1.1" 503 1497 "http://www.buttercupgames.com/product.screen?productId=SF-BVS-01" "Mozilla/5.0 (Macintosh; Intel Mac OS X 10_7_4) AppleWebKit/536.5 (KHTML, like Gecko) Chrome/19.0.1084.46 Safari/536.5" 713
211.166.11.101 - - [19/Mar/2022:11:12:55] "GET /oldlink?&JSESSIONID=SD5SL1FF1ADFF4961 HTTP 1.1" 200 2351 "http://www.bing.com" "Mozilla/4.0 (compatible; MSIE 7.0; Windows NT 5.2; .NET CLR 1.1.4322; InfoPath.1; MS-RTC LM 8)" 300
211.166.11.101 - - [19/Mar/2022:11:13:07] "GET /oldlink?&JSESSIONID=SD5SL1FF1ADFF4961 HTTP 1.1" 200 993 "http://www.buttercupgames.com/product.screen?productId=FI-AG-G08" "Mozilla/4.0 (compatible; MSIE 7.0; Windows NT 5.2; .NET CLR 1.1.4322; InfoPath.1; MS-RTC LM 8)" 380
211.166.11.101 - - [19/Mar/2022:11:13:23] "GET /oldlink?&JSESSIONID=SD5SL1FF1ADFF4961 HTTP 1.1" 200 2463 "http://www.buttercupgames.com/oldlink" "Mozilla/4.0 (compatible; MSIE 7.0; Windows NT 5.2; .NET CLR 1.1.4322; InfoPath.1; MS-RTC LM 8)" 685
211.166.11.101 - - [19/Mar/2022:11:13:30] "GET /product.screen?productId=DC-SG-G02&JSESSIONID=SD5SL1FF1ADFF4961 HTTP 1.1" 200 2411 "http://www.buttercupgames.com/category.screen?categoryId=STRATEGY" "Mozilla/4.0 (compatible; MSIE 7.0; Windows NT 5.2; .NET CLR 1.1.4322; InfoPath.1; MS-RTC LM 8)" 548
211.166.11.101 - - [19/Mar/2022:11:13:42] "POST /product.screen?productId=SF-BVS-01&JSESSIONID=SD5SL1FF1ADFF4961 HTTP 1.1" 505 469 "http://www.buttercupgames.com/cart.do?action=addtocart&" "Mozilla/4.0 (compatible; MSIE 7.0; Windows NT 5.2; .NET CLR 1.1.4322; InfoPath.1; MS-RTC LM 8)" 727
211.166.11.101 - - [19/Mar/2022:11:13:55] "GET /category.screen?categoryId=NULL&JSESSIONID=SD5SL1FF1ADFF4961 HTTP 1.1" 406 3599 "http://www.buttercupgames.com/category.screen?categoryId=NULL" "Mozilla/4.0 (compatible; MSIE 7.0; Windows NT 5.2; .NET CLR 1.1.4322; InfoPath.1; MS-RTC LM 8)" 158
211.166.11.101 - - [19/Mar/2022:11:14:16] "GET /product.screen?productId=BS-AG-G09&JSESSIONID=SD5SL1FF1ADFF4961 HTTP 1.1" 200 1777 "http://www.buttercupgames.com/product.screen?productId=BS-AG-G09" "Mozilla/4.0 (compatible; MSIE 7.0; Windows NT 5.2; .NET CLR 1.1.4322; InfoPath.1; MS-RTC LM 8)" 643
211.166.11.101 - - [19/Mar/2022:11:14:24] "GET /oldlink?&JSESSIONID=SD5SL1FF1ADFF4961 HTTP 1.1" 200 2736 "http://www.buttercupgames.com/oldlink" "Mozilla/4.0 (compatible; MSIE 7.0; Windows NT 5.2; .NET CLR 1.1.4322; InfoPath.1; MS-RTC LM 8)" 469
211.166.11.101 - - [19/Mar/2022:11:14:40] "GET /product.screen?productId=WC-SH-T02&JSESSIONID=SD5SL1FF1ADFF4961 HTTP 1.1" 200 3296 "http://www.buttercupgames.com/oldlink" "Mozilla/4.0 (compatible; MSIE 7.0; Windows NT 5.2; .NET CLR 1.1.4322; InfoPath.1; MS-RTC LM 8)" 872
211.166.11.101 - - [19/Mar/2022:11:14:51] "GET /product.screen?productId=BS-AG-G09&JSESSIONID=SD5SL1FF1ADFF4961 HTTP 1.1" 200 2664 "http://www.buttercupgames.com/category.screen?categoryId=ARCADE" "Mozilla/4.0 (compatible; MSIE 7.0; Windows NT 5.2; .NET CLR 1.1.4322; InfoPath.1; MS-RTC LM 8)" 660
211.166.11.101 - - [19/Mar/2022:11:14:52] "POST /cart.do?action=addtocart&productId=BS-AG-G09&JSESSIONID=SD5SL1FF1ADFF4961 HTTP 1.1" 200 1194 "http://www.buttercupgames.com/product.screen?productId=BS-AG-G09" "Mozilla/4.0 (compatible; MSIE 7.0; Windows NT 5.2; .NET CLR 1.1.4322; InfoPath.1; MS-RTC LM 8)" 539
211.166.11.101 - - [19/Mar/2022:11:14:55] "POST /success.do?action=purchase&categoryId=ARCADE&productId=BS-AG-G09&JSESSIONID=SD5SL1FF1ADFF4961 HTTP 1.1" 200 1450 "http://www.buttercupgames.com/cart.do?action=addtocart&categoryId=ARCADE&productId=BS-AG-G09" "Mozilla/4.0 (compatible; MSIE 7.0; Windows NT 5.2; .NET CLR 1.1.4322; InfoPath.1; MS-RTC LM 8)" 992
211.166.11.101 - - [19/Mar/2022:11:14:55] "POST /cart/success.do?JSESSIONID=SD5SL1FF1ADFF4961&productId=DC-SG-G02 HTTP 1.1" 200 2828 "http://www.buttercupgames.com/cart.do?action=purchase&" "Mozilla/4.0 (compatible; MSIE 7.0; Windows NT 5.2; .NET CLR 1.1.4322; InfoPath.1; MS-RTC LM 8)" 923
211.166.11.101 - - [19/Mar/2022:11:15:01] "GET /productscreen.html?t=ou812&JSESSIONID=SD5SL1FF1ADFF4961 HTTP 1.1" 404 2878 "http://www.buttercupgames.com/oldlink" "Mozilla/4.0 (compatible; MSIE 7.0; Windows NT 5.2; .NET CLR 1.1.4322; InfoPath.1; MS-RTC LM 8)" 143
198.35.1.10 - - [19/Mar/2022:11:15:07] "GET /product.screen?productId=SC-MG-G10&JSESSIONID=SD5SL10FF10ADFF4964 HTTP 1.1" 200 2265 "http://www.buttercupgames.com/category.screen?categoryId=SIMULATION" "Opera/9.01 (Windows NT 5.1; U; en)" 475
198.35.1.10 - - [19/Mar/2022:11:15:10] "POST /cart.do?action=addtocart&productId=SC-MG-G10&JSESSIONID=SD5SL10FF10ADFF4964 HTTP 1.1" 200 1979 "http://www.buttercupgames.com/product.screen?productId=SC-MG-G10" "Opera/9.01 (Windows NT 5.1; U; en)" 213
198.35.1.10 - - [19/Mar/2022:11:15:16] "POST /success.do?action=purchase&categoryId=SIMULATION&productId=SC-MG-G10&JSESSIONID=SD5SL10FF10ADFF4964 HTTP 1.1" 200 910 "http://www.buttercupgames.com/cart.do?action=addtocart&categoryId=SIMULATION&productId=SC-MG-G10" "Opera/9.01 (Windows NT 5.1; U; en)" 821
198.35.1.10 - - [19/Mar/2022:11:15:16] "POST /cart/success.do?JSESSIONID=SD5SL10FF10ADFF4964&productId=WSC-MG-G10 HTTP 1.1" 200 1987 "http://www.buttercupgames.com/cart.do?action=purchase&" "Opera/9.01 (Windows NT 5.1; U; en)" 259
