24.185.15.226 - - [20/Mar/2022:16:21:58] "POST /cart/error.do?msg=FormError&JSESSIONID=SD0SL7FF1ADFF4956 HTTP 1.1" 200 2418 "http://www.buttercupgames.com/cart.do?action=purchase&" "Mozilla/5.0 (Windows; U; Windows NT 5.1; en-US; rv:1.9.2.28) Gecko/20120306 YFF3 Firefox/3.6.28 ( .NET CLR 3.5.30729; .NET4.0C)" 904
24.185.15.226 - - [20/Mar/2022:16:22:08] "POST /oldlink?&JSESSIONID=SD0SL7FF1ADFF4956 HTTP 1.1" 200 964 "http://www.buttercupgames.com/cart.do?action=remove&productId=MB-AG-T01" "Mozilla/5.0 (Windows; U; Windows NT 5.1; en-US; rv:1.9.2.28) Gecko/20120306 YFF3 Firefox/3.6.28 ( .NET CLR 3.5.30729; .NET4.0C)" 298
24.185.15.226 - - [20/Mar/2022:16:22:16] "GET /category.screen?categoryId=SHOOTER&JSESSIONID=SD0SL7FF1ADFF4956 HTTP 1.1" 200 2451 "http://www.buttercupgames.com/oldlink" "Mozilla/5.0 (Windows; U; Windows NT 5.1; en-US; rv:1.9.2.28) Gecko/20120306 YFF3 Firefox/3.6.28 ( .NET CLR 3.5.30729; .NET4.0C)" 259
24.185.15.226 - - [20/Mar/2022:16:22:22] "GET /product.screen?productId=WC-SH-T02&JSESSIONID=SD0SL7FF1ADFF4956 HTTP 1.1" 200 1093 "http://www.buttercupgames.com/cart.do?action=changequantity&productId=WC-SH-T02" "Mozilla/5.0 (Windows; U; Windows NT 5.1; en-US; rv:1.9.2.28) Gecko/20120306 YFF3 Firefox/3.6.28 ( .NET CLR 3.5.30729; .NET4.0C)" 262
24.185.15.226 - - [20/Mar/2022:16:22:35] "GET /oldlink?&JSESSIONID=SD0SL7FF1ADFF4956 HTTP 1.1" 200 3478 "http://www.buttercupgames.com/product.screen?productId=PZ-SG-G05" "Mozilla/5.0 (Windows; U; Windows NT 5.1; en-US; rv:1.9.2.28) Gecko/20120306 YFF3 Firefox/3.6.28 ( .NET CLR 3.5.30729; .NET4.0C)" 412
24.185.15.226 - - [20/Mar/2022:16:22:51] "POST /category.screen?categoryId=TEE&JSESSIONID=SD0SL7FF1ADFF4956 HTTP 1.1" 200 373 "http://www.buttercupgames.com/category.screen?categoryId=TEE" "Mozilla/5.0 (Windows; U; Windows NT 5.1; en-US; rv:1.9.2.28) Gecko/20120306 YFF3 Firefox/3.6.28 ( .NET CLR 3.5.30729; .NET4.0C)" 101
24.185.15.226 - - [20/Mar/2022:16:23:04] "GET /search.do?items=2112&JSESSIONID=SD0SL7FF1ADFF4956 HTTP 1.1" 404 2092 "http://www.buttercupgames.com/cart.do?action=view&" "Mozilla/5.0 (Windows; U; Windows NT 5.1; en-US; rv:1.9.2.28) Gecko/20120306 YFF3 Firefox/3.6.28 ( .NET CLR 3.5.30729; .NET4.0C)" 865
24.185.15.226 - - [20/Mar/2022:16:23:15] "GET /category.screen?categoryId=ARCADE&JSESSIONID=SD0SL7FF1ADFF4956 HTTP 1.1" 200 788 "http://www.buttercupgames.com/oldlink" "Mozilla/5.0 (Windows; U; Windows NT 5.1; en-US; rv:1.9.2.28) Gecko/20120306 YFF3 Firefox/3.6.28 ( .NET CLR 3.5.30729; .NET4.0C)" 932
206.225.11.127 - - [20/Mar/2022:16:23:17] "GET /product.screen?productId=PZ-SG-G05&JSESSIONID=SD8SL6FF1ADFF4950 HTTP 1.1" 200 2400 "http://www.buttercupgames.com/category.screen?categoryId=STRATEGY" "Mozilla/5.0 (Macintosh; Intel Mac OS X 10_6_8) AppleWebKit/534.55.3 (KHTML, like Gecko) Version/5.1.5 Safari/534.55.3" 777
206.225.11.127 - - [20/Mar/2022:16:23:19] "POST /cart.do?action=addtocart&productId=PZ-SG-G05&JSESSIONID=SD8SL6FF1ADFF4950 HTTP 1.1" 200 3886 "http://www.buttercupgames.com/product.screen?productId=PZ-SG-G05" "Mozilla/5.0 (Macintosh; Intel Mac OS X 10_6_8) AppleWebKit/534.55.3 (KHTML, like Gecko) Version/5.1.5 Safari/534.55.3" 939
206.225.11.127 - - [20/Mar/2022:16:23:23] "POST /success.do?action=purchase&categoryId=STRATEGY&productId=PZ-SG-G05&JSESSIONID=SD8SL6FF1ADFF4950 HTTP 1.1" 200 2683 "http://www.buttercupgames.com/cart.do?action=addtocart&categoryId=STRATEGY&productId=PZ-SG-G05" "Mozilla/5.0 (Macintosh; Intel Mac OS X 10_6_8) AppleWebKit/534.55.3 (KHTML, like Gecko) Version/5.1.5 Safari/534.55.3" 938
206.225.11.127 - - [20/Mar/2022:16:23:23] "POST /cart/success.do?JSESSIONID=SD8SL6FF1ADFF4950&productId=WSC-MG-G10 HTTP 1.1" 200 3401 "http://www.buttercupgames.com/cart.do?action=purchase&" "Mozilla/5.0 (Macintosh; Intel Mac OS X 10_6_8) AppleWebKit/534.55.3 (KHTML, like Gecko) Version/5.1.5 Safari/534.55.3" 750
206.225.11.127 - - [20/Mar/2022:16:23:30] "GET show.do?productId=SF-BVS-01&JSESSIONID=SD8SL6FF1ADFF4950 HTTP 1.1" 404 3816 "http://www.buttercupgames.com/product.screen?productId=SF-BVS-01" "Mozilla/5.0 (Macintosh; Intel Mac OS X 10_6_8) AppleWebKit/534.55.3 (KHTML, like Gecko) Version/5.1.5 Safari/534.55.3" 309
206.225.11.127 - - [20/Mar/2022:16:23:41] "GET /category.screen?categoryId=STRATEGY&JSESSIONID=SD8SL6FF1ADFF4950 HTTP 1.1" 200 639 "http://www.buttercupgames.com/category.screen?categoryId=STRATEGY" "Mozilla/5.0 (Macintosh; Intel Mac OS X 10_6_8) AppleWebKit/534.55.3 (KHTML, like Gecko) Version/5.1.5 Safari/534.55.3" 835
206.225.11.127 - - [20/Mar/2022:16:23:51] "GET /category.screen?categoryId=STRATEGY&JSESSIONID=SD8SL6FF1ADFF4950 HTTP 1.1" 200 3679 "http://www.buttercupgames.com/cart.do?action=view&productId=FS-SG-G03" "Mozilla/5.0 (Macintosh; Intel Mac OS X 10_6_8) AppleWebKit/534.55.3 (KHTML, like Gecko) Version/5.1.5 Safari/534.55.3" 829
206.225.11.127 - - [20/Mar/2022:16:23:57] "GET /category.screen?categoryId=ACCESSORIES&JSESSIONID=SD8SL6FF1ADFF4950 HTTP 1.1" 200 1194 "http://www.buttercupgames.com/product.screen?productId=WC-SH-A02" "Mozilla/5.0 (Macintosh; Intel Mac OS X 10_6_8) AppleWebKit/534.55.3 (KHTML, like Gecko) Version/5.1.5 Safari/534.55.3" 800
206.225.11.127 - - [20/Mar/2022:16:24:02] "POST /product.screen?productId=WC-SH-A01&JSESSIONID=SD8SL6FF1ADFF4950 HTTP 1.1" 200 356 "http://www.buttercupgames.com/category.screen?categoryId=ACCESSORIES" "Mozilla/5.0 (Macintosh; Intel Mac OS X 10_6_8) AppleWebKit/534.55.3 (KHTML, like Gecko) Version/5.1.5 Safari/534.55.3" 346
206.225.11.127 - - [20/Mar/2022:16:24:03] "POST /cart.do?action=addtocart&productId=WC-SH-A01&JSESSIONID=SD8SL6FF1ADFF4950 HTTP 1.1" 200 3980 "http://www.buttercupgames.com/product.screen?productId=WC-SH-A01" "Mozilla/5.0 (Macintosh; Intel Mac OS X 10_6_8) AppleWebKit/534.55.3 (KHTML, like Gecko) Version/5.1.5 Safari/534.55.3" 653
206.225.11.127 - - [20/Mar/2022:16:24:05] "POST /success.do?action=purchase&categoryId=ACCESSORIES&productId=WC-SH-A01&JSESSIONID=SD8SL6FF1ADFF4950 HTTP 1.1" 200 2131 "http://www.buttercupgames.com/cart.do?action=addtocart&categoryId=ACCESSORIES&productId=WC-SH-A01" "Mozilla/5.0 (Macintosh; Intel Mac OS X 10_6_8) AppleWebKit/534.55.3 (KHTML, like Gecko) Version/5.1.5 Safari/534.55.3" 267
206.225.11.127 - - [20/Mar/2022:16:24:05] "POST /cart/success.do?JSESSIONID=SD8SL6FF1ADFF4950&productId=BS-AG-G09 HTTP 1.1" 200 2591 "http://www.buttercupgames.com/cart.do?action=purchase&" "Mozilla/5.0 (Macintosh; Intel Mac OS X 10_6_8) AppleWebKit/534.55.3 (KHTML, like Gecko) Version/5.1.5 Safari/534.55.3" 326
206.225.11.127 - - [20/Mar/2022:16:24:17] "GET /product.screen?productId=WC-SH-G04&JSESSIONID=SD8SL6FF1ADFF4950 HTTP 1.1" 200 3677 "http://www.buttercupgames.com/product.screen?productId=WC-SH-G04" "Mozilla/5.0 (Macintosh; Intel Mac OS X 10_6_8) AppleWebKit/534.55.3 (KHTML, like Gecko) Version/5.1.5 Safari/534.55.3" 717
206.225.11.127 - - [20/Mar/2022:16:24:28] "POST /product.screen?productId=DB-SG-G01&JSESSIONID=SD8SL6FF1ADFF4950 HTTP 1.1" 200 969 "http://www.buttercupgames.com/cart.do?action=view&productId=DB-SG-G01" "Mozilla/5.0 (Macintosh; Intel Mac OS X 10_6_8) AppleWebKit/534.55.3 (KHTML, like Gecko) Version/5.1.5 Safari/534.55.3" 939
206.225.11.127 - - [20/Mar/2022:16:24:39] "POST /oldlink?&JSESSIONID=SD8SL6FF1ADFF4950 HTTP 1.1" 500 2397 "http://www.buttercupgames.com/cart.do?action=view&" "Mozilla/5.0 (Macintosh; Intel Mac OS X 10_6_8) AppleWebKit/534.55.3 (KHTML, like Gecko) Version/5.1.5 Safari/534.55.3" 439
66.69.195.226 - - [20/Mar/2022:16:26:56] "GET /cart.do?action=remove&productId=FS-SG-G03&JSESSIONID=SD1SL5FF3ADFF4958 HTTP 1.1" 200 2975 "http://www.google.com" "Mozilla/5.0 (Windows NT 5.1) AppleWebKit/536.5 (KHTML, like Gecko) Chrome/19.0.1084.52 Safari/536.5" 495
66.69.195.226 - - [20/Mar/2022:16:27:05] "GET /oldlink?&JSESSIONID=SD1SL5FF3ADFF4958 HTTP 1.1" 200 2859 "http://www.buttercupgames.com/category.screen?categoryId=SPORTS" "Mozilla/5.0 (Windows NT 5.1) AppleWebKit/536.5 (KHTML, like Gecko) Chrome/19.0.1084.52 Safari/536.5" 745
66.69.195.226 - - [20/Mar/2022:16:27:08] "GET /category.screen?categoryId=STRATEGY&JSESSIONID=SD1SL5FF3ADFF4958 HTTP 1.1" 200 3701 "http://www.buttercupgames.com/oldlink" "Mozilla/5.0 (Windows NT 5.1) AppleWebKit/536.5 (KHTML, like Gecko) Chrome/19.0.1084.52 Safari/536.5" 193
66.69.195.226 - - [20/Mar/2022:16:27:23] "POST /product.screen?productId=MB-AG-G07&JSESSIONID=SD1SL5FF3ADFF4958 HTTP 1.1" 200 1858 "http://www.buttercupgames.com/category.screen?categoryId=ARCADE" "Mozilla/5.0 (Windows NT 5.1) AppleWebKit/536.5 (KHTML, like Gecko) Chrome/19.0.1084.52 Safari/536.5" 363
66.69.195.226 - - [20/Mar/2022:16:27:25] "POST /cart.do?action=addtocart&productId=MB-AG-G07&JSESSIONID=SD1SL5FF3ADFF4958 HTTP 1.1" 200 2245 "http://www.buttercupgames.com/product.screen?productId=MB-AG-G07" "Mozilla/5.0 (Windows NT 5.1) AppleWebKit/536.5 (KHTML, like Gecko) Chrome/19.0.1084.52 Safari/536.5" 943
66.69.195.226 - - [20/Mar/2022:16:27:28] "POST /success.do?action=purchase&categoryId=ARCADE&productId=MB-AG-G07&JSESSIONID=SD1SL5FF3ADFF4958 HTTP 1.1" 200 3362 "http://www.buttercupgames.com/cart.do?action=addtocart&categoryId=ARCADE&productId=MB-AG-G07" "Mozilla/5.0 (Windows NT 5.1) AppleWebKit/536.5 (KHTML, like Gecko) Chrome/19.0.1084.52 Safari/536.5" 117
66.69.195.226 - - [20/Mar/2022:16:27:28] "POST /cart/success.do?JSESSIONID=SD1SL5FF3ADFF4958&productId=BS-AG-G09 HTTP 1.1" 200 231 "http://www.buttercupgames.com/cart.do?action=purchase&" "Mozilla/5.0 (Windows NT 5.1) AppleWebKit/536.5 (KHTML, like Gecko) Chrome/19.0.1084.52 Safari/536.5" 634
66.69.195.226 - - [20/Mar/2022:16:27:43] "GET /category.screen?categoryId=NULL&JSESSIONID=SD1SL5FF3ADFF4958 HTTP 1.1" 403 2892 "http://www.buttercupgames.com/product.screen?productId=SF-BVS-01" "Mozilla/5.0 (Windows NT 5.1) AppleWebKit/536.5 (KHTML, like Gecko) Chrome/19.0.1084.52 Safari/536.5" 512
66.69.195.226 - - [20/Mar/2022:16:27:50] "GET /oldlink?&JSESSIONID=SD1SL5FF3ADFF4958 HTTP 1.1" 200 1765 "http://www.buttercupgames.com/product.screen?productId=PZ-SG-G05" "Mozilla/5.0 (Windows NT 5.1) AppleWebKit/536.5 (KHTML, like Gecko) Chrome/19.0.1084.52 Safari/536.5" 575
66.69.195.226 - - [20/Mar/2022:16:27:57] "GET /product.screen?productId=FI-AG-G08&JSESSIONID=SD1SL5FF3ADFF4958 HTTP 1.1" 200 3724 "http://www.buttercupgames.com/category.screen?categoryId=ARCADE" "Mozilla/5.0 (Windows NT 5.1) AppleWebKit/536.5 (KHTML, like Gecko) Chrome/19.0.1084.52 Safari/536.5" 158
66.69.195.226 - - [20/Mar/2022:16:28:01] "POST /cart.do?action=addtocart&productId=FI-AG-G08&JSESSIONID=SD1SL5FF3ADFF4958 HTTP 1.1" 200 2954 "http://www.buttercupgames.com/product.screen?productId=FI-AG-G08" "Mozilla/5.0 (Windows NT 5.1) AppleWebKit/536.5 (KHTML, like Gecko) Chrome/19.0.1084.52 Safari/536.5" 544
66.69.195.226 - - [20/Mar/2022:16:28:02] "POST /success.do?action=purchase&categoryId=ARCADE&productId=FI-AG-G08&JSESSIONID=SD1SL5FF3ADFF4958 HTTP 1.1" 200 938 "http://www.buttercupgames.com/cart.do?action=addtocart&categoryId=ARCADE&productId=FI-AG-G08" "Mozilla/5.0 (Windows NT 5.1) AppleWebKit/536.5 (KHTML, like Gecko) Chrome/19.0.1084.52 Safari/536.5" 906
66.69.195.226 - - [20/Mar/2022:16:28:02] "POST /cart/error.do?msg=CreditDoesNotMatch&JSESSIONID=SD1SL5FF3ADFF4958 HTTP 1.1" 200 2954 "http://www.buttercupgames.com/cart.do?action=purchase&" "Mozilla/5.0 (Windows NT 5.1) AppleWebKit/536.5 (KHTML, like Gecko) Chrome/19.0.1084.52 Safari/536.5" 664
131.178.233.243 - - [20/Mar/2022:16:30:37] "GET /category.screen?categoryId=SIMULATION&JSESSIONID=SD9SL3FF10ADFF4963 HTTP 1.1" 200 1992 "http://www.buttercupgames.com" "Mozilla/5.0 (Windows NT 6.1; WOW64) AppleWebKit/536.5 (KHTML, like Gecko) Chrome/19.0.1084.46 Safari/536.5" 363
84.34.159.23 - - [20/Mar/2022:16:30:42] "GET /oldlink?&JSESSIONID=SD5SL1FF8ADFF4962 HTTP 1.1" 200 3196 "http://www.yahoo.com" "Mozilla/5.0 (Windows NT 6.1; WOW64) AppleWebKit/536.5 (KHTML, like Gecko) Chrome/19.0.1084.46 Safari/536.5" 772
131.178.233.243 - - [20/Mar/2022:16:30:47] "GET /product.screen?productId=WC-SH-G04&JSESSIONID=SD9SL3FF10ADFF4963 HTTP 1.1" 200 3836 "http://www.buttercupgames.com/category.screen?categoryId=SHOOTER" "Mozilla/5.0 (Windows NT 6.1; WOW64) AppleWebKit/536.5 (KHTML, like Gecko) Chrome/19.0.1084.46 Safari/536.5" 777
131.178.233.243 - - [20/Mar/2022:16:30:52] "POST /cart.do?action=addtocart&productId=WC-SH-G04&JSESSIONID=SD9SL3FF10ADFF4963 HTTP 1.1" 200 1748 "http://www.buttercupgames.com/product.screen?productId=WC-SH-G04" "Mozilla/5.0 (Windows NT 6.1; WOW64) AppleWebKit/536.5 (KHTML, like Gecko) Chrome/19.0.1084.46 Safari/536.5" 624
131.178.233.243 - - [20/Mar/2022:16:30:53] "POST /success.do?action=purchase&categoryId=SHOOTER&productId=WC-SH-G04&JSESSIONID=SD9SL3FF10ADFF4963 HTTP 1.1" 200 2039 "http://www.buttercupgames.com/cart.do?action=addtocart&categoryId=SHOOTER&productId=WC-SH-G04" "Mozilla/5.0 (Windows NT 6.1; WOW64) AppleWebKit/536.5 (KHTML, like Gecko) Chrome/19.0.1084.46 Safari/536.5" 611
131.178.233.243 - - [20/Mar/2022:16:30:53] "POST /cart/success.do?JSESSIONID=SD9SL3FF10ADFF4963&productId=DC-SG-G02 HTTP 1.1" 200 2140 "http://www.buttercupgames.com/cart.do?action=purchase&" "Mozilla/5.0 (Windows NT 6.1; WOW64) AppleWebKit/536.5 (KHTML, like Gecko) Chrome/19.0.1084.46 Safari/536.5" 428
84.34.159.23 - - [20/Mar/2022:16:30:55] "GET /category.screen?categoryId=ARCADE&JSESSIONID=SD5SL1FF8ADFF4962 HTTP 1.1" 200 2106 "http://www.buttercupgames.com/oldlink" "Mozilla/5.0 (Windows NT 6.1; WOW64) AppleWebKit/536.5 (KHTML, like Gecko) Chrome/19.0.1084.46 Safari/536.5" 254
131.178.233.243 - - [20/Mar/2022:16:31:11] "GET /product.screen?productId=SF-BVS-01&JSESSIONID=SD9SL3FF10ADFF4963 HTTP 1.1" 503 2161 "http://www.buttercupgames.com/cart.do?action=purchase&" "Mozilla/5.0 (Windows NT 6.1; WOW64) AppleWebKit/536.5 (KHTML, like Gecko) Chrome/19.0.1084.46 Safari/536.5" 819
84.34.159.23 - - [20/Mar/2022:16:31:11] "GET /oldlink?&JSESSIONID=SD5SL1FF8ADFF4962 HTTP 1.1" 200 1938 "http://www.buttercupgames.com/product.screen?productId=WC-SH-T02" "Mozilla/5.0 (Windows NT 6.1; WOW64) AppleWebKit/536.5 (KHTML, like Gecko) Chrome/19.0.1084.46 Safari/536.5" 101
84.34.159.23 - - [20/Mar/2022:16:31:20] "GET /oldlink?&JSESSIONID=SD5SL1FF8ADFF4962 HTTP 1.1" 500 3097 "http://www.buttercupgames.com/category.screen?categoryId=NULL" "Mozilla/5.0 (Windows NT 6.1; WOW64) AppleWebKit/536.5 (KHTML, like Gecko) Chrome/19.0.1084.46 Safari/536.5" 232
84.34.159.23 - - [20/Mar/2022:16:31:33] "GET /category.screen?categoryId=NULL&JSESSIONID=SD5SL1FF8ADFF4962 HTTP 1.1" 406 3738 "http://www.buttercupgames.com/cart.do?action=addtocart&" "Mozilla/5.0 (Windows NT 6.1; WOW64) AppleWebKit/536.5 (KHTML, like Gecko) Chrome/19.0.1084.46 Safari/536.5" 173
84.34.159.23 - - [20/Mar/2022:16:31:38] "GET /category.screen?categoryId=SHOOTER&JSESSIONID=SD5SL1FF8ADFF4962 HTTP 1.1" 200 3016 "http://www.buttercupgames.com/cart.do?action=changequantity&productId=WC-SH-G04" "Mozilla/5.0 (Windows NT 6.1; WOW64) AppleWebKit/536.5 (KHTML, like Gecko) Chrome/19.0.1084.46 Safari/536.5" 880
84.34.159.23 - - [20/Mar/2022:16:31:55] "GET /product.screen?productId=MB-AG-T01&JSESSIONID=SD5SL1FF8ADFF4962 HTTP 1.1" 200 1211 "http://www.buttercupgames.com/oldlink" "Mozilla/5.0 (Windows NT 6.1; WOW64) AppleWebKit/536.5 (KHTML, like Gecko) Chrome/19.0.1084.46 Safari/536.5" 429
84.34.159.23 - - [20/Mar/2022:16:32:12] "POST /product.screen?productId=MB-AG-G07&JSESSIONID=SD5SL1FF8ADFF4962 HTTP 1.1" 200 3014 "http://www.buttercupgames.com/category.screen?categoryId=ARCADE" "Mozilla/5.0 (Windows NT 6.1; WOW64) AppleWebKit/536.5 (KHTML, like Gecko) Chrome/19.0.1084.46 Safari/536.5" 666
84.34.159.23 - - [20/Mar/2022:16:32:13] "POST /cart.do?action=addtocart&productId=MB-AG-G07&JSESSIONID=SD5SL1FF8ADFF4962 HTTP 1.1" 200 2238 "http://www.buttercupgames.com/product.screen?productId=MB-AG-G07" "Mozilla/5.0 (Windows NT 6.1; WOW64) AppleWebKit/536.5 (KHTML, like Gecko) Chrome/19.0.1084.46 Safari/536.5" 956
84.34.159.23 - - [20/Mar/2022:16:32:16] "POST /success.do?action=purchase&categoryId=ARCADE&productId=MB-AG-G07&JSESSIONID=SD5SL1FF8ADFF4962 HTTP 1.1" 200 3895 "http://www.buttercupgames.com/cart.do?action=addtocart&categoryId=ARCADE&productId=MB-AG-G07" "Mozilla/5.0 (Windows NT 6.1; WOW64) AppleWebKit/536.5 (KHTML, like Gecko) Chrome/19.0.1084.46 Safari/536.5" 360
84.34.159.23 - - [20/Mar/2022:16:32:16] "POST /cart/success.do?JSESSIONID=SD5SL1FF8ADFF4962&productId=CU-PG-G06 HTTP 1.1" 200 1989 "http://www.buttercupgames.com/cart.do?action=purchase&" "Mozilla/5.0 (Windows NT 6.1; WOW64) AppleWebKit/536.5 (KHTML, like Gecko) Chrome/19.0.1084.46 Safari/536.5" 215
208.65.153.253 - - [20/Mar/2022:16:35:33] "GET /cart.do?action=view&productId=CU-PG-G06&JSESSIONID=SD4SL4FF1ADFF4957 HTTP 1.1" 200 2109 "http://www.buttercupgames.com" "Mozilla/4.0 (compatible; MSIE 7.0; Windows NT 5.2; .NET CLR 1.1.4322; InfoPath.1; MS-RTC LM 8)" 961
59.99.230.91 - - [20/Mar/2022:16:37:13] "GET /product.screen?productId=SF-BVS-01&JSESSIONID=SD6SL1FF5ADFF4966 HTTP 1.1" 408 501 "http://www.google.com" "Mozilla/4.0 (compatible; MSIE 6.0; Windows NT 5.1; SV1; .NET CLR 1.1.4322)" 677
91.217.178.210 - - [20/Mar/2022:16:40:23] "GET /oldlink?&JSESSIONID=SD5SL5FF4ADFF4957 HTTP 1.1" 200 1960 "http://www.buttercupgames.com" "Mozilla/4.0 (compatible; MSIE 7.0; Windows NT 5.2; .NET CLR 1.1.4322; InfoPath.1; MS-RTC LM 8)" 649
91.217.178.210 - - [20/Mar/2022:16:40:32] "GET /cart.do?action=view&productId=WC-SH-G04&JSESSIONID=SD5SL5FF4ADFF4957 HTTP 1.1" 200 3369 "http://www.buttercupgames.com/cart.do?action=view&productId=WC-SH-G04" "Mozilla/4.0 (compatible; MSIE 7.0; Windows NT 5.2; .NET CLR 1.1.4322; InfoPath.1; MS-RTC LM 8)" 336
211.166.11.101 - - [20/Mar/2022:16:41:11] "GET /category.screen?categoryId=STRATEGY&JSESSIONID=SD0SL10FF1ADFF4964 HTTP 1.1" 200 2831 "http://www.buttercupgames.com" "Mozilla/5.0 (Windows; U; Windows NT 5.1; en-US; rv:1.9.2.28) Gecko/20120306 YFF3 Firefox/3.6.28 ( .NET CLR 3.5.30729; .NET4.0C)" 664
211.166.11.101 - - [20/Mar/2022:16:41:16] "GET /product.screen?productId=WC-SH-G04&JSESSIONID=SD0SL10FF1ADFF4964 HTTP 1.1" 200 1346 "http://www.buttercupgames.com/category.screen?categoryId=SHOOTER" "Mozilla/5.0 (Windows; U; Windows NT 5.1; en-US; rv:1.9.2.28) Gecko/20120306 YFF3 Firefox/3.6.28 ( .NET CLR 3.5.30729; .NET4.0C)" 213
211.166.11.101 - - [20/Mar/2022:16:41:19] "POST /cart.do?action=addtocart&productId=WC-SH-G04&JSESSIONID=SD0SL10FF1ADFF4964 HTTP 1.1" 200 3733 "http://www.buttercupgames.com/product.screen?productId=WC-SH-G04" "Mozilla/5.0 (Windows; U; Windows NT 5.1; en-US; rv:1.9.2.28) Gecko/20120306 YFF3 Firefox/3.6.28 ( .NET CLR 3.5.30729; .NET4.0C)" 174
211.166.11.101 - - [20/Mar/2022:16:41:24] "POST /success.do?action=purchase&categoryId=SHOOTER&productId=WC-SH-G04&JSESSIONID=SD0SL10FF1ADFF4964 HTTP 1.1" 200 2637 "http://www.buttercupgames.com/cart.do?action=addtocart&categoryId=SHOOTER&productId=WC-SH-G04" "Mozilla/5.0 (Windows; U; Windows NT 5.1; en-US; rv:1.9.2.28) Gecko/20120306 YFF3 Firefox/3.6.28 ( .NET CLR 3.5.30729; .NET4.0C)" 462
211.166.11.101 - - [20/Mar/2022:16:41:24] "POST /cart/error.do?msg=FormError&JSESSIONID=SD0SL10FF1ADFF4964 HTTP 1.1" 200 2453 "http://www.buttercupgames.com/cart.do?action=purchase&" "Mozilla/5.0 (Windows; U; Windows NT 5.1; en-US; rv:1.9.2.28) Gecko/20120306 YFF3 Firefox/3.6.28 ( .NET CLR 3.5.30729; .NET4.0C)" 840
211.166.11.101 - - [20/Mar/2022:16:41:32] "GET /oldlink?&JSESSIONID=SD0SL10FF1ADFF4964 HTTP 1.1" 200 840 "http://www.buttercupgames.com/cart.do?action=view&productId=PZ-SG-G05" "Mozilla/5.0 (Windows; U; Windows NT 5.1; en-US; rv:1.9.2.28) Gecko/20120306 YFF3 Firefox/3.6.28 ( .NET CLR 3.5.30729; .NET4.0C)" 937
211.166.11.101 - - [20/Mar/2022:16:41:35] "GET /product.screen?productId=DC-SG-G02&JSESSIONID=SD0SL10FF1ADFF4964 HTTP 1.1" 200 281 "http://www.buttercupgames.com/category.screen?categoryId=STRATEGY" "Mozilla/5.0 (Windows; U; Windows NT 5.1; en-US; rv:1.9.2.28) Gecko/20120306 YFF3 Firefox/3.6.28 ( .NET CLR 3.5.30729; .NET4.0C)" 158
211.166.11.101 - - [20/Mar/2022:16:41:39] "POST /cart.do?action=addtocart&productId=DC-SG-G02&JSESSIONID=SD0SL10FF1ADFF4964 HTTP 1.1" 200 544 "http://www.buttercupgames.com/product.screen?productId=DC-SG-G02" "Mozilla/5.0 (Windows; U; Windows NT 5.1; en-US; rv:1.9.2.28) Gecko/20120306 YFF3 Firefox/3.6.28 ( .NET CLR 3.5.30729; .NET4.0C)" 619
211.166.11.101 - - [20/Mar/2022:16:41:42] "POST /success.do?action=purchase&categoryId=STRATEGY&productId=DC-SG-G02&JSESSIONID=SD0SL10FF1ADFF4964 HTTP 1.1" 200 3354 "http://www.buttercupgames.com/cart.do?action=addtocart&categoryId=STRATEGY&productId=DC-SG-G02" "Mozilla/5.0 (Windows; U; Windows NT 5.1; en-US; rv:1.9.2.28) Gecko/20120306 YFF3 Firefox/3.6.28 ( .NET CLR 3.5.30729; .NET4.0C)" 611
211.166.11.101 - - [20/Mar/2022:16:41:42] "POST /cart/success.do?JSESSIONID=SD0SL10FF1ADFF4964&productId=PZ-SG-G05 HTTP 1.1" 200 580 "http://www.buttercupgames.com/cart.do?action=purchase&" "Mozilla/5.0 (Windows; U; Windows NT 5.1; en-US; rv:1.9.2.28) Gecko/20120306 YFF3 Firefox/3.6.28 ( .NET CLR 3.5.30729; .NET4.0C)" 304
211.166.11.101 - - [20/Mar/2022:16:41:57] "GET /product.screen?productId=SC-MG-G10&JSESSIONID=SD0SL10FF1ADFF4964 HTTP 1.1" 200 1021 "http://www.buttercupgames.com/category.screen?categoryId=SIMULATION" "Mozilla/5.0 (Windows; U; Windows NT 5.1; en-US; rv:1.9.2.28) Gecko/20120306 YFF3 Firefox/3.6.28 ( .NET CLR 3.5.30729; .NET4.0C)" 563
211.166.11.101 - - [20/Mar/2022:16:42:00] "POST /cart.do?action=addtocart&productId=SC-MG-G10&JSESSIONID=SD0SL10FF1ADFF4964 HTTP 1.1" 200 3106 "http://www.buttercupgames.com/product.screen?productId=SC-MG-G10" "Mozilla/5.0 (Windows; U; Windows NT 5.1; en-US; rv:1.9.2.28) Gecko/20120306 YFF3 Firefox/3.6.28 ( .NET CLR 3.5.30729; .NET4.0C)" 440
211.166.11.101 - - [20/Mar/2022:16:42:02] "POST /success.do?action=purchase&categoryId=SIMULATION&productId=SC-MG-G10&JSESSIONID=SD0SL10FF1ADFF4964 HTTP 1.1" 200 3503 "http://www.buttercupgames.com/cart.do?action=addtocart&categoryId=SIMULATION&productId=SC-MG-G10" "Mozilla/5.0 (Windows; U; Windows NT 5.1; en-US; rv:1.9.2.28) Gecko/20120306 YFF3 Firefox/3.6.28 ( .NET CLR 3.5.30729; .NET4.0C)" 753
211.166.11.101 - - [20/Mar/2022:16:42:02] "POST /cart/success.do?JSESSIONID=SD0SL10FF1ADFF4964&productId=BS-AG-G09 HTTP 1.1" 200 782 "http://www.buttercupgames.com/cart.do?action=purchase&" "Mozilla/5.0 (Windows; U; Windows NT 5.1; en-US; rv:1.9.2.28) Gecko/20120306 YFF3 Firefox/3.6.28 ( .NET CLR 3.5.30729; .NET4.0C)" 418
211.166.11.101 - - [20/Mar/2022:16:42:16] "GET /product.screen?productId=WC-SH-A01&JSESSIONID=SD0SL10FF1ADFF4964 HTTP 1.1" 200 1124 "http://www.buttercupgames.com/product.screen?productId=WC-SH-A01" "Mozilla/5.0 (Windows; U; Windows NT 5.1; en-US; rv:1.9.2.28) Gecko/20120306 YFF3 Firefox/3.6.28 ( .NET CLR 3.5.30729; .NET4.0C)" 895
211.166.11.101 - - [20/Mar/2022:16:42:25] "GET /rush/signals.zip?JSESSIONID=SD0SL10FF1ADFF4964 HTTP 1.1" 404 1711 "http://www.buttercupgames.com/oldlink" "Mozilla/5.0 (Windows; U; Windows NT 5.1; en-US; rv:1.9.2.28) Gecko/20120306 YFF3 Firefox/3.6.28 ( .NET CLR 3.5.30729; .NET4.0C)" 979
211.166.11.101 - - [20/Mar/2022:16:42:34] "POST /oldlink?&JSESSIONID=SD0SL10FF1ADFF4964 HTTP 1.1" 200 2071 "http://www.buttercupgames.com/cart.do?action=view&productId=WC-SH-T02" "Mozilla/5.0 (Windows; U; Windows NT 5.1; en-US; rv:1.9.2.28) Gecko/20120306 YFF3 Firefox/3.6.28 ( .NET CLR 3.5.30729; .NET4.0C)" 659
211.166.11.101 - - [20/Mar/2022:16:42:40] "GET /oldlink?&JSESSIONID=SD0SL10FF1ADFF4964 HTTP 1.1" 200 1256 "http://www.buttercupgames.com/cart.do?action=addtocart&productId=SC-MG-G10" "Mozilla/5.0 (Windows; U; Windows NT 5.1; en-US; rv:1.9.2.28) Gecko/20120306 YFF3 Firefox/3.6.28 ( .NET CLR 3.5.30729; .NET4.0C)" 975
175.44.24.82 - - [20/Mar/2022:16:45:02] "GET /product.screen?productId=DC-SG-G02&JSESSIONID=SD3SL3FF8ADFF4952 HTTP 1.1" 200 1043 "http://www.buttercupgames.com" "Mozilla/4.0 (compatible; MSIE 6.0; Windows NT 5.1; SV1; .NET CLR 1.1.4322)" 344
175.44.24.82 - - [20/Mar/2022:16:45:08] "GET /oldlink?&JSESSIONID=SD3SL3FF8ADFF4952 HTTP 1.1" 200 3140 "http://www.buttercupgames.com/cart.do?action=changequantity&productId=MB-AG-G07" "Mozilla/4.0 (compatible; MSIE 6.0; Windows NT 5.1; SV1; .NET CLR 1.1.4322)" 538
175.44.24.82 - - [20/Mar/2022:16:45:12] "GET /cart.do?action=addtocart&productId=FS-SG-G03&JSESSIONID=SD3SL3FF8ADFF4952 HTTP 1.1" 200 240 "http://www.buttercupgames.com/category.screen?categoryId=STRATEGY" "Mozilla/4.0 (compatible; MSIE 6.0; Windows NT 5.1; SV1; .NET CLR 1.1.4322)" 404
175.44.24.82 - - [20/Mar/2022:16:45:25] "GET /product.screen?productId=FI-AG-G08&JSESSIONID=SD3SL3FF8ADFF4952 HTTP 1.1" 200 1344 "http://www.buttercupgames.com/cart.do?action=addtocart&productId=FI-AG-G08" "Mozilla/4.0 (compatible; MSIE 6.0; Windows NT 5.1; SV1; .NET CLR 1.1.4322)" 908
175.44.24.82 - - [20/Mar/2022:16:45:30] "GET /category.screen?categoryId=SIMULATION&JSESSIONID=SD3SL3FF8ADFF4952 HTTP 1.1" 200 3242 "http://www.buttercupgames.com/oldlink" "Mozilla/4.0 (compatible; MSIE 6.0; Windows NT 5.1; SV1; .NET CLR 1.1.4322)" 105
94.230.166.185 - - [20/Mar/2022:16:45:31] "GET /cart.do?action=changequantity&productId=WC-SH-G04&JSESSIONID=SD9SL5FF9ADFF4964 HTTP 1.1" 200 294 "http://www.google.com" "Mozilla/5.0 (Windows; U; Windows NT 5.1; en-US; rv:1.9.2.28) Gecko/20120306 YFF3 Firefox/3.6.28 ( .NET CLR 3.5.30729; .NET4.0C)" 471
175.44.24.82 - - [20/Mar/2022:16:45:34] "POST /category.screen?categoryId=TEE&JSESSIONID=SD3SL3FF8ADFF4952 HTTP 1.1" 200 869 "http://www.buttercupgames.com/cart.do?action=remove&productId=WC-SH-T02" "Mozilla/4.0 (compatible; MSIE 6.0; Windows NT 5.1; SV1; .NET CLR 1.1.4322)" 289
94.230.166.185 - - [20/Mar/2022:16:45:36] "GET /oldlink?&JSESSIONID=SD9SL5FF9ADFF4964 HTTP 1.1" 200 1406 "http://www.buttercupgames.com/category.screen?categoryId=STRATEGY" "Mozilla/5.0 (Windows; U; Windows NT 5.1; en-US; rv:1.9.2.28) Gecko/20120306 YFF3 Firefox/3.6.28 ( .NET CLR 3.5.30729; .NET4.0C)" 318
94.230.166.185 - - [20/Mar/2022:16:45:48] "GET /oldlink?&JSESSIONID=SD9SL5FF9ADFF4964 HTTP 1.1" 200 2036 "http://www.buttercupgames.com/category.screen?categoryId=STRATEGY" "Mozilla/5.0 (Windows; U; Windows NT 5.1; en-US; rv:1.9.2.28) Gecko/20120306 YFF3 Firefox/3.6.28 ( .NET CLR 3.5.30729; .NET4.0C)" 853
175.44.24.82 - - [20/Mar/2022:16:45:48] "GET /cart.do?action=view&productId=SC-MG-G10&JSESSIONID=SD3SL3FF8ADFF4952 HTTP 1.1" 200 2551 "http://www.buttercupgames.com/cart.do?action=view&productId=SC-MG-G10" "Mozilla/4.0 (compatible; MSIE 6.0; Windows NT 5.1; SV1; .NET CLR 1.1.4322)" 406
94.230.166.185 - - [20/Mar/2022:16:45:51] "GET /product.screen?productId=BS-AG-G09&JSESSIONID=SD9SL5FF9ADFF4964 HTTP 1.1" 200 2383 "http://www.buttercupgames.com/category.screen?categoryId=ARCADE" "Mozilla/5.0 (Windows; U; Windows NT 5.1; en-US; rv:1.9.2.28) Gecko/20120306 YFF3 Firefox/3.6.28 ( .NET CLR 3.5.30729; .NET4.0C)" 741
94.230.166.185 - - [20/Mar/2022:16:45:54] "POST /cart.do?action=addtocart&productId=BS-AG-G09&JSESSIONID=SD9SL5FF9ADFF4964 HTTP 1.1" 200 2909 "http://www.buttercupgames.com/product.screen?productId=BS-AG-G09" "Mozilla/5.0 (Windows; U; Windows NT 5.1; en-US; rv:1.9.2.28) Gecko/20120306 YFF3 Firefox/3.6.28 ( .NET CLR 3.5.30729; .NET4.0C)" 993
94.230.166.185 - - [20/Mar/2022:16:45:57] "POST /success.do?action=purchase&categoryId=ARCADE&productId=BS-AG-G09&JSESSIONID=SD9SL5FF9ADFF4964 HTTP 1.1" 200 1636 "http://www.buttercupgames.com/cart.do?action=addtocart&categoryId=ARCADE&productId=BS-AG-G09" "Mozilla/5.0 (Windows; U; Windows NT 5.1; en-US; rv:1.9.2.28) Gecko/20120306 YFF3 Firefox/3.6.28 ( .NET CLR 3.5.30729; .NET4.0C)" 651
94.230.166.185 - - [20/Mar/2022:16:45:57] "POST /cart/success.do?JSESSIONID=SD9SL5FF9ADFF4964&productId=WC-SH-A02 HTTP 1.1" 200 3204 "http://www.buttercupgames.com/cart.do?action=purchase&" "Mozilla/5.0 (Windows; U; Windows NT 5.1; en-US; rv:1.9.2.28) Gecko/20120306 YFF3 Firefox/3.6.28 ( .NET CLR 3.5.30729; .NET4.0C)" 502
175.44.24.82 - - [20/Mar/2022:16:46:00] "GET /category.screen?categoryId=ACCESSORIES&JSESSIONID=SD3SL3FF8ADFF4952 HTTP 1.1" 200 1057 "http://www.buttercupgames.com/category.screen?categoryId=ACCESSORIES" "Mozilla/4.0 (compatible; MSIE 6.0; Windows NT 5.1; SV1; .NET CLR 1.1.4322)" 891
94.230.166.185 - - [20/Mar/2022:16:46:10] "POST /product.screen?productId=WC-SH-A02&JSESSIONID=SD9SL5FF9ADFF4964 HTTP 1.1" 200 1944 "http://www.buttercupgames.com/category.screen?categoryId=ACCESSORIES" "Mozilla/5.0 (Windows; U; Windows NT 5.1; en-US; rv:1.9.2.28) Gecko/20120306 YFF3 Firefox/3.6.28 ( .NET CLR 3.5.30729; .NET4.0C)" 965
175.44.24.82 - - [20/Mar/2022:16:46:11] "GET /oldlink?&JSESSIONID=SD3SL3FF8ADFF4952 HTTP 1.1" 200 1937 "http://www.buttercupgames.com/oldlink" "Mozilla/4.0 (compatible; MSIE 6.0; Windows NT 5.1; SV1; .NET CLR 1.1.4322)" 616
175.44.24.82 - - [20/Mar/2022:16:46:17] "GET /oldlink?&JSESSIONID=SD3SL3FF8ADFF4952 HTTP 1.1" 200 1919 "http://www.buttercupgames.com/cart.do?action=remove&productId=MB-AG-T01" "Mozilla/4.0 (compatible; MSIE 6.0; Windows NT 5.1; SV1; .NET CLR 1.1.4322)" 548
94.230.166.185 - - [20/Mar/2022:16:46:25] "GET /product.screen?productId=DB-SG-G01&JSESSIONID=SD9SL5FF9ADFF4964 HTTP 1.1" 200 3342 "http://www.buttercupgames.com/category.screen?categoryId=STRATEGY" "Mozilla/5.0 (Windows; U; Windows NT 5.1; en-US; rv:1.9.2.28) Gecko/20120306 YFF3 Firefox/3.6.28 ( .NET CLR 3.5.30729; .NET4.0C)" 249
94.230.166.185 - - [20/Mar/2022:16:46:41] "POST /category.screen?categoryId=SIMULATION&JSESSIONID=SD9SL5FF9ADFF4964 HTTP 1.1" 200 1236 "http://www.buttercupgames.com/category.screen?categoryId=SIMULATION" "Mozilla/5.0 (Windows; U; Windows NT 5.1; en-US; rv:1.9.2.28) Gecko/20120306 YFF3 Firefox/3.6.28 ( .NET CLR 3.5.30729; .NET4.0C)" 103
94.230.166.185 - - [20/Mar/2022:16:46:49] "GET /product.screen?productId=DB-SG-G01&JSESSIONID=SD9SL5FF9ADFF4964 HTTP 1.1" 200 1018 "http://www.buttercupgames.com/oldlink" "Mozilla/5.0 (Windows; U; Windows NT 5.1; en-US; rv:1.9.2.28) Gecko/20120306 YFF3 Firefox/3.6.28 ( .NET CLR 3.5.30729; .NET4.0C)" 234
194.146.236.22 - - [20/Mar/2022:16:50:37] "GET /product.screen?productId=WC-SH-A02&JSESSIONID=SD8SL8FF5ADFF4956 HTTP 1.1" 200 1655 "http://www.buttercupgames.com/category.screen?categoryId=ACCESSORIES" "Mozilla/5.0 (iPad; CPU OS 5_1_1 like Mac OS X) AppleWebKit/534.46 (KHTML, like Gecko) Version/5.1 Mobile/9B206 Safari/7534.48.3" 179
194.146.236.22 - - [20/Mar/2022:16:50:38] "POST /cart.do?action=addtocart&productId=WC-SH-A02&JSESSIONID=SD8SL8FF5ADFF4956 HTTP 1.1" 200 2734 "http://www.buttercupgames.com/product.screen?productId=WC-SH-A02" "Mozilla/5.0 (iPad; CPU OS 5_1_1 like Mac OS X) AppleWebKit/534.46 (KHTML, like Gecko) Version/5.1 Mobile/9B206 Safari/7534.48.3" 397
194.146.236.22 - - [20/Mar/2022:16:50:42] "POST /success.do?action=purchase&categoryId=ACCESSORIES&productId=WC-SH-A02&JSESSIONID=SD8SL8FF5ADFF4956 HTTP 1.1" 200 2031 "http://www.buttercupgames.com/cart.do?action=addtocart&categoryId=ACCESSORIES&productId=WC-SH-A02" "Mozilla/5.0 (iPad; CPU OS 5_1_1 like Mac OS X) AppleWebKit/534.46 (KHTML, like Gecko) Version/5.1 Mobile/9B206 Safari/7534.48.3" 137
194.146.236.22 - - [20/Mar/2022:16:50:42] "POST /cart/success.do?productId=GT-SC-G01&JSESSIONID=SD8SL8FF5ADFF4956 HTTP 1.1" 200 1510 "http://www.buttercupgames.com/cart.do?action=purchase&productId=GT-SC-G01" "Mozilla/5.0 (iPad; CPU OS 5_1_1 like Mac OS X) AppleWebKit/534.46 (KHTML, like Gecko) Version/5.1 Mobile/9B206 Safari/7534.48.3" 684
194.146.236.22 - - [20/Mar/2022:16:50:53] "GET /oldlink?&JSESSIONID=SD8SL8FF5ADFF4956 HTTP 1.1" 200 2846 "http://www.buttercupgames.com/oldlink" "Mozilla/5.0 (iPad; CPU OS 5_1_1 like Mac OS X) AppleWebKit/534.46 (KHTML, like Gecko) Version/5.1 Mobile/9B206 Safari/7534.48.3" 330
194.146.236.22 - - [20/Mar/2022:16:51:05] "GET /category.screen?categoryId=ARCADE&JSESSIONID=SD8SL8FF5ADFF4956 HTTP 1.1" 200 2806 "http://www.buttercupgames.com/category.screen?categoryId=ARCADE" "Mozilla/5.0 (iPad; CPU OS 5_1_1 like Mac OS X) AppleWebKit/534.46 (KHTML, like Gecko) Version/5.1 Mobile/9B206 Safari/7534.48.3" 858
207.36.232.245 - - [20/Mar/2022:16:51:14] "POST /oldlink?&JSESSIONID=SD0SL9FF2ADFF4955 HTTP 1.1" 200 2710 "http://www.google.com" "Mozilla/4.0 (compatible; MSIE 7.0; Windows NT 5.1; Trident/4.0; .NET CLR 2.0.50727; MS-RTC LM 8; InfoPath.2)" 206
194.146.236.22 - - [20/Mar/2022:16:51:14] "GET /product.screen?productId=SF-BVS-01&JSESSIONID=SD8SL8FF5ADFF4956 HTTP 1.1" 404 3051 "http://www.buttercupgames.com/category.screen?categoryId=NULL" "Mozilla/5.0 (iPad; CPU OS 5_1_1 like Mac OS X) AppleWebKit/534.46 (KHTML, like Gecko) Version/5.1 Mobile/9B206 Safari/7534.48.3" 694
207.36.232.245 - - [20/Mar/2022:16:51:23] "GET /category.screen?categoryId=NULL&JSESSIONID=SD0SL9FF2ADFF4955 HTTP 1.1" 403 887 "http://www.buttercupgames.com/cart.do?action=view&" "Mozilla/4.0 (compatible; MSIE 7.0; Windows NT 5.1; Trident/4.0; .NET CLR 2.0.50727; MS-RTC LM 8; InfoPath.2)" 153
194.146.236.22 - - [20/Mar/2022:16:51:24] "POST /product.screen?productId=SF-BVS-01&JSESSIONID=SD8SL8FF5ADFF4956 HTTP 1.1" 505 3712 "http://www.buttercupgames.com/cart.do?action=view&" "Mozilla/5.0 (iPad; CPU OS 5_1_1 like Mac OS X) AppleWebKit/534.46 (KHTML, like Gecko) Version/5.1 Mobile/9B206 Safari/7534.48.3" 998
207.36.232.245 - - [20/Mar/2022:16:51:30] "GET /cart.do?action=view&productId=DC-SG-G02&JSESSIONID=SD0SL9FF2ADFF4955 HTTP 1.1" 200 3799 "http://www.buttercupgames.com/category.screen?categoryId=STRATEGY" "Mozilla/4.0 (compatible; MSIE 7.0; Windows NT 5.1; Trident/4.0; .NET CLR 2.0.50727; MS-RTC LM 8; InfoPath.2)" 573
194.146.236.22 - - [20/Mar/2022:16:51:31] "GET /product.screen?productId=DB-SG-G01&JSESSIONID=SD8SL8FF5ADFF4956 HTTP 1.1" 200 2364 "http://www.buttercupgames.com/category.screen?categoryId=STRATEGY" "Mozilla/5.0 (iPad; CPU OS 5_1_1 like Mac OS X) AppleWebKit/534.46 (KHTML, like Gecko) Version/5.1 Mobile/9B206 Safari/7534.48.3" 486
207.36.232.245 - - [20/Mar/2022:16:51:34] "GET /product.screen?productId=WC-SH-A01&JSESSIONID=SD0SL9FF2ADFF4955 HTTP 1.1" 200 1917 "http://www.buttercupgames.com/product.screen?productId=WC-SH-A01" "Mozilla/4.0 (compatible; MSIE 7.0; Windows NT 5.1; Trident/4.0; .NET CLR 2.0.50727; MS-RTC LM 8; InfoPath.2)" 227
207.36.232.245 - - [20/Mar/2022:16:51:40] "GET /cart.do?action=remove&productId=DB-SG-G01&JSESSIONID=SD0SL9FF2ADFF4955 HTTP 1.1" 200 3229 "http://www.buttercupgames.com/cart.do?action=remove&productId=DB-SG-G01" "Mozilla/4.0 (compatible; MSIE 7.0; Windows NT 5.1; Trident/4.0; .NET CLR 2.0.50727; MS-RTC LM 8; InfoPath.2)" 256
207.36.232.245 - - [20/Mar/2022:16:51:43] "GET /cart.do?action=view&productId=PZ-SG-G05&JSESSIONID=SD0SL9FF2ADFF4955 HTTP 1.1" 200 2063 "http://www.buttercupgames.com/oldlink" "Mozilla/4.0 (compatible; MSIE 7.0; Windows NT 5.1; Trident/4.0; .NET CLR 2.0.50727; MS-RTC LM 8; InfoPath.2)" 291
207.36.232.245 - - [20/Mar/2022:16:51:55] "GET /cart.do?action=view&productId=DB-SG-G01&JSESSIONID=SD0SL9FF2ADFF4955 HTTP 1.1" 200 2126 "http://www.buttercupgames.com/product.screen?productId=DB-SG-G01" "Mozilla/4.0 (compatible; MSIE 7.0; Windows NT 5.1; Trident/4.0; .NET CLR 2.0.50727; MS-RTC LM 8; InfoPath.2)" 324
207.36.232.245 - - [20/Mar/2022:16:52:01] "GET /product.screen?productId=SF-BVS-01&JSESSIONID=SD0SL9FF2ADFF4955 HTTP 1.1" 400 2113 "http://www.buttercupgames.com/cart.do?action=view&" "Mozilla/4.0 (compatible; MSIE 7.0; Windows NT 5.1; Trident/4.0; .NET CLR 2.0.50727; MS-RTC LM 8; InfoPath.2)" 437
207.36.232.245 - - [20/Mar/2022:16:52:13] "GET /category.screen?categoryId=STRATEGY&JSESSIONID=SD0SL9FF2ADFF4955 HTTP 1.1" 200 516 "http://www.buttercupgames.com/oldlink" "Mozilla/4.0 (compatible; MSIE 7.0; Windows NT 5.1; Trident/4.0; .NET CLR 2.0.50727; MS-RTC LM 8; InfoPath.2)" 351
207.36.232.245 - - [20/Mar/2022:16:52:22] "POST /cart.do?action=changequantity&productId=SC-MG-G10&JSESSIONID=SD0SL9FF2ADFF4955 HTTP 1.1" 200 1188 "http://www.buttercupgames.com/cart.do?action=changequantity&productId=SC-MG-G10" "Mozilla/4.0 (compatible; MSIE 7.0; Windows NT 5.1; Trident/4.0; .NET CLR 2.0.50727; MS-RTC LM 8; InfoPath.2)" 831
207.36.232.245 - - [20/Mar/2022:16:52:37] "GET /oldlink?&JSESSIONID=SD0SL9FF2ADFF4955 HTTP 1.1" 400 2002 "http://www.buttercupgames.com/cart.do?action=remove&" "Mozilla/4.0 (compatible; MSIE 7.0; Windows NT 5.1; Trident/4.0; .NET CLR 2.0.50727; MS-RTC LM 8; InfoPath.2)" 788
61.164.73.20 - - [20/Mar/2022:16:56:20] "GET /search.do?items=2112&JSESSIONID=SD0SL9FF3ADFF4952 HTTP 1.1" 404 2520 "http://www.bing.com" "Mozilla/5.0 (Windows NT 6.1; WOW64; rv:12.0) Gecko/20100101 Firefox/12.0" 679
61.164.73.20 - - [20/Mar/2022:16:56:33] "GET /product.screen?productId=DB-SG-G01&JSESSIONID=SD0SL9FF3ADFF4952 HTTP 1.1" 200 987 "http://www.buttercupgames.com/category.screen?categoryId=STRATEGY" "Mozilla/5.0 (Windows NT 6.1; WOW64; rv:12.0) Gecko/20100101 Firefox/12.0" 207
61.164.73.20 - - [20/Mar/2022:16:56:35] "POST /cart.do?action=addtocart&productId=DB-SG-G01&JSESSIONID=SD0SL9FF3ADFF4952 HTTP 1.1" 200 2569 "http://www.buttercupgames.com/product.screen?productId=DB-SG-G01" "Mozilla/5.0 (Windows NT 6.1; WOW64; rv:12.0) Gecko/20100101 Firefox/12.0" 826
61.164.73.20 - - [20/Mar/2022:16:56:39] "POST /success.do?action=purchase&categoryId=STRATEGY&productId=DB-SG-G01&JSESSIONID=SD0SL9FF3ADFF4952 HTTP 1.1" 200 3016 "http://www.buttercupgames.com/cart.do?action=addtocart&categoryId=STRATEGY&productId=DB-SG-G01" "Mozilla/5.0 (Windows NT 6.1; WOW64; rv:12.0) Gecko/20100101 Firefox/12.0" 160
61.164.73.20 - - [20/Mar/2022:16:56:39] "POST /cart/error.do?msg=CreditNotAccepted&JSESSIONID=SD0SL9FF3ADFF4952 HTTP 1.1" 200 709 "http://www.buttercupgames.com/cart.do?action=purchase&" "Mozilla/5.0 (Windows NT 6.1; WOW64; rv:12.0) Gecko/20100101 Firefox/12.0" 466
175.44.24.82 - - [20/Mar/2022:16:56:40] "GET /oldlink?&JSESSIONID=SD1SL4FF5ADFF4952 HTTP 1.1" 200 1928 "http://www.google.com" "Mozilla/5.0 (compatible; MSIE 9.0; Windows NT 6.1; WOW64; Trident/5.0; BOIE9;ENUS)" 424
175.44.24.82 - - [20/Mar/2022:16:56:57] "GET /category.screen?categoryId=NULL&JSESSIONID=SD1SL4FF5ADFF4952 HTTP 1.1" 505 1857 "http://www.buttercupgames.com/product.screen?productId=SF-BVS-01" "Mozilla/5.0 (compatible; MSIE 9.0; Windows NT 6.1; WOW64; Trident/5.0; BOIE9;ENUS)" 426
175.44.24.82 - - [20/Mar/2022:16:57:07] "POST /cart.do?action=remove&productId=WC-SH-A01&JSESSIONID=SD1SL4FF5ADFF4952 HTTP 1.1" 200 2339 "http://www.buttercupgames.com/product.screen?productId=WC-SH-A01" "Mozilla/5.0 (compatible; MSIE 9.0; Windows NT 6.1; WOW64; Trident/5.0; BOIE9;ENUS)" 354
175.44.24.82 - - [20/Mar/2022:16:57:11] "GET /oldlink?&JSESSIONID=SD1SL4FF5ADFF4952 HTTP 1.1" 200 422 "http://www.buttercupgames.com/product.screen?productId=DB-SG-G01" "Mozilla/5.0 (compatible; MSIE 9.0; Windows NT 6.1; WOW64; Trident/5.0; BOIE9;ENUS)" 947
201.3.120.132 - - [20/Mar/2022:17:01:49] "GET /oldlink?&JSESSIONID=SD0SL4FF3ADFF4958 HTTP 1.1" 200 237 "http://www.buttercupgames.com" "Mozilla/4.0 (compatible; MSIE 7.0; Windows NT 5.1; .NET CLR 2.0.50727; .NET CLR 3.0.4506.2152; .NET CLR 3.5.30729; InfoPath.1; .NET4.0C; .NET4.0E; MS-RTC LM 8)" 251
201.3.120.132 - - [20/Mar/2022:17:02:00] "GET /oldlink?&JSESSIONID=SD0SL4FF3ADFF4958 HTTP 1.1" 200 1510 "http://www.buttercupgames.com/oldlink" "Mozilla/4.0 (compatible; MSIE 7.0; Windows NT 5.1; .NET CLR 2.0.50727; .NET CLR 3.0.4506.2152; .NET CLR 3.5.30729; InfoPath.1; .NET4.0C; .NET4.0E; MS-RTC LM 8)" 664
201.3.120.132 - - [20/Mar/2022:17:02:06] "POST /oldlink?&JSESSIONID=SD0SL4FF3ADFF4958 HTTP 1.1" 200 3451 "http://www.buttercupgames.com/oldlink" "Mozilla/4.0 (compatible; MSIE 7.0; Windows NT 5.1; .NET CLR 2.0.50727; .NET CLR 3.0.4506.2152; .NET CLR 3.5.30729; InfoPath.1; .NET4.0C; .NET4.0E; MS-RTC LM 8)" 759
201.3.120.132 - - [20/Mar/2022:17:02:22] "GET /cart.do?action=remove&productId=WC-SH-G04&JSESSIONID=SD0SL4FF3ADFF4958 HTTP 1.1" 200 1425 "http://www.buttercupgames.com/oldlink" "Mozilla/4.0 (compatible; MSIE 7.0; Windows NT 5.1; .NET CLR 2.0.50727; .NET CLR 3.0.4506.2152; .NET CLR 3.5.30729; InfoPath.1; .NET4.0C; .NET4.0E; MS-RTC LM 8)" 469
233.77.49.94 - - [20/Mar/2022:17:02:28] "GET /category.screen?categoryId=ACCESSORIES&JSESSIONID=SD10SL8FF3ADFF4959 HTTP 1.1" 200 770 "http://www.buttercupgames.com" "Mozilla/5.0 (Windows NT 6.1; WOW64) AppleWebKit/536.5 (KHTML, like Gecko) Chrome/19.0.1084.46 Safari/536.5" 582
201.3.120.132 - - [20/Mar/2022:17:02:40] "POST /oldlink?&JSESSIONID=SD0SL4FF3ADFF4958 HTTP 1.1" 200 3708 "http://www.buttercupgames.com/product.screen?productId=WC-SH-G04" "Mozilla/4.0 (compatible; MSIE 7.0; Windows NT 5.1; .NET CLR 2.0.50727; .NET CLR 3.0.4506.2152; .NET CLR 3.5.30729; InfoPath.1; .NET4.0C; .NET4.0E; MS-RTC LM 8)" 616
233.77.49.94 - - [20/Mar/2022:17:02:47] "POST /oldlink?&JSESSIONID=SD10SL8FF3ADFF4959 HTTP 1.1" 200 3186 "http://www.buttercupgames.com/product.screen?productId=BS-AG-G09" "Mozilla/5.0 (Windows NT 6.1; WOW64) AppleWebKit/536.5 (KHTML, like Gecko) Chrome/19.0.1084.46 Safari/536.5" 642
201.3.120.132 - - [20/Mar/2022:17:02:54] "GET /category.screen?categoryId=SPORTS&JSESSIONID=SD0SL4FF3ADFF4958 HTTP 1.1" 200 1315 "http://www.buttercupgames.com/product.screen?productId=CU-PG-G06" "Mozilla/4.0 (compatible; MSIE 7.0; Windows NT 5.1; .NET CLR 2.0.50727; .NET CLR 3.0.4506.2152; .NET CLR 3.5.30729; InfoPath.1; .NET4.0C; .NET4.0E; MS-RTC LM 8)" 597
233.77.49.94 - - [20/Mar/2022:17:02:59] "POST /cart.do?action=view&productId=FS-SG-G03&JSESSIONID=SD10SL8FF3ADFF4959 HTTP 1.1" 200 3379 "http://www.buttercupgames.com/oldlink" "Mozilla/5.0 (Windows NT 6.1; WOW64) AppleWebKit/536.5 (KHTML, like Gecko) Chrome/19.0.1084.46 Safari/536.5" 219
201.3.120.132 - - [20/Mar/2022:17:03:13] "POST /category.screen?categoryId=STRATEGY&JSESSIONID=SD0SL4FF3ADFF4958 HTTP 1.1" 200 3519 "http://www.buttercupgames.com/category.screen?categoryId=STRATEGY" "Mozilla/4.0 (compatible; MSIE 7.0; Windows NT 5.1; .NET CLR 2.0.50727; .NET CLR 3.0.4506.2152; .NET CLR 3.5.30729; InfoPath.1; .NET4.0C; .NET4.0E; MS-RTC LM 8)" 128
233.77.49.94 - - [20/Mar/2022:17:03:14] "GET /category.screen?categoryId=SHOOTER&JSESSIONID=SD10SL8FF3ADFF4959 HTTP 1.1" 200 3125 "http://www.buttercupgames.com/category.screen?categoryId=SHOOTER" "Mozilla/5.0 (Windows NT 6.1; WOW64) AppleWebKit/536.5 (KHTML, like Gecko) Chrome/19.0.1084.46 Safari/536.5" 535
233.77.49.94 - - [20/Mar/2022:17:03:18] "GET /cart.do?action=view&productId=WC-SH-A01&JSESSIONID=SD10SL8FF3ADFF4959 HTTP 1.1" 200 873 "http://www.buttercupgames.com/cart.do?action=view&productId=WC-SH-A01" "Mozilla/5.0 (Windows NT 6.1; WOW64) AppleWebKit/536.5 (KHTML, like Gecko) Chrome/19.0.1084.46 Safari/536.5" 370
201.3.120.132 - - [20/Mar/2022:17:03:29] "GET /oldlink?&JSESSIONID=SD0SL4FF3ADFF4958 HTTP 1.1" 500 319 "http://www.buttercupgames.com/oldlink" "Mozilla/4.0 (compatible; MSIE 7.0; Windows NT 5.1; .NET CLR 2.0.50727; .NET CLR 3.0.4506.2152; .NET CLR 3.5.30729; InfoPath.1; .NET4.0C; .NET4.0E; MS-RTC LM 8)" 263
233.77.49.94 - - [20/Mar/2022:17:03:36] "GET /category.screen?categoryId=STRATEGY&JSESSIONID=SD10SL8FF3ADFF4959 HTTP 1.1" 200 1978 "http://www.buttercupgames.com/category.screen?categoryId=STRATEGY" "Mozilla/5.0 (Windows NT 6.1; WOW64) AppleWebKit/536.5 (KHTML, like Gecko) Chrome/19.0.1084.46 Safari/536.5" 983
201.3.120.132 - - [20/Mar/2022:17:03:46] "GET /cart.do?action=view&productId=WC-SH-T02&JSESSIONID=SD0SL4FF3ADFF4958 HTTP 1.1" 200 1560 "http://www.buttercupgames.com/category.screen?categoryId=TEE" "Mozilla/4.0 (compatible; MSIE 7.0; Windows NT 5.1; .NET CLR 2.0.50727; .NET CLR 3.0.4506.2152; .NET CLR 3.5.30729; InfoPath.1; .NET4.0C; .NET4.0E; MS-RTC LM 8)" 346
233.77.49.94 - - [20/Mar/2022:17:03:55] "GET /oldlink?&JSESSIONID=SD10SL8FF3ADFF4959 HTTP 1.1" 200 977 "http://www.buttercupgames.com/oldlink" "Mozilla/5.0 (Windows NT 6.1; WOW64) AppleWebKit/536.5 (KHTML, like Gecko) Chrome/19.0.1084.46 Safari/536.5" 614
211.166.11.101 - - [20/Mar/2022:17:05:46] "GET /cart.do?action=remove&productId=MB-AG-T01&JSESSIONID=SD10SL8FF3ADFF4954 HTTP 1.1" 200 2098 "http://www.buttercupgames.com" "Mozilla/5.0 (Windows NT 6.1; WOW64) AppleWebKit/536.5 (KHTML, like Gecko) Chrome/19.0.1084.52 Safari/536.5" 264
211.166.11.101 - - [20/Mar/2022:17:05:54] "GET /product.screen?productId=FS-SG-G03&JSESSIONID=SD10SL8FF3ADFF4954 HTTP 1.1" 200 1992 "http://www.buttercupgames.com/category.screen?categoryId=STRATEGY" "Mozilla/5.0 (Windows NT 6.1; WOW64) AppleWebKit/536.5 (KHTML, like Gecko) Chrome/19.0.1084.52 Safari/536.5" 312
211.166.11.101 - - [20/Mar/2022:17:05:55] "POST /cart.do?action=addtocart&productId=FS-SG-G03&JSESSIONID=SD10SL8FF3ADFF4954 HTTP 1.1" 200 1865 "http://www.buttercupgames.com/product.screen?productId=FS-SG-G03" "Mozilla/5.0 (Windows NT 6.1; WOW64) AppleWebKit/536.5 (KHTML, like Gecko) Chrome/19.0.1084.52 Safari/536.5" 307
211.166.11.101 - - [20/Mar/2022:17:05:59] "POST /success.do?action=purchase&categoryId=STRATEGY&productId=FS-SG-G03&JSESSIONID=SD10SL8FF3ADFF4954 HTTP 1.1" 200 492 "http://www.buttercupgames.com/cart.do?action=addtocart&categoryId=STRATEGY&productId=FS-SG-G03" "Mozilla/5.0 (Windows NT 6.1; WOW64) AppleWebKit/536.5 (KHTML, like Gecko) Chrome/19.0.1084.52 Safari/536.5" 464
211.166.11.101 - - [20/Mar/2022:17:05:59] "POST /cart/success.do?JSESSIONID=SD10SL8FF3ADFF4954&productId=WC-SH-A01 HTTP 1.1" 200 1709 "http://www.buttercupgames.com/cart.do?action=purchase&" "Mozilla/5.0 (Windows NT 6.1; WOW64) AppleWebKit/536.5 (KHTML, like Gecko) Chrome/19.0.1084.52 Safari/536.5" 449
211.166.11.101 - - [20/Mar/2022:17:06:04] "POST /product.screen?productId=DB-SG-G01&JSESSIONID=SD10SL8FF3ADFF4954 HTTP 1.1" 200 1719 "http://www.buttercupgames.com/product.screen?productId=DB-SG-G01" "Mozilla/5.0 (Windows NT 6.1; WOW64) AppleWebKit/536.5 (KHTML, like Gecko) Chrome/19.0.1084.52 Safari/536.5" 193
211.166.11.101 - - [20/Mar/2022:17:06:11] "GET /product.screen?productId=DC-SG-G02&JSESSIONID=SD10SL8FF3ADFF4954 HTTP 1.1" 200 1631 "http://www.buttercupgames.com/category.screen?categoryId=STRATEGY" "Mozilla/5.0 (Windows NT 6.1; WOW64) AppleWebKit/536.5 (KHTML, like Gecko) Chrome/19.0.1084.52 Safari/536.5" 671
211.166.11.101 - - [20/Mar/2022:17:06:27] "POST /cart.do?action=view&productId=MB-AG-G07&JSESSIONID=SD10SL8FF3ADFF4954 HTTP 1.1" 200 1960 "http://www.buttercupgames.com/category.screen?categoryId=ARCADE" "Mozilla/5.0 (Windows NT 6.1; WOW64) AppleWebKit/536.5 (KHTML, like Gecko) Chrome/19.0.1084.52 Safari/536.5" 408
60.18.93.11 - - [20/Mar/2022:17:06:33] "GET /product.screen?productId=SF-BVS-01&JSESSIONID=SD2SL2FF8ADFF4963 HTTP 1.1" 503 1255 "http://www.google.com" "Mozilla/5.0 (iPad; CPU OS 5_1_1 like Mac OS X) AppleWebKit/534.46 (KHTML, like Gecko) Version/5.1 Mobile/9B206 Safari/7534.48.3" 406
211.166.11.101 - - [20/Mar/2022:17:06:34] "GET /cart.do?action=addtocart&productId=WC-SH-T02&JSESSIONID=SD10SL8FF3ADFF4954 HTTP 1.1" 200 2733 "http://www.buttercupgames.com/product.screen?productId=WC-SH-T02" "Mozilla/5.0 (Windows NT 6.1; WOW64) AppleWebKit/536.5 (KHTML, like Gecko) Chrome/19.0.1084.52 Safari/536.5" 288
211.166.11.101 - - [20/Mar/2022:17:06:43] "GET /cart.do?action=view&productId=DB-SG-G01&JSESSIONID=SD10SL8FF3ADFF4954 HTTP 1.1" 200 739 "http://www.buttercupgames.com/category.screen?categoryId=STRATEGY" "Mozilla/5.0 (Windows NT 6.1; WOW64) AppleWebKit/536.5 (KHTML, like Gecko) Chrome/19.0.1084.52 Safari/536.5" 218
211.166.11.101 - - [20/Mar/2022:17:06:55] "GET /cart.do?action=addtocart&productId=WC-SH-A02&JSESSIONID=SD10SL8FF3ADFF4954 HTTP 1.1" 200 2598 "http://www.buttercupgames.com/product.screen?productId=WC-SH-A02" "Mozilla/5.0 (Windows NT 6.1; WOW64) AppleWebKit/536.5 (KHTML, like Gecko) Chrome/19.0.1084.52 Safari/536.5" 847
211.166.11.101 - - [20/Mar/2022:17:06:59] "GET /oldlink?&JSESSIONID=SD10SL8FF3ADFF4954 HTTP 1.1" 200 1791 "http://www.buttercupgames.com/category.screen?categoryId=STRATEGY" "Mozilla/5.0 (Windows NT 6.1; WOW64) AppleWebKit/536.5 (KHTML, like Gecko) Chrome/19.0.1084.52 Safari/536.5" 629
49.212.64.138 - - [20/Mar/2022:17:13:15] "GET /oldlink?&JSESSIONID=SD8SL2FF4ADFF4953 HTTP 1.1" 200 1302 "http://www.bing.com" "Mozilla/5.0 (compatible; YandexBot/3.0; +http://yandex.com/bots)" 440
49.212.64.138 - - [20/Mar/2022:17:13:24] "GET /product.screen?productId=WC-SH-G04&JSESSIONID=SD8SL2FF4ADFF4953 HTTP 1.1" 200 471 "http://www.buttercupgames.com/category.screen?categoryId=SHOOTER" "Mozilla/5.0 (compatible; YandexBot/3.0; +http://yandex.com/bots)" 299
49.212.64.138 - - [20/Mar/2022:17:13:26] "POST /cart.do?action=addtocart&productId=WC-SH-G04&JSESSIONID=SD8SL2FF4ADFF4953 HTTP 1.1" 200 632 "http://www.buttercupgames.com/product.screen?productId=WC-SH-G04" "Mozilla/5.0 (compatible; YandexBot/3.0; +http://yandex.com/bots)" 308
49.212.64.138 - - [20/Mar/2022:17:13:28] "POST /success.do?action=purchase&categoryId=SHOOTER&productId=WC-SH-G04&JSESSIONID=SD8SL2FF4ADFF4953 HTTP 1.1" 200 2450 "http://www.buttercupgames.com/cart.do?action=addtocart&categoryId=SHOOTER&productId=WC-SH-G04" "Mozilla/5.0 (compatible; MSIE 9.0; Windows NT 6.1; WOW64; Trident/5.0; BOIE9;ENUS)" 448
49.212.64.138 - - [20/Mar/2022:17:13:28] "POST /cart/error.do?msg=NothingInCart&JSESSIONID=SD8SL2FF4ADFF4953 HTTP 1.1" 200 620 "http://www.buttercupgames.com/cart.do?action=purchase&" "Mozilla/5.0 (compatible; MSIE 9.0; Windows NT 6.1; WOW64; Trident/5.0; BOIE9;ENUS)" 448
148.107.2.20 - - [20/Mar/2022:17:13:42] "GET /product.screen?productId=WC-SH-G04&JSESSIONID=SD9SL9FF6ADFF4964 HTTP 1.1" 200 3578 "http://www.google.com" "Mozilla/5.0 (Macintosh; Intel Mac OS X 10_7_4) AppleWebKit/536.5 (KHTML, like Gecko) Chrome/19.0.1084.46 Safari/536.5" 682
148.107.2.20 - - [20/Mar/2022:17:13:52] "GET /cart.do?action=view&productId=WC-SH-A02&JSESSIONID=SD9SL9FF6ADFF4964 HTTP 1.1" 200 1546 "http://www.buttercupgames.com/cart.do?action=view&productId=WC-SH-A02" "Mozilla/5.0 (Macintosh; Intel Mac OS X 10_7_4) AppleWebKit/536.5 (KHTML, like Gecko) Chrome/19.0.1084.46 Safari/536.5" 191
