88.12.32.208 - - [19/Mar/2022:14:38:05] "POST /product.screen?productId=FS-SG-G03&JSESSIONID=SD0SL9FF8ADFF4951 HTTP 1.1" 200 915 "http://www.buttercupgames.com/category.screen?categoryId=STRATEGY" "Mozilla/5.0 (compatible; MSIE 9.0; Windows NT 6.1; WOW64; Trident/5.0; BOIE9;ENUS)" 291
88.12.32.208 - - [19/Mar/2022:14:38:07] "POST /cart.do?action=addtocart&productId=FS-SG-G03&JSESSIONID=SD0SL9FF8ADFF4951 HTTP 1.1" 200 2147 "http://www.buttercupgames.com/product.screen?productId=FS-SG-G03" "Mozilla/5.0 (compatible; MSIE 9.0; Windows NT 6.1; WOW64; Trident/5.0; BOIE9;ENUS)" 837
88.12.32.208 - - [19/Mar/2022:14:38:08] "POST /success.do?action=purchase&categoryId=STRATEGY&productId=FS-SG-G03&JSESSIONID=SD0SL9FF8ADFF4951 HTTP 1.1" 200 2548 "http://www.buttercupgames.com/cart.do?action=addtocart&categoryId=STRATEGY&productId=FS-SG-G03" "Mozilla/5.0 (compatible; MSIE 9.0; Windows NT 6.1; WOW64; Trident/5.0; BOIE9;ENUS)" 927
88.12.32.208 - - [19/Mar/2022:14:38:08] "POST /cart/error.do?msg=FormError&JSESSIONID=SD0SL9FF8ADFF4951 HTTP 1.1" 200 625 "http://www.buttercupgames.com/cart.do?action=purchase&" "Mozilla/5.0 (compatible; MSIE 9.0; Windows NT 6.1; WOW64; Trident/5.0; BOIE9;ENUS)" 978
88.12.32.208 - - [19/Mar/2022:14:38:16] "GET /product.screen?productId=DB-SG-G01&JSESSIONID=SD0SL9FF8ADFF4951 HTTP 1.1" 200 948 "http://www.buttercupgames.com/oldlink" "Mozilla/5.0 (compatible; MSIE 9.0; Windows NT 6.1; WOW64; Trident/5.0; BOIE9;ENUS)" 298
88.12.32.208 - - [19/Mar/2022:14:38:25] "GET /oldlink?&JSESSIONID=SD0SL9FF8ADFF4951 HTTP 1.1" 200 3606 "http://www.buttercupgames.com/product.screen?productId=MB-AG-G07" "Mozilla/5.0 (compatible; MSIE 9.0; Windows NT 6.1; WOW64; Trident/5.0; BOIE9;ENUS)" 736
88.12.32.208 - - [19/Mar/2022:14:38:36] "GET /product.screen?productId=SC-MG-G10&JSESSIONID=SD0SL9FF8ADFF4951 HTTP 1.1" 200 1335 "http://www.buttercupgames.com/cart.do?action=remove&productId=SC-MG-G10" "Mozilla/5.0 (compatible; MSIE 9.0; Windows NT 6.1; WOW64; Trident/5.0; BOIE9;ENUS)" 658
46.251.224.66 - - [19/Mar/2022:14:38:37] "POST /rush/signals.zip?JSESSIONID=SD2SL8FF2ADFF4966 HTTP 1.1" 404 3670 "http://www.google.com" "Mozilla/4.0 (compatible; MSIE 7.0; Windows NT 5.2; .NET CLR 1.1.4322; InfoPath.1; MS-RTC LM 8)" 995
46.251.224.66 - - [19/Mar/2022:14:38:43] "GET /oldlink?&JSESSIONID=SD2SL8FF2ADFF4966 HTTP 1.1" 406 297 "http://www.buttercupgames.com/cart.do?action=view&" "Mozilla/4.0 (compatible; MSIE 7.0; Windows NT 5.2; .NET CLR 1.1.4322; InfoPath.1; MS-RTC LM 8)" 722
46.251.224.66 - - [19/Mar/2022:14:38:48] "GET /oldlink?&JSESSIONID=SD2SL8FF2ADFF4966 HTTP 1.1" 200 3525 "http://www.buttercupgames.com/product.screen?productId=SC-MG-G10" "Mozilla/4.0 (compatible; MSIE 7.0; Windows NT 5.2; .NET CLR 1.1.4322; InfoPath.1; MS-RTC LM 8)" 545
88.12.32.208 - - [19/Mar/2022:14:38:51] "POST /product.screen?productId=MB-AG-T01&JSESSIONID=SD0SL9FF8ADFF4951 HTTP 1.1" 200 3086 "http://www.buttercupgames.com/product.screen?productId=MB-AG-T01" "Mozilla/5.0 (compatible; MSIE 9.0; Windows NT 6.1; WOW64; Trident/5.0; BOIE9;ENUS)" 563
46.251.224.66 - - [19/Mar/2022:14:39:05] "GET /oldlink?&JSESSIONID=SD2SL8FF2ADFF4966 HTTP 1.1" 200 797 "http://www.buttercupgames.com/category.screen?categoryId=SHOOTER" "Mozilla/4.0 (compatible; MSIE 7.0; Windows NT 5.2; .NET CLR 1.1.4322; InfoPath.1; MS-RTC LM 8)" 928
88.12.32.208 - - [19/Mar/2022:14:39:12] "GET /oldlink?&JSESSIONID=SD0SL9FF8ADFF4951 HTTP 1.1" 200 1768 "http://www.buttercupgames.com/category.screen?categoryId=STRATEGY" "Mozilla/5.0 (compatible; MSIE 9.0; Windows NT 6.1; WOW64; Trident/5.0; BOIE9;ENUS)" 135
88.12.32.208 - - [19/Mar/2022:14:39:19] "GET /oldlink?&JSESSIONID=SD0SL9FF8ADFF4951 HTTP 1.1" 200 1645 "http://www.buttercupgames.com/oldlink" "Mozilla/5.0 (compatible; MSIE 9.0; Windows NT 6.1; WOW64; Trident/5.0; BOIE9;ENUS)" 980
46.251.224.66 - - [19/Mar/2022:14:39:23] "POST /product.screen?productId=MB-AG-T01&JSESSIONID=SD2SL8FF2ADFF4966 HTTP 1.1" 200 2546 "http://www.buttercupgames.com/category.screen?categoryId=TEE" "Mozilla/4.0 (compatible; MSIE 7.0; Windows NT 5.2; .NET CLR 1.1.4322; InfoPath.1; MS-RTC LM 8)" 373
46.251.224.66 - - [19/Mar/2022:14:39:28] "POST /cart.do?action=addtocart&productId=MB-AG-T01&JSESSIONID=SD2SL8FF2ADFF4966 HTTP 1.1" 200 736 "http://www.buttercupgames.com/product.screen?productId=MB-AG-T01" "Mozilla/4.0 (compatible; MSIE 7.0; Windows NT 5.2; .NET CLR 1.1.4322; InfoPath.1; MS-RTC LM 8)" 357
88.12.32.208 - - [19/Mar/2022:14:39:31] "POST /cart.do?action=view&productId=WC-SH-A01&JSESSIONID=SD0SL9FF8ADFF4951 HTTP 1.1" 200 2267 "http://www.buttercupgames.com/category.screen?categoryId=ACCESSORIES" "Mozilla/5.0 (compatible; MSIE 9.0; Windows NT 6.1; WOW64; Trident/5.0; BOIE9;ENUS)" 778
46.251.224.66 - - [19/Mar/2022:14:39:33] "POST /success.do?action=purchase&categoryId=TEE&productId=MB-AG-T01&JSESSIONID=SD2SL8FF2ADFF4966 HTTP 1.1" 200 1689 "http://www.buttercupgames.com/cart.do?action=addtocart&categoryId=TEE&productId=MB-AG-T01" "Mozilla/4.0 (compatible; MSIE 7.0; Windows NT 5.2; .NET CLR 1.1.4322; InfoPath.1; MS-RTC LM 8)" 605
46.251.224.66 - - [19/Mar/2022:14:39:33] "POST /cart/error.do?msg=NothingInCart&JSESSIONID=SD2SL8FF2ADFF4966 HTTP 1.1" 200 1401 "http://www.buttercupgames.com/cart.do?action=purchase&" "Mozilla/4.0 (compatible; MSIE 7.0; Windows NT 5.2; .NET CLR 1.1.4322; InfoPath.1; MS-RTC LM 8)" 735
88.12.32.208 - - [19/Mar/2022:14:39:49] "GET /oldlink?&JSESSIONID=SD0SL9FF8ADFF4951 HTTP 1.1" 200 542 "http://www.buttercupgames.com/product.screen?productId=WC-SH-T02" "Mozilla/5.0 (compatible; MSIE 9.0; Windows NT 6.1; WOW64; Trident/5.0; BOIE9;ENUS)" 526
46.251.224.66 - - [19/Mar/2022:14:39:53] "GET /cart.do?action=view&productId=WC-SH-T02&JSESSIONID=SD2SL8FF2ADFF4966 HTTP 1.1" 200 3944 "http://www.buttercupgames.com/oldlink" "Mozilla/4.0 (compatible; MSIE 7.0; Windows NT 5.2; .NET CLR 1.1.4322; InfoPath.1; MS-RTC LM 8)" 123
46.251.224.66 - - [19/Mar/2022:14:40:00] "GET /cart.do?action=addtocart&productId=WC-SH-A02&JSESSIONID=SD2SL8FF2ADFF4966 HTTP 1.1" 200 1851 "http://www.buttercupgames.com/oldlink" "Mozilla/4.0 (compatible; MSIE 7.0; Windows NT 5.2; .NET CLR 1.1.4322; InfoPath.1; MS-RTC LM 8)" 511
88.12.32.208 - - [19/Mar/2022:14:40:06] "GET /product.screen?productId=SF-BVS-01&JSESSIONID=SD0SL9FF8ADFF4951 HTTP 1.1" 403 358 "http://www.buttercupgames.com/cart.do?action=addtocart&" "Mozilla/5.0 (compatible; MSIE 9.0; Windows NT 6.1; WOW64; Trident/5.0; BOIE9;ENUS)" 899
88.12.32.208 - - [19/Mar/2022:14:40:17] "GET /product.screen?productId=WC-SH-A02&JSESSIONID=SD0SL9FF8ADFF4951 HTTP 1.1" 200 235 "http://www.buttercupgames.com/category.screen?categoryId=ACCESSORIES" "Mozilla/5.0 (compatible; MSIE 9.0; Windows NT 6.1; WOW64; Trident/5.0; BOIE9;ENUS)" 488
46.251.224.66 - - [19/Mar/2022:14:40:20] "GET /product.screen?productId=SC-MG-G10&JSESSIONID=SD2SL8FF2ADFF4966 HTTP 1.1" 200 3055 "http://www.buttercupgames.com/category.screen?categoryId=SIMULATION" "Mozilla/4.0 (compatible; MSIE 7.0; Windows NT 5.2; .NET CLR 1.1.4322; InfoPath.1; MS-RTC LM 8)" 413
46.251.224.66 - - [19/Mar/2022:14:40:26] "POST /cart.do?action=addtocart&productId=SC-MG-G10&JSESSIONID=SD2SL8FF2ADFF4966 HTTP 1.1" 200 1107 "http://www.buttercupgames.com/product.screen?productId=SC-MG-G10" "Mozilla/4.0 (compatible; MSIE 7.0; Windows NT 5.2; .NET CLR 1.1.4322; InfoPath.1; MS-RTC LM 8)" 739
46.251.224.66 - - [19/Mar/2022:14:40:29] "POST /success.do?action=purchase&categoryId=SIMULATION&productId=SC-MG-G10&JSESSIONID=SD2SL8FF2ADFF4966 HTTP 1.1" 200 3556 "http://www.buttercupgames.com/cart.do?action=addtocart&categoryId=SIMULATION&productId=SC-MG-G10" "Mozilla/4.0 (compatible; MSIE 7.0; Windows NT 5.2; .NET CLR 1.1.4322; InfoPath.1; MS-RTC LM 8)" 503
46.251.224.66 - - [19/Mar/2022:14:40:29] "POST /cart/success.do?JSESSIONID=SD2SL8FF2ADFF4966&productId=FS-SG-G03 HTTP 1.1" 200 3248 "http://www.buttercupgames.com/cart.do?action=purchase&" "Mozilla/4.0 (compatible; MSIE 7.0; Windows NT 5.2; .NET CLR 1.1.4322; InfoPath.1; MS-RTC LM 8)" 796
46.251.224.66 - - [19/Mar/2022:14:40:42] "GET /product.screen?productId=WC-SH-A02&JSESSIONID=SD2SL8FF2ADFF4966 HTTP 1.1" 200 649 "http://www.buttercupgames.com/category.screen?categoryId=ACCESSORIES" "Mozilla/4.0 (compatible; MSIE 7.0; Windows NT 5.2; .NET CLR 1.1.4322; InfoPath.1; MS-RTC LM 8)" 175
46.251.224.66 - - [19/Mar/2022:14:40:46] "GET /cart.do?action=view&productId=SC-MG-G10&JSESSIONID=SD2SL8FF2ADFF4966 HTTP 1.1" 200 2310 "http://www.buttercupgames.com/product.screen?productId=SC-MG-G10" "Mozilla/4.0 (compatible; MSIE 7.0; Windows NT 5.2; .NET CLR 1.1.4322; InfoPath.1; MS-RTC LM 8)" 979
46.251.224.66 - - [19/Mar/2022:14:40:57] "GET /oldlink?&JSESSIONID=SD2SL8FF2ADFF4966 HTTP 1.1" 200 3042 "http://www.buttercupgames.com/category.screen?categoryId=TEE" "Mozilla/4.0 (compatible; MSIE 7.0; Windows NT 5.2; .NET CLR 1.1.4322; InfoPath.1; MS-RTC LM 8)" 704
46.251.224.66 - - [19/Mar/2022:14:41:18] "GET /product.screen?productId=FI-AG-G08&JSESSIONID=SD2SL8FF2ADFF4966 HTTP 1.1" 200 3798 "http://www.buttercupgames.com/category.screen?categoryId=ARCADE" "Mozilla/4.0 (compatible; MSIE 7.0; Windows NT 5.2; .NET CLR 1.1.4322; InfoPath.1; MS-RTC LM 8)" 496
61.164.73.20 - - [19/Mar/2022:14:45:30] "GET /oldlink?&JSESSIONID=SD9SL1FF9ADFF4957 HTTP 1.1" 200 2147 "http://www.google.com" "Mozilla/5.0 (Windows NT 6.1; WOW64) AppleWebKit/536.5 (KHTML, like Gecko) Chrome/19.0.1084.52 Safari/536.5" 900
61.164.73.20 - - [19/Mar/2022:14:45:36] "GET /oldlink?&JSESSIONID=SD9SL1FF9ADFF4957 HTTP 1.1" 200 1578 "http://www.buttercupgames.com/category.screen?categoryId=ARCADE" "Mozilla/5.0 (Windows NT 6.1; WOW64) AppleWebKit/536.5 (KHTML, like Gecko) Chrome/19.0.1084.52 Safari/536.5" 558
61.164.73.20 - - [19/Mar/2022:14:45:45] "GET /oldlink?&JSESSIONID=SD9SL1FF9ADFF4957 HTTP 1.1" 200 892 "http://www.buttercupgames.com/category.screen?categoryId=ACCESSORIES" "Mozilla/5.0 (Windows NT 6.1; WOW64) AppleWebKit/536.5 (KHTML, like Gecko) Chrome/19.0.1084.52 Safari/536.5" 342
61.164.73.20 - - [19/Mar/2022:14:45:51] "GET /oldlink?&JSESSIONID=SD9SL1FF9ADFF4957 HTTP 1.1" 200 3561 "http://www.buttercupgames.com/product.screen?productId=FI-AG-G08" "Mozilla/5.0 (Windows NT 6.1; WOW64) AppleWebKit/536.5 (KHTML, like Gecko) Chrome/19.0.1084.52 Safari/536.5" 582
61.164.73.20 - - [19/Mar/2022:14:46:10] "GET /rush/signals.zip?JSESSIONID=SD9SL1FF9ADFF4957 HTTP 1.1" 404 1180 "http://www.buttercupgames.com/oldlink" "Mozilla/5.0 (Windows NT 6.1; WOW64) AppleWebKit/536.5 (KHTML, like Gecko) Chrome/19.0.1084.52 Safari/536.5" 747
61.164.73.20 - - [19/Mar/2022:14:46:18] "GET /category.screen?categoryId=SPORTS&JSESSIONID=SD9SL1FF9ADFF4957 HTTP 1.1" 200 1042 "http://www.buttercupgames.com/product.screen?productId=CU-PG-G06" "Mozilla/5.0 (Windows NT 6.1; WOW64) AppleWebKit/536.5 (KHTML, like Gecko) Chrome/19.0.1084.52 Safari/536.5" 578
61.164.73.20 - - [19/Mar/2022:14:46:29] "POST /product.screen?productId=WC-SH-A02&JSESSIONID=SD9SL1FF9ADFF4957 HTTP 1.1" 200 3002 "http://www.buttercupgames.com/category.screen?categoryId=ACCESSORIES" "Mozilla/5.0 (Windows NT 6.1; WOW64) AppleWebKit/536.5 (KHTML, like Gecko) Chrome/19.0.1084.52 Safari/536.5" 733
61.164.73.20 - - [19/Mar/2022:14:46:30] "POST /cart.do?action=addtocart&productId=WC-SH-A02&JSESSIONID=SD9SL1FF9ADFF4957 HTTP 1.1" 200 1134 "http://www.buttercupgames.com/product.screen?productId=WC-SH-A02" "Mozilla/5.0 (Windows NT 6.1; WOW64) AppleWebKit/536.5 (KHTML, like Gecko) Chrome/19.0.1084.52 Safari/536.5" 628
61.164.73.20 - - [19/Mar/2022:14:46:34] "POST /success.do?action=purchase&categoryId=ACCESSORIES&productId=WC-SH-A02&JSESSIONID=SD9SL1FF9ADFF4957 HTTP 1.1" 200 2639 "http://www.buttercupgames.com/cart.do?action=addtocart&categoryId=ACCESSORIES&productId=WC-SH-A02" "Mozilla/5.0 (Windows NT 6.1; WOW64) AppleWebKit/536.5 (KHTML, like Gecko) Chrome/19.0.1084.52 Safari/536.5" 461
61.164.73.20 - - [19/Mar/2022:14:46:34] "POST /cart/error.do?msg=FormError&JSESSIONID=SD9SL1FF9ADFF4957 HTTP 1.1" 200 939 "http://www.buttercupgames.com/cart.do?action=purchase&" "Mozilla/5.0 (Windows NT 6.1; WOW64) AppleWebKit/536.5 (KHTML, like Gecko) Chrome/19.0.1084.52 Safari/536.5" 407
61.164.73.20 - - [19/Mar/2022:14:46:42] "GET /cart.do?action=remove&productId=BS-AG-G09&JSESSIONID=SD9SL1FF9ADFF4957 HTTP 1.1" 200 2219 "http://www.buttercupgames.com/category.screen?categoryId=ARCADE" "Mozilla/5.0 (Windows NT 6.1; WOW64) AppleWebKit/536.5 (KHTML, like Gecko) Chrome/19.0.1084.52 Safari/536.5" 285
118.142.68.222 - - [19/Mar/2022:14:46:45] "POST /category.screen?categoryId=STRATEGY&JSESSIONID=SD4SL3FF8ADFF4965 HTTP 1.1" 200 384 "http://www.buttercupgames.com" "Mozilla/5.0 (Windows; U; Windows NT 5.1; en-US; rv:1.9.2.28) Gecko/20120306 YFF3 Firefox/3.6.28 ( .NET CLR 3.5.30729; .NET4.0C)" 692
61.164.73.20 - - [19/Mar/2022:14:46:56] "GET /cart.do?action=remove&productId=PZ-SG-G05&JSESSIONID=SD9SL1FF9ADFF4957 HTTP 1.1" 200 2469 "http://www.buttercupgames.com/oldlink" "Mozilla/5.0 (Windows NT 6.1; WOW64) AppleWebKit/536.5 (KHTML, like Gecko) Chrome/19.0.1084.52 Safari/536.5" 732
118.142.68.222 - - [19/Mar/2022:14:47:02] "GET /category.screen?categoryId=NULL&JSESSIONID=SD4SL3FF8ADFF4965 HTTP 1.1" 406 3124 "http://www.buttercupgames.com/category.screen?categoryId=NULL" "Mozilla/5.0 (Windows; U; Windows NT 5.1; en-US; rv:1.9.2.28) Gecko/20120306 YFF3 Firefox/3.6.28 ( .NET CLR 3.5.30729; .NET4.0C)" 978
118.142.68.222 - - [19/Mar/2022:14:47:10] "GET /product.screen?productId=WC-SH-A02&JSESSIONID=SD4SL3FF8ADFF4965 HTTP 1.1" 200 3074 "http://www.buttercupgames.com/cart.do?action=view&productId=WC-SH-A02" "Mozilla/5.0 (Windows; U; Windows NT 5.1; en-US; rv:1.9.2.28) Gecko/20120306 YFF3 Firefox/3.6.28 ( .NET CLR 3.5.30729; .NET4.0C)" 377
61.164.73.20 - - [19/Mar/2022:14:47:11] "GET /oldlink?&JSESSIONID=SD9SL1FF9ADFF4957 HTTP 1.1" 200 3511 "http://www.buttercupgames.com/product.screen?productId=DB-SG-G01" "Mozilla/5.0 (Windows NT 6.1; WOW64) AppleWebKit/536.5 (KHTML, like Gecko) Chrome/19.0.1084.52 Safari/536.5" 775
61.164.73.20 - - [19/Mar/2022:14:47:16] "GET /cart.do?action=view&productId=DB-SG-G01&JSESSIONID=SD9SL1FF9ADFF4957 HTTP 1.1" 200 3710 "http://www.buttercupgames.com/cart.do?action=view&productId=DB-SG-G01" "Mozilla/5.0 (Windows NT 6.1; WOW64) AppleWebKit/536.5 (KHTML, like Gecko) Chrome/19.0.1084.52 Safari/536.5" 656
61.164.73.20 - - [19/Mar/2022:14:47:25] "GET /product.screen?productId=SC-MG-G10&JSESSIONID=SD9SL1FF9ADFF4957 HTTP 1.1" 200 3430 "http://www.buttercupgames.com/cart.do?action=view&productId=SC-MG-G10" "Mozilla/5.0 (Windows NT 6.1; WOW64) AppleWebKit/536.5 (KHTML, like Gecko) Chrome/19.0.1084.52 Safari/536.5" 516
118.142.68.222 - - [19/Mar/2022:14:47:28] "GET /cart.do?action=changequantity&productId=DB-SG-G01&JSESSIONID=SD4SL3FF8ADFF4965 HTTP 1.1" 200 1844 "http://www.buttercupgames.com/oldlink" "Mozilla/5.0 (Windows; U; Windows NT 5.1; en-US; rv:1.9.2.28) Gecko/20120306 YFF3 Firefox/3.6.28 ( .NET CLR 3.5.30729; .NET4.0C)" 483
118.142.68.222 - - [19/Mar/2022:14:47:33] "GET /cart.do?action=view&productId=DC-SG-G02&JSESSIONID=SD4SL3FF8ADFF4965 HTTP 1.1" 200 1281 "http://www.buttercupgames.com/category.screen?categoryId=STRATEGY" "Mozilla/5.0 (Windows; U; Windows NT 5.1; en-US; rv:1.9.2.28) Gecko/20120306 YFF3 Firefox/3.6.28 ( .NET CLR 3.5.30729; .NET4.0C)" 581
91.205.189.27 - - [19/Mar/2022:14:49:55] "GET /oldlink?&JSESSIONID=SD3SL8FF6ADFF4951 HTTP 1.1" 200 715 "http://www.google.com" "Mozilla/5.0 (Macintosh; Intel Mac OS X 10_6_8) AppleWebKit/534.55.3 (KHTML, like Gecko) Version/5.1.5 Safari/534.55.3" 570
91.205.189.27 - - [19/Mar/2022:14:50:14] "GET /oldlink?&JSESSIONID=SD3SL8FF6ADFF4951 HTTP 1.1" 200 228 "http://www.buttercupgames.com/cart.do?action=addtocart&productId=PZ-SG-G05" "Mozilla/5.0 (Macintosh; Intel Mac OS X 10_6_8) AppleWebKit/534.55.3 (KHTML, like Gecko) Version/5.1.5 Safari/534.55.3" 813
91.205.189.27 - - [19/Mar/2022:14:50:32] "GET /product.screen?productId=FS-SG-G03&JSESSIONID=SD3SL8FF6ADFF4951 HTTP 1.1" 200 239 "http://www.buttercupgames.com/product.screen?productId=FS-SG-G03" "Mozilla/5.0 (Macintosh; Intel Mac OS X 10_6_8) AppleWebKit/534.55.3 (KHTML, like Gecko) Version/5.1.5 Safari/534.55.3" 607
91.205.189.27 - - [19/Mar/2022:14:50:41] "GET /category.screen?categoryId=ARCADE&JSESSIONID=SD3SL8FF6ADFF4951 HTTP 1.1" 200 1514 "http://www.buttercupgames.com/cart.do?action=addtocart&productId=FI-AG-G08" "Mozilla/5.0 (Macintosh; Intel Mac OS X 10_6_8) AppleWebKit/534.55.3 (KHTML, like Gecko) Version/5.1.5 Safari/534.55.3" 166
91.205.189.27 - - [19/Mar/2022:14:50:52] "GET /product.screen?productId=SF-BVS-01&JSESSIONID=SD3SL8FF6ADFF4951 HTTP 1.1" 406 461 "http://www.buttercupgames.com/product.screen?productId=SF-BVS-01" "Mozilla/5.0 (Macintosh; Intel Mac OS X 10_6_8) AppleWebKit/534.55.3 (KHTML, like Gecko) Version/5.1.5 Safari/534.55.3" 439
91.205.189.27 - - [19/Mar/2022:14:51:11] "GET /product.screen?productId=FS-SG-G03&JSESSIONID=SD3SL8FF6ADFF4951 HTTP 1.1" 200 2411 "http://www.buttercupgames.com/category.screen?categoryId=STRATEGY" "Mozilla/5.0 (Macintosh; Intel Mac OS X 10_6_8) AppleWebKit/534.55.3 (KHTML, like Gecko) Version/5.1.5 Safari/534.55.3" 814
91.205.189.27 - - [19/Mar/2022:14:51:14] "POST /cart.do?action=addtocart&productId=FS-SG-G03&JSESSIONID=SD3SL8FF6ADFF4951 HTTP 1.1" 200 1070 "http://www.buttercupgames.com/product.screen?productId=FS-SG-G03" "Mozilla/5.0 (Macintosh; Intel Mac OS X 10_6_8) AppleWebKit/534.55.3 (KHTML, like Gecko) Version/5.1.5 Safari/534.55.3" 980
91.205.189.27 - - [19/Mar/2022:14:51:18] "POST /success.do?action=purchase&categoryId=STRATEGY&productId=FS-SG-G03&JSESSIONID=SD3SL8FF6ADFF4951 HTTP 1.1" 200 3482 "http://www.buttercupgames.com/cart.do?action=addtocart&categoryId=STRATEGY&productId=FS-SG-G03" "Mozilla/5.0 (Macintosh; Intel Mac OS X 10_6_8) AppleWebKit/534.55.3 (KHTML, like Gecko) Version/5.1.5 Safari/534.55.3" 212
91.205.189.27 - - [19/Mar/2022:14:51:18] "POST /cart/success.do?JSESSIONID=SD3SL8FF6ADFF4951&productId=WC-SH-A01 HTTP 1.1" 200 526 "http://www.buttercupgames.com/cart.do?action=purchase&" "Mozilla/5.0 (Macintosh; Intel Mac OS X 10_6_8) AppleWebKit/534.55.3 (KHTML, like Gecko) Version/5.1.5 Safari/534.55.3" 267
91.205.189.27 - - [19/Mar/2022:14:51:32] "GET /oldlink?&JSESSIONID=SD3SL8FF6ADFF4951 HTTP 1.1" 200 3992 "http://www.buttercupgames.com/category.screen?categoryId=STRATEGY" "Mozilla/5.0 (Macintosh; Intel Mac OS X 10_6_8) AppleWebKit/534.55.3 (KHTML, like Gecko) Version/5.1.5 Safari/534.55.3" 955
208.65.153.253 - - [19/Mar/2022:14:54:30] "GET /oldlink?&JSESSIONID=SD2SL3FF9ADFF4966 HTTP 1.1" 403 2307 "http://www.google.com" "Mozilla/5.0 (Windows; U; Windows NT 5.1; en-US; rv:1.9.2.28) Gecko/20120306 YFF3 Firefox/3.6.28 ( .NET CLR 3.5.30729; .NET4.0C)" 121
121.9.245.177 - - [19/Mar/2022:14:54:50] "POST /oldlink?&JSESSIONID=SD9SL4FF2ADFF4964 HTTP 1.1" 200 3622 "http://www.google.com" "Mozilla/5.0 (Macintosh; U; Intel Mac OS X 10_6_3; en-US) AppleWebKit/533.4 (KHTML, like Gecko) Chrome/5.0.375.38 Safari/533.4" 288
121.9.245.177 - - [19/Mar/2022:14:54:56] "GET /product.screen?productId=DC-SG-G02&JSESSIONID=SD9SL4FF2ADFF4964 HTTP 1.1" 200 3533 "http://www.buttercupgames.com/category.screen?categoryId=STRATEGY" "Mozilla/5.0 (Macintosh; U; Intel Mac OS X 10_6_3; en-US) AppleWebKit/533.4 (KHTML, like Gecko) Chrome/5.0.375.38 Safari/533.4" 971
107.3.146.207 - - [19/Mar/2022:14:57:21] "GET /oldlink?&JSESSIONID=SD6SL3FF8ADFF4950 HTTP 1.1" 200 3021 "http://www.google.com" "Mozilla/5.0 (compatible; MSIE 9.0; Windows NT 6.1; WOW64; Trident/5.0; BOIE9;ENUS)" 467
107.3.146.207 - - [19/Mar/2022:14:57:26] "GET /category.screen?categoryId=NULL&JSESSIONID=SD6SL3FF8ADFF4950 HTTP 1.1" 400 2300 "http://www.buttercupgames.com/cart.do?action=addtocart&" "Mozilla/5.0 (compatible; MSIE 9.0; Windows NT 6.1; WOW64; Trident/5.0; BOIE9;ENUS)" 614
107.3.146.207 - - [19/Mar/2022:14:57:36] "POST /category.screen?categoryId=TEE&JSESSIONID=SD6SL3FF8ADFF4950 HTTP 1.1" 200 931 "http://www.buttercupgames.com/product.screen?productId=WC-SH-T02" "Mozilla/5.0 (compatible; MSIE 9.0; Windows NT 6.1; WOW64; Trident/5.0; BOIE9;ENUS)" 340
107.3.146.207 - - [19/Mar/2022:14:57:52] "GET /category.screen?categoryId=STRATEGY&JSESSIONID=SD6SL3FF8ADFF4950 HTTP 1.1" 200 2639 "http://www.buttercupgames.com/category.screen?categoryId=STRATEGY" "Mozilla/5.0 (compatible; MSIE 9.0; Windows NT 6.1; WOW64; Trident/5.0; BOIE9;ENUS)" 668
107.3.146.207 - - [19/Mar/2022:14:58:09] "GET /category.screen?categoryId=ARCADE&JSESSIONID=SD6SL3FF8ADFF4950 HTTP 1.1" 200 3148 "http://www.buttercupgames.com/oldlink" "Mozilla/5.0 (compatible; MSIE 9.0; Windows NT 6.1; WOW64; Trident/5.0; BOIE9;ENUS)" 318
67.133.102.54 - - [19/Mar/2022:14:58:26] "POST /cart.do?action=addtocart&productId=MB-AG-T01&JSESSIONID=SD10SL8FF7ADFF4956 HTTP 1.1" 200 2901 "http://www.google.com" "Mozilla/5.0 (Windows NT 6.1; WOW64) AppleWebKit/536.5 (KHTML, like Gecko) Chrome/19.0.1084.52 Safari/536.5" 378
107.3.146.207 - - [19/Mar/2022:14:58:28] "GET /category.screen?categoryId=ARCADE&JSESSIONID=SD6SL3FF8ADFF4950 HTTP 1.1" 200 2277 "http://www.buttercupgames.com/product.screen?productId=MB-AG-G07" "Mozilla/5.0 (compatible; MSIE 9.0; Windows NT 6.1; WOW64; Trident/5.0; BOIE9;ENUS)" 203
107.3.146.207 - - [19/Mar/2022:14:58:44] "GET /oldlink?&JSESSIONID=SD6SL3FF8ADFF4950 HTTP 1.1" 200 1516 "http://www.buttercupgames.com/cart.do?action=view&productId=SC-MG-G10" "Mozilla/5.0 (compatible; MSIE 9.0; Windows NT 6.1; WOW64; Trident/5.0; BOIE9;ENUS)" 561
67.133.102.54 - - [19/Mar/2022:14:58:45] "GET /product.screen?productId=BS-AG-G09&JSESSIONID=SD10SL8FF7ADFF4956 HTTP 1.1" 200 2326 "http://www.buttercupgames.com/oldlink" "Mozilla/5.0 (Windows NT 6.1; WOW64) AppleWebKit/536.5 (KHTML, like Gecko) Chrome/19.0.1084.52 Safari/536.5" 926
67.133.102.54 - - [19/Mar/2022:14:58:51] "GET /cart.do?action=remove&productId=MB-AG-G07&JSESSIONID=SD10SL8FF7ADFF4956 HTTP 1.1" 200 2312 "http://www.buttercupgames.com/cart.do?action=remove&productId=MB-AG-G07" "Mozilla/5.0 (Windows NT 6.1; WOW64) AppleWebKit/536.5 (KHTML, like Gecko) Chrome/19.0.1084.52 Safari/536.5" 181
24.185.15.226 - - [19/Mar/2022:15:01:35] "GET /product.screen?productId=WC-SH-A02&JSESSIONID=SD10SL3FF9ADFF4957 HTTP 1.1" 200 3313 "http://www.buttercupgames.com" "Mozilla/5.0 (Windows; U; Windows NT 5.1; en-GB; rv:1.8.1.6) Gecko/20070725 Firefox/2.0.0.6" 253
24.185.15.226 - - [19/Mar/2022:15:01:52] "GET /oldlink?&JSESSIONID=SD10SL3FF9ADFF4957 HTTP 1.1" 200 3203 "http://www.buttercupgames.com/cart.do?action=view&productId=PZ-SG-G05" "Mozilla/5.0 (Windows; U; Windows NT 5.1; en-GB; rv:1.8.1.6) Gecko/20070725 Firefox/2.0.0.6" 167
24.185.15.226 - - [19/Mar/2022:15:02:09] "GET /product.screen?productId=SC-MG-G10&JSESSIONID=SD10SL3FF9ADFF4957 HTTP 1.1" 200 3265 "http://www.buttercupgames.com/oldlink" "Mozilla/5.0 (Windows; U; Windows NT 5.1; en-GB; rv:1.8.1.6) Gecko/20070725 Firefox/2.0.0.6" 497
24.185.15.226 - - [19/Mar/2022:15:02:14] "GET /cart.do?action=addtocart&productId=SC-MG-G10&JSESSIONID=SD10SL3FF9ADFF4957 HTTP 1.1" 200 2652 "http://www.buttercupgames.com/category.screen?categoryId=SIMULATION" "Mozilla/5.0 (Windows; U; Windows NT 5.1; en-GB; rv:1.8.1.6) Gecko/20070725 Firefox/2.0.0.6" 197
24.185.15.226 - - [19/Mar/2022:15:02:21] "GET /category.screen?categoryId=SHOOTER&JSESSIONID=SD10SL3FF9ADFF4957 HTTP 1.1" 200 3146 "http://www.buttercupgames.com/cart.do?action=view&productId=WC-SH-G04" "Mozilla/5.0 (Windows; U; Windows NT 5.1; en-GB; rv:1.8.1.6) Gecko/20070725 Firefox/2.0.0.6" 152
24.185.15.226 - - [19/Mar/2022:15:02:36] "GET /oldlink?&JSESSIONID=SD10SL3FF9ADFF4957 HTTP 1.1" 200 1752 "http://www.buttercupgames.com/cart.do?action=remove&productId=PZ-SG-G05" "Mozilla/5.0 (Windows; U; Windows NT 5.1; en-GB; rv:1.8.1.6) Gecko/20070725 Firefox/2.0.0.6" 799
24.185.15.226 - - [19/Mar/2022:15:02:47] "GET /category.screen?categoryId=TEE&JSESSIONID=SD10SL3FF9ADFF4957 HTTP 1.1" 200 3331 "http://www.buttercupgames.com/category.screen?categoryId=TEE" "Mozilla/5.0 (Windows; U; Windows NT 5.1; en-GB; rv:1.8.1.6) Gecko/20070725 Firefox/2.0.0.6" 915
24.185.15.226 - - [19/Mar/2022:15:03:00] "GET /category.screen?categoryId=SPORTS&JSESSIONID=SD10SL3FF9ADFF4957 HTTP 1.1" 200 413 "http://www.buttercupgames.com/category.screen?categoryId=SPORTS" "Mozilla/5.0 (Windows; U; Windows NT 5.1; en-GB; rv:1.8.1.6) Gecko/20070725 Firefox/2.0.0.6" 849
24.185.15.226 - - [19/Mar/2022:15:03:11] "GET /cart.do?action=addtocart&productId=SC-MG-G10&JSESSIONID=SD10SL3FF9ADFF4957 HTTP 1.1" 200 3444 "http://www.buttercupgames.com/cart.do?action=addtocart&productId=SC-MG-G10" "Mozilla/5.0 (Windows; U; Windows NT 5.1; en-GB; rv:1.8.1.6) Gecko/20070725 Firefox/2.0.0.6" 669
24.185.15.226 - - [19/Mar/2022:15:03:14] "POST /product.screen?productId=WC-SH-A02&JSESSIONID=SD10SL3FF9ADFF4957 HTTP 1.1" 200 2866 "http://www.buttercupgames.com/category.screen?categoryId=ACCESSORIES" "Mozilla/5.0 (Windows; U; Windows NT 5.1; en-GB; rv:1.8.1.6) Gecko/20070725 Firefox/2.0.0.6" 741
24.185.15.226 - - [19/Mar/2022:15:03:17] "POST /cart.do?action=addtocart&productId=WC-SH-A02&JSESSIONID=SD10SL3FF9ADFF4957 HTTP 1.1" 200 2145 "http://www.buttercupgames.com/product.screen?productId=WC-SH-A02" "Mozilla/5.0 (Windows; U; Windows NT 5.1; en-GB; rv:1.8.1.6) Gecko/20070725 Firefox/2.0.0.6" 155
24.185.15.226 - - [19/Mar/2022:15:03:21] "POST /success.do?action=purchase&categoryId=ACCESSORIES&productId=WC-SH-A02&JSESSIONID=SD10SL3FF9ADFF4957 HTTP 1.1" 503 3290 "http://www.buttercupgames.com/cart.do?action=addtocart&categoryId=ACCESSORIES&productId=WC-SH-A02" "Mozilla/5.0 (Windows; U; Windows NT 5.1; en-GB; rv:1.8.1.6) Gecko/20070725 Firefox/2.0.0.6" 741
211.25.254.234 - - [19/Mar/2022:15:05:25] "POST /product.screen?productId=FI-AG-G08&JSESSIONID=SD8SL1FF5ADFF4954 HTTP 1.1" 200 650 "http://www.bing.com" "Mozilla/4.0 (compatible; MSIE 7.0; Windows NT 5.2; .NET CLR 1.1.4322; InfoPath.1; MS-RTC LM 8)" 525
211.25.254.234 - - [19/Mar/2022:15:05:34] "POST /oldlink?&JSESSIONID=SD8SL1FF5ADFF4954 HTTP 1.1" 505 2582 "http://www.buttercupgames.com/product.screen?productId=SF-BVS-01" "Mozilla/4.0 (compatible; MSIE 7.0; Windows NT 5.2; .NET CLR 1.1.4322; InfoPath.1; MS-RTC LM 8)" 186
89.11.192.18 - - [19/Mar/2022:15:08:11] "POST /product.screen?productId=MB-AG-T01&JSESSIONID=SD1SL10FF1ADFF4965 HTTP 1.1" 200 3757 "http://www.google.com" "Mozilla/5.0 (Windows; U; Windows NT 5.1; en-US; rv:1.9.2.28) Gecko/20120306 YFF3 Firefox/3.6.28 ( .NET CLR 3.5.30729; .NET4.0C)" 588
89.11.192.18 - - [19/Mar/2022:15:08:15] "GET /oldlink?&JSESSIONID=SD1SL10FF1ADFF4965 HTTP 1.1" 200 1532 "http://www.buttercupgames.com/category.screen?categoryId=TEE" "Mozilla/5.0 (Windows; U; Windows NT 5.1; en-US; rv:1.9.2.28) Gecko/20120306 YFF3 Firefox/3.6.28 ( .NET CLR 3.5.30729; .NET4.0C)" 230
89.11.192.18 - - [19/Mar/2022:15:08:22] "GET /oldlink?&JSESSIONID=SD1SL10FF1ADFF4965 HTTP 1.1" 200 2040 "http://www.buttercupgames.com/cart.do?action=addtocart&productId=DB-SG-G01" "Mozilla/5.0 (Windows; U; Windows NT 5.1; en-US; rv:1.9.2.28) Gecko/20120306 YFF3 Firefox/3.6.28 ( .NET CLR 3.5.30729; .NET4.0C)" 716
89.11.192.18 - - [19/Mar/2022:15:08:31] "GET /cart.do?action=view&productId=FS-SG-G03&JSESSIONID=SD1SL10FF1ADFF4965 HTTP 1.1" 200 676 "http://www.buttercupgames.com/oldlink" "Mozilla/5.0 (Windows; U; Windows NT 5.1; en-US; rv:1.9.2.28) Gecko/20120306 YFF3 Firefox/3.6.28 ( .NET CLR 3.5.30729; .NET4.0C)" 527
89.11.192.18 - - [19/Mar/2022:15:08:43] "GET /cart.do?action=purchase&JSESSIONID=SD1SL10FF1ADFF4965 HTTP 1.1" 400 2775 "http://www.buttercupgames.com/category.screen?categoryId=NULL" "Mozilla/5.0 (Windows; U; Windows NT 5.1; en-US; rv:1.9.2.28) Gecko/20120306 YFF3 Firefox/3.6.28 ( .NET CLR 3.5.30729; .NET4.0C)" 617
89.11.192.18 - - [19/Mar/2022:15:08:54] "GET /oldlink?&JSESSIONID=SD1SL10FF1ADFF4965 HTTP 1.1" 200 1632 "http://www.buttercupgames.com/cart.do?action=view&productId=CU-PG-G06" "Mozilla/5.0 (Windows; U; Windows NT 5.1; en-US; rv:1.9.2.28) Gecko/20120306 YFF3 Firefox/3.6.28 ( .NET CLR 3.5.30729; .NET4.0C)" 247
89.11.192.18 - - [19/Mar/2022:15:09:10] "GET /category.screen?categoryId=STRATEGY&JSESSIONID=SD1SL10FF1ADFF4965 HTTP 1.1" 200 2624 "http://www.buttercupgames.com/oldlink" "Mozilla/5.0 (Windows; U; Windows NT 5.1; en-US; rv:1.9.2.28) Gecko/20120306 YFF3 Firefox/3.6.28 ( .NET CLR 3.5.30729; .NET4.0C)" 357
188.143.232.202 - - [19/Mar/2022:15:10:17] "GET /category.screen?categoryId=ARCADE&JSESSIONID=SD3SL8FF7ADFF4957 HTTP 1.1" 200 1276 "http://www.buttercupgames.com" "Mozilla/5.0 (compatible; NetcraftSurveyAgent/1.0/cc-prepass-https; +info@netcraft.com)" 185
188.143.232.202 - - [19/Mar/2022:15:10:21] "GET /product.screen?productId=BS-AG-G09&JSESSIONID=SD3SL8FF7ADFF4957 HTTP 1.1" 200 1481 "http://www.buttercupgames.com/oldlink" "Mozilla/5.0 (compatible; NetcraftSurveyAgent/1.0/cc-prepass-https; +info@netcraft.com)" 250
188.143.232.202 - - [19/Mar/2022:15:10:26] "GET /category.screen?categoryId=NULL&JSESSIONID=SD3SL8FF7ADFF4957 HTTP 1.1" 408 3442 "http://www.buttercupgames.com/cart.do?action=view&" "Mozilla/5.0 (compatible; NetcraftSurveyAgent/1.0/cc-prepass-https; +info@netcraft.com)" 379
188.143.232.202 - - [19/Mar/2022:15:10:38] "GET /oldlink?&JSESSIONID=SD3SL8FF7ADFF4957 HTTP 1.1" 200 3973 "http://www.buttercupgames.com/cart.do?action=remove&productId=PZ-SG-G05" "Mozilla/5.0 (compatible; NetcraftSurveyAgent/1.0/cc-prepass-https; +info@netcraft.com)" 606
188.143.232.202 - - [19/Mar/2022:15:10:46] "GET /category.screen?categoryId=ARCADE&JSESSIONID=SD3SL8FF7ADFF4957 HTTP 1.1" 200 2529 "http://www.buttercupgames.com/category.screen?categoryId=ARCADE" "Mozilla/5.0 (compatible; NetcraftSurveyAgent/1.0/cc-prepass-https; +info@netcraft.com)" 704
188.143.232.202 - - [19/Mar/2022:15:10:53] "GET /oldlink?&JSESSIONID=SD3SL8FF7ADFF4957 HTTP 1.1" 200 1129 "http://www.buttercupgames.com/oldlink" "Mozilla/5.0 (compatible; NetcraftSurveyAgent/1.0/cc-prepass-https; +info@netcraft.com)" 663
67.170.226.218 - - [19/Mar/2022:15:12:00] "GET /product.screen?productId=MB-AG-T01&JSESSIONID=SD10SL10FF7ADFF4966 HTTP 1.1" 200 843 "http://www.google.com" "Mozilla/5.0 (Macintosh; Intel Mac OS X 10_6_8) AppleWebKit/534.55.3 (KHTML, like Gecko) Version/5.1.5 Safari/534.55.3" 635
67.170.226.218 - - [19/Mar/2022:15:12:06] "GET /cart.do?action=changequantity&productId=CU-PG-G06&JSESSIONID=SD10SL10FF7ADFF4966 HTTP 1.1" 200 485 "http://www.buttercupgames.com/product.screen?productId=CU-PG-G06" "Mozilla/5.0 (Macintosh; Intel Mac OS X 10_6_8) AppleWebKit/534.55.3 (KHTML, like Gecko) Version/5.1.5 Safari/534.55.3" 987
67.170.226.218 - - [19/Mar/2022:15:12:23] "GET /cart.do?action=addtocart&productId=WC-SH-G04&JSESSIONID=SD10SL10FF7ADFF4966 HTTP 1.1" 200 1209 "http://www.buttercupgames.com/category.screen?categoryId=SHOOTER" "Mozilla/5.0 (Macintosh; Intel Mac OS X 10_6_8) AppleWebKit/534.55.3 (KHTML, like Gecko) Version/5.1.5 Safari/534.55.3" 177
67.170.226.218 - - [19/Mar/2022:15:12:39] "POST /product.screen?productId=DC-SG-G02&JSESSIONID=SD10SL10FF7ADFF4966 HTTP 1.1" 200 3592 "http://www.buttercupgames.com/category.screen?categoryId=STRATEGY" "Mozilla/5.0 (Macintosh; Intel Mac OS X 10_6_8) AppleWebKit/534.55.3 (KHTML, like Gecko) Version/5.1.5 Safari/534.55.3" 269
67.170.226.218 - - [19/Mar/2022:15:12:40] "POST /cart.do?action=addtocart&productId=DC-SG-G02&JSESSIONID=SD10SL10FF7ADFF4966 HTTP 1.1" 200 1251 "http://www.buttercupgames.com/product.screen?productId=DC-SG-G02" "Mozilla/5.0 (Macintosh; Intel Mac OS X 10_6_8) AppleWebKit/534.55.3 (KHTML, like Gecko) Version/5.1.5 Safari/534.55.3" 963
67.170.226.218 - - [19/Mar/2022:15:12:45] "POST /success.do?action=purchase&categoryId=STRATEGY&productId=DC-SG-G02&JSESSIONID=SD10SL10FF7ADFF4966 HTTP 1.1" 200 3704 "http://www.buttercupgames.com/cart.do?action=addtocart&categoryId=STRATEGY&productId=DC-SG-G02" "Mozilla/5.0 (Macintosh; Intel Mac OS X 10_6_8) AppleWebKit/534.55.3 (KHTML, like Gecko) Version/5.1.5 Safari/534.55.3" 959
67.170.226.218 - - [19/Mar/2022:15:12:45] "POST /cart/success.do?JSESSIONID=SD10SL10FF7ADFF4966&productId=MB-AG-T01 HTTP 1.1" 200 2243 "http://www.buttercupgames.com/cart.do?action=purchase&" "Mozilla/5.0 (Macintosh; Intel Mac OS X 10_6_8) AppleWebKit/534.55.3 (KHTML, like Gecko) Version/5.1.5 Safari/534.55.3" 733
188.138.40.166 - - [19/Mar/2022:15:13:00] "GET /oldlink?&JSESSIONID=SD9SL7FF2ADFF4956 HTTP 1.1" 200 2926 "http://www.google.com" "Mozilla/5.0 (Windows; U; Windows NT 5.1; en-US; rv:1.9.2.28) Gecko/20120306 YFF3 Firefox/3.6.28 ( .NET CLR 3.5.30729; .NET4.0C)" 507
67.170.226.218 - - [19/Mar/2022:15:13:00] "POST /product.screen?productId=BS-AG-G09&JSESSIONID=SD10SL10FF7ADFF4966 HTTP 1.1" 200 665 "http://www.buttercupgames.com/product.screen?productId=BS-AG-G09" "Mozilla/5.0 (Macintosh; Intel Mac OS X 10_6_8) AppleWebKit/534.55.3 (KHTML, like Gecko) Version/5.1.5 Safari/534.55.3" 755
67.170.226.218 - - [19/Mar/2022:15:13:12] "GET /oldlink?&JSESSIONID=SD10SL10FF7ADFF4966 HTTP 1.1" 200 3336 "http://www.buttercupgames.com/oldlink" "Mozilla/5.0 (Macintosh; Intel Mac OS X 10_6_8) AppleWebKit/534.55.3 (KHTML, like Gecko) Version/5.1.5 Safari/534.55.3" 258
188.138.40.166 - - [19/Mar/2022:15:13:16] "GET /category.screen?categoryId=STRATEGY&JSESSIONID=SD9SL7FF2ADFF4956 HTTP 1.1" 200 3366 "http://www.buttercupgames.com/product.screen?productId=PZ-SG-G05" "Mozilla/5.0 (Windows; U; Windows NT 5.1; en-US; rv:1.9.2.28) Gecko/20120306 YFF3 Firefox/3.6.28 ( .NET CLR 3.5.30729; .NET4.0C)" 661
209.160.24.63 - - [19/Mar/2022:15:14:59] "GET /cart.do?action=view&productId=MB-AG-G07&JSESSIONID=SD2SL6FF2ADFF4951 HTTP 1.1" 200 586 "http://www.google.com" "Mozilla/4.0 (compatible; MSIE 7.0; Windows NT 5.1; Trident/4.0; .NET CLR 2.0.50727; MS-RTC LM 8; InfoPath.2)" 527
209.160.24.63 - - [19/Mar/2022:15:15:02] "GET /product.screen?productId=MB-AG-G07&JSESSIONID=SD2SL6FF2ADFF4951 HTTP 1.1" 200 590 "http://www.buttercupgames.com/category.screen?categoryId=ARCADE" "Mozilla/4.0 (compatible; MSIE 7.0; Windows NT 5.1; Trident/4.0; .NET CLR 2.0.50727; MS-RTC LM 8; InfoPath.2)" 133
209.160.24.63 - - [19/Mar/2022:15:15:06] "POST /cart.do?action=addtocart&productId=MB-AG-G07&JSESSIONID=SD2SL6FF2ADFF4951 HTTP 1.1" 200 3472 "http://www.buttercupgames.com/product.screen?productId=MB-AG-G07" "Mozilla/4.0 (compatible; MSIE 7.0; Windows NT 5.1; Trident/4.0; .NET CLR 2.0.50727; MS-RTC LM 8; InfoPath.2)" 442
209.160.24.63 - - [19/Mar/2022:15:15:07] "POST /success.do?action=purchase&categoryId=ARCADE&productId=MB-AG-G07&JSESSIONID=SD2SL6FF2ADFF4951 HTTP 1.1" 200 2740 "http://www.buttercupgames.com/cart.do?action=addtocart&categoryId=ARCADE&productId=MB-AG-G07" "Mozilla/4.0 (compatible; MSIE 7.0; Windows NT 5.1; Trident/4.0; .NET CLR 2.0.50727; MS-RTC LM 8; InfoPath.2)" 618
209.160.24.63 - - [19/Mar/2022:15:15:07] "POST /cart/success.do?JSESSIONID=SD2SL6FF2ADFF4951&productId=CU-PG-G06 HTTP 1.1" 200 2650 "http://www.buttercupgames.com/cart.do?action=purchase&" "Mozilla/4.0 (compatible; MSIE 7.0; Windows NT 5.1; Trident/4.0; .NET CLR 2.0.50727; MS-RTC LM 8; InfoPath.2)" 561
209.160.24.63 - - [19/Mar/2022:15:15:16] "GET /category.screen?categoryId=ARCADE&JSESSIONID=SD2SL6FF2ADFF4951 HTTP 1.1" 200 1510 "http://www.buttercupgames.com/category.screen?categoryId=ARCADE" "Mozilla/4.0 (compatible; MSIE 7.0; Windows NT 5.1; Trident/4.0; .NET CLR 2.0.50727; MS-RTC LM 8; InfoPath.2)" 822
209.160.24.63 - - [19/Mar/2022:15:15:28] "GET /category.screen?categoryId=ACCESSORIES&JSESSIONID=SD2SL6FF2ADFF4951 HTTP 1.1" 200 3835 "http://www.buttercupgames.com/cart.do?action=view&productId=WC-SH-A02" "Mozilla/4.0 (compatible; MSIE 7.0; Windows NT 5.1; Trident/4.0; .NET CLR 2.0.50727; MS-RTC LM 8; InfoPath.2)" 165
209.160.24.63 - - [19/Mar/2022:15:15:38] "POST /cart.do?action=changequantity&productId=DC-SG-G02&JSESSIONID=SD2SL6FF2ADFF4951 HTTP 1.1" 200 1868 "http://www.buttercupgames.com/oldlink" "Mozilla/4.0 (compatible; MSIE 7.0; Windows NT 5.1; Trident/4.0; .NET CLR 2.0.50727; MS-RTC LM 8; InfoPath.2)" 107
209.160.24.63 - - [19/Mar/2022:15:15:54] "GET /category.screen?categoryId=SHOOTER&JSESSIONID=SD2SL6FF2ADFF4951 HTTP 1.1" 200 456 "http://www.buttercupgames.com/product.screen?productId=WC-SH-G04" "Mozilla/4.0 (compatible; MSIE 7.0; Windows NT 5.1; Trident/4.0; .NET CLR 2.0.50727; MS-RTC LM 8; InfoPath.2)" 348
209.160.24.63 - - [19/Mar/2022:15:16:02] "POST /productscreen.html?t=ou812&JSESSIONID=SD2SL6FF2ADFF4951 HTTP 1.1" 404 1327 "http://www.buttercupgames.com/product.screen?productId=SF-BVS-01" "Mozilla/4.0 (compatible; MSIE 7.0; Windows NT 5.1; Trident/4.0; .NET CLR 2.0.50727; MS-RTC LM 8; InfoPath.2)" 861
209.160.24.63 - - [19/Mar/2022:15:16:14] "GET /category.screen?categoryId=STRATEGY&JSESSIONID=SD2SL6FF2ADFF4951 HTTP 1.1" 200 585 "http://www.buttercupgames.com/product.screen?productId=FS-SG-G03" "Mozilla/4.0 (compatible; MSIE 7.0; Windows NT 5.1; Trident/4.0; .NET CLR 2.0.50727; MS-RTC LM 8; InfoPath.2)" 721
209.160.24.63 - - [19/Mar/2022:15:16:32] "GET /oldlink?&JSESSIONID=SD2SL6FF2ADFF4951 HTTP 1.1" 200 316 "http://www.buttercupgames.com/oldlink" "Mozilla/4.0 (compatible; MSIE 7.0; Windows NT 5.1; Trident/4.0; .NET CLR 2.0.50727; MS-RTC LM 8; InfoPath.2)" 576
209.160.24.63 - - [19/Mar/2022:15:16:43] "GET /product.screen?productId=DB-SG-G01&JSESSIONID=SD2SL6FF2ADFF4951 HTTP 1.1" 200 2987 "http://www.buttercupgames.com/product.screen?productId=DB-SG-G01" "Mozilla/4.0 (compatible; MSIE 7.0; Windows NT 5.1; Trident/4.0; .NET CLR 2.0.50727; MS-RTC LM 8; InfoPath.2)" 685
209.160.24.63 - - [19/Mar/2022:15:16:53] "GET /oldlink?&JSESSIONID=SD2SL6FF2ADFF4951 HTTP 1.1" 400 1998 "http://www.buttercupgames.com/oldlink" "Mozilla/4.0 (compatible; MSIE 7.0; Windows NT 5.1; Trident/4.0; .NET CLR 2.0.50727; MS-RTC LM 8; InfoPath.2)" 195
117.21.246.164 - - [19/Mar/2022:15:18:57] "GET /cart.do?action=addtocart&productId=MB-AG-G07&JSESSIONID=SD0SL7FF10ADFF4961 HTTP 1.1" 200 3735 "http://www.google.com" "Mozilla/5.0 (Windows; U; Windows NT 5.1; en-US; rv:1.9.2.28) Gecko/20120306 YFF3 Firefox/3.6.28 ( .NET CLR 3.5.30729; .NET4.0C)" 855
117.21.246.164 - - [19/Mar/2022:15:19:14] "GET /cart.do?action=view&JSESSIONID=SD0SL7FF10ADFF4961 HTTP 1.1" 500 2856 "http://www.buttercupgames.com/oldlink" "Mozilla/5.0 (Windows; U; Windows NT 5.1; en-US; rv:1.9.2.28) Gecko/20120306 YFF3 Firefox/3.6.28 ( .NET CLR 3.5.30729; .NET4.0C)" 243
117.21.246.164 - - [19/Mar/2022:15:19:24] "GET /oldlink?&JSESSIONID=SD0SL7FF10ADFF4961 HTTP 1.1" 200 2060 "http://www.buttercupgames.com/category.screen?categoryId=STRATEGY" "Mozilla/5.0 (Windows; U; Windows NT 5.1; en-US; rv:1.9.2.28) Gecko/20120306 YFF3 Firefox/3.6.28 ( .NET CLR 3.5.30729; .NET4.0C)" 650
117.21.246.164 - - [19/Mar/2022:15:19:39] "GET /product.screen?productId=BS-AG-G09&JSESSIONID=SD0SL7FF10ADFF4961 HTTP 1.1" 200 1645 "http://www.buttercupgames.com/category.screen?categoryId=ARCADE" "Mozilla/5.0 (Windows; U; Windows NT 5.1; en-US; rv:1.9.2.28) Gecko/20120306 YFF3 Firefox/3.6.28 ( .NET CLR 3.5.30729; .NET4.0C)" 562
117.21.246.164 - - [19/Mar/2022:15:19:43] "POST /cart.do?action=addtocart&productId=BS-AG-G09&JSESSIONID=SD0SL7FF10ADFF4961 HTTP 1.1" 200 3967 "http://www.buttercupgames.com/product.screen?productId=BS-AG-G09" "Mozilla/5.0 (Windows; U; Windows NT 5.1; en-US; rv:1.9.2.28) Gecko/20120306 YFF3 Firefox/3.6.28 ( .NET CLR 3.5.30729; .NET4.0C)" 816
117.21.246.164 - - [19/Mar/2022:15:19:44] "POST /success.do?action=purchase&categoryId=ARCADE&productId=BS-AG-G09&JSESSIONID=SD0SL7FF10ADFF4961 HTTP 1.1" 503 3600 "http://www.buttercupgames.com/cart.do?action=addtocart&categoryId=ARCADE&productId=BS-AG-G09" "Mozilla/5.0 (Windows; U; Windows NT 5.1; en-US; rv:1.9.2.28) Gecko/20120306 YFF3 Firefox/3.6.28 ( .NET CLR 3.5.30729; .NET4.0C)" 663
195.69.252.22 - - [19/Mar/2022:15:20:13] "POST /cart.do?action=view&productId=WC-SH-T02&JSESSIONID=SD10SL5FF8ADFF4956 HTTP 1.1" 200 2027 "http://www.bing.com" "Mozilla/5.0 (compatible; MSIE 9.0; Windows NT 6.1; WOW64; Trident/5.0; BOIE9;ENUS)" 365
195.69.252.22 - - [19/Mar/2022:15:20:29] "GET /product.screen?productId=SF-BVS-01&JSESSIONID=SD10SL5FF8ADFF4956 HTTP 1.1" 503 320 "http://www.buttercupgames.com/cart.do?action=addtocart&" "Mozilla/5.0 (compatible; MSIE 9.0; Windows NT 6.1; WOW64; Trident/5.0; BOIE9;ENUS)" 299
64.120.15.156 - - [19/Mar/2022:15:24:00] "POST /category.screen?categoryId=SIMULATION&JSESSIONID=SD1SL7FF5ADFF4956 HTTP 1.1" 200 2107 "http://www.buttercupgames.com" "Mozilla/5.0 (Windows NT 6.1; WOW64) AppleWebKit/536.5 (KHTML, like Gecko) Chrome/19.0.1084.46 Safari/536.5" 921
64.120.15.156 - - [19/Mar/2022:15:24:06] "GET /category.screen?categoryId=NULL&JSESSIONID=SD1SL7FF5ADFF4956 HTTP 1.1" 500 1597 "http://www.buttercupgames.com/category.screen?categoryId=NULL" "Mozilla/5.0 (Windows NT 6.1; WOW64) AppleWebKit/536.5 (KHTML, like Gecko) Chrome/19.0.1084.46 Safari/536.5" 424
64.120.15.156 - - [19/Mar/2022:15:24:16] "GET /product.screen?productId=FS-SG-G03&JSESSIONID=SD1SL7FF5ADFF4956 HTTP 1.1" 200 2756 "http://www.buttercupgames.com/category.screen?categoryId=STRATEGY" "Mozilla/5.0 (Windows NT 6.1; WOW64) AppleWebKit/536.5 (KHTML, like Gecko) Chrome/19.0.1084.46 Safari/536.5" 326
64.120.15.156 - - [19/Mar/2022:15:24:21] "POST /cart.do?action=addtocart&productId=FS-SG-G03&JSESSIONID=SD1SL7FF5ADFF4956 HTTP 1.1" 200 348 "http://www.buttercupgames.com/product.screen?productId=FS-SG-G03" "Mozilla/5.0 (Windows NT 6.1; WOW64) AppleWebKit/536.5 (KHTML, like Gecko) Chrome/19.0.1084.46 Safari/536.5" 154
64.120.15.156 - - [19/Mar/2022:15:24:24] "POST /success.do?action=purchase&categoryId=STRATEGY&productId=FS-SG-G03&JSESSIONID=SD1SL7FF5ADFF4956 HTTP 1.1" 200 2023 "http://www.buttercupgames.com/cart.do?action=addtocart&categoryId=STRATEGY&productId=FS-SG-G03" "Mozilla/5.0 (Windows NT 6.1; WOW64) AppleWebKit/536.5 (KHTML, like Gecko) Chrome/19.0.1084.46 Safari/536.5" 413
64.120.15.156 - - [19/Mar/2022:15:24:24] "POST /cart/success.do?JSESSIONID=SD1SL7FF5ADFF4956&productId=WC-SH-G04 HTTP 1.1" 200 205 "http://www.buttercupgames.com/cart.do?action=purchase&" "Mozilla/5.0 (Windows NT 6.1; WOW64) AppleWebKit/536.5 (KHTML, like Gecko) Chrome/19.0.1084.46 Safari/536.5" 553
64.120.15.156 - - [19/Mar/2022:15:24:29] "POST /category.screen?categoryId=TEE&JSESSIONID=SD1SL7FF5ADFF4956 HTTP 1.1" 200 863 "http://www.buttercupgames.com/category.screen?categoryId=TEE" "Mozilla/5.0 (Windows NT 6.1; WOW64) AppleWebKit/536.5 (KHTML, like Gecko) Chrome/19.0.1084.46 Safari/536.5" 393
64.120.15.156 - - [19/Mar/2022:15:24:42] "GET /product.screen?productId=SF-BVS-01&JSESSIONID=SD1SL7FF5ADFF4956 HTTP 1.1" 408 824 "http://www.buttercupgames.com/cart.do?action=addtocart&" "Mozilla/5.0 (Windows NT 6.1; WOW64) AppleWebKit/536.5 (KHTML, like Gecko) Chrome/19.0.1084.46 Safari/536.5" 310
64.120.15.156 - - [19/Mar/2022:15:24:52] "POST /category.screen?categoryId=ACCESSORIES&JSESSIONID=SD1SL7FF5ADFF4956 HTTP 1.1" 200 2543 "http://www.buttercupgames.com/cart.do?action=view&productId=WC-SH-A01" "Mozilla/5.0 (Windows NT 6.1; WOW64) AppleWebKit/536.5 (KHTML, like Gecko) Chrome/19.0.1084.46 Safari/536.5" 578
64.120.15.156 - - [19/Mar/2022:15:25:00] "POST show.do?productId=SF-BVS-01&JSESSIONID=SD1SL7FF5ADFF4956 HTTP 1.1" 404 2326 "http://www.buttercupgames.com/category.screen?categoryId=NULL" "Mozilla/5.0 (Windows NT 6.1; WOW64) AppleWebKit/536.5 (KHTML, like Gecko) Chrome/19.0.1084.46 Safari/536.5" 907
64.120.15.156 - - [19/Mar/2022:15:25:11] "POST /category.screen?categoryId=SHOOTER&JSESSIONID=SD1SL7FF5ADFF4956 HTTP 1.1" 200 2232 "http://www.buttercupgames.com/category.screen?categoryId=SHOOTER" "Mozilla/5.0 (Windows NT 6.1; WOW64) AppleWebKit/536.5 (KHTML, like Gecko) Chrome/19.0.1084.46 Safari/536.5" 707
64.120.15.156 - - [19/Mar/2022:15:25:16] "GET /product.screen?productId=DB-SG-G01&JSESSIONID=SD1SL7FF5ADFF4956 HTTP 1.1" 200 954 "http://www.buttercupgames.com/category.screen?categoryId=STRATEGY" "Mozilla/5.0 (Windows NT 6.1; WOW64) AppleWebKit/536.5 (KHTML, like Gecko) Chrome/19.0.1084.46 Safari/536.5" 348
64.120.15.156 - - [19/Mar/2022:15:25:17] "POST /cart.do?action=addtocart&productId=DB-SG-G01&JSESSIONID=SD1SL7FF5ADFF4956 HTTP 1.1" 200 663 "http://www.buttercupgames.com/product.screen?productId=DB-SG-G01" "Mozilla/5.0 (Windows NT 6.1; WOW64) AppleWebKit/536.5 (KHTML, like Gecko) Chrome/19.0.1084.46 Safari/536.5" 717
64.120.15.156 - - [19/Mar/2022:15:25:18] "POST /success.do?action=purchase&categoryId=STRATEGY&productId=DB-SG-G01&JSESSIONID=SD1SL7FF5ADFF4956 HTTP 1.1" 200 2544 "http://www.buttercupgames.com/cart.do?action=addtocart&categoryId=STRATEGY&productId=DB-SG-G01" "Mozilla/5.0 (Windows NT 6.1; WOW64) AppleWebKit/536.5 (KHTML, like Gecko) Chrome/19.0.1084.46 Safari/536.5" 584
64.120.15.156 - - [19/Mar/2022:15:25:18] "POST /cart/success.do?JSESSIONID=SD1SL7FF5ADFF4956&productId=WC-SH-T02 HTTP 1.1" 200 2707 "http://www.buttercupgames.com/cart.do?action=purchase&" "Mozilla/5.0 (Windows NT 6.1; WOW64) AppleWebKit/536.5 (KHTML, like Gecko) Chrome/19.0.1084.46 Safari/536.5" 807
64.120.15.156 - - [19/Mar/2022:15:25:27] "GET /oldlink?&JSESSIONID=SD1SL7FF5ADFF4956 HTTP 1.1" 200 1119 "http://www.buttercupgames.com/product.screen?productId=FI-AG-G08" "Mozilla/5.0 (Windows NT 6.1; WOW64) AppleWebKit/536.5 (KHTML, like Gecko) Chrome/19.0.1084.46 Safari/536.5" 197
64.120.15.156 - - [19/Mar/2022:15:25:44] "GET /product.screen?productId=DC-SG-G02&JSESSIONID=SD1SL7FF5ADFF4956 HTTP 1.1" 200 1786 "http://www.buttercupgames.com/category.screen?categoryId=STRATEGY" "Mozilla/5.0 (Windows NT 6.1; WOW64) AppleWebKit/536.5 (KHTML, like Gecko) Chrome/19.0.1084.46 Safari/536.5" 270
64.120.15.156 - - [19/Mar/2022:15:25:46] "POST /cart.do?action=addtocart&productId=DC-SG-G02&JSESSIONID=SD1SL7FF5ADFF4956 HTTP 1.1" 200 961 "http://www.buttercupgames.com/product.screen?productId=DC-SG-G02" "Mozilla/5.0 (Windows NT 6.1; WOW64) AppleWebKit/536.5 (KHTML, like Gecko) Chrome/19.0.1084.46 Safari/536.5" 444
64.120.15.156 - - [19/Mar/2022:15:25:48] "POST /success.do?action=purchase&categoryId=STRATEGY&productId=DC-SG-G02&JSESSIONID=SD1SL7FF5ADFF4956 HTTP 1.1" 200 1466 "http://www.buttercupgames.com/cart.do?action=addtocart&categoryId=STRATEGY&productId=DC-SG-G02" "Mozilla/5.0 (Windows NT 6.1; WOW64) AppleWebKit/536.5 (KHTML, like Gecko) Chrome/19.0.1084.46 Safari/536.5" 785
64.120.15.156 - - [19/Mar/2022:15:25:48] "POST /cart/success.do?JSESSIONID=SD1SL7FF5ADFF4956&productId=CU-PG-G06 HTTP 1.1" 200 1923 "http://www.buttercupgames.com/cart.do?action=purchase&" "Mozilla/5.0 (Windows NT 6.1; WOW64) AppleWebKit/536.5 (KHTML, like Gecko) Chrome/19.0.1084.46 Safari/536.5" 674
64.120.15.156 - - [19/Mar/2022:15:25:56] "GET /category.screen?categoryId=STRATEGY&JSESSIONID=SD1SL7FF5ADFF4956 HTTP 1.1" 200 3773 "http://www.buttercupgames.com/category.screen?categoryId=STRATEGY" "Mozilla/5.0 (Windows NT 6.1; WOW64) AppleWebKit/536.5 (KHTML, like Gecko) Chrome/19.0.1084.46 Safari/536.5" 716
90.205.111.169 - - [19/Mar/2022:15:26:07] "GET /category.screen?categoryId=ARCADE&JSESSIONID=SD7SL8FF3ADFF4959 HTTP 1.1" 200 921 "http://www.buttercupgames.com" "Mozilla/5.0 (Macintosh; Intel Mac OS X 10_7_4) AppleWebKit/536.5 (KHTML, like Gecko) Chrome/19.0.1084.46 Safari/536.5" 591
90.205.111.169 - - [19/Mar/2022:15:26:19] "GET /product.screen?productId=PZ-SG-G05&JSESSIONID=SD7SL8FF3ADFF4959 HTTP 1.1" 200 1872 "http://www.buttercupgames.com/cart.do?action=remove&productId=PZ-SG-G05" "Mozilla/5.0 (Macintosh; Intel Mac OS X 10_7_4) AppleWebKit/536.5 (KHTML, like Gecko) Chrome/19.0.1084.46 Safari/536.5" 561
90.205.111.169 - - [19/Mar/2022:15:26:32] "GET /oldlink?&JSESSIONID=SD7SL8FF3ADFF4959 HTTP 1.1" 200 3087 "http://www.buttercupgames.com/category.screen?categoryId=STRATEGY" "Mozilla/5.0 (Macintosh; Intel Mac OS X 10_7_4) AppleWebKit/536.5 (KHTML, like Gecko) Chrome/19.0.1084.46 Safari/536.5" 833
90.205.111.169 - - [19/Mar/2022:15:26:46] "GET /oldlink?&JSESSIONID=SD7SL8FF3ADFF4959 HTTP 1.1" 200 478 "http://www.buttercupgames.com/product.screen?productId=WC-SH-G04" "Mozilla/5.0 (Macintosh; Intel Mac OS X 10_7_4) AppleWebKit/536.5 (KHTML, like Gecko) Chrome/19.0.1084.46 Safari/536.5" 456
90.205.111.169 - - [19/Mar/2022:15:26:57] "POST /cart.do?action=addtocart&productId=CU-PG-G06&JSESSIONID=SD7SL8FF3ADFF4959 HTTP 1.1" 200 344 "http://www.buttercupgames.com/oldlink" "Mozilla/5.0 (Macintosh; Intel Mac OS X 10_7_4) AppleWebKit/536.5 (KHTML, like Gecko) Chrome/19.0.1084.46 Safari/536.5" 823
90.205.111.169 - - [19/Mar/2022:15:27:14] "GET /product.screen?productId=WC-SH-A01&JSESSIONID=SD7SL8FF3ADFF4959 HTTP 1.1" 200 2255 "http://www.buttercupgames.com/category.screen?categoryId=ACCESSORIES" "Mozilla/5.0 (Macintosh; Intel Mac OS X 10_7_4) AppleWebKit/536.5 (KHTML, like Gecko) Chrome/19.0.1084.46 Safari/536.5" 844
90.205.111.169 - - [19/Mar/2022:15:27:17] "POST /cart.do?action=addtocart&productId=WC-SH-A01&JSESSIONID=SD7SL8FF3ADFF4959 HTTP 1.1" 200 2734 "http://www.buttercupgames.com/product.screen?productId=WC-SH-A01" "Mozilla/5.0 (Macintosh; Intel Mac OS X 10_7_4) AppleWebKit/536.5 (KHTML, like Gecko) Chrome/19.0.1084.46 Safari/536.5" 531
90.205.111.169 - - [19/Mar/2022:15:27:22] "POST /success.do?action=purchase&categoryId=ACCESSORIES&productId=WC-SH-A01&JSESSIONID=SD7SL8FF3ADFF4959 HTTP 1.1" 200 2751 "http://www.buttercupgames.com/cart.do?action=addtocart&categoryId=ACCESSORIES&productId=WC-SH-A01" "Mozilla/5.0 (Macintosh; Intel Mac OS X 10_7_4) AppleWebKit/536.5 (KHTML, like Gecko) Chrome/19.0.1084.46 Safari/536.5" 638
90.205.111.169 - - [19/Mar/2022:15:27:22] "POST /cart/error.do?msg=CreditNotAccepted&JSESSIONID=SD7SL8FF3ADFF4959 HTTP 1.1" 200 3143 "http://www.buttercupgames.com/cart.do?action=purchase&" "Mozilla/5.0 (Macintosh; Intel Mac OS X 10_7_4) AppleWebKit/536.5 (KHTML, like Gecko) Chrome/19.0.1084.46 Safari/536.5" 174
90.205.111.169 - - [19/Mar/2022:15:27:34] "GET /cart.do?action=addtocart&productId=BS-AG-G09&JSESSIONID=SD7SL8FF3ADFF4959 HTTP 1.1" 200 1495 "http://www.buttercupgames.com/oldlink" "Mozilla/5.0 (Macintosh; Intel Mac OS X 10_7_4) AppleWebKit/536.5 (KHTML, like Gecko) Chrome/19.0.1084.46 Safari/536.5" 455
