69.175.97.11 - - [19/Mar/2022:16:18:54] "POST /cart.do?action=addtocart&productId=PZ-SG-G05&JSESSIONID=SD7SL8FF4ADFF4962 HTTP 1.1" 200 1629 "http://www.buttercupgames.com/product.screen?productId=PZ-SG-G05" "Googlebot/2.1 ( http://www.googlebot.com/bot.html)" 945
69.175.97.11 - - [19/Mar/2022:16:18:55] "POST /success.do?action=purchase&categoryId=STRATEGY&productId=PZ-SG-G05&JSESSIONID=SD7SL8FF4ADFF4962 HTTP 1.1" 200 3546 "http://www.buttercupgames.com/cart.do?action=addtocart&categoryId=STRATEGY&productId=PZ-SG-G05" "Mozilla/5.0 (compatible; MSIE 9.0; Windows NT 6.1; WOW64; Trident/5.0; BOIE9;ENUS)" 448
69.175.97.11 - - [19/Mar/2022:16:18:55] "POST /cart/error.do?msg=FormError&JSESSIONID=SD7SL8FF4ADFF4962 HTTP 1.1" 200 3791 "http://www.buttercupgames.com/cart.do?action=purchase&" "Mozilla/5.0 (compatible; MSIE 9.0; Windows NT 6.1; WOW64; Trident/5.0; BOIE9;ENUS)" 448
87.194.216.51 - - [19/Mar/2022:16:20:53] "GET /category.screen?categoryId=NULL&JSESSIONID=SD6SL2FF3ADFF4965 HTTP 1.1" 406 3503 "http://www.google.com" "Mozilla/5.0 (Windows; U; Windows NT 5.1; en-US; rv:1.9.2.28) Gecko/20120306 YFF3 Firefox/3.6.28 ( .NET CLR 3.5.30729; .NET4.0C)" 786
87.194.216.51 - - [19/Mar/2022:16:20:56] "GET /oldlink?&JSESSIONID=SD6SL2FF3ADFF4965 HTTP 1.1" 200 2085 "http://www.buttercupgames.com/cart.do?action=view&productId=MB-AG-G07" "Mozilla/5.0 (Windows; U; Windows NT 5.1; en-US; rv:1.9.2.28) Gecko/20120306 YFF3 Firefox/3.6.28 ( .NET CLR 3.5.30729; .NET4.0C)" 969
87.194.216.51 - - [19/Mar/2022:16:21:02] "GET /product.screen?productId=SF-BVS-01&JSESSIONID=SD6SL2FF3ADFF4965 HTTP 1.1" 500 2004 "http://www.buttercupgames.com/oldlink" "Mozilla/5.0 (Windows; U; Windows NT 5.1; en-US; rv:1.9.2.28) Gecko/20120306 YFF3 Firefox/3.6.28 ( .NET CLR 3.5.30729; .NET4.0C)" 541
87.194.216.51 - - [19/Mar/2022:16:21:10] "GET /category.screen?categoryId=STRATEGY&JSESSIONID=SD6SL2FF3ADFF4965 HTTP 1.1" 200 3081 "http://www.buttercupgames.com/product.screen?productId=DB-SG-G01" "Mozilla/5.0 (Windows; U; Windows NT 5.1; en-US; rv:1.9.2.28) Gecko/20120306 YFF3 Firefox/3.6.28 ( .NET CLR 3.5.30729; .NET4.0C)" 679
87.194.216.51 - - [19/Mar/2022:16:21:18] "POST /category.screen?categoryId=SIMULATION&JSESSIONID=SD6SL2FF3ADFF4965 HTTP 1.1" 200 1370 "http://www.buttercupgames.com/cart.do?action=view&productId=SC-MG-G10" "Mozilla/5.0 (Windows; U; Windows NT 5.1; en-US; rv:1.9.2.28) Gecko/20120306 YFF3 Firefox/3.6.28 ( .NET CLR 3.5.30729; .NET4.0C)" 114
87.194.216.51 - - [19/Mar/2022:16:21:28] "GET /cart.do?action=view&productId=BS-AG-G09&JSESSIONID=SD6SL2FF3ADFF4965 HTTP 1.1" 200 967 "http://www.buttercupgames.com/oldlink" "Mozilla/5.0 (Windows; U; Windows NT 5.1; en-US; rv:1.9.2.28) Gecko/20120306 YFF3 Firefox/3.6.28 ( .NET CLR 3.5.30729; .NET4.0C)" 409
87.194.216.51 - - [19/Mar/2022:16:21:33] "GET /oldlink?&JSESSIONID=SD6SL2FF3ADFF4965 HTTP 1.1" 200 439 "http://www.buttercupgames.com/cart.do?action=changequantity&productId=BS-AG-G09" "Mozilla/5.0 (Windows; U; Windows NT 5.1; en-US; rv:1.9.2.28) Gecko/20120306 YFF3 Firefox/3.6.28 ( .NET CLR 3.5.30729; .NET4.0C)" 263
178.19.3.199 - - [19/Mar/2022:16:23:18] "GET /product.screen?productId=FI-AG-G08&JSESSIONID=SD4SL1FF2ADFF4965 HTTP 1.1" 200 2944 "http://www.buttercupgames.com" "Mozilla/5.0 (Windows; U; Windows NT 5.1; en-US; rv:1.9.2.28) Gecko/20120306 YFF3 Firefox/3.6.28 ( .NET CLR 3.5.30729; .NET4.0C)" 878
178.19.3.199 - - [19/Mar/2022:16:23:33] "POST /oldlink?&JSESSIONID=SD4SL1FF2ADFF4965 HTTP 1.1" 400 2343 "http://www.buttercupgames.com/oldlink" "Mozilla/5.0 (Windows; U; Windows NT 5.1; en-US; rv:1.9.2.28) Gecko/20120306 YFF3 Firefox/3.6.28 ( .NET CLR 3.5.30729; .NET4.0C)" 216
178.19.3.199 - - [19/Mar/2022:16:23:47] "GET /oldlink?&JSESSIONID=SD4SL1FF2ADFF4965 HTTP 1.1" 200 1257 "http://www.buttercupgames.com/category.screen?categoryId=SHOOTER" "Mozilla/5.0 (Windows; U; Windows NT 5.1; en-US; rv:1.9.2.28) Gecko/20120306 YFF3 Firefox/3.6.28 ( .NET CLR 3.5.30729; .NET4.0C)" 378
178.19.3.199 - - [19/Mar/2022:16:23:53] "GET /product.screen?productId=SC-MG-G10&JSESSIONID=SD4SL1FF2ADFF4965 HTTP 1.1" 200 2776 "http://www.buttercupgames.com/cart.do?action=addtocart&productId=SC-MG-G10" "Mozilla/5.0 (Windows; U; Windows NT 5.1; en-US; rv:1.9.2.28) Gecko/20120306 YFF3 Firefox/3.6.28 ( .NET CLR 3.5.30729; .NET4.0C)" 967
178.19.3.199 - - [19/Mar/2022:16:23:58] "POST /category.screen?categoryId=SIMULATION&JSESSIONID=SD4SL1FF2ADFF4965 HTTP 1.1" 200 1476 "http://www.buttercupgames.com/cart.do?action=addtocart&productId=SC-MG-G10" "Mozilla/5.0 (Windows; U; Windows NT 5.1; en-US; rv:1.9.2.28) Gecko/20120306 YFF3 Firefox/3.6.28 ( .NET CLR 3.5.30729; .NET4.0C)" 123
178.19.3.199 - - [19/Mar/2022:16:24:07] "GET /category.screen?categoryId=ARCADE&JSESSIONID=SD4SL1FF2ADFF4965 HTTP 1.1" 200 1312 "http://www.buttercupgames.com/cart.do?action=remove&productId=FI-AG-G08" "Mozilla/5.0 (Windows; U; Windows NT 5.1; en-US; rv:1.9.2.28) Gecko/20120306 YFF3 Firefox/3.6.28 ( .NET CLR 3.5.30729; .NET4.0C)" 177
178.19.3.199 - - [19/Mar/2022:16:24:14] "GET /oldlink?&JSESSIONID=SD4SL1FF2ADFF4965 HTTP 1.1" 200 1313 "http://www.buttercupgames.com/product.screen?productId=WC-SH-A01" "Mozilla/5.0 (Windows; U; Windows NT 5.1; en-US; rv:1.9.2.28) Gecko/20120306 YFF3 Firefox/3.6.28 ( .NET CLR 3.5.30729; .NET4.0C)" 848
190.113.128.150 - - [19/Mar/2022:16:26:58] "GET /cart.do?action=view&productId=SC-MG-G10&JSESSIONID=SD4SL3FF3ADFF4954 HTTP 1.1" 200 3072 "http://www.bing.com" "Mozilla/5.0 (Windows; U; Windows NT 5.1; en-US; rv:1.9.2.28) Gecko/20120306 YFF3 Firefox/3.6.28 ( .NET CLR 3.5.30729; .NET4.0C)" 536
190.113.128.150 - - [19/Mar/2022:16:27:02] "GET /product.screen?productId=WC-SH-G04&JSESSIONID=SD4SL3FF3ADFF4954 HTTP 1.1" 200 2563 "http://www.buttercupgames.com/product.screen?productId=WC-SH-G04" "Mozilla/5.0 (Windows; U; Windows NT 5.1; en-US; rv:1.9.2.28) Gecko/20120306 YFF3 Firefox/3.6.28 ( .NET CLR 3.5.30729; .NET4.0C)" 313
62.216.64.19 - - [19/Mar/2022:16:28:53] "POST /oldlink?&JSESSIONID=SD0SL3FF5ADFF4961 HTTP 1.1" 200 2863 "http://www.buttercupgames.com" "Mozilla/4.0 (compatible; MSIE 7.0; Windows NT 5.2; .NET CLR 1.1.4322; InfoPath.1; MS-RTC LM 8)" 516
62.216.64.19 - - [19/Mar/2022:16:29:03] "GET /product.screen?productId=SF-BVS-01&JSESSIONID=SD0SL3FF5ADFF4961 HTTP 1.1" 406 3871 "http://www.buttercupgames.com/product.screen?productId=SF-BVS-01" "Mozilla/4.0 (compatible; MSIE 7.0; Windows NT 5.2; .NET CLR 1.1.4322; InfoPath.1; MS-RTC LM 8)" 199
62.216.64.19 - - [19/Mar/2022:16:29:11] "GET /oldlink?&JSESSIONID=SD0SL3FF5ADFF4961 HTTP 1.1" 505 2110 "http://www.buttercupgames.com/oldlink" "Mozilla/4.0 (compatible; MSIE 7.0; Windows NT 5.2; .NET CLR 1.1.4322; InfoPath.1; MS-RTC LM 8)" 534
62.216.64.19 - - [19/Mar/2022:16:29:25] "GET /oldlink?&JSESSIONID=SD0SL3FF5ADFF4961 HTTP 1.1" 200 1251 "http://www.buttercupgames.com/cart.do?action=view&productId=FS-SG-G03" "Mozilla/4.0 (compatible; MSIE 7.0; Windows NT 5.2; .NET CLR 1.1.4322; InfoPath.1; MS-RTC LM 8)" 761
192.162.19.179 - - [19/Mar/2022:16:31:01] "GET /oldlink?&JSESSIONID=SD4SL8FF4ADFF4965 HTTP 1.1" 200 3506 "http://www.yahoo.com" "Mozilla/5.0 (Windows; U; Windows NT 5.1; en-US; rv:1.9.2.28) Gecko/20120306 YFF3 Firefox/3.6.28 ( .NET CLR 3.5.30729; .NET4.0C)" 534
192.162.19.179 - - [19/Mar/2022:16:31:09] "GET /oldlink?&JSESSIONID=SD4SL8FF4ADFF4965 HTTP 1.1" 200 3664 "http://www.buttercupgames.com/oldlink" "Mozilla/5.0 (Windows; U; Windows NT 5.1; en-US; rv:1.9.2.28) Gecko/20120306 YFF3 Firefox/3.6.28 ( .NET CLR 3.5.30729; .NET4.0C)" 494
192.162.19.179 - - [19/Mar/2022:16:31:20] "GET /product.screen?productId=MB-AG-G07&JSESSIONID=SD4SL8FF4ADFF4965 HTTP 1.1" 200 1053 "http://www.buttercupgames.com/oldlink" "Mozilla/5.0 (Windows; U; Windows NT 5.1; en-US; rv:1.9.2.28) Gecko/20120306 YFF3 Firefox/3.6.28 ( .NET CLR 3.5.30729; .NET4.0C)" 217
192.162.19.179 - - [19/Mar/2022:16:31:32] "GET /oldlink?&JSESSIONID=SD4SL8FF4ADFF4965 HTTP 1.1" 200 1016 "http://www.buttercupgames.com/category.screen?categoryId=STRATEGY" "Mozilla/5.0 (Windows; U; Windows NT 5.1; en-US; rv:1.9.2.28) Gecko/20120306 YFF3 Firefox/3.6.28 ( .NET CLR 3.5.30729; .NET4.0C)" 780
192.162.19.179 - - [19/Mar/2022:16:31:46] "GET /oldlink?&JSESSIONID=SD4SL8FF4ADFF4965 HTTP 1.1" 200 3226 "http://www.buttercupgames.com/oldlink" "Mozilla/5.0 (Windows; U; Windows NT 5.1; en-US; rv:1.9.2.28) Gecko/20120306 YFF3 Firefox/3.6.28 ( .NET CLR 3.5.30729; .NET4.0C)" 153
192.162.19.179 - - [19/Mar/2022:16:31:59] "POST /category.screen?categoryId=TEE&JSESSIONID=SD4SL8FF4ADFF4965 HTTP 1.1" 200 3005 "http://www.buttercupgames.com/product.screen?productId=MB-AG-T01" "Mozilla/5.0 (Windows; U; Windows NT 5.1; en-US; rv:1.9.2.28) Gecko/20120306 YFF3 Firefox/3.6.28 ( .NET CLR 3.5.30729; .NET4.0C)" 608
192.162.19.179 - - [19/Mar/2022:16:32:16] "GET /product.screen?productId=DC-SG-G02&JSESSIONID=SD4SL8FF4ADFF4965 HTTP 1.1" 200 3539 "http://www.buttercupgames.com/cart.do?action=changequantity&productId=DC-SG-G02" "Mozilla/5.0 (Windows; U; Windows NT 5.1; en-US; rv:1.9.2.28) Gecko/20120306 YFF3 Firefox/3.6.28 ( .NET CLR 3.5.30729; .NET4.0C)" 348
192.162.19.179 - - [19/Mar/2022:16:32:28] "GET /cart.do?action=view&productId=DB-SG-G01&JSESSIONID=SD4SL8FF4ADFF4965 HTTP 1.1" 200 956 "http://www.buttercupgames.com/oldlink" "Mozilla/5.0 (Windows; U; Windows NT 5.1; en-US; rv:1.9.2.28) Gecko/20120306 YFF3 Firefox/3.6.28 ( .NET CLR 3.5.30729; .NET4.0C)" 373
94.229.0.21 - - [19/Mar/2022:16:32:32] "POST /oldlink?&JSESSIONID=SD1SL3FF3ADFF4953 HTTP 1.1" 200 2578 "http://www.buttercupgames.com" "Mozilla/4.0 (compatible; MSIE 7.0; Windows NT 5.2; .NET CLR 1.1.4322; InfoPath.1; MS-RTC LM 8)" 312
192.162.19.179 - - [19/Mar/2022:16:32:39] "POST /oldlink?&JSESSIONID=SD4SL8FF4ADFF4965 HTTP 1.1" 200 3166 "http://www.buttercupgames.com/oldlink" "Mozilla/5.0 (Windows; U; Windows NT 5.1; en-US; rv:1.9.2.28) Gecko/20120306 YFF3 Firefox/3.6.28 ( .NET CLR 3.5.30729; .NET4.0C)" 871
94.229.0.21 - - [19/Mar/2022:16:32:49] "GET /category.screen?categoryId=ACCESSORIES&JSESSIONID=SD1SL3FF3ADFF4953 HTTP 1.1" 200 2785 "http://www.buttercupgames.com/product.screen?productId=WC-SH-A02" "Mozilla/4.0 (compatible; MSIE 7.0; Windows NT 5.2; .NET CLR 1.1.4322; InfoPath.1; MS-RTC LM 8)" 856
192.162.19.179 - - [19/Mar/2022:16:32:56] "GET /oldlink?&JSESSIONID=SD4SL8FF4ADFF4965 HTTP 1.1" 200 694 "http://www.buttercupgames.com/cart.do?action=view&productId=CU-PG-G06" "Mozilla/5.0 (Windows; U; Windows NT 5.1; en-US; rv:1.9.2.28) Gecko/20120306 YFF3 Firefox/3.6.28 ( .NET CLR 3.5.30729; .NET4.0C)" 603
94.229.0.21 - - [19/Mar/2022:16:32:57] "GET /product.screen?productId=FI-AG-G08&JSESSIONID=SD1SL3FF3ADFF4953 HTTP 1.1" 200 3973 "http://www.buttercupgames.com/category.screen?categoryId=ARCADE" "Mozilla/4.0 (compatible; MSIE 7.0; Windows NT 5.2; .NET CLR 1.1.4322; InfoPath.1; MS-RTC LM 8)" 611
192.162.19.179 - - [19/Mar/2022:16:33:09] "GET /rush/signals.zip?JSESSIONID=SD4SL8FF4ADFF4965 HTTP 1.1" 404 675 "http://www.buttercupgames.com/cart.do?action=view&" "Mozilla/5.0 (Windows; U; Windows NT 5.1; en-US; rv:1.9.2.28) Gecko/20120306 YFF3 Firefox/3.6.28 ( .NET CLR 3.5.30729; .NET4.0C)" 814
94.229.0.21 - - [19/Mar/2022:16:33:10] "GET /product.screen?productId=SF-BVS-01&JSESSIONID=SD1SL3FF3ADFF4953 HTTP 1.1" 400 2945 "http://www.buttercupgames.com/product.screen?productId=SF-BVS-01" "Mozilla/4.0 (compatible; MSIE 7.0; Windows NT 5.2; .NET CLR 1.1.4322; InfoPath.1; MS-RTC LM 8)" 246
94.229.0.21 - - [19/Mar/2022:16:33:27] "GET /product.screen?productId=WC-SH-A02&JSESSIONID=SD1SL3FF3ADFF4953 HTTP 1.1" 200 2217 "http://www.buttercupgames.com/product.screen?productId=WC-SH-A02" "Mozilla/4.0 (compatible; MSIE 7.0; Windows NT 5.2; .NET CLR 1.1.4322; InfoPath.1; MS-RTC LM 8)" 776
94.229.0.21 - - [19/Mar/2022:16:33:39] "GET /oldlink?&JSESSIONID=SD1SL3FF3ADFF4953 HTTP 1.1" 200 3230 "http://www.buttercupgames.com/cart.do?action=view&productId=MB-AG-T01" "Mozilla/4.0 (compatible; MSIE 7.0; Windows NT 5.2; .NET CLR 1.1.4322; InfoPath.1; MS-RTC LM 8)" 814
94.229.0.21 - - [19/Mar/2022:16:33:46] "GET /product.screen?productId=DB-SG-G01&JSESSIONID=SD1SL3FF3ADFF4953 HTTP 1.1" 200 1185 "http://www.buttercupgames.com/cart.do?action=changequantity&productId=DB-SG-G01" "Mozilla/4.0 (compatible; MSIE 7.0; Windows NT 5.2; .NET CLR 1.1.4322; InfoPath.1; MS-RTC LM 8)" 294
94.229.0.21 - - [19/Mar/2022:16:33:53] "GET /product.screen?productId=WC-SH-G04&JSESSIONID=SD1SL3FF3ADFF4953 HTTP 1.1" 200 345 "http://www.buttercupgames.com/product.screen?productId=WC-SH-G04" "Mozilla/4.0 (compatible; MSIE 7.0; Windows NT 5.2; .NET CLR 1.1.4322; InfoPath.1; MS-RTC LM 8)" 346
94.229.0.21 - - [19/Mar/2022:16:34:00] "GET /cart.do?action=addtocart&JSESSIONID=SD1SL3FF3ADFF4953 HTTP 1.1" 500 408 "http://www.buttercupgames.com/product.screen?productId=SF-BVS-01" "Mozilla/4.0 (compatible; MSIE 7.0; Windows NT 5.2; .NET CLR 1.1.4322; InfoPath.1; MS-RTC LM 8)" 750
195.216.243.24 - - [19/Mar/2022:16:36:31] "GET /oldlink?&JSESSIONID=SD4SL1FF5ADFF4954 HTTP 1.1" 200 3661 "http://www.buttercupgames.com" "Opera/9.20 (Windows NT 6.0; U; en)" 645
195.216.243.24 - - [19/Mar/2022:16:36:45] "GET /cart.do?action=remove&productId=WC-SH-G04&JSESSIONID=SD4SL1FF5ADFF4954 HTTP 1.1" 200 1335 "http://www.buttercupgames.com/product.screen?productId=WC-SH-G04" "Opera/9.20 (Windows NT 6.0; U; en)" 222
211.166.11.101 - - [19/Mar/2022:16:36:47] "POST /category.screen?categoryId=STRATEGY&JSESSIONID=SD5SL9FF1ADFF4966 HTTP 1.1" 200 3257 "http://www.bing.com" "Mozilla/5.0 (Windows NT 6.1; WOW64) AppleWebKit/536.5 (KHTML, like Gecko) Chrome/19.0.1084.52 Safari/536.5" 905
195.216.243.24 - - [19/Mar/2022:16:37:00] "POST /cart.do?action=view&JSESSIONID=SD4SL1FF5ADFF4954 HTTP 1.1" 406 2374 "http://www.buttercupgames.com/category.screen?categoryId=NULL" "Opera/9.20 (Windows NT 6.0; U; en)" 816
211.166.11.101 - - [19/Mar/2022:16:37:05] "GET /oldlink?&JSESSIONID=SD5SL9FF1ADFF4966 HTTP 1.1" 500 811 "http://www.buttercupgames.com/category.screen?categoryId=NULL" "Mozilla/5.0 (Windows NT 6.1; WOW64) AppleWebKit/536.5 (KHTML, like Gecko) Chrome/19.0.1084.52 Safari/536.5" 657
195.216.243.24 - - [19/Mar/2022:16:37:08] "GET /cart.do?action=addtocart&productId=BS-AG-G09&JSESSIONID=SD4SL1FF5ADFF4954 HTTP 1.1" 200 3810 "http://www.buttercupgames.com/oldlink" "Opera/9.20 (Windows NT 6.0; U; en)" 536
211.166.11.101 - - [19/Mar/2022:16:37:18] "GET /category.screen?categoryId=NULL&JSESSIONID=SD5SL9FF1ADFF4966 HTTP 1.1" 500 2399 "http://www.buttercupgames.com/cart.do?action=view&" "Mozilla/5.0 (Windows NT 6.1; WOW64) AppleWebKit/536.5 (KHTML, like Gecko) Chrome/19.0.1084.52 Safari/536.5" 444
195.216.243.24 - - [19/Mar/2022:16:37:22] "GET /cart.do?action=changequantity&productId=MB-AG-G07&JSESSIONID=SD4SL1FF5ADFF4954 HTTP 1.1" 200 3576 "http://www.buttercupgames.com/cart.do?action=changequantity&productId=MB-AG-G07" "Opera/9.20 (Windows NT 6.0; U; en)" 433
211.166.11.101 - - [19/Mar/2022:16:37:26] "GET /oldlink?&JSESSIONID=SD5SL9FF1ADFF4966 HTTP 1.1" 200 1607 "http://www.buttercupgames.com/oldlink" "Mozilla/5.0 (Windows NT 6.1; WOW64) AppleWebKit/536.5 (KHTML, like Gecko) Chrome/19.0.1084.52 Safari/536.5" 410
211.166.11.101 - - [19/Mar/2022:16:37:42] "GET /oldlink?&JSESSIONID=SD5SL9FF1ADFF4966 HTTP 1.1" 200 3290 "http://www.buttercupgames.com/oldlink" "Mozilla/5.0 (Windows NT 6.1; WOW64) AppleWebKit/536.5 (KHTML, like Gecko) Chrome/19.0.1084.52 Safari/536.5" 351
78.111.167.117 - - [19/Mar/2022:16:38:19] "GET /product.screen?productId=SC-MG-G10&JSESSIONID=SD10SL9FF3ADFF4964 HTTP 1.1" 200 1085 "http://www.google.com" "Mozilla/4.0 (compatible; MSIE 7.0; Windows NT 5.1; .NET CLR 2.0.50727; .NET CLR 3.0.4506.2152; .NET CLR 3.5.30729; InfoPath.1; .NET4.0C; .NET4.0E; MS-RTC LM 8)" 197
78.111.167.117 - - [19/Mar/2022:16:38:36] "GET /product.screen?productId=BS-AG-G09&JSESSIONID=SD10SL9FF3ADFF4964 HTTP 1.1" 200 273 "http://www.buttercupgames.com/oldlink" "Mozilla/4.0 (compatible; MSIE 7.0; Windows NT 5.1; .NET CLR 2.0.50727; .NET CLR 3.0.4506.2152; .NET CLR 3.5.30729; InfoPath.1; .NET4.0C; .NET4.0E; MS-RTC LM 8)" 922
78.111.167.117 - - [19/Mar/2022:16:38:40] "GET /product.screen?productId=WC-SH-A01&JSESSIONID=SD10SL9FF3ADFF4964 HTTP 1.1" 200 1100 "http://www.buttercupgames.com/oldlink" "Mozilla/4.0 (compatible; MSIE 7.0; Windows NT 5.1; .NET CLR 2.0.50727; .NET CLR 3.0.4506.2152; .NET CLR 3.5.30729; InfoPath.1; .NET4.0C; .NET4.0E; MS-RTC LM 8)" 504
78.111.167.117 - - [19/Mar/2022:16:38:44] "GET /product.screen?productId=DB-SG-G01&JSESSIONID=SD10SL9FF3ADFF4964 HTTP 1.1" 200 901 "http://www.buttercupgames.com/category.screen?categoryId=STRATEGY" "Mozilla/4.0 (compatible; MSIE 7.0; Windows NT 5.1; .NET CLR 2.0.50727; .NET CLR 3.0.4506.2152; .NET CLR 3.5.30729; InfoPath.1; .NET4.0C; .NET4.0E; MS-RTC LM 8)" 765
78.111.167.117 - - [19/Mar/2022:16:38:52] "POST /product.screen?productId=MB-AG-G07&JSESSIONID=SD10SL9FF3ADFF4964 HTTP 1.1" 200 2176 "http://www.buttercupgames.com/product.screen?productId=MB-AG-G07" "Mozilla/4.0 (compatible; MSIE 7.0; Windows NT 5.1; .NET CLR 2.0.50727; .NET CLR 3.0.4506.2152; .NET CLR 3.5.30729; InfoPath.1; .NET4.0C; .NET4.0E; MS-RTC LM 8)" 728
199.15.234.66 - - [19/Mar/2022:16:41:57] "GET /category.screen?categoryId=ACCESSORIES&JSESSIONID=SD5SL10FF10ADFF4955 HTTP 1.1" 200 3422 "http://www.buttercupgames.com" "Mozilla/5.0 (Windows NT 6.1; WOW64) AppleWebKit/536.5 (KHTML, like Gecko) Chrome/19.0.1084.52 Safari/536.5" 664
199.15.234.66 - - [19/Mar/2022:16:42:02] "GET /oldlink?&JSESSIONID=SD5SL10FF10ADFF4955 HTTP 1.1" 500 1060 "http://www.buttercupgames.com/product.screen?productId=SF-BVS-01" "Mozilla/5.0 (Windows NT 6.1; WOW64) AppleWebKit/536.5 (KHTML, like Gecko) Chrome/19.0.1084.52 Safari/536.5" 338
199.15.234.66 - - [19/Mar/2022:16:42:15] "GET /product.screen?productId=DB-SG-G01&JSESSIONID=SD5SL10FF10ADFF4955 HTTP 1.1" 200 3732 "http://www.buttercupgames.com/category.screen?categoryId=STRATEGY" "Mozilla/5.0 (Windows NT 6.1; WOW64) AppleWebKit/536.5 (KHTML, like Gecko) Chrome/19.0.1084.52 Safari/536.5" 821
199.15.234.66 - - [19/Mar/2022:16:42:18] "POST /cart.do?action=addtocart&productId=DB-SG-G01&JSESSIONID=SD5SL10FF10ADFF4955 HTTP 1.1" 200 816 "http://www.buttercupgames.com/product.screen?productId=DB-SG-G01" "Mozilla/5.0 (Windows NT 6.1; WOW64) AppleWebKit/536.5 (KHTML, like Gecko) Chrome/19.0.1084.52 Safari/536.5" 282
199.15.234.66 - - [19/Mar/2022:16:42:20] "POST /success.do?action=purchase&categoryId=STRATEGY&productId=DB-SG-G01&JSESSIONID=SD5SL10FF10ADFF4955 HTTP 1.1" 200 2762 "http://www.buttercupgames.com/cart.do?action=addtocart&categoryId=STRATEGY&productId=DB-SG-G01" "Mozilla/5.0 (Windows NT 6.1; WOW64) AppleWebKit/536.5 (KHTML, like Gecko) Chrome/19.0.1084.52 Safari/536.5" 345
199.15.234.66 - - [19/Mar/2022:16:42:20] "POST /cart/error.do?msg=CreditDoesNotMatch&JSESSIONID=SD5SL10FF10ADFF4955 HTTP 1.1" 200 1236 "http://www.buttercupgames.com/cart.do?action=purchase&" "Mozilla/5.0 (Windows NT 6.1; WOW64) AppleWebKit/536.5 (KHTML, like Gecko) Chrome/19.0.1084.52 Safari/536.5" 322
199.15.234.66 - - [19/Mar/2022:16:42:33] "GET /product.screen?productId=PZ-SG-G05&JSESSIONID=SD5SL10FF10ADFF4955 HTTP 1.1" 200 3945 "http://www.buttercupgames.com/category.screen?categoryId=STRATEGY" "Mozilla/5.0 (Windows NT 6.1; WOW64) AppleWebKit/536.5 (KHTML, like Gecko) Chrome/19.0.1084.52 Safari/536.5" 921
199.15.234.66 - - [19/Mar/2022:16:42:37] "POST /cart.do?action=addtocart&productId=PZ-SG-G05&JSESSIONID=SD5SL10FF10ADFF4955 HTTP 1.1" 200 1105 "http://www.buttercupgames.com/product.screen?productId=PZ-SG-G05" "Mozilla/5.0 (Windows NT 6.1; WOW64) AppleWebKit/536.5 (KHTML, like Gecko) Chrome/19.0.1084.52 Safari/536.5" 806
199.15.234.66 - - [19/Mar/2022:16:42:40] "POST /success.do?action=purchase&categoryId=STRATEGY&productId=PZ-SG-G05&JSESSIONID=SD5SL10FF10ADFF4955 HTTP 1.1" 200 2505 "http://www.buttercupgames.com/cart.do?action=addtocart&categoryId=STRATEGY&productId=PZ-SG-G05" "Mozilla/5.0 (Windows NT 6.1; WOW64) AppleWebKit/536.5 (KHTML, like Gecko) Chrome/19.0.1084.52 Safari/536.5" 556
199.15.234.66 - - [19/Mar/2022:16:42:40] "POST /cart/error.do?msg=CreditNotAccepted&JSESSIONID=SD5SL10FF10ADFF4955 HTTP 1.1" 200 1558 "http://www.buttercupgames.com/cart.do?action=purchase&" "Mozilla/5.0 (Windows NT 6.1; WOW64) AppleWebKit/536.5 (KHTML, like Gecko) Chrome/19.0.1084.52 Safari/536.5" 115
199.15.234.66 - - [19/Mar/2022:16:42:55] "GET /oldlink?&JSESSIONID=SD5SL10FF10ADFF4955 HTTP 1.1" 200 669 "http://www.buttercupgames.com/product.screen?productId=WC-SH-A02" "Mozilla/5.0 (Windows NT 6.1; WOW64) AppleWebKit/536.5 (KHTML, like Gecko) Chrome/19.0.1084.52 Safari/536.5" 579
199.15.234.66 - - [19/Mar/2022:16:43:11] "GET /oldlink?&JSESSIONID=SD5SL10FF10ADFF4955 HTTP 1.1" 200 1444 "http://www.buttercupgames.com/cart.do?action=view&productId=SC-MG-G10" "Mozilla/5.0 (Windows NT 6.1; WOW64) AppleWebKit/536.5 (KHTML, like Gecko) Chrome/19.0.1084.52 Safari/536.5" 218
199.15.234.66 - - [19/Mar/2022:16:43:17] "GET /cart.do?action=view&productId=WC-SH-T02&JSESSIONID=SD5SL10FF10ADFF4955 HTTP 1.1" 200 1349 "http://www.buttercupgames.com/product.screen?productId=WC-SH-T02" "Mozilla/5.0 (Windows NT 6.1; WOW64) AppleWebKit/536.5 (KHTML, like Gecko) Chrome/19.0.1084.52 Safari/536.5" 993
199.15.234.66 - - [19/Mar/2022:16:43:28] "GET /cart.do?action=addtocart&productId=MB-AG-T01&JSESSIONID=SD5SL10FF10ADFF4955 HTTP 1.1" 200 651 "http://www.buttercupgames.com/cart.do?action=addtocart&productId=MB-AG-T01" "Mozilla/5.0 (Windows NT 6.1; WOW64) AppleWebKit/536.5 (KHTML, like Gecko) Chrome/19.0.1084.52 Safari/536.5" 195
12.130.60.5 - - [19/Mar/2022:16:43:28] "GET /product.screen?productId=WC-SH-T02&JSESSIONID=SD0SL2FF8ADFF4955 HTTP 1.1" 200 1756 "http://www.yahoo.com" "Mozilla/5.0 (Windows; U; Windows NT 5.1; en-US; rv:1.9.2.28) Gecko/20120306 YFF3 Firefox/3.6.28 ( .NET CLR 3.5.30729; .NET4.0C)" 750
12.130.60.5 - - [19/Mar/2022:16:43:34] "GET /cart.do?action=addtocart&productId=CU-PG-G06&JSESSIONID=SD0SL2FF8ADFF4955 HTTP 1.1" 200 2332 "http://www.buttercupgames.com/cart.do?action=addtocart&productId=CU-PG-G06" "Mozilla/5.0 (Windows; U; Windows NT 5.1; en-US; rv:1.9.2.28) Gecko/20120306 YFF3 Firefox/3.6.28 ( .NET CLR 3.5.30729; .NET4.0C)" 429
199.15.234.66 - - [19/Mar/2022:16:43:40] "GET /product.screen?productId=WC-SH-G04&JSESSIONID=SD5SL10FF10ADFF4955 HTTP 1.1" 200 1499 "http://www.buttercupgames.com/category.screen?categoryId=SHOOTER" "Mozilla/5.0 (Windows NT 6.1; WOW64) AppleWebKit/536.5 (KHTML, like Gecko) Chrome/19.0.1084.52 Safari/536.5" 611
199.15.234.66 - - [19/Mar/2022:16:43:43] "POST /cart.do?action=addtocart&productId=WC-SH-G04&JSESSIONID=SD5SL10FF10ADFF4955 HTTP 1.1" 200 1649 "http://www.buttercupgames.com/product.screen?productId=WC-SH-G04" "Mozilla/5.0 (Windows NT 6.1; WOW64) AppleWebKit/536.5 (KHTML, like Gecko) Chrome/19.0.1084.52 Safari/536.5" 930
12.130.60.5 - - [19/Mar/2022:16:43:43] "GET /category.screen?categoryId=TEE&JSESSIONID=SD0SL2FF8ADFF4955 HTTP 1.1" 200 3234 "http://www.buttercupgames.com/cart.do?action=addtocart&productId=MB-AG-T01" "Mozilla/5.0 (Windows; U; Windows NT 5.1; en-US; rv:1.9.2.28) Gecko/20120306 YFF3 Firefox/3.6.28 ( .NET CLR 3.5.30729; .NET4.0C)" 505
199.15.234.66 - - [19/Mar/2022:16:43:44] "POST /success.do?action=purchase&categoryId=SHOOTER&productId=WC-SH-G04&JSESSIONID=SD5SL10FF10ADFF4955 HTTP 1.1" 200 416 "http://www.buttercupgames.com/cart.do?action=addtocart&categoryId=SHOOTER&productId=WC-SH-G04" "Mozilla/5.0 (Windows NT 6.1; WOW64) AppleWebKit/536.5 (KHTML, like Gecko) Chrome/19.0.1084.52 Safari/536.5" 176
199.15.234.66 - - [19/Mar/2022:16:43:44] "POST /cart/success.do?JSESSIONID=SD5SL10FF10ADFF4955&productId=FI-AG-G08 HTTP 1.1" 200 2677 "http://www.buttercupgames.com/cart.do?action=purchase&" "Mozilla/5.0 (Windows NT 6.1; WOW64) AppleWebKit/536.5 (KHTML, like Gecko) Chrome/19.0.1084.52 Safari/536.5" 509
12.130.60.5 - - [19/Mar/2022:16:43:49] "GET /oldlink?&JSESSIONID=SD0SL2FF8ADFF4955 HTTP 1.1" 500 2757 "http://www.buttercupgames.com/cart.do?action=addtocart&" "Mozilla/5.0 (Windows; U; Windows NT 5.1; en-US; rv:1.9.2.28) Gecko/20120306 YFF3 Firefox/3.6.28 ( .NET CLR 3.5.30729; .NET4.0C)" 670
199.15.234.66 - - [19/Mar/2022:16:43:52] "GET /category.screen?categoryId=NULL&JSESSIONID=SD5SL10FF10ADFF4955 HTTP 1.1" 500 494 "http://www.buttercupgames.com/oldlink" "Mozilla/5.0 (Windows NT 6.1; WOW64) AppleWebKit/536.5 (KHTML, like Gecko) Chrome/19.0.1084.52 Safari/536.5" 254
12.130.60.5 - - [19/Mar/2022:16:43:57] "GET /cart.do?action=addtocart&productId=MB-AG-T01&JSESSIONID=SD0SL2FF8ADFF4955 HTTP 1.1" 200 2564 "http://www.buttercupgames.com/category.screen?categoryId=TEE" "Mozilla/5.0 (Windows; U; Windows NT 5.1; en-US; rv:1.9.2.28) Gecko/20120306 YFF3 Firefox/3.6.28 ( .NET CLR 3.5.30729; .NET4.0C)" 179
199.15.234.66 - - [19/Mar/2022:16:44:02] "GET /category.screen?categoryId=STRATEGY&JSESSIONID=SD5SL10FF10ADFF4955 HTTP 1.1" 200 3501 "http://www.buttercupgames.com/category.screen?categoryId=STRATEGY" "Mozilla/5.0 (Windows NT 6.1; WOW64) AppleWebKit/536.5 (KHTML, like Gecko) Chrome/19.0.1084.52 Safari/536.5" 501
199.15.234.66 - - [19/Mar/2022:16:44:05] "GET /category.screen?categoryId=NULL&JSESSIONID=SD5SL10FF10ADFF4955 HTTP 1.1" 500 2036 "http://www.buttercupgames.com/category.screen?categoryId=NULL" "Mozilla/5.0 (Windows NT 6.1; WOW64) AppleWebKit/536.5 (KHTML, like Gecko) Chrome/19.0.1084.52 Safari/536.5" 591
12.130.60.5 - - [19/Mar/2022:16:44:08] "GET /product.screen?productId=SC-MG-G10&JSESSIONID=SD0SL2FF8ADFF4955 HTTP 1.1" 200 2265 "http://www.buttercupgames.com/oldlink" "Mozilla/5.0 (Windows; U; Windows NT 5.1; en-US; rv:1.9.2.28) Gecko/20120306 YFF3 Firefox/3.6.28 ( .NET CLR 3.5.30729; .NET4.0C)" 733
203.172.197.2 - - [19/Mar/2022:16:48:14] "GET /oldlink?&JSESSIONID=SD9SL6FF3ADFF4950 HTTP 1.1" 200 1608 "http://www.google.com" "Mozilla/5.0 (Windows NT 6.1; WOW64; rv:12.0) Gecko/20100101 Firefox/12.0" 343
203.172.197.2 - - [19/Mar/2022:16:48:22] "GET /product.screen?productId=DC-SG-G02&JSESSIONID=SD9SL6FF3ADFF4950 HTTP 1.1" 200 3519 "http://www.buttercupgames.com/cart.do?action=view&productId=DC-SG-G02" "Mozilla/5.0 (Windows NT 6.1; WOW64; rv:12.0) Gecko/20100101 Firefox/12.0" 233
107.3.146.207 - - [19/Mar/2022:16:48:25] "GET /cart.do?action=changequantity&productId=MB-AG-G07&JSESSIONID=SD7SL4FF1ADFF4964 HTTP 1.1" 200 3445 "http://www.yahoo.com" "Mozilla/5.0 (Windows; U; Windows NT 5.1; en-US; rv:1.9.2.28) Gecko/20120306 YFF3 Firefox/3.6.28 ( .NET CLR 3.5.30729; .NET4.0C)" 309
107.3.146.207 - - [19/Mar/2022:16:48:40] "GET /product.screen?productId=WC-SH-A02&JSESSIONID=SD7SL4FF1ADFF4964 HTTP 1.1" 200 1324 "http://www.buttercupgames.com/category.screen?categoryId=ACCESSORIES" "Mozilla/5.0 (Windows; U; Windows NT 5.1; en-US; rv:1.9.2.28) Gecko/20120306 YFF3 Firefox/3.6.28 ( .NET CLR 3.5.30729; .NET4.0C)" 128
107.3.146.207 - - [19/Mar/2022:16:48:46] "GET /product.screen?productId=WC-SH-A02&JSESSIONID=SD7SL4FF1ADFF4964 HTTP 1.1" 200 3894 "http://www.buttercupgames.com/cart.do?action=view&productId=WC-SH-A02" "Mozilla/5.0 (Windows; U; Windows NT 5.1; en-US; rv:1.9.2.28) Gecko/20120306 YFF3 Firefox/3.6.28 ( .NET CLR 3.5.30729; .NET4.0C)" 683
107.3.146.207 - - [19/Mar/2022:16:48:56] "GET /cart.do?action=addtocart&JSESSIONID=SD7SL4FF1ADFF4964 HTTP 1.1" 406 242 "http://www.buttercupgames.com/product.screen?productId=SF-BVS-01" "Mozilla/5.0 (Windows; U; Windows NT 5.1; en-US; rv:1.9.2.28) Gecko/20120306 YFF3 Firefox/3.6.28 ( .NET CLR 3.5.30729; .NET4.0C)" 776
107.3.146.207 - - [19/Mar/2022:16:49:11] "GET /cart.do?action=remove&productId=WC-SH-G04&JSESSIONID=SD7SL4FF1ADFF4964 HTTP 1.1" 200 1190 "http://www.buttercupgames.com/category.screen?categoryId=SHOOTER" "Mozilla/5.0 (Windows; U; Windows NT 5.1; en-US; rv:1.9.2.28) Gecko/20120306 YFF3 Firefox/3.6.28 ( .NET CLR 3.5.30729; .NET4.0C)" 140
107.3.146.207 - - [19/Mar/2022:16:49:21] "GET /cart.do?action=view&productId=MB-AG-G07&JSESSIONID=SD7SL4FF1ADFF4964 HTTP 1.1" 200 3605 "http://www.buttercupgames.com/product.screen?productId=MB-AG-G07" "Mozilla/5.0 (Windows; U; Windows NT 5.1; en-US; rv:1.9.2.28) Gecko/20120306 YFF3 Firefox/3.6.28 ( .NET CLR 3.5.30729; .NET4.0C)" 550
201.42.223.29 - - [19/Mar/2022:16:52:08] "GET /oldlink?&JSESSIONID=SD9SL9FF2ADFF4965 HTTP 1.1" 200 2958 "http://www.buttercupgames.com" "Mozilla/5.0 (Macintosh; Intel Mac OS X 10_7_4) AppleWebKit/536.5 (KHTML, like Gecko) Chrome/19.0.1084.46 Safari/536.5" 203
201.42.223.29 - - [19/Mar/2022:16:52:21] "GET /category.screen?categoryId=SIMULATION&JSESSIONID=SD9SL9FF2ADFF4965 HTTP 1.1" 200 1707 "http://www.buttercupgames.com/category.screen?categoryId=SIMULATION" "Mozilla/5.0 (Macintosh; Intel Mac OS X 10_7_4) AppleWebKit/536.5 (KHTML, like Gecko) Chrome/19.0.1084.46 Safari/536.5" 334
201.42.223.29 - - [19/Mar/2022:16:52:28] "GET /product.screen?productId=SC-MG-G10&JSESSIONID=SD9SL9FF2ADFF4965 HTTP 1.1" 200 1609 "http://www.buttercupgames.com/product.screen?productId=SC-MG-G10" "Mozilla/5.0 (Macintosh; Intel Mac OS X 10_7_4) AppleWebKit/536.5 (KHTML, like Gecko) Chrome/19.0.1084.46 Safari/536.5" 374
201.42.223.29 - - [19/Mar/2022:16:52:40] "GET /hidden/anna_nicole.html?JSESSIONID=SD9SL9FF2ADFF4965 HTTP 1.1" 404 605 "http://www.buttercupgames.com/category.screen?categoryId=NULL" "Mozilla/5.0 (Macintosh; Intel Mac OS X 10_7_4) AppleWebKit/536.5 (KHTML, like Gecko) Chrome/19.0.1084.46 Safari/536.5" 985
201.42.223.29 - - [19/Mar/2022:16:52:49] "POST /product.screen?productId=WC-SH-G04&JSESSIONID=SD9SL9FF2ADFF4965 HTTP 1.1" 200 578 "http://www.buttercupgames.com/cart.do?action=view&productId=WC-SH-G04" "Mozilla/5.0 (Macintosh; Intel Mac OS X 10_7_4) AppleWebKit/536.5 (KHTML, like Gecko) Chrome/19.0.1084.46 Safari/536.5" 428
201.42.223.29 - - [19/Mar/2022:16:53:04] "GET /category.screen?categoryId=TEE&JSESSIONID=SD9SL9FF2ADFF4965 HTTP 1.1" 200 462 "http://www.buttercupgames.com/product.screen?productId=WC-SH-T02" "Mozilla/5.0 (Macintosh; Intel Mac OS X 10_7_4) AppleWebKit/536.5 (KHTML, like Gecko) Chrome/19.0.1084.46 Safari/536.5" 895
201.42.223.29 - - [19/Mar/2022:16:53:11] "GET /cart.do?action=view&productId=SC-MG-G10&JSESSIONID=SD9SL9FF2ADFF4965 HTTP 1.1" 200 1170 "http://www.buttercupgames.com/cart.do?action=view&productId=SC-MG-G10" "Mozilla/5.0 (Macintosh; Intel Mac OS X 10_7_4) AppleWebKit/536.5 (KHTML, like Gecko) Chrome/19.0.1084.46 Safari/536.5" 630
109.169.32.135 - - [19/Mar/2022:16:54:52] "GET /category.screen?categoryId=NULL&JSESSIONID=SD3SL8FF2ADFF4961 HTTP 1.1" 500 3758 "http://www.buttercupgames.com" "Mozilla/4.0 (compatible; MSIE 7.0; Windows NT 5.2; .NET CLR 1.1.4322; InfoPath.1; MS-RTC LM 8)" 578
109.169.32.135 - - [19/Mar/2022:16:54:59] "GET /product.screen?productId=BS-AG-G09&JSESSIONID=SD3SL8FF2ADFF4961 HTTP 1.1" 200 2424 "http://www.buttercupgames.com/category.screen?categoryId=ARCADE" "Mozilla/4.0 (compatible; MSIE 7.0; Windows NT 5.2; .NET CLR 1.1.4322; InfoPath.1; MS-RTC LM 8)" 534
109.169.32.135 - - [19/Mar/2022:16:55:10] "GET /cart.do?action=addtocart&productId=MB-AG-T01&JSESSIONID=SD3SL8FF2ADFF4961 HTTP 1.1" 200 2476 "http://www.buttercupgames.com/cart.do?action=addtocart&productId=MB-AG-T01" "Mozilla/4.0 (compatible; MSIE 7.0; Windows NT 5.2; .NET CLR 1.1.4322; InfoPath.1; MS-RTC LM 8)" 411
188.173.152.100 - - [19/Mar/2022:16:56:45] "GET /oldlink?&JSESSIONID=SD5SL3FF6ADFF4960 HTTP 1.1" 200 3052 "http://www.google.com" "Mozilla/5.0 (Windows NT 6.1; WOW64) AppleWebKit/536.5 (KHTML, like Gecko) Chrome/19.0.1084.46 Safari/536.5" 822
188.173.152.100 - - [19/Mar/2022:16:56:52] "GET /oldlink?&JSESSIONID=SD5SL3FF6ADFF4960 HTTP 1.1" 200 1260 "http://www.buttercupgames.com/cart.do?action=addtocart&productId=DC-SG-G02" "Mozilla/5.0 (Windows NT 6.1; WOW64) AppleWebKit/536.5 (KHTML, like Gecko) Chrome/19.0.1084.46 Safari/536.5" 198
188.173.152.100 - - [19/Mar/2022:16:57:08] "GET /cart.do?action=remove&productId=DC-SG-G02&JSESSIONID=SD5SL3FF6ADFF4960 HTTP 1.1" 200 3348 "http://www.buttercupgames.com/category.screen?categoryId=STRATEGY" "Mozilla/5.0 (Windows NT 6.1; WOW64) AppleWebKit/536.5 (KHTML, like Gecko) Chrome/19.0.1084.46 Safari/536.5" 746
188.173.152.100 - - [19/Mar/2022:16:57:19] "POST /cart.do?action=view&JSESSIONID=SD5SL3FF6ADFF4960 HTTP 1.1" 500 1477 "http://www.buttercupgames.com/category.screen?categoryId=NULL" "Mozilla/5.0 (Windows NT 6.1; WOW64) AppleWebKit/536.5 (KHTML, like Gecko) Chrome/19.0.1084.46 Safari/536.5" 538
216.221.226.11 - - [19/Mar/2022:16:58:36] "POST /product.screen?productId=DC-SG-G02&JSESSIONID=SD2SL1FF9ADFF4965 HTTP 1.1" 200 3452 "http://www.buttercupgames.com/category.screen?categoryId=STRATEGY" "Mozilla/4.0 (compatible; MSIE 7.0; Windows NT 5.1; Trident/4.0; .NET CLR 2.0.50727; MS-RTC LM 8; InfoPath.2)" 915
216.221.226.11 - - [19/Mar/2022:16:58:37] "POST /cart.do?action=addtocart&productId=DC-SG-G02&JSESSIONID=SD2SL1FF9ADFF4965 HTTP 1.1" 200 3182 "http://www.buttercupgames.com/product.screen?productId=DC-SG-G02" "Mozilla/4.0 (compatible; MSIE 7.0; Windows NT 5.1; Trident/4.0; .NET CLR 2.0.50727; MS-RTC LM 8; InfoPath.2)" 316
216.221.226.11 - - [19/Mar/2022:16:58:40] "POST /success.do?action=purchase&categoryId=STRATEGY&productId=DC-SG-G02&JSESSIONID=SD2SL1FF9ADFF4965 HTTP 1.1" 200 2124 "http://www.buttercupgames.com/cart.do?action=addtocart&categoryId=STRATEGY&productId=DC-SG-G02" "Mozilla/4.0 (compatible; MSIE 7.0; Windows NT 5.1; Trident/4.0; .NET CLR 2.0.50727; MS-RTC LM 8; InfoPath.2)" 333
216.221.226.11 - - [19/Mar/2022:16:58:40] "POST /cart/success.do?JSESSIONID=SD2SL1FF9ADFF4965&productId=MB-AG-T01 HTTP 1.1" 200 2376 "http://www.buttercupgames.com/cart.do?action=purchase&" "Mozilla/4.0 (compatible; MSIE 7.0; Windows NT 5.1; Trident/4.0; .NET CLR 2.0.50727; MS-RTC LM 8; InfoPath.2)" 817
216.221.226.11 - - [19/Mar/2022:16:58:48] "GET /product.screen?productId=FS-SG-G03&JSESSIONID=SD2SL1FF9ADFF4965 HTTP 1.1" 200 495 "http://www.buttercupgames.com/category.screen?categoryId=STRATEGY" "Mozilla/4.0 (compatible; MSIE 7.0; Windows NT 5.1; Trident/4.0; .NET CLR 2.0.50727; MS-RTC LM 8; InfoPath.2)" 898
216.221.226.11 - - [19/Mar/2022:16:58:55] "GET /product.screen?productId=SF-BVS-01&JSESSIONID=SD2SL1FF9ADFF4965 HTTP 1.1" 400 3697 "http://www.buttercupgames.com/product.screen?productId=SF-BVS-01" "Mozilla/4.0 (compatible; MSIE 7.0; Windows NT 5.1; Trident/4.0; .NET CLR 2.0.50727; MS-RTC LM 8; InfoPath.2)" 547
211.166.11.101 - - [19/Mar/2022:16:59:58] "POST /oldlink?&JSESSIONID=SD8SL9FF5ADFF4957 HTTP 1.1" 503 1201 "http://www.yahoo.com" "Mozilla/5.0 (Windows; U; Windows NT 5.1; en-US; rv:1.9.2.28) Gecko/20120306 YFF3 Firefox/3.6.28 ( .NET CLR 3.5.30729; .NET4.0C)" 894
194.146.236.22 - - [19/Mar/2022:17:01:18] "GET /product.screen?productId=DC-SG-G02&JSESSIONID=SD10SL3FF7ADFF4951 HTTP 1.1" 200 3940 "http://www.buttercupgames.com/category.screen?categoryId=STRATEGY" "Mozilla/5.0 (iPad; U; CPU OS 4_3_5 like Mac OS X; en-us) AppleWebKit/533.17.9 (KHTML, like Gecko) Version/5.0.2 Mobile/8L1 Safari/6533.18.5" 124
194.146.236.22 - - [19/Mar/2022:17:01:22] "POST /cart.do?action=addtocart&productId=DC-SG-G02&JSESSIONID=SD10SL3FF7ADFF4951 HTTP 1.1" 200 1949 "http://www.buttercupgames.com/product.screen?productId=DC-SG-G02" "Mozilla/5.0 (iPad; U; CPU OS 4_3_5 like Mac OS X; en-us) AppleWebKit/533.17.9 (KHTML, like Gecko) Version/5.0.2 Mobile/8L1 Safari/6533.18.5" 336
194.146.236.22 - - [19/Mar/2022:17:01:24] "POST /success.do?action=purchase&categoryId=STRATEGY&productId=DC-SG-G02&JSESSIONID=SD10SL3FF7ADFF4951 HTTP 1.1" 200 2130 "http://www.buttercupgames.com/cart.do?action=addtocart&categoryId=STRATEGY&productId=DC-SG-G02" "Mozilla/5.0 (iPad; U; CPU OS 4_3_5 like Mac OS X; en-us) AppleWebKit/533.17.9 (KHTML, like Gecko) Version/5.0.2 Mobile/8L1 Safari/6533.18.5" 422
194.146.236.22 - - [19/Mar/2022:17:01:24] "POST /cart/success.do?JSESSIONID=SD10SL3FF7ADFF4951&productId=WC-SH-A02 HTTP 1.1" 200 2617 "http://www.buttercupgames.com/cart.do?action=purchase&" "Mozilla/5.0 (iPad; U; CPU OS 4_3_5 like Mac OS X; en-us) AppleWebKit/533.17.9 (KHTML, like Gecko) Version/5.0.2 Mobile/8L1 Safari/6533.18.5" 625
27.175.11.11 - - [19/Mar/2022:17:01:26] "POST /oldlink?&JSESSIONID=SD3SL2FF4ADFF4955 HTTP 1.1" 200 3592 "http://www.google.com" "Mozilla/5.0 (Windows; U; Windows NT 5.1; en-US; rv:1.9.2.28) Gecko/20120306 YFF3 Firefox/3.6.28 ( .NET CLR 3.5.30729; .NET4.0C)" 910
27.175.11.11 - - [19/Mar/2022:17:01:32] "GET /product.screen?productId=DB-SG-G01&JSESSIONID=SD3SL2FF4ADFF4955 HTTP 1.1" 200 721 "http://www.buttercupgames.com/oldlink" "Mozilla/5.0 (Windows; U; Windows NT 5.1; en-US; rv:1.9.2.28) Gecko/20120306 YFF3 Firefox/3.6.28 ( .NET CLR 3.5.30729; .NET4.0C)" 452
27.175.11.11 - - [19/Mar/2022:17:01:39] "POST /product.screen?productId=CU-PG-G06&JSESSIONID=SD3SL2FF4ADFF4955 HTTP 1.1" 200 3055 "http://www.buttercupgames.com/category.screen?categoryId=SPORTS" "Mozilla/5.0 (Windows; U; Windows NT 5.1; en-US; rv:1.9.2.28) Gecko/20120306 YFF3 Firefox/3.6.28 ( .NET CLR 3.5.30729; .NET4.0C)" 799
27.175.11.11 - - [19/Mar/2022:17:01:42] "POST /cart.do?action=addtocart&productId=CU-PG-G06&JSESSIONID=SD3SL2FF4ADFF4955 HTTP 1.1" 200 775 "http://www.buttercupgames.com/product.screen?productId=CU-PG-G06" "Mozilla/5.0 (Windows; U; Windows NT 5.1; en-US; rv:1.9.2.28) Gecko/20120306 YFF3 Firefox/3.6.28 ( .NET CLR 3.5.30729; .NET4.0C)" 697
194.146.236.22 - - [19/Mar/2022:17:01:43] "GET /category.screen?categoryId=SPORTS&JSESSIONID=SD10SL3FF7ADFF4951 HTTP 1.1" 200 3073 "http://www.buttercupgames.com/oldlink" "Mozilla/5.0 (iPad; U; CPU OS 4_3_5 like Mac OS X; en-us) AppleWebKit/533.17.9 (KHTML, like Gecko) Version/5.0.2 Mobile/8L1 Safari/6533.18.5" 339
27.175.11.11 - - [19/Mar/2022:17:01:45] "POST /success.do?action=purchase&categoryId=SPORTS&productId=CU-PG-G06&JSESSIONID=SD3SL2FF4ADFF4955 HTTP 1.1" 200 2364 "http://www.buttercupgames.com/cart.do?action=addtocart&categoryId=SPORTS&productId=CU-PG-G06" "Mozilla/5.0 (Windows; U; Windows NT 5.1; en-US; rv:1.9.2.28) Gecko/20120306 YFF3 Firefox/3.6.28 ( .NET CLR 3.5.30729; .NET4.0C)" 608
27.175.11.11 - - [19/Mar/2022:17:01:45] "POST /cart/success.do?JSESSIONID=SD3SL2FF4ADFF4955&productId=BS-AG-G09 HTTP 1.1" 200 359 "http://www.buttercupgames.com/cart.do?action=purchase&" "Mozilla/5.0 (Windows; U; Windows NT 5.1; en-US; rv:1.9.2.28) Gecko/20120306 YFF3 Firefox/3.6.28 ( .NET CLR 3.5.30729; .NET4.0C)" 830
27.175.11.11 - - [19/Mar/2022:17:01:52] "GET /product.screen?productId=BS-AG-G09&JSESSIONID=SD3SL2FF4ADFF4955 HTTP 1.1" 200 902 "http://www.buttercupgames.com/category.screen?categoryId=ARCADE" "Mozilla/5.0 (Windows; U; Windows NT 5.1; en-US; rv:1.9.2.28) Gecko/20120306 YFF3 Firefox/3.6.28 ( .NET CLR 3.5.30729; .NET4.0C)" 445
27.175.11.11 - - [19/Mar/2022:17:01:55] "POST /cart.do?action=addtocart&productId=BS-AG-G09&JSESSIONID=SD3SL2FF4ADFF4955 HTTP 1.1" 200 215 "http://www.buttercupgames.com/product.screen?productId=BS-AG-G09" "Mozilla/5.0 (Windows; U; Windows NT 5.1; en-US; rv:1.9.2.28) Gecko/20120306 YFF3 Firefox/3.6.28 ( .NET CLR 3.5.30729; .NET4.0C)" 536
194.146.236.22 - - [19/Mar/2022:17:01:57] "GET /category.screen?categoryId=STRATEGY&JSESSIONID=SD10SL3FF7ADFF4951 HTTP 1.1" 200 1719 "http://www.buttercupgames.com/oldlink" "Mozilla/5.0 (iPad; U; CPU OS 4_3_5 like Mac OS X; en-us) AppleWebKit/533.17.9 (KHTML, like Gecko) Version/5.0.2 Mobile/8L1 Safari/6533.18.5" 685
27.175.11.11 - - [19/Mar/2022:17:01:58] "POST /success.do?action=purchase&categoryId=ARCADE&productId=BS-AG-G09&JSESSIONID=SD3SL2FF4ADFF4955 HTTP 1.1" 200 990 "http://www.buttercupgames.com/cart.do?action=addtocart&categoryId=ARCADE&productId=BS-AG-G09" "Mozilla/5.0 (Windows; U; Windows NT 5.1; en-US; rv:1.9.2.28) Gecko/20120306 YFF3 Firefox/3.6.28 ( .NET CLR 3.5.30729; .NET4.0C)" 530
27.175.11.11 - - [19/Mar/2022:17:01:58] "POST /cart/success.do?JSESSIONID=SD3SL2FF4ADFF4955&productId=PZ-SG-G05 HTTP 1.1" 200 927 "http://www.buttercupgames.com/cart.do?action=purchase&" "Mozilla/5.0 (Windows; U; Windows NT 5.1; en-US; rv:1.9.2.28) Gecko/20120306 YFF3 Firefox/3.6.28 ( .NET CLR 3.5.30729; .NET4.0C)" 965
194.146.236.22 - - [19/Mar/2022:17:02:04] "GET /oldlink?&JSESSIONID=SD10SL3FF7ADFF4951 HTTP 1.1" 200 1807 "http://www.buttercupgames.com/product.screen?productId=DB-SG-G01" "Mozilla/5.0 (iPad; U; CPU OS 4_3_5 like Mac OS X; en-us) AppleWebKit/533.17.9 (KHTML, like Gecko) Version/5.0.2 Mobile/8L1 Safari/6533.18.5" 527
27.175.11.11 - - [19/Mar/2022:17:02:08] "GET /oldlink?&JSESSIONID=SD3SL2FF4ADFF4955 HTTP 1.1" 400 1315 "http://www.buttercupgames.com/category.screen?categoryId=NULL" "Mozilla/5.0 (Windows; U; Windows NT 5.1; en-US; rv:1.9.2.28) Gecko/20120306 YFF3 Firefox/3.6.28 ( .NET CLR 3.5.30729; .NET4.0C)" 635
194.146.236.22 - - [19/Mar/2022:17:02:10] "GET /category.screen?categoryId=STRATEGY&JSESSIONID=SD10SL3FF7ADFF4951 HTTP 1.1" 200 3439 "http://www.buttercupgames.com/oldlink" "Mozilla/5.0 (iPad; U; CPU OS 4_3_5 like Mac OS X; en-us) AppleWebKit/533.17.9 (KHTML, like Gecko) Version/5.0.2 Mobile/8L1 Safari/6533.18.5" 743
27.175.11.11 - - [19/Mar/2022:17:02:16] "GET /cart.do?action=view&JSESSIONID=SD3SL2FF4ADFF4955 HTTP 1.1" 503 3452 "http://www.buttercupgames.com/product.screen?productId=SF-BVS-01" "Mozilla/5.0 (Windows; U; Windows NT 5.1; en-US; rv:1.9.2.28) Gecko/20120306 YFF3 Firefox/3.6.28 ( .NET CLR 3.5.30729; .NET4.0C)" 375
194.146.236.22 - - [19/Mar/2022:17:02:26] "GET /cart.do?action=view&productId=MB-AG-G07&JSESSIONID=SD10SL3FF7ADFF4951 HTTP 1.1" 200 2223 "http://www.buttercupgames.com/product.screen?productId=MB-AG-G07" "Mozilla/5.0 (iPad; U; CPU OS 4_3_5 like Mac OS X; en-us) AppleWebKit/533.17.9 (KHTML, like Gecko) Version/5.0.2 Mobile/8L1 Safari/6533.18.5" 516
194.146.236.22 - - [19/Mar/2022:17:02:44] "GET /cart.do?action=changequantity&productId=WC-SH-A02&JSESSIONID=SD10SL3FF7ADFF4951 HTTP 1.1" 200 2739 "http://www.buttercupgames.com/category.screen?categoryId=ACCESSORIES" "Mozilla/5.0 (iPad; U; CPU OS 4_3_5 like Mac OS X; en-us) AppleWebKit/533.17.9 (KHTML, like Gecko) Version/5.0.2 Mobile/8L1 Safari/6533.18.5" 951
194.146.236.22 - - [19/Mar/2022:17:03:00] "GET /cart.do?action=view&productId=CU-PG-G06&JSESSIONID=SD10SL3FF7ADFF4951 HTTP 1.1" 200 3234 "http://www.buttercupgames.com/category.screen?categoryId=SPORTS" "Mozilla/5.0 (iPad; U; CPU OS 4_3_5 like Mac OS X; en-us) AppleWebKit/533.17.9 (KHTML, like Gecko) Version/5.0.2 Mobile/8L1 Safari/6533.18.5" 225
194.146.236.22 - - [19/Mar/2022:17:03:16] "GET /oldlink?&JSESSIONID=SD10SL3FF7ADFF4951 HTTP 1.1" 200 3527 "http://www.buttercupgames.com/category.screen?categoryId=STRATEGY" "Mozilla/5.0 (iPad; U; CPU OS 4_3_5 like Mac OS X; en-us) AppleWebKit/533.17.9 (KHTML, like Gecko) Version/5.0.2 Mobile/8L1 Safari/6533.18.5" 911
59.36.99.70 - - [19/Mar/2022:17:03:21] "GET /oldlink?&JSESSIONID=SD4SL1FF4ADFF4958 HTTP 1.1" 408 1880 "http://www.bing.com" "Mozilla/4.0 (compatible; MSIE 7.0; Windows NT 5.1; Trident/4.0; .NET CLR 2.0.50727; MS-RTC LM 8; InfoPath.2)" 989
59.36.99.70 - - [19/Mar/2022:17:03:35] "GET /product.screen?productId=WC-SH-G04&JSESSIONID=SD4SL1FF4ADFF4958 HTTP 1.1" 200 2060 "http://www.buttercupgames.com/product.screen?productId=WC-SH-G04" "Mozilla/4.0 (compatible; MSIE 7.0; Windows NT 5.1; Trident/4.0; .NET CLR 2.0.50727; MS-RTC LM 8; InfoPath.2)" 884
194.146.236.22 - - [19/Mar/2022:17:03:35] "POST /product.screen?productId=WC-SH-G04&JSESSIONID=SD10SL3FF7ADFF4951 HTTP 1.1" 200 1353 "http://www.buttercupgames.com/category.screen?categoryId=SHOOTER" "Mozilla/5.0 (iPad; U; CPU OS 4_3_5 like Mac OS X; en-us) AppleWebKit/533.17.9 (KHTML, like Gecko) Version/5.0.2 Mobile/8L1 Safari/6533.18.5" 608
194.146.236.22 - - [19/Mar/2022:17:03:40] "POST /cart.do?action=addtocart&productId=WC-SH-G04&JSESSIONID=SD10SL3FF7ADFF4951 HTTP 1.1" 200 2211 "http://www.buttercupgames.com/product.screen?productId=WC-SH-G04" "Mozilla/5.0 (iPad; U; CPU OS 4_3_5 like Mac OS X; en-us) AppleWebKit/533.17.9 (KHTML, like Gecko) Version/5.0.2 Mobile/8L1 Safari/6533.18.5" 593
194.146.236.22 - - [19/Mar/2022:17:03:41] "POST /success.do?action=purchase&categoryId=SHOOTER&productId=WC-SH-G04&JSESSIONID=SD10SL3FF7ADFF4951 HTTP 1.1" 200 2275 "http://www.buttercupgames.com/cart.do?action=addtocart&categoryId=SHOOTER&productId=WC-SH-G04" "Mozilla/5.0 (iPad; U; CPU OS 4_3_5 like Mac OS X; en-us) AppleWebKit/533.17.9 (KHTML, like Gecko) Version/5.0.2 Mobile/8L1 Safari/6533.18.5" 481
194.146.236.22 - - [19/Mar/2022:17:03:41] "POST /cart/success.do?JSESSIONID=SD10SL3FF7ADFF4951&productId=WC-SH-A02 HTTP 1.1" 200 3424 "http://www.buttercupgames.com/cart.do?action=purchase&" "Mozilla/5.0 (iPad; U; CPU OS 4_3_5 like Mac OS X; en-us) AppleWebKit/533.17.9 (KHTML, like Gecko) Version/5.0.2 Mobile/8L1 Safari/6533.18.5" 954
59.36.99.70 - - [19/Mar/2022:17:03:45] "POST /oldlink?&JSESSIONID=SD4SL1FF4ADFF4958 HTTP 1.1" 200 2035 "http://www.buttercupgames.com/product.screen?productId=FS-SG-G03" "Mozilla/4.0 (compatible; MSIE 7.0; Windows NT 5.1; Trident/4.0; .NET CLR 2.0.50727; MS-RTC LM 8; InfoPath.2)" 384
59.36.99.70 - - [19/Mar/2022:17:03:51] "GET /category.screen?categoryId=STRATEGY&JSESSIONID=SD4SL1FF4ADFF4958 HTTP 1.1" 200 1943 "http://www.buttercupgames.com/cart.do?action=addtocart&productId=DC-SG-G02" "Mozilla/4.0 (compatible; MSIE 7.0; Windows NT 5.1; Trident/4.0; .NET CLR 2.0.50727; MS-RTC LM 8; InfoPath.2)" 341
194.146.236.22 - - [19/Mar/2022:17:03:55] "GET /category.screen?categoryId=SIMULATION&JSESSIONID=SD10SL3FF7ADFF4951 HTTP 1.1" 200 1977 "http://www.buttercupgames.com/oldlink" "Mozilla/5.0 (iPad; U; CPU OS 4_3_5 like Mac OS X; en-us) AppleWebKit/533.17.9 (KHTML, like Gecko) Version/5.0.2 Mobile/8L1 Safari/6533.18.5" 950
201.3.120.132 - - [19/Mar/2022:17:10:05] "POST /category.screen?categoryId=ARCADE&JSESSIONID=SD9SL4FF8ADFF4957 HTTP 1.1" 200 2795 "http://www.buttercupgames.com" "Mozilla/5.0 (compatible; MSIE 9.0; Windows NT 6.1; WOW64; Trident/5.0; BOIE9;ENUS)" 784
60.18.93.11 - - [19/Mar/2022:17:10:07] "GET /product.screen?productId=FI-AG-G08&JSESSIONID=SD3SL4FF4ADFF4952 HTTP 1.1" 200 3557 "http://www.yahoo.com" "Mozilla/4.0 (compatible; MSIE 7.0; Windows NT 5.2; .NET CLR 1.1.4322; InfoPath.1; MS-RTC LM 8)" 559
201.3.120.132 - - [19/Mar/2022:17:10:15] "POST /cart.do?action=view&productId=WC-SH-T02&JSESSIONID=SD9SL4FF8ADFF4957 HTTP 1.1" 200 2839 "http://www.buttercupgames.com/category.screen?categoryId=TEE" "Mozilla/5.0 (compatible; MSIE 9.0; Windows NT 6.1; WOW64; Trident/5.0; BOIE9;ENUS)" 482
60.18.93.11 - - [19/Mar/2022:17:10:19] "GET /oldlink?&JSESSIONID=SD3SL4FF4ADFF4952 HTTP 1.1" 200 2136 "http://www.buttercupgames.com/cart.do?action=view&productId=MB-AG-T01" "Mozilla/4.0 (compatible; MSIE 7.0; Windows NT 5.2; .NET CLR 1.1.4322; InfoPath.1; MS-RTC LM 8)" 453
201.3.120.132 - - [19/Mar/2022:17:10:26] "POST /product.screen?productId=WC-SH-A01&JSESSIONID=SD9SL4FF8ADFF4957 HTTP 1.1" 200 3688 "http://www.buttercupgames.com/product.screen?productId=WC-SH-A01" "Mozilla/5.0 (compatible; MSIE 9.0; Windows NT 6.1; WOW64; Trident/5.0; BOIE9;ENUS)" 699
60.18.93.11 - - [19/Mar/2022:17:10:38] "GET /category.screen?categoryId=STRATEGY&JSESSIONID=SD3SL4FF4ADFF4952 HTTP 1.1" 200 3895 "http://www.buttercupgames.com/oldlink" "Mozilla/4.0 (compatible; MSIE 7.0; Windows NT 5.2; .NET CLR 1.1.4322; InfoPath.1; MS-RTC LM 8)" 638
201.3.120.132 - - [19/Mar/2022:17:10:41] "GET /category.screen?categoryId=TEE&JSESSIONID=SD9SL4FF8ADFF4957 HTTP 1.1" 200 2570 "http://www.buttercupgames.com/product.screen?productId=WC-SH-T02" "Mozilla/5.0 (compatible; MSIE 9.0; Windows NT 6.1; WOW64; Trident/5.0; BOIE9;ENUS)" 905
201.3.120.132 - - [19/Mar/2022:17:10:54] "GET /product.screen?productId=DB-SG-G01&JSESSIONID=SD9SL4FF8ADFF4957 HTTP 1.1" 200 1299 "http://www.buttercupgames.com/category.screen?categoryId=STRATEGY" "Mozilla/5.0 (compatible; MSIE 9.0; Windows NT 6.1; WOW64; Trident/5.0; BOIE9;ENUS)" 504
60.18.93.11 - - [19/Mar/2022:17:10:55] "POST /cart.do?action=view&JSESSIONID=SD3SL4FF4ADFF4952 HTTP 1.1" 503 3166 "http://www.buttercupgames.com/product.screen?productId=SF-BVS-01" "Mozilla/4.0 (compatible; MSIE 7.0; Windows NT 5.2; .NET CLR 1.1.4322; InfoPath.1; MS-RTC LM 8)" 951
201.3.120.132 - - [19/Mar/2022:17:11:03] "GET /product.screen?productId=DB-SG-G01&JSESSIONID=SD9SL4FF8ADFF4957 HTTP 1.1" 200 3806 "http://www.buttercupgames.com/cart.do?action=remove&productId=DB-SG-G01" "Mozilla/5.0 (compatible; MSIE 9.0; Windows NT 6.1; WOW64; Trident/5.0; BOIE9;ENUS)" 342
201.3.120.132 - - [19/Mar/2022:17:11:12] "GET /oldlink?&JSESSIONID=SD9SL4FF8ADFF4957 HTTP 1.1" 200 556 "http://www.buttercupgames.com/category.screen?categoryId=TEE" "Mozilla/5.0 (compatible; MSIE 9.0; Windows NT 6.1; WOW64; Trident/5.0; BOIE9;ENUS)" 808
175.44.24.82 - - [19/Mar/2022:17:13:45] "POST /oldlink?&JSESSIONID=SD8SL3FF10ADFF4962 HTTP 1.1" 200 490 "http://www.buttercupgames.com" "Mozilla/5.0 (Macintosh; Intel Mac OS X 10_6_8) AppleWebKit/534.55.3 (KHTML, like Gecko) Version/5.1.5 Safari/534.55.3" 902
71.192.86.205 - - [19/Mar/2022:17:16:37] "GET /product.screen?productId=PZ-SG-G05&JSESSIONID=SD10SL3FF6ADFF4962 HTTP 1.1" 200 1035 "http://www.buttercupgames.com/category.screen?categoryId=STRATEGY" "Mozilla/4.0 (compatible; MSIE 7.0; Windows NT 5.2; .NET CLR 1.1.4322; InfoPath.1; MS-RTC LM 8)" 102
71.192.86.205 - - [19/Mar/2022:17:16:38] "POST /cart.do?action=addtocart&productId=PZ-SG-G05&JSESSIONID=SD10SL3FF6ADFF4962 HTTP 1.1" 200 2033 "http://www.buttercupgames.com/product.screen?productId=PZ-SG-G05" "Mozilla/4.0 (compatible; MSIE 7.0; Windows NT 5.2; .NET CLR 1.1.4322; InfoPath.1; MS-RTC LM 8)" 112
71.192.86.205 - - [19/Mar/2022:17:16:41] "POST /success.do?action=purchase&categoryId=STRATEGY&productId=PZ-SG-G05&JSESSIONID=SD10SL3FF6ADFF4962 HTTP 1.1" 200 1718 "http://www.buttercupgames.com/cart.do?action=addtocart&categoryId=STRATEGY&productId=PZ-SG-G05" "Mozilla/4.0 (compatible; MSIE 7.0; Windows NT 5.2; .NET CLR 1.1.4322; InfoPath.1; MS-RTC LM 8)" 240
