79.189.193.150 - - [19/Mar/2022:03:01:17] "GET /product.screen?productId=WC-SH-G04&JSESSIONID=SD2SL9FF10ADFF4963 HTTP 1.1" 200 1525 "http://www.buttercupgames.com/category.screen?categoryId=SHOOTER" "Mozilla/4.0 (compatible; MSIE 7.0; Windows NT 5.1; Trident/4.0; .NET CLR 2.0.50727; MS-RTC LM 8; InfoPath.2)" 552
79.189.193.150 - - [19/Mar/2022:03:01:21] "GET /oldlink?&JSESSIONID=SD2SL9FF10ADFF4963 HTTP 1.1" 200 861 "http://www.buttercupgames.com/product.screen?productId=DC-SG-G02" "Mozilla/4.0 (compatible; MSIE 7.0; Windows NT 5.1; Trident/4.0; .NET CLR 2.0.50727; MS-RTC LM 8; InfoPath.2)" 472
79.189.193.150 - - [19/Mar/2022:03:01:24] "GET /oldlink?&JSESSIONID=SD2SL9FF10ADFF4963 HTTP 1.1" 200 3926 "http://www.buttercupgames.com/product.screen?productId=WC-SH-A01" "Mozilla/4.0 (compatible; MSIE 7.0; Windows NT 5.1; Trident/4.0; .NET CLR 2.0.50727; MS-RTC LM 8; InfoPath.2)" 534
79.189.193.150 - - [19/Mar/2022:03:01:32] "POST /product.screen?productId=MB-AG-G07&JSESSIONID=SD2SL9FF10ADFF4963 HTTP 1.1" 200 3221 "http://www.buttercupgames.com/oldlink" "Mozilla/4.0 (compatible; MSIE 7.0; Windows NT 5.1; Trident/4.0; .NET CLR 2.0.50727; MS-RTC LM 8; InfoPath.2)" 278
79.189.193.150 - - [19/Mar/2022:03:01:36] "GET /oldlink?&JSESSIONID=SD2SL9FF10ADFF4963 HTTP 1.1" 200 1034 "http://www.buttercupgames.com/product.screen?productId=BS-AG-G09" "Mozilla/4.0 (compatible; MSIE 7.0; Windows NT 5.1; Trident/4.0; .NET CLR 2.0.50727; MS-RTC LM 8; InfoPath.2)" 463
12.130.60.4 - - [19/Mar/2022:03:02:42] "GET /product.screen?productId=DC-SG-G02&JSESSIONID=SD6SL1FF4ADFF4962 HTTP 1.1" 200 940 "http://www.yahoo.com" "Mozilla/5.0 (Windows; U; Windows NT 5.1; en-US; rv:1.9.2.28) Gecko/20120306 YFF3 Firefox/3.6.28 ( .NET CLR 3.5.30729; .NET4.0C)" 978
12.130.60.4 - - [19/Mar/2022:03:02:48] "GET /oldlink?&JSESSIONID=SD6SL1FF4ADFF4962 HTTP 1.1" 200 1300 "http://www.buttercupgames.com/oldlink" "Mozilla/5.0 (Windows; U; Windows NT 5.1; en-US; rv:1.9.2.28) Gecko/20120306 YFF3 Firefox/3.6.28 ( .NET CLR 3.5.30729; .NET4.0C)" 805
12.130.60.4 - - [19/Mar/2022:03:02:57] "GET /product.screen?productId=WC-SH-G04&JSESSIONID=SD6SL1FF4ADFF4962 HTTP 1.1" 200 1909 "http://www.buttercupgames.com/category.screen?categoryId=SHOOTER" "Mozilla/5.0 (Windows; U; Windows NT 5.1; en-US; rv:1.9.2.28) Gecko/20120306 YFF3 Firefox/3.6.28 ( .NET CLR 3.5.30729; .NET4.0C)" 412
12.130.60.4 - - [19/Mar/2022:03:03:08] "GET /oldlink?&JSESSIONID=SD6SL1FF4ADFF4962 HTTP 1.1" 200 3390 "http://www.buttercupgames.com/oldlink" "Mozilla/5.0 (Windows; U; Windows NT 5.1; en-US; rv:1.9.2.28) Gecko/20120306 YFF3 Firefox/3.6.28 ( .NET CLR 3.5.30729; .NET4.0C)" 374
12.130.60.4 - - [19/Mar/2022:03:03:19] "GET /cart.do?action=changequantity&productId=PZ-SG-G05&JSESSIONID=SD6SL1FF4ADFF4962 HTTP 1.1" 200 2445 "http://www.buttercupgames.com/oldlink" "Mozilla/5.0 (Windows; U; Windows NT 5.1; en-US; rv:1.9.2.28) Gecko/20120306 YFF3 Firefox/3.6.28 ( .NET CLR 3.5.30729; .NET4.0C)" 220
212.27.63.151 - - [19/Mar/2022:03:04:52] "GET /cart.do?action=changequantity&productId=SC-MG-G10&JSESSIONID=SD0SL5FF4ADFF4956 HTTP 1.1" 200 3692 "http://www.google.com" "Mozilla/4.0 (compatible; MSIE 7.0; Windows NT 5.2; .NET CLR 1.1.4322; InfoPath.1; MS-RTC LM 8)" 834
221.204.246.72 - - [19/Mar/2022:03:04:55] "POST /oldlink?&JSESSIONID=SD4SL3FF3ADFF4964 HTTP 1.1" 200 3024 "http://www.bing.com" "Mozilla/5.0 (Windows NT 6.1; WOW64; rv:12.0) Gecko/20100101 Firefox/12.0" 714
212.27.63.151 - - [19/Mar/2022:03:05:01] "GET /category.screen?categoryId=STRATEGY&JSESSIONID=SD0SL5FF4ADFF4956 HTTP 1.1" 200 827 "http://www.buttercupgames.com/category.screen?categoryId=STRATEGY" "Mozilla/4.0 (compatible; MSIE 7.0; Windows NT 5.2; .NET CLR 1.1.4322; InfoPath.1; MS-RTC LM 8)" 387
221.204.246.72 - - [19/Mar/2022:03:05:04] "POST /cart.do?action=addtocart&productId=WC-SH-A01&JSESSIONID=SD4SL3FF3ADFF4964 HTTP 1.1" 200 355 "http://www.buttercupgames.com/oldlink" "Mozilla/5.0 (Windows NT 6.1; WOW64; rv:12.0) Gecko/20100101 Firefox/12.0" 821
212.27.63.151 - - [19/Mar/2022:03:05:12] "POST /cart.do?action=view&productId=DB-SG-G01&JSESSIONID=SD0SL5FF4ADFF4956 HTTP 1.1" 200 1081 "http://www.buttercupgames.com/cart.do?action=view&productId=DB-SG-G01" "Mozilla/4.0 (compatible; MSIE 7.0; Windows NT 5.2; .NET CLR 1.1.4322; InfoPath.1; MS-RTC LM 8)" 496
221.204.246.72 - - [19/Mar/2022:03:05:14] "GET /category.screen?categoryId=TEE&JSESSIONID=SD4SL3FF3ADFF4964 HTTP 1.1" 200 409 "http://www.buttercupgames.com/oldlink" "Mozilla/5.0 (Windows NT 6.1; WOW64; rv:12.0) Gecko/20100101 Firefox/12.0" 743
221.204.246.72 - - [19/Mar/2022:03:05:17] "POST /oldlink?&JSESSIONID=SD4SL3FF3ADFF4964 HTTP 1.1" 200 2383 "http://www.buttercupgames.com/category.screen?categoryId=SHOOTER" "Mozilla/5.0 (Windows NT 6.1; WOW64; rv:12.0) Gecko/20100101 Firefox/12.0" 254
212.27.63.151 - - [19/Mar/2022:03:05:25] "POST /cart.do?action=view&productId=MB-AG-G07&JSESSIONID=SD0SL5FF4ADFF4956 HTTP 1.1" 200 2836 "http://www.buttercupgames.com/product.screen?productId=MB-AG-G07" "Mozilla/4.0 (compatible; MSIE 7.0; Windows NT 5.2; .NET CLR 1.1.4322; InfoPath.1; MS-RTC LM 8)" 348
221.204.246.72 - - [19/Mar/2022:03:05:31] "POST /category.screen?categoryId=SPORTS&JSESSIONID=SD4SL3FF3ADFF4964 HTTP 1.1" 200 588 "http://www.buttercupgames.com/cart.do?action=view&productId=CU-PG-G06" "Mozilla/5.0 (Windows NT 6.1; WOW64; rv:12.0) Gecko/20100101 Firefox/12.0" 583
212.27.63.151 - - [19/Mar/2022:03:05:35] "GET /product.screen?productId=WC-SH-T02&JSESSIONID=SD0SL5FF4ADFF4956 HTTP 1.1" 200 1079 "http://www.buttercupgames.com/category.screen?categoryId=TEE" "Mozilla/4.0 (compatible; MSIE 7.0; Windows NT 5.2; .NET CLR 1.1.4322; InfoPath.1; MS-RTC LM 8)" 672
212.27.63.151 - - [19/Mar/2022:03:05:36] "POST /cart.do?action=addtocart&productId=WC-SH-T02&JSESSIONID=SD0SL5FF4ADFF4956 HTTP 1.1" 200 1257 "http://www.buttercupgames.com/product.screen?productId=WC-SH-T02" "Mozilla/4.0 (compatible; MSIE 7.0; Windows NT 5.2; .NET CLR 1.1.4322; InfoPath.1; MS-RTC LM 8)" 225
221.204.246.72 - - [19/Mar/2022:03:05:37] "POST /cart.do?action=view&productId=WC-SH-A01&JSESSIONID=SD4SL3FF3ADFF4964 HTTP 1.1" 200 3015 "http://www.buttercupgames.com/product.screen?productId=WC-SH-A01" "Mozilla/5.0 (Windows NT 6.1; WOW64; rv:12.0) Gecko/20100101 Firefox/12.0" 137
212.27.63.151 - - [19/Mar/2022:03:05:39] "POST /success.do?action=purchase&categoryId=TEE&productId=WC-SH-T02&JSESSIONID=SD0SL5FF4ADFF4956 HTTP 1.1" 200 3561 "http://www.buttercupgames.com/cart.do?action=addtocart&categoryId=TEE&productId=WC-SH-T02" "Mozilla/4.0 (compatible; MSIE 7.0; Windows NT 5.2; .NET CLR 1.1.4322; InfoPath.1; MS-RTC LM 8)" 738
212.27.63.151 - - [19/Mar/2022:03:05:39] "POST /cart/success.do?JSESSIONID=SD0SL5FF4ADFF4956&productId=WC-SH-G04 HTTP 1.1" 200 3519 "http://www.buttercupgames.com/cart.do?action=purchase&" "Mozilla/4.0 (compatible; MSIE 7.0; Windows NT 5.2; .NET CLR 1.1.4322; InfoPath.1; MS-RTC LM 8)" 710
221.204.246.72 - - [19/Mar/2022:03:05:46] "GET /oldlink?&JSESSIONID=SD4SL3FF3ADFF4964 HTTP 1.1" 200 1232 "http://www.buttercupgames.com/category.screen?categoryId=ARCADE" "Mozilla/5.0 (Windows NT 6.1; WOW64; rv:12.0) Gecko/20100101 Firefox/12.0" 858
221.204.246.72 - - [19/Mar/2022:03:05:52] "POST /oldlink?&JSESSIONID=SD4SL3FF3ADFF4964 HTTP 1.1" 200 2524 "http://www.buttercupgames.com/cart.do?action=addtocart&productId=FI-AG-G08" "Mozilla/5.0 (Windows NT 6.1; WOW64; rv:12.0) Gecko/20100101 Firefox/12.0" 269
212.27.63.151 - - [19/Mar/2022:03:05:52] "GET /oldlink?&JSESSIONID=SD0SL5FF4ADFF4956 HTTP 1.1" 200 3391 "http://www.buttercupgames.com/product.screen?productId=WC-SH-A01" "Mozilla/4.0 (compatible; MSIE 7.0; Windows NT 5.2; .NET CLR 1.1.4322; InfoPath.1; MS-RTC LM 8)" 908
212.27.63.151 - - [19/Mar/2022:03:05:57] "POST /product.screen?productId=CU-PG-G06&JSESSIONID=SD0SL5FF4ADFF4956 HTTP 1.1" 200 1679 "http://www.buttercupgames.com/product.screen?productId=CU-PG-G06" "Mozilla/4.0 (compatible; MSIE 7.0; Windows NT 5.2; .NET CLR 1.1.4322; InfoPath.1; MS-RTC LM 8)" 798
212.27.63.151 - - [19/Mar/2022:03:06:02] "POST /oldlink?&JSESSIONID=SD0SL5FF4ADFF4956 HTTP 1.1" 200 2540 "http://www.buttercupgames.com/oldlink" "Mozilla/4.0 (compatible; MSIE 7.0; Windows NT 5.2; .NET CLR 1.1.4322; InfoPath.1; MS-RTC LM 8)" 433
221.204.246.72 - - [19/Mar/2022:03:06:06] "POST /category.screen?categoryId=ACCESSORIES&JSESSIONID=SD4SL3FF3ADFF4964 HTTP 1.1" 200 2854 "http://www.buttercupgames.com/oldlink" "Mozilla/5.0 (Windows NT 6.1; WOW64; rv:12.0) Gecko/20100101 Firefox/12.0" 679
212.27.63.151 - - [19/Mar/2022:03:06:08] "GET /cart.do?action=addtocart&JSESSIONID=SD0SL5FF4ADFF4956 HTTP 1.1" 406 3839 "http://www.buttercupgames.com/category.screen?categoryId=NULL" "Mozilla/4.0 (compatible; MSIE 7.0; Windows NT 5.2; .NET CLR 1.1.4322; InfoPath.1; MS-RTC LM 8)" 904
221.204.246.72 - - [19/Mar/2022:03:06:08] "GET /cart.do?action=changequantity&productId=WC-SH-A02&JSESSIONID=SD4SL3FF3ADFF4964 HTTP 1.1" 200 3546 "http://www.buttercupgames.com/product.screen?productId=WC-SH-A02" "Mozilla/5.0 (Windows NT 6.1; WOW64; rv:12.0) Gecko/20100101 Firefox/12.0" 201
212.27.63.151 - - [19/Mar/2022:03:06:11] "GET /product.screen?productId=WC-SH-T02&JSESSIONID=SD0SL5FF4ADFF4956 HTTP 1.1" 200 3232 "http://www.buttercupgames.com/category.screen?categoryId=TEE" "Mozilla/4.0 (compatible; MSIE 7.0; Windows NT 5.2; .NET CLR 1.1.4322; InfoPath.1; MS-RTC LM 8)" 720
212.27.63.151 - - [19/Mar/2022:03:06:13] "POST /cart.do?action=addtocart&productId=WC-SH-T02&JSESSIONID=SD0SL5FF4ADFF4956 HTTP 1.1" 200 1032 "http://www.buttercupgames.com/product.screen?productId=WC-SH-T02" "Mozilla/4.0 (compatible; MSIE 7.0; Windows NT 5.2; .NET CLR 1.1.4322; InfoPath.1; MS-RTC LM 8)" 359
212.27.63.151 - - [19/Mar/2022:03:06:15] "POST /success.do?action=purchase&categoryId=TEE&productId=WC-SH-T02&JSESSIONID=SD0SL5FF4ADFF4956 HTTP 1.1" 200 3105 "http://www.buttercupgames.com/cart.do?action=addtocart&categoryId=TEE&productId=WC-SH-T02" "Mozilla/4.0 (compatible; MSIE 7.0; Windows NT 5.2; .NET CLR 1.1.4322; InfoPath.1; MS-RTC LM 8)" 340
212.27.63.151 - - [19/Mar/2022:03:06:15] "POST /cart/success.do?productId=GT-SC-G01&JSESSIONID=SD0SL5FF4ADFF4956 HTTP 1.1" 200 1806 "http://www.buttercupgames.com/cart.do?action=purchase&productId=GT-SC-G01" "Mozilla/4.0 (compatible; MSIE 7.0; Windows NT 5.2; .NET CLR 1.1.4322; InfoPath.1; MS-RTC LM 8)" 375
221.204.246.72 - - [19/Mar/2022:03:06:15] "GET /product.screen?productId=MB-AG-G07&JSESSIONID=SD4SL3FF3ADFF4964 HTTP 1.1" 200 2897 "http://www.buttercupgames.com/category.screen?categoryId=ARCADE" "Mozilla/5.0 (Windows NT 6.1; WOW64; rv:12.0) Gecko/20100101 Firefox/12.0" 304
221.204.246.72 - - [19/Mar/2022:03:06:16] "POST /cart.do?action=addtocart&productId=MB-AG-G07&JSESSIONID=SD4SL3FF3ADFF4964 HTTP 1.1" 200 2474 "http://www.buttercupgames.com/product.screen?productId=MB-AG-G07" "Mozilla/5.0 (Windows NT 6.1; WOW64; rv:12.0) Gecko/20100101 Firefox/12.0" 999
221.204.246.72 - - [19/Mar/2022:03:06:19] "POST /success.do?action=purchase&categoryId=ARCADE&productId=MB-AG-G07&JSESSIONID=SD4SL3FF3ADFF4964 HTTP 1.1" 200 2543 "http://www.buttercupgames.com/cart.do?action=addtocart&categoryId=ARCADE&productId=MB-AG-G07" "Mozilla/5.0 (Windows NT 6.1; WOW64; rv:12.0) Gecko/20100101 Firefox/12.0" 957
221.204.246.72 - - [19/Mar/2022:03:06:19] "POST /cart/success.do?JSESSIONID=SD4SL3FF3ADFF4964&productId=FS-SG-G03 HTTP 1.1" 200 1594 "http://www.buttercupgames.com/cart.do?action=purchase&" "Mozilla/5.0 (Windows NT 6.1; WOW64; rv:12.0) Gecko/20100101 Firefox/12.0" 634
212.27.63.151 - - [19/Mar/2022:03:06:26] "GET /category.screen?categoryId=NULL&JSESSIONID=SD0SL5FF4ADFF4956 HTTP 1.1" 403 759 "http://www.buttercupgames.com/cart.do?action=view&" "Mozilla/4.0 (compatible; MSIE 7.0; Windows NT 5.2; .NET CLR 1.1.4322; InfoPath.1; MS-RTC LM 8)" 942
131.178.233.243 - - [19/Mar/2022:03:09:46] "GET /product.screen?productId=DB-SG-G01&JSESSIONID=SD7SL3FF3ADFF4958 HTTP 1.1" 200 3071 "http://www.google.com" "Mozilla/5.0 (Windows; U; Windows NT 5.1; en-US; rv:1.9.2.28) Gecko/20120306 YFF3 Firefox/3.6.28 ( .NET CLR 3.5.30729; .NET4.0C)" 164
212.235.92.150 - - [19/Mar/2022:03:09:51] "GET /oldlink?&JSESSIONID=SD6SL5FF9ADFF4951 HTTP 1.1" 200 3155 "http://www.yahoo.com" "Mozilla/5.0 (Windows NT 6.1; WOW64) AppleWebKit/536.5 (KHTML, like Gecko) Chrome/19.0.1084.46 Safari/536.5" 337
131.178.233.243 - - [19/Mar/2022:03:09:52] "GET /category.screen?categoryId=SPORTS&JSESSIONID=SD7SL3FF3ADFF4958 HTTP 1.1" 200 1158 "http://www.buttercupgames.com/product.screen?productId=CU-PG-G06" "Mozilla/5.0 (Windows; U; Windows NT 5.1; en-US; rv:1.9.2.28) Gecko/20120306 YFF3 Firefox/3.6.28 ( .NET CLR 3.5.30729; .NET4.0C)" 867
212.235.92.150 - - [19/Mar/2022:03:09:57] "GET /product.screen?productId=MB-AG-G07&JSESSIONID=SD6SL5FF9ADFF4951 HTTP 1.1" 200 3812 "http://www.buttercupgames.com/product.screen?productId=MB-AG-G07" "Mozilla/5.0 (Windows NT 6.1; WOW64) AppleWebKit/536.5 (KHTML, like Gecko) Chrome/19.0.1084.46 Safari/536.5" 769
212.235.92.150 - - [19/Mar/2022:03:10:05] "POST /cart.do?action=changequantity&productId=BS-AG-G09&JSESSIONID=SD6SL5FF9ADFF4951 HTTP 1.1" 200 1647 "http://www.buttercupgames.com/oldlink" "Mozilla/5.0 (Windows NT 6.1; WOW64) AppleWebKit/536.5 (KHTML, like Gecko) Chrome/19.0.1084.46 Safari/536.5" 938
131.178.233.243 - - [19/Mar/2022:03:10:05] "POST /oldlink?&JSESSIONID=SD7SL3FF3ADFF4958 HTTP 1.1" 200 2368 "http://www.buttercupgames.com/category.screen?categoryId=ARCADE" "Mozilla/5.0 (Windows; U; Windows NT 5.1; en-US; rv:1.9.2.28) Gecko/20120306 YFF3 Firefox/3.6.28 ( .NET CLR 3.5.30729; .NET4.0C)" 727
212.235.92.150 - - [19/Mar/2022:03:10:14] "POST /product.screen?productId=MB-AG-T01&JSESSIONID=SD6SL5FF9ADFF4951 HTTP 1.1" 200 906 "http://www.buttercupgames.com/category.screen?categoryId=TEE" "Mozilla/5.0 (Windows NT 6.1; WOW64) AppleWebKit/536.5 (KHTML, like Gecko) Chrome/19.0.1084.46 Safari/536.5" 671
131.178.233.243 - - [19/Mar/2022:03:10:18] "GET /product.screen?productId=SF-BVS-01&JSESSIONID=SD7SL3FF3ADFF4958 HTTP 1.1" 408 3302 "http://www.buttercupgames.com/category.screen?categoryId=NULL" "Mozilla/5.0 (Windows; U; Windows NT 5.1; en-US; rv:1.9.2.28) Gecko/20120306 YFF3 Firefox/3.6.28 ( .NET CLR 3.5.30729; .NET4.0C)" 782
212.235.92.150 - - [19/Mar/2022:03:10:24] "GET /category.screen?categoryId=STRATEGY&JSESSIONID=SD6SL5FF9ADFF4951 HTTP 1.1" 200 2861 "http://www.buttercupgames.com/category.screen?categoryId=STRATEGY" "Mozilla/5.0 (Windows NT 6.1; WOW64) AppleWebKit/536.5 (KHTML, like Gecko) Chrome/19.0.1084.46 Safari/536.5" 741
212.235.92.150 - - [19/Mar/2022:03:10:28] "GET /product.screen?productId=DB-SG-G01&JSESSIONID=SD6SL5FF9ADFF4951 HTTP 1.1" 200 2584 "http://www.buttercupgames.com/category.screen?categoryId=STRATEGY" "Mozilla/5.0 (Windows NT 6.1; WOW64) AppleWebKit/536.5 (KHTML, like Gecko) Chrome/19.0.1084.46 Safari/536.5" 938
212.235.92.150 - - [19/Mar/2022:03:10:31] "POST /cart.do?action=addtocart&productId=DB-SG-G01&JSESSIONID=SD6SL5FF9ADFF4951 HTTP 1.1" 200 537 "http://www.buttercupgames.com/product.screen?productId=DB-SG-G01" "Mozilla/5.0 (Windows NT 6.1; WOW64) AppleWebKit/536.5 (KHTML, like Gecko) Chrome/19.0.1084.46 Safari/536.5" 778
212.235.92.150 - - [19/Mar/2022:03:10:32] "POST /success.do?action=purchase&categoryId=STRATEGY&productId=DB-SG-G01&JSESSIONID=SD6SL5FF9ADFF4951 HTTP 1.1" 200 1447 "http://www.buttercupgames.com/cart.do?action=addtocart&categoryId=STRATEGY&productId=DB-SG-G01" "Mozilla/5.0 (Windows NT 6.1; WOW64) AppleWebKit/536.5 (KHTML, like Gecko) Chrome/19.0.1084.46 Safari/536.5" 689
212.235.92.150 - - [19/Mar/2022:03:10:32] "POST /cart/success.do?JSESSIONID=SD6SL5FF9ADFF4951&productId=MB-AG-G07 HTTP 1.1" 200 1935 "http://www.buttercupgames.com/cart.do?action=purchase&" "Mozilla/5.0 (Windows NT 6.1; WOW64) AppleWebKit/536.5 (KHTML, like Gecko) Chrome/19.0.1084.46 Safari/536.5" 667
212.235.92.150 - - [19/Mar/2022:03:10:35] "GET /category.screen?categoryId=STRATEGY&JSESSIONID=SD6SL5FF9ADFF4951 HTTP 1.1" 200 1917 "http://www.buttercupgames.com/cart.do?action=view&productId=DB-SG-G01" "Mozilla/5.0 (Windows NT 6.1; WOW64) AppleWebKit/536.5 (KHTML, like Gecko) Chrome/19.0.1084.46 Safari/536.5" 805
170.192.178.10 - - [19/Mar/2022:03:11:32] "GET /oldlink?&JSESSIONID=SD8SL6FF9ADFF4954 HTTP 1.1" 200 3775 "http://www.google.com" "Mozilla/5.0 (Windows NT 6.1; WOW64) AppleWebKit/536.5 (KHTML, like Gecko) Chrome/19.0.1084.46 Safari/536.5" 625
170.192.178.10 - - [19/Mar/2022:03:11:38] "GET /cart.do?action=view&productId=WC-SH-G04&JSESSIONID=SD8SL6FF9ADFF4954 HTTP 1.1" 200 1980 "http://www.buttercupgames.com/oldlink" "Mozilla/5.0 (Windows NT 6.1; WOW64) AppleWebKit/536.5 (KHTML, like Gecko) Chrome/19.0.1084.46 Safari/536.5" 590
170.192.178.10 - - [19/Mar/2022:03:11:46] "GET /product.screen?productId=MB-AG-T01&JSESSIONID=SD8SL6FF9ADFF4954 HTTP 1.1" 200 1368 "http://www.buttercupgames.com/category.screen?categoryId=TEE" "Mozilla/5.0 (Windows NT 6.1; WOW64) AppleWebKit/536.5 (KHTML, like Gecko) Chrome/19.0.1084.46 Safari/536.5" 116
170.192.178.10 - - [19/Mar/2022:03:11:52] "GET /category.screen?categoryId=STRATEGY&JSESSIONID=SD8SL6FF9ADFF4954 HTTP 1.1" 200 2811 "http://www.buttercupgames.com/product.screen?productId=DC-SG-G02" "Mozilla/5.0 (Windows NT 6.1; WOW64) AppleWebKit/536.5 (KHTML, like Gecko) Chrome/19.0.1084.46 Safari/536.5" 344
170.192.178.10 - - [19/Mar/2022:03:12:03] "GET /oldlink?&JSESSIONID=SD8SL6FF9ADFF4954 HTTP 1.1" 500 2909 "http://www.buttercupgames.com/cart.do?action=addtocart&" "Mozilla/5.0 (Windows NT 6.1; WOW64) AppleWebKit/536.5 (KHTML, like Gecko) Chrome/19.0.1084.46 Safari/536.5" 357
199.15.234.66 - - [19/Mar/2022:03:12:07] "GET /category.screen?categoryId=ACCESSORIES&JSESSIONID=SD3SL5FF1ADFF4954 HTTP 1.1" 200 3202 "http://www.buttercupgames.com" "Mozilla/5.0 (compatible; MSIE 9.0; Windows NT 6.1; WOW64; Trident/5.0; BOIE9;ENUS)" 456
199.15.234.66 - - [19/Mar/2022:03:12:11] "GET /product.screen?productId=DB-SG-G01&JSESSIONID=SD3SL5FF1ADFF4954 HTTP 1.1" 200 2178 "http://www.buttercupgames.com/oldlink" "Mozilla/5.0 (compatible; MSIE 9.0; Windows NT 6.1; WOW64; Trident/5.0; BOIE9;ENUS)" 473
170.192.178.10 - - [19/Mar/2022:03:12:14] "POST /cart.do?action=view&productId=WC-SH-T02&JSESSIONID=SD8SL6FF9ADFF4954 HTTP 1.1" 200 2067 "http://www.buttercupgames.com/oldlink" "Mozilla/5.0 (Windows NT 6.1; WOW64) AppleWebKit/536.5 (KHTML, like Gecko) Chrome/19.0.1084.46 Safari/536.5" 256
199.15.234.66 - - [19/Mar/2022:03:12:21] "GET /product.screen?productId=MB-AG-T01&JSESSIONID=SD3SL5FF1ADFF4954 HTTP 1.1" 200 3552 "http://www.buttercupgames.com/cart.do?action=view&productId=MB-AG-T01" "Mozilla/5.0 (compatible; MSIE 9.0; Windows NT 6.1; WOW64; Trident/5.0; BOIE9;ENUS)" 906
199.15.234.66 - - [19/Mar/2022:03:12:25] "GET /category.screen?categoryId=SHOOTER&JSESSIONID=SD3SL5FF1ADFF4954 HTTP 1.1" 200 1375 "http://www.buttercupgames.com/category.screen?categoryId=SHOOTER" "Mozilla/5.0 (compatible; MSIE 9.0; Windows NT 6.1; WOW64; Trident/5.0; BOIE9;ENUS)" 982
170.192.178.10 - - [19/Mar/2022:03:12:27] "POST /cart.do?action=addtocart&productId=MB-AG-T01&JSESSIONID=SD8SL6FF9ADFF4954 HTTP 1.1" 200 2786 "http://www.buttercupgames.com/product.screen?productId=MB-AG-T01" "Mozilla/5.0 (Windows NT 6.1; WOW64) AppleWebKit/536.5 (KHTML, like Gecko) Chrome/19.0.1084.46 Safari/536.5" 145
199.15.234.66 - - [19/Mar/2022:03:12:37] "GET /category.screen?categoryId=NULL&JSESSIONID=SD3SL5FF1ADFF4954 HTTP 1.1" 408 3080 "http://www.buttercupgames.com/category.screen?categoryId=NULL" "Mozilla/5.0 (compatible; MSIE 9.0; Windows NT 6.1; WOW64; Trident/5.0; BOIE9;ENUS)" 228
170.192.178.10 - - [19/Mar/2022:03:12:39] "GET /category.screen?categoryId=NULL&JSESSIONID=SD8SL6FF9ADFF4954 HTTP 1.1" 400 1049 "http://www.buttercupgames.com/cart.do?action=remove&" "Mozilla/5.0 (Windows NT 6.1; WOW64) AppleWebKit/536.5 (KHTML, like Gecko) Chrome/19.0.1084.46 Safari/536.5" 997
199.15.234.66 - - [19/Mar/2022:03:12:40] "GET /oldlink?&JSESSIONID=SD3SL5FF1ADFF4954 HTTP 1.1" 200 3571 "http://www.buttercupgames.com/cart.do?action=view&productId=SC-MG-G10" "Mozilla/5.0 (compatible; MSIE 9.0; Windows NT 6.1; WOW64; Trident/5.0; BOIE9;ENUS)" 939
199.15.234.66 - - [19/Mar/2022:03:12:44] "GET /product.screen?productId=SC-MG-G10&JSESSIONID=SD3SL5FF1ADFF4954 HTTP 1.1" 200 1473 "http://www.buttercupgames.com/category.screen?categoryId=SIMULATION" "Mozilla/5.0 (compatible; MSIE 9.0; Windows NT 6.1; WOW64; Trident/5.0; BOIE9;ENUS)" 774
199.15.234.66 - - [19/Mar/2022:03:12:49] "GET /oldlink?&JSESSIONID=SD3SL5FF1ADFF4954 HTTP 1.1" 200 1481 "http://www.buttercupgames.com/oldlink" "Mozilla/5.0 (compatible; MSIE 9.0; Windows NT 6.1; WOW64; Trident/5.0; BOIE9;ENUS)" 878
170.192.178.10 - - [19/Mar/2022:03:12:52] "GET /oldlink?&JSESSIONID=SD8SL6FF9ADFF4954 HTTP 1.1" 200 1518 "http://www.buttercupgames.com/category.screen?categoryId=STRATEGY" "Mozilla/5.0 (Windows NT 6.1; WOW64) AppleWebKit/536.5 (KHTML, like Gecko) Chrome/19.0.1084.46 Safari/536.5" 592
199.15.234.66 - - [19/Mar/2022:03:12:52] "GET /cart.do?action=addtocart&JSESSIONID=SD3SL5FF1ADFF4954 HTTP 1.1" 408 2031 "http://www.buttercupgames.com/product.screen?productId=SF-BVS-01" "Mozilla/5.0 (compatible; MSIE 9.0; Windows NT 6.1; WOW64; Trident/5.0; BOIE9;ENUS)" 160
199.15.234.66 - - [19/Mar/2022:03:12:59] "GET /category.screen?categoryId=SHOOTER&JSESSIONID=SD3SL5FF1ADFF4954 HTTP 1.1" 200 3701 "http://www.buttercupgames.com/oldlink" "Mozilla/5.0 (compatible; MSIE 9.0; Windows NT 6.1; WOW64; Trident/5.0; BOIE9;ENUS)" 521
170.192.178.10 - - [19/Mar/2022:03:13:04] "GET /cart.do?action=changequantity&productId=MB-AG-T01&JSESSIONID=SD8SL6FF9ADFF4954 HTTP 1.1" 200 1811 "http://www.buttercupgames.com/product.screen?productId=MB-AG-T01" "Mozilla/5.0 (Windows NT 6.1; WOW64) AppleWebKit/536.5 (KHTML, like Gecko) Chrome/19.0.1084.46 Safari/536.5" 147
170.192.178.10 - - [19/Mar/2022:03:13:09] "GET /category.screen?categoryId=NULL&JSESSIONID=SD8SL6FF9ADFF4954 HTTP 1.1" 403 3392 "http://www.buttercupgames.com/category.screen?categoryId=NULL" "Mozilla/5.0 (Windows NT 6.1; WOW64) AppleWebKit/536.5 (KHTML, like Gecko) Chrome/19.0.1084.46 Safari/536.5" 224
201.28.109.162 - - [19/Mar/2022:03:14:51] "GET /oldlink?&JSESSIONID=SD3SL9FF3ADFF4958 HTTP 1.1" 200 3898 "http://www.google.com" "Mozilla/5.0 (compatible; Googlebot/2.1; +http://www.google.com/bot.html)" 170
199.15.234.66 - - [19/Mar/2022:03:14:59] "GET /oldlink?&JSESSIONID=SD1SL8FF7ADFF4950 HTTP 1.1" 503 3053 "http://www.buttercupgames.com" "Mozilla/5.0 (Macintosh; Intel Mac OS X 10_7_4) AppleWebKit/536.5 (KHTML, like Gecko) Chrome/19.0.1084.46 Safari/536.5" 712
108.65.113.83 - - [19/Mar/2022:03:16:18] "GET /oldlink?&JSESSIONID=SD4SL7FF9ADFF4955 HTTP 1.1" 200 842 "http://www.buttercupgames.com" "Mozilla/5.0 (Windows NT 6.1; WOW64) AppleWebKit/536.5 (KHTML, like Gecko) Chrome/19.0.1084.46 Safari/536.5" 936
175.44.26.139 - - [19/Mar/2022:03:18:14] "GET /cart.do?action=remove&productId=BS-AG-G09&JSESSIONID=SD10SL6FF2ADFF4955 HTTP 1.1" 200 2380 "http://www.buttercupgames.com" "Mozilla/5.0 (Macintosh; Intel Mac OS X 10_6_8) AppleWebKit/534.55.3 (KHTML, like Gecko) Version/5.1.5 Safari/534.55.3" 106
175.44.26.139 - - [19/Mar/2022:03:18:24] "POST /oldlink?&JSESSIONID=SD10SL6FF2ADFF4955 HTTP 1.1" 200 2155 "http://www.buttercupgames.com/cart.do?action=remove&productId=WC-SH-T02" "Mozilla/5.0 (Macintosh; Intel Mac OS X 10_6_8) AppleWebKit/534.55.3 (KHTML, like Gecko) Version/5.1.5 Safari/534.55.3" 727
148.107.2.20 - - [19/Mar/2022:03:18:33] "GET /oldlink?&JSESSIONID=SD4SL10FF4ADFF4959 HTTP 1.1" 200 2032 "http://www.buttercupgames.com" "Mozilla/4.0 (compatible; MSIE 6.0; Windows NT 5.1)" 701
175.44.26.139 - - [19/Mar/2022:03:18:36] "GET /oldlink?&JSESSIONID=SD10SL6FF2ADFF4955 HTTP 1.1" 200 2680 "http://www.buttercupgames.com/cart.do?action=view&productId=SC-MG-G10" "Mozilla/5.0 (Macintosh; Intel Mac OS X 10_6_8) AppleWebKit/534.55.3 (KHTML, like Gecko) Version/5.1.5 Safari/534.55.3" 443
148.107.2.20 - - [19/Mar/2022:03:18:42] "GET /product.screen?productId=FI-AG-G08&JSESSIONID=SD4SL10FF4ADFF4959 HTTP 1.1" 200 1887 "http://www.buttercupgames.com/cart.do?action=view&productId=FI-AG-G08" "Mozilla/4.0 (compatible; MSIE 6.0; Windows NT 5.1)" 444
175.44.26.139 - - [19/Mar/2022:03:18:44] "GET /cart.do?action=addtocart&productId=PZ-SG-G05&JSESSIONID=SD10SL6FF2ADFF4955 HTTP 1.1" 200 509 "http://www.buttercupgames.com/product.screen?productId=PZ-SG-G05" "Mozilla/5.0 (Macintosh; Intel Mac OS X 10_6_8) AppleWebKit/534.55.3 (KHTML, like Gecko) Version/5.1.5 Safari/534.55.3" 416
148.107.2.20 - - [19/Mar/2022:03:18:45] "GET /oldlink?&JSESSIONID=SD4SL10FF4ADFF4959 HTTP 1.1" 503 2537 "http://www.buttercupgames.com/category.screen?categoryId=NULL" "Mozilla/4.0 (compatible; MSIE 6.0; Windows NT 5.1)" 972
175.44.26.139 - - [19/Mar/2022:03:18:56] "GET /oldlink?&JSESSIONID=SD10SL6FF2ADFF4955 HTTP 1.1" 200 3991 "http://www.buttercupgames.com/oldlink" "Mozilla/5.0 (Macintosh; Intel Mac OS X 10_6_8) AppleWebKit/534.55.3 (KHTML, like Gecko) Version/5.1.5 Safari/534.55.3" 742
175.44.26.139 - - [19/Mar/2022:03:19:04] "GET /oldlink?&JSESSIONID=SD10SL6FF2ADFF4955 HTTP 1.1" 200 3613 "http://www.buttercupgames.com/oldlink" "Mozilla/5.0 (Macintosh; Intel Mac OS X 10_6_8) AppleWebKit/534.55.3 (KHTML, like Gecko) Version/5.1.5 Safari/534.55.3" 501
175.44.26.139 - - [19/Mar/2022:03:19:11] "POST /cart.do?action=remove&JSESSIONID=SD10SL6FF2ADFF4955 HTTP 1.1" 408 2114 "http://www.buttercupgames.com/cart.do?action=remove&" "Mozilla/5.0 (Macintosh; Intel Mac OS X 10_6_8) AppleWebKit/534.55.3 (KHTML, like Gecko) Version/5.1.5 Safari/534.55.3" 866
175.44.26.139 - - [19/Mar/2022:03:19:23] "GET /category.screen?categoryId=ARCADE&JSESSIONID=SD10SL6FF2ADFF4955 HTTP 1.1" 200 1410 "http://www.buttercupgames.com/oldlink" "Mozilla/5.0 (Macintosh; Intel Mac OS X 10_6_8) AppleWebKit/534.55.3 (KHTML, like Gecko) Version/5.1.5 Safari/534.55.3" 105
175.44.26.139 - - [19/Mar/2022:03:19:30] "GET /product.screen?productId=DC-SG-G02&JSESSIONID=SD10SL6FF2ADFF4955 HTTP 1.1" 200 3829 "http://www.buttercupgames.com/product.screen?productId=DC-SG-G02" "Mozilla/5.0 (Macintosh; Intel Mac OS X 10_6_8) AppleWebKit/534.55.3 (KHTML, like Gecko) Version/5.1.5 Safari/534.55.3" 583
175.44.26.139 - - [19/Mar/2022:03:19:40] "POST /category.screen?categoryId=STRATEGY&JSESSIONID=SD10SL6FF2ADFF4955 HTTP 1.1" 200 470 "http://www.buttercupgames.com/oldlink" "Mozilla/5.0 (Macintosh; Intel Mac OS X 10_6_8) AppleWebKit/534.55.3 (KHTML, like Gecko) Version/5.1.5 Safari/534.55.3" 424
223.205.219.67 - - [19/Mar/2022:03:22:35] "GET /oldlink?&JSESSIONID=SD1SL5FF9ADFF4955 HTTP 1.1" 200 1772 "http://www.buttercupgames.com" "Mozilla/4.0 (compatible; MSIE 7.0; Windows NT 5.1; Trident/4.0; .NET CLR 2.0.50727; MS-RTC LM 8; InfoPath.2)" 886
87.240.128.18 - - [19/Mar/2022:03:23:35] "POST /category.screen?categoryId=SIMULATION&JSESSIONID=SD9SL1FF3ADFF4965 HTTP 1.1" 200 344 "http://www.buttercupgames.com" "Mozilla/4.0 (compatible; MSIE 6.0; Windows NT 5.1)" 715
125.89.78.6 - - [19/Mar/2022:03:24:56] "POST /cart.do?action=view&productId=DC-SG-G02&JSESSIONID=SD10SL3FF4ADFF4955 HTTP 1.1" 200 1515 "http://www.yahoo.com" "Mozilla/5.0 (Macintosh; Intel Mac OS X 10_7_4) AppleWebKit/536.5 (KHTML, like Gecko) Chrome/19.0.1084.46 Safari/536.5" 724
125.89.78.6 - - [19/Mar/2022:03:25:02] "GET /category.screen?categoryId=STRATEGY&JSESSIONID=SD10SL3FF4ADFF4955 HTTP 1.1" 200 2519 "http://www.buttercupgames.com/oldlink" "Mozilla/5.0 (Macintosh; Intel Mac OS X 10_7_4) AppleWebKit/536.5 (KHTML, like Gecko) Chrome/19.0.1084.46 Safari/536.5" 216
125.89.78.6 - - [19/Mar/2022:03:25:09] "POST /product.screen?productId=DB-SG-G01&JSESSIONID=SD10SL3FF4ADFF4955 HTTP 1.1" 200 304 "http://www.buttercupgames.com/product.screen?productId=DB-SG-G01" "Mozilla/5.0 (Macintosh; Intel Mac OS X 10_7_4) AppleWebKit/536.5 (KHTML, like Gecko) Chrome/19.0.1084.46 Safari/536.5" 392
125.89.78.6 - - [19/Mar/2022:03:25:13] "GET /product.screen?productId=MB-AG-G07&JSESSIONID=SD10SL3FF4ADFF4955 HTTP 1.1" 200 301 "http://www.buttercupgames.com/category.screen?categoryId=ARCADE" "Mozilla/5.0 (Macintosh; Intel Mac OS X 10_7_4) AppleWebKit/536.5 (KHTML, like Gecko) Chrome/19.0.1084.46 Safari/536.5" 563
125.89.78.6 - - [19/Mar/2022:03:25:14] "POST /cart.do?action=addtocart&productId=MB-AG-G07&JSESSIONID=SD10SL3FF4ADFF4955 HTTP 1.1" 200 1056 "http://www.buttercupgames.com/product.screen?productId=MB-AG-G07" "Mozilla/5.0 (Macintosh; Intel Mac OS X 10_7_4) AppleWebKit/536.5 (KHTML, like Gecko) Chrome/19.0.1084.46 Safari/536.5" 509
125.89.78.6 - - [19/Mar/2022:03:25:15] "POST /success.do?action=purchase&categoryId=ARCADE&productId=MB-AG-G07&JSESSIONID=SD10SL3FF4ADFF4955 HTTP 1.1" 200 3891 "http://www.buttercupgames.com/cart.do?action=addtocart&categoryId=ARCADE&productId=MB-AG-G07" "Mozilla/5.0 (Macintosh; Intel Mac OS X 10_7_4) AppleWebKit/536.5 (KHTML, like Gecko) Chrome/19.0.1084.46 Safari/536.5" 354
125.89.78.6 - - [19/Mar/2022:03:25:15] "POST /cart/error.do?msg=NothingInCart&JSESSIONID=SD10SL3FF4ADFF4955 HTTP 1.1" 200 1891 "http://www.buttercupgames.com/cart.do?action=purchase&" "Mozilla/5.0 (Macintosh; Intel Mac OS X 10_7_4) AppleWebKit/536.5 (KHTML, like Gecko) Chrome/19.0.1084.46 Safari/536.5" 882
125.89.78.6 - - [19/Mar/2022:03:25:21] "POST /product.screen?productId=FS-SG-G03&JSESSIONID=SD10SL3FF4ADFF4955 HTTP 1.1" 200 3894 "http://www.buttercupgames.com/category.screen?categoryId=STRATEGY" "Mozilla/5.0 (Macintosh; Intel Mac OS X 10_7_4) AppleWebKit/536.5 (KHTML, like Gecko) Chrome/19.0.1084.46 Safari/536.5" 820
125.89.78.6 - - [19/Mar/2022:03:25:22] "POST /cart.do?action=addtocart&productId=FS-SG-G03&JSESSIONID=SD10SL3FF4ADFF4955 HTTP 1.1" 200 3522 "http://www.buttercupgames.com/product.screen?productId=FS-SG-G03" "Mozilla/5.0 (Macintosh; Intel Mac OS X 10_7_4) AppleWebKit/536.5 (KHTML, like Gecko) Chrome/19.0.1084.46 Safari/536.5" 224
125.89.78.6 - - [19/Mar/2022:03:25:23] "POST /success.do?action=purchase&categoryId=STRATEGY&productId=FS-SG-G03&JSESSIONID=SD10SL3FF4ADFF4955 HTTP 1.1" 200 2051 "http://www.buttercupgames.com/cart.do?action=addtocart&categoryId=STRATEGY&productId=FS-SG-G03" "Mozilla/5.0 (Macintosh; Intel Mac OS X 10_7_4) AppleWebKit/536.5 (KHTML, like Gecko) Chrome/19.0.1084.46 Safari/536.5" 444
125.89.78.6 - - [19/Mar/2022:03:25:23] "POST /cart/error.do?msg=CreditDoesNotMatch&JSESSIONID=SD10SL3FF4ADFF4955 HTTP 1.1" 200 1564 "http://www.buttercupgames.com/cart.do?action=purchase&" "Mozilla/5.0 (Macintosh; Intel Mac OS X 10_7_4) AppleWebKit/536.5 (KHTML, like Gecko) Chrome/19.0.1084.46 Safari/536.5" 815
125.89.78.6 - - [19/Mar/2022:03:25:34] "POST /oldlink?&JSESSIONID=SD10SL3FF4ADFF4955 HTTP 1.1" 200 1533 "http://www.buttercupgames.com/product.screen?productId=CU-PG-G06" "Mozilla/5.0 (Macintosh; Intel Mac OS X 10_7_4) AppleWebKit/536.5 (KHTML, like Gecko) Chrome/19.0.1084.46 Safari/536.5" 450
125.89.78.6 - - [19/Mar/2022:03:25:47] "GET /cart.do?action=view&productId=WC-SH-T02&JSESSIONID=SD10SL3FF4ADFF4955 HTTP 1.1" 200 374 "http://www.buttercupgames.com/product.screen?productId=WC-SH-T02" "Mozilla/5.0 (Macintosh; Intel Mac OS X 10_7_4) AppleWebKit/536.5 (KHTML, like Gecko) Chrome/19.0.1084.46 Safari/536.5" 581
125.89.78.6 - - [19/Mar/2022:03:25:53] "GET /product.screen?productId=BS-AG-G09&JSESSIONID=SD10SL3FF4ADFF4955 HTTP 1.1" 200 3288 "http://www.buttercupgames.com/category.screen?categoryId=ARCADE" "Mozilla/5.0 (Macintosh; Intel Mac OS X 10_7_4) AppleWebKit/536.5 (KHTML, like Gecko) Chrome/19.0.1084.46 Safari/536.5" 746
125.89.78.6 - - [19/Mar/2022:03:25:54] "POST /cart.do?action=addtocart&productId=BS-AG-G09&JSESSIONID=SD10SL3FF4ADFF4955 HTTP 1.1" 200 924 "http://www.buttercupgames.com/product.screen?productId=BS-AG-G09" "Mozilla/5.0 (Macintosh; Intel Mac OS X 10_7_4) AppleWebKit/536.5 (KHTML, like Gecko) Chrome/19.0.1084.46 Safari/536.5" 943
125.89.78.6 - - [19/Mar/2022:03:25:56] "POST /success.do?action=purchase&categoryId=ARCADE&productId=BS-AG-G09&JSESSIONID=SD10SL3FF4ADFF4955 HTTP 1.1" 503 2029 "http://www.buttercupgames.com/cart.do?action=addtocart&categoryId=ARCADE&productId=BS-AG-G09" "Mozilla/5.0 (Macintosh; Intel Mac OS X 10_7_4) AppleWebKit/536.5 (KHTML, like Gecko) Chrome/19.0.1084.46 Safari/536.5" 531
216.221.226.11 - - [19/Mar/2022:03:26:57] "POST /oldlink?&JSESSIONID=SD9SL7FF2ADFF4959 HTTP 1.1" 200 3017 "http://www.google.com" "Mozilla/4.0 (compatible; MSIE 7.0; Windows NT 5.1; Trident/4.0; .NET CLR 2.0.50727; MS-RTC LM 8; InfoPath.2)" 632
216.221.226.11 - - [19/Mar/2022:03:27:07] "GET /oldlink?&JSESSIONID=SD9SL7FF2ADFF4959 HTTP 1.1" 200 2625 "http://www.buttercupgames.com/cart.do?action=addtocart&productId=DB-SG-G01" "Mozilla/4.0 (compatible; MSIE 7.0; Windows NT 5.1; Trident/4.0; .NET CLR 2.0.50727; MS-RTC LM 8; InfoPath.2)" 953
195.80.144.22 - - [19/Mar/2022:03:27:09] "GET /product.screen?productId=MB-AG-G07&JSESSIONID=SD2SL7FF4ADFF4960 HTTP 1.1" 200 3887 "http://www.buttercupgames.com" "Mozilla/5.0 (Macintosh; Intel Mac OS X 10_7_4) AppleWebKit/536.5 (KHTML, like Gecko) Chrome/19.0.1084.46 Safari/536.5" 999
195.80.144.22 - - [19/Mar/2022:03:27:20] "GET /product.screen?productId=MB-AG-G07&JSESSIONID=SD2SL7FF4ADFF4960 HTTP 1.1" 200 497 "http://www.buttercupgames.com/category.screen?categoryId=ARCADE" "Mozilla/5.0 (Macintosh; Intel Mac OS X 10_7_4) AppleWebKit/536.5 (KHTML, like Gecko) Chrome/19.0.1084.46 Safari/536.5" 900
216.221.226.11 - - [19/Mar/2022:03:27:21] "GET /oldlink?&JSESSIONID=SD9SL7FF2ADFF4959 HTTP 1.1" 200 3257 "http://www.buttercupgames.com/oldlink" "Mozilla/4.0 (compatible; MSIE 7.0; Windows NT 5.1; Trident/4.0; .NET CLR 2.0.50727; MS-RTC LM 8; InfoPath.2)" 817
195.80.144.22 - - [19/Mar/2022:03:27:23] "POST /cart.do?action=addtocart&productId=MB-AG-G07&JSESSIONID=SD2SL7FF4ADFF4960 HTTP 1.1" 200 2800 "http://www.buttercupgames.com/product.screen?productId=MB-AG-G07" "Mozilla/5.0 (Macintosh; Intel Mac OS X 10_7_4) AppleWebKit/536.5 (KHTML, like Gecko) Chrome/19.0.1084.46 Safari/536.5" 375
195.80.144.22 - - [19/Mar/2022:03:27:26] "POST /success.do?action=purchase&categoryId=ARCADE&productId=MB-AG-G07&JSESSIONID=SD2SL7FF4ADFF4960 HTTP 1.1" 503 874 "http://www.buttercupgames.com/cart.do?action=addtocart&categoryId=ARCADE&productId=MB-AG-G07" "Mozilla/5.0 (Macintosh; Intel Mac OS X 10_7_4) AppleWebKit/536.5 (KHTML, like Gecko) Chrome/19.0.1084.46 Safari/536.5" 201
216.221.226.11 - - [19/Mar/2022:03:27:33] "GET /product.screen?productId=MB-AG-T01&JSESSIONID=SD9SL7FF2ADFF4959 HTTP 1.1" 200 347 "http://www.buttercupgames.com/product.screen?productId=MB-AG-T01" "Mozilla/4.0 (compatible; MSIE 7.0; Windows NT 5.1; Trident/4.0; .NET CLR 2.0.50727; MS-RTC LM 8; InfoPath.2)" 491
178.162.239.192 - - [19/Mar/2022:03:28:30] "GET /category.screen?categoryId=NULL&JSESSIONID=SD6SL6FF2ADFF4964 HTTP 1.1" 403 3374 "http://www.buttercupgames.com" "Mozilla/5.0 (Windows NT 6.1; WOW64) AppleWebKit/536.5 (KHTML, like Gecko) Chrome/19.0.1084.52 Safari/536.5" 204
178.162.239.192 - - [19/Mar/2022:03:28:37] "GET /oldlink?&JSESSIONID=SD6SL6FF2ADFF4964 HTTP 1.1" 200 2344 "http://www.buttercupgames.com/oldlink" "Mozilla/5.0 (Windows NT 6.1; WOW64) AppleWebKit/536.5 (KHTML, like Gecko) Chrome/19.0.1084.52 Safari/536.5" 406
178.162.239.192 - - [19/Mar/2022:03:28:44] "GET /oldlink?&JSESSIONID=SD6SL6FF2ADFF4964 HTTP 1.1" 200 3703 "http://www.buttercupgames.com/category.screen?categoryId=SPORTS" "Mozilla/5.0 (Windows NT 6.1; WOW64) AppleWebKit/536.5 (KHTML, like Gecko) Chrome/19.0.1084.52 Safari/536.5" 406
178.162.239.192 - - [19/Mar/2022:03:28:47] "GET /category.screen?categoryId=ARCADE&JSESSIONID=SD6SL6FF2ADFF4964 HTTP 1.1" 200 2964 "http://www.buttercupgames.com/category.screen?categoryId=ARCADE" "Mozilla/5.0 (Windows NT 6.1; WOW64) AppleWebKit/536.5 (KHTML, like Gecko) Chrome/19.0.1084.52 Safari/536.5" 597
178.162.239.192 - - [19/Mar/2022:03:28:49] "GET /oldlink?&JSESSIONID=SD6SL6FF2ADFF4964 HTTP 1.1" 200 1537 "http://www.buttercupgames.com/cart.do?action=addtocart&productId=FI-AG-G08" "Mozilla/5.0 (Windows NT 6.1; WOW64) AppleWebKit/536.5 (KHTML, like Gecko) Chrome/19.0.1084.52 Safari/536.5" 795
178.162.239.192 - - [19/Mar/2022:03:29:01] "POST /oldlink?&JSESSIONID=SD6SL6FF2ADFF4964 HTTP 1.1" 200 1255 "http://www.buttercupgames.com/cart.do?action=view&productId=WC-SH-A02" "Mozilla/5.0 (Windows NT 6.1; WOW64) AppleWebKit/536.5 (KHTML, like Gecko) Chrome/19.0.1084.52 Safari/536.5" 661
178.162.239.192 - - [19/Mar/2022:03:29:04] "GET /oldlink?&JSESSIONID=SD6SL6FF2ADFF4964 HTTP 1.1" 200 2086 "http://www.buttercupgames.com/cart.do?action=remove&productId=DC-SG-G02" "Mozilla/5.0 (Windows NT 6.1; WOW64) AppleWebKit/536.5 (KHTML, like Gecko) Chrome/19.0.1084.52 Safari/536.5" 954
178.162.239.192 - - [19/Mar/2022:03:29:09] "GET /category.screen?categoryId=ARCADE&JSESSIONID=SD6SL6FF2ADFF4964 HTTP 1.1" 200 2601 "http://www.buttercupgames.com/product.screen?productId=BS-AG-G09" "Mozilla/5.0 (Windows NT 6.1; WOW64) AppleWebKit/536.5 (KHTML, like Gecko) Chrome/19.0.1084.52 Safari/536.5" 536
178.162.239.192 - - [19/Mar/2022:03:29:21] "GET /product.screen?productId=BS-AG-G09&JSESSIONID=SD6SL6FF2ADFF4964 HTTP 1.1" 200 1628 "http://www.buttercupgames.com/cart.do?action=changequantity&productId=BS-AG-G09" "Mozilla/5.0 (Windows NT 6.1; WOW64) AppleWebKit/536.5 (KHTML, like Gecko) Chrome/19.0.1084.52 Safari/536.5" 455
178.162.239.192 - - [19/Mar/2022:03:29:34] "GET /product.screen?productId=WC-SH-G04&JSESSIONID=SD6SL6FF2ADFF4964 HTTP 1.1" 200 1578 "http://www.buttercupgames.com/category.screen?categoryId=SHOOTER" "Mozilla/5.0 (Windows NT 6.1; WOW64) AppleWebKit/536.5 (KHTML, like Gecko) Chrome/19.0.1084.52 Safari/536.5" 925
178.162.239.192 - - [19/Mar/2022:03:29:35] "POST /cart.do?action=addtocart&productId=WC-SH-G04&JSESSIONID=SD6SL6FF2ADFF4964 HTTP 1.1" 200 249 "http://www.buttercupgames.com/product.screen?productId=WC-SH-G04" "Mozilla/5.0 (Windows NT 6.1; WOW64) AppleWebKit/536.5 (KHTML, like Gecko) Chrome/19.0.1084.52 Safari/536.5" 424
178.162.239.192 - - [19/Mar/2022:03:29:37] "POST /success.do?action=purchase&categoryId=SHOOTER&productId=WC-SH-G04&JSESSIONID=SD6SL6FF2ADFF4964 HTTP 1.1" 200 707 "http://www.buttercupgames.com/cart.do?action=addtocart&categoryId=SHOOTER&productId=WC-SH-G04" "Mozilla/5.0 (Windows NT 6.1; WOW64) AppleWebKit/536.5 (KHTML, like Gecko) Chrome/19.0.1084.52 Safari/536.5" 715
178.162.239.192 - - [19/Mar/2022:03:29:37] "POST /cart/error.do?msg=CreditDoesNotMatch&JSESSIONID=SD6SL6FF2ADFF4964 HTTP 1.1" 200 1593 "http://www.buttercupgames.com/cart.do?action=purchase&" "Mozilla/5.0 (Windows NT 6.1; WOW64) AppleWebKit/536.5 (KHTML, like Gecko) Chrome/19.0.1084.52 Safari/536.5" 701
221.207.229.6 - - [19/Mar/2022:03:31:02] "GET /product.screen?productId=DC-SG-G02&JSESSIONID=SD10SL9FF8ADFF4964 HTTP 1.1" 200 1935 "http://www.google.com" "Mozilla/5.0 (Windows NT 6.1; WOW64) AppleWebKit/536.5 (KHTML, like Gecko) Chrome/19.0.1084.46 Safari/536.5" 595
221.207.229.6 - - [19/Mar/2022:03:31:14] "GET /category.screen?categoryId=ACCESSORIES&JSESSIONID=SD10SL9FF8ADFF4964 HTTP 1.1" 200 2936 "http://www.buttercupgames.com/cart.do?action=changequantity&productId=WC-SH-A01" "Mozilla/5.0 (Windows NT 6.1; WOW64) AppleWebKit/536.5 (KHTML, like Gecko) Chrome/19.0.1084.46 Safari/536.5" 442
221.207.229.6 - - [19/Mar/2022:03:31:22] "GET /cart.do?action=addtocart&productId=CU-PG-G06&JSESSIONID=SD10SL9FF8ADFF4964 HTTP 1.1" 200 351 "http://www.buttercupgames.com/oldlink" "Mozilla/5.0 (Windows NT 6.1; WOW64) AppleWebKit/536.5 (KHTML, like Gecko) Chrome/19.0.1084.46 Safari/536.5" 591
221.207.229.6 - - [19/Mar/2022:03:31:33] "POST /product.screen?productId=PZ-SG-G05&JSESSIONID=SD10SL9FF8ADFF4964 HTTP 1.1" 200 906 "http://www.buttercupgames.com/category.screen?categoryId=STRATEGY" "Mozilla/5.0 (Windows NT 6.1; WOW64) AppleWebKit/536.5 (KHTML, like Gecko) Chrome/19.0.1084.46 Safari/536.5" 884
221.207.229.6 - - [19/Mar/2022:03:31:34] "POST /cart.do?action=addtocart&productId=PZ-SG-G05&JSESSIONID=SD10SL9FF8ADFF4964 HTTP 1.1" 200 2827 "http://www.buttercupgames.com/product.screen?productId=PZ-SG-G05" "Mozilla/5.0 (Windows NT 6.1; WOW64) AppleWebKit/536.5 (KHTML, like Gecko) Chrome/19.0.1084.46 Safari/536.5" 432
221.207.229.6 - - [19/Mar/2022:03:31:36] "POST /success.do?action=purchase&categoryId=STRATEGY&productId=PZ-SG-G05&JSESSIONID=SD10SL9FF8ADFF4964 HTTP 1.1" 503 3411 "http://www.buttercupgames.com/cart.do?action=addtocart&categoryId=STRATEGY&productId=PZ-SG-G05" "Mozilla/5.0 (Windows NT 6.1; WOW64) AppleWebKit/536.5 (KHTML, like Gecko) Chrome/19.0.1084.46 Safari/536.5" 455
59.5.100.202 - - [19/Mar/2022:03:32:25] "GET /category.screen?categoryId=SHOOTER&JSESSIONID=SD4SL5FF9ADFF4963 HTTP 1.1" 200 449 "http://www.buttercupgames.com" "Mozilla/5.0 (Macintosh; Intel Mac OS X 10_7_4) AppleWebKit/536.5 (KHTML, like Gecko) Chrome/19.0.1084.46 Safari/536.5" 407
59.5.100.202 - - [19/Mar/2022:03:32:32] "POST /cart.do?action=addtocart&productId=FS-SG-G03&JSESSIONID=SD4SL5FF9ADFF4963 HTTP 1.1" 200 3096 "http://www.buttercupgames.com/category.screen?categoryId=STRATEGY" "Mozilla/5.0 (Macintosh; Intel Mac OS X 10_7_4) AppleWebKit/536.5 (KHTML, like Gecko) Chrome/19.0.1084.46 Safari/536.5" 973
59.5.100.202 - - [19/Mar/2022:03:32:34] "POST /category.screen?categoryId=ARCADE&JSESSIONID=SD4SL5FF9ADFF4963 HTTP 1.1" 200 2736 "http://www.buttercupgames.com/product.screen?productId=MB-AG-G07" "Mozilla/5.0 (Macintosh; Intel Mac OS X 10_7_4) AppleWebKit/536.5 (KHTML, like Gecko) Chrome/19.0.1084.46 Safari/536.5" 434
59.5.100.202 - - [19/Mar/2022:03:32:42] "GET /oldlink?&JSESSIONID=SD4SL5FF9ADFF4963 HTTP 1.1" 200 3370 "http://www.buttercupgames.com/oldlink" "Mozilla/5.0 (Macintosh; Intel Mac OS X 10_7_4) AppleWebKit/536.5 (KHTML, like Gecko) Chrome/19.0.1084.46 Safari/536.5" 411
59.5.100.202 - - [19/Mar/2022:03:32:51] "POST /product.screen?productId=MB-AG-T01&JSESSIONID=SD4SL5FF9ADFF4963 HTTP 1.1" 200 2530 "http://www.buttercupgames.com/category.screen?categoryId=TEE" "Mozilla/5.0 (Macintosh; Intel Mac OS X 10_7_4) AppleWebKit/536.5 (KHTML, like Gecko) Chrome/19.0.1084.46 Safari/536.5" 728
59.5.100.202 - - [19/Mar/2022:03:33:04] "GET /product.screen?productId=MB-AG-G07&JSESSIONID=SD4SL5FF9ADFF4963 HTTP 1.1" 200 2106 "http://www.buttercupgames.com/oldlink" "Mozilla/5.0 (Macintosh; Intel Mac OS X 10_7_4) AppleWebKit/536.5 (KHTML, like Gecko) Chrome/19.0.1084.46 Safari/536.5" 777
59.5.100.202 - - [19/Mar/2022:03:33:14] "GET /oldlink?&JSESSIONID=SD4SL5FF9ADFF4963 HTTP 1.1" 503 1637 "http://www.buttercupgames.com/oldlink" "Mozilla/5.0 (Macintosh; Intel Mac OS X 10_7_4) AppleWebKit/536.5 (KHTML, like Gecko) Chrome/19.0.1084.46 Safari/536.5" 767
91.214.92.22 - - [19/Mar/2022:03:34:26] "GET /cart.do?action=addtocart&productId=SC-MG-G10&JSESSIONID=SD1SL7FF8ADFF4961 HTTP 1.1" 200 3422 "http://www.google.com" "Mozilla/5.0 (Windows NT 6.1; WOW64) AppleWebKit/536.5 (KHTML, like Gecko) Chrome/19.0.1084.52 Safari/536.5" 919
91.214.92.22 - - [19/Mar/2022:03:34:33] "GET /product.screen?productId=MB-AG-G07&JSESSIONID=SD1SL7FF8ADFF4961 HTTP 1.1" 200 3691 "http://www.buttercupgames.com/category.screen?categoryId=ARCADE" "Mozilla/5.0 (Windows NT 6.1; WOW64) AppleWebKit/536.5 (KHTML, like Gecko) Chrome/19.0.1084.52 Safari/536.5" 906
91.214.92.22 - - [19/Mar/2022:03:34:35] "POST /cart.do?action=addtocart&productId=MB-AG-G07&JSESSIONID=SD1SL7FF8ADFF4961 HTTP 1.1" 200 2575 "http://www.buttercupgames.com/product.screen?productId=MB-AG-G07" "Mozilla/5.0 (Windows NT 6.1; WOW64) AppleWebKit/536.5 (KHTML, like Gecko) Chrome/19.0.1084.52 Safari/536.5" 315
91.214.92.22 - - [19/Mar/2022:03:34:38] "POST /success.do?action=purchase&categoryId=ARCADE&productId=MB-AG-G07&JSESSIONID=SD1SL7FF8ADFF4961 HTTP 1.1" 200 2701 "http://www.buttercupgames.com/cart.do?action=addtocart&categoryId=ARCADE&productId=MB-AG-G07" "Mozilla/5.0 (Windows NT 6.1; WOW64) AppleWebKit/536.5 (KHTML, like Gecko) Chrome/19.0.1084.52 Safari/536.5" 119
91.214.92.22 - - [19/Mar/2022:03:34:38] "POST /cart/success.do?productId=GT-SC-G01&JSESSIONID=SD1SL7FF8ADFF4961 HTTP 1.1" 200 2928 "http://www.buttercupgames.com/cart.do?action=purchase&productId=GT-SC-G01" "Mozilla/5.0 (Windows NT 6.1; WOW64) AppleWebKit/536.5 (KHTML, like Gecko) Chrome/19.0.1084.52 Safari/536.5" 132
91.214.92.22 - - [19/Mar/2022:03:34:49] "POST /category.screen?categoryId=SIMULATION&JSESSIONID=SD1SL7FF8ADFF4961 HTTP 1.1" 200 1788 "http://www.buttercupgames.com/cart.do?action=addtocart&productId=SC-MG-G10" "Mozilla/5.0 (Windows NT 6.1; WOW64) AppleWebKit/536.5 (KHTML, like Gecko) Chrome/19.0.1084.52 Safari/536.5" 369
91.214.92.22 - - [19/Mar/2022:03:34:52] "GET /category.screen?categoryId=STRATEGY&JSESSIONID=SD1SL7FF8ADFF4961 HTTP 1.1" 200 1628 "http://www.buttercupgames.com/cart.do?action=view&productId=DB-SG-G01" "Mozilla/5.0 (Windows NT 6.1; WOW64) AppleWebKit/536.5 (KHTML, like Gecko) Chrome/19.0.1084.52 Safari/536.5" 553
91.214.92.22 - - [19/Mar/2022:03:35:01] "GET /oldlink?&JSESSIONID=SD1SL7FF8ADFF4961 HTTP 1.1" 200 1892 "http://www.buttercupgames.com/product.screen?productId=DC-SG-G02" "Mozilla/5.0 (Windows NT 6.1; WOW64) AppleWebKit/536.5 (KHTML, like Gecko) Chrome/19.0.1084.52 Safari/536.5" 156
91.214.92.22 - - [19/Mar/2022:03:35:13] "GET /category.screen?categoryId=ACCESSORIES&JSESSIONID=SD1SL7FF8ADFF4961 HTTP 1.1" 200 1962 "http://www.buttercupgames.com/product.screen?productId=WC-SH-A01" "Mozilla/5.0 (Windows NT 6.1; WOW64) AppleWebKit/536.5 (KHTML, like Gecko) Chrome/19.0.1084.52 Safari/536.5" 149
61.164.73.20 - - [19/Mar/2022:03:35:19] "GET /product.screen?productId=WC-SH-A02&JSESSIONID=SD6SL10FF3ADFF4957 HTTP 1.1" 200 3116 "http://www.yahoo.com" "Mozilla/5.0 (Windows; U; Windows NT 5.1; en-US; rv:1.9.2.28) Gecko/20120306 YFF3 Firefox/3.6.28 ( .NET CLR 3.5.30729; .NET4.0C)" 453
91.214.92.22 - - [19/Mar/2022:03:35:22] "GET /category.screen?categoryId=ARCADE&JSESSIONID=SD1SL7FF8ADFF4961 HTTP 1.1" 200 1951 "http://www.buttercupgames.com/oldlink" "Mozilla/5.0 (Windows NT 6.1; WOW64) AppleWebKit/536.5 (KHTML, like Gecko) Chrome/19.0.1084.52 Safari/536.5" 174
61.164.73.20 - - [19/Mar/2022:03:35:23] "POST /oldlink?&JSESSIONID=SD6SL10FF3ADFF4957 HTTP 1.1" 200 3169 "http://www.buttercupgames.com/category.screen?categoryId=SHOOTER" "Mozilla/5.0 (Windows; U; Windows NT 5.1; en-US; rv:1.9.2.28) Gecko/20120306 YFF3 Firefox/3.6.28 ( .NET CLR 3.5.30729; .NET4.0C)" 680
61.164.73.20 - - [19/Mar/2022:03:35:33] "POST /cart.do?action=addtocart&productId=WC-SH-A02&JSESSIONID=SD6SL10FF3ADFF4957 HTTP 1.1" 200 1466 "http://www.buttercupgames.com/oldlink" "Mozilla/5.0 (Windows; U; Windows NT 5.1; en-US; rv:1.9.2.28) Gecko/20120306 YFF3 Firefox/3.6.28 ( .NET CLR 3.5.30729; .NET4.0C)" 251
91.214.92.22 - - [19/Mar/2022:03:35:34] "GET /cart.do?action=changequantity&productId=FS-SG-G03&JSESSIONID=SD1SL7FF8ADFF4961 HTTP 1.1" 200 1142 "http://www.buttercupgames.com/cart.do?action=changequantity&productId=FS-SG-G03" "Mozilla/5.0 (Windows NT 6.1; WOW64) AppleWebKit/536.5 (KHTML, like Gecko) Chrome/19.0.1084.52 Safari/536.5" 495
61.164.73.20 - - [19/Mar/2022:03:35:37] "GET /product.screen?productId=PZ-SG-G05&JSESSIONID=SD6SL10FF3ADFF4957 HTTP 1.1" 200 1996 "http://www.buttercupgames.com/cart.do?action=view&productId=PZ-SG-G05" "Mozilla/5.0 (Windows; U; Windows NT 5.1; en-US; rv:1.9.2.28) Gecko/20120306 YFF3 Firefox/3.6.28 ( .NET CLR 3.5.30729; .NET4.0C)" 532
91.214.92.22 - - [19/Mar/2022:03:35:46] "POST /product.screen?productId=MB-AG-T01&JSESSIONID=SD1SL7FF8ADFF4961 HTTP 1.1" 200 1213 "http://www.buttercupgames.com/oldlink" "Mozilla/5.0 (Windows NT 6.1; WOW64) AppleWebKit/536.5 (KHTML, like Gecko) Chrome/19.0.1084.52 Safari/536.5" 525
61.164.73.20 - - [19/Mar/2022:03:35:47] "GET /product.screen?productId=DB-SG-G01&JSESSIONID=SD6SL10FF3ADFF4957 HTTP 1.1" 200 613 "http://www.buttercupgames.com/product.screen?productId=DB-SG-G01" "Mozilla/5.0 (Windows; U; Windows NT 5.1; en-US; rv:1.9.2.28) Gecko/20120306 YFF3 Firefox/3.6.28 ( .NET CLR 3.5.30729; .NET4.0C)" 924
91.214.92.22 - - [19/Mar/2022:03:35:50] "GET /cart.do?action=view&productId=MB-AG-G07&JSESSIONID=SD1SL7FF8ADFF4961 HTTP 1.1" 200 3645 "http://www.buttercupgames.com/product.screen?productId=MB-AG-G07" "Mozilla/5.0 (Windows NT 6.1; WOW64) AppleWebKit/536.5 (KHTML, like Gecko) Chrome/19.0.1084.52 Safari/536.5" 341
61.164.73.20 - - [19/Mar/2022:03:35:59] "GET /oldlink?&JSESSIONID=SD6SL10FF3ADFF4957 HTTP 1.1" 200 2693 "http://www.buttercupgames.com/category.screen?categoryId=TEE" "Mozilla/5.0 (Windows; U; Windows NT 5.1; en-US; rv:1.9.2.28) Gecko/20120306 YFF3 Firefox/3.6.28 ( .NET CLR 3.5.30729; .NET4.0C)" 494
91.214.92.22 - - [19/Mar/2022:03:36:02] "POST /cart.do?action=addtocart&JSESSIONID=SD1SL7FF8ADFF4961 HTTP 1.1" 500 2426 "http://www.buttercupgames.com/cart.do?action=addtocart&" "Mozilla/5.0 (Windows NT 6.1; WOW64) AppleWebKit/536.5 (KHTML, like Gecko) Chrome/19.0.1084.52 Safari/536.5" 937
61.164.73.20 - - [19/Mar/2022:03:36:05] "GET /oldlink?&JSESSIONID=SD6SL10FF3ADFF4957 HTTP 1.1" 200 1017 "http://www.buttercupgames.com/cart.do?action=changequantity&productId=FS-SG-G03" "Mozilla/5.0 (Windows; U; Windows NT 5.1; en-US; rv:1.9.2.28) Gecko/20120306 YFF3 Firefox/3.6.28 ( .NET CLR 3.5.30729; .NET4.0C)" 589
91.214.92.22 - - [19/Mar/2022:03:36:08] "POST /oldlink?&JSESSIONID=SD1SL7FF8ADFF4961 HTTP 1.1" 200 3826 "http://www.buttercupgames.com/oldlink" "Mozilla/5.0 (Windows NT 6.1; WOW64) AppleWebKit/536.5 (KHTML, like Gecko) Chrome/19.0.1084.52 Safari/536.5" 983
61.164.73.20 - - [19/Mar/2022:03:36:17] "GET /cart.do?action=changequantity&productId=SC-MG-G10&JSESSIONID=SD6SL10FF3ADFF4957 HTTP 1.1" 200 3546 "http://www.buttercupgames.com/oldlink" "Mozilla/5.0 (Windows; U; Windows NT 5.1; en-US; rv:1.9.2.28) Gecko/20120306 YFF3 Firefox/3.6.28 ( .NET CLR 3.5.30729; .NET4.0C)" 165
61.164.73.20 - - [19/Mar/2022:03:36:28] "GET /oldlink?&JSESSIONID=SD6SL10FF3ADFF4957 HTTP 1.1" 200 1179 "http://www.buttercupgames.com/cart.do?action=view&productId=PZ-SG-G05" "Mozilla/5.0 (Windows; U; Windows NT 5.1; en-US; rv:1.9.2.28) Gecko/20120306 YFF3 Firefox/3.6.28 ( .NET CLR 3.5.30729; .NET4.0C)" 264
