188.138.40.166 - - [19/Mar/2022:03:38:53] "GET /category.screen?categoryId=TEE&JSESSIONID=SD4SL10FF2ADFF4959 HTTP 1.1" 200 321 "http://www.google.com" "Googlebot/2.1 ( http://www.googlebot.com/bot.html)" 607
188.138.40.166 - - [19/Mar/2022:03:38:57] "GET /product.screen?productId=FS-SG-G03&JSESSIONID=SD4SL10FF2ADFF4959 HTTP 1.1" 200 2332 "http://www.buttercupgames.com/category.screen?categoryId=STRATEGY" "Googlebot/2.1 ( http://www.googlebot.com/bot.html)" 737
188.138.40.166 - - [19/Mar/2022:03:39:00] "POST /cart.do?action=addtocart&productId=FS-SG-G03&JSESSIONID=SD4SL10FF2ADFF4959 HTTP 1.1" 200 615 "http://www.buttercupgames.com/product.screen?productId=FS-SG-G03" "Googlebot/2.1 ( http://www.googlebot.com/bot.html)" 274
188.138.40.166 - - [19/Mar/2022:03:39:03] "POST /success.do?action=purchase&categoryId=STRATEGY&productId=FS-SG-G03&JSESSIONID=SD4SL10FF2ADFF4959 HTTP 1.1" 200 3320 "http://www.buttercupgames.com/cart.do?action=addtocart&categoryId=STRATEGY&productId=FS-SG-G03" "Mozilla/5.0 (compatible; MSIE 9.0; Windows NT 6.1; WOW64; Trident/5.0; BOIE9;ENUS)" 448
188.138.40.166 - - [19/Mar/2022:03:39:03] "POST /cart/success.do?JSESSIONID=SD4SL10FF2ADFF4959&productId=BS-AG-G09 HTTP 1.1" 200 939 "http://www.buttercupgames.com/cart.do?action=purchase&" "Mozilla/5.0 (compatible; MSIE 9.0; Windows NT 6.1; WOW64; Trident/5.0; BOIE9;ENUS)" 448
188.138.40.166 - - [19/Mar/2022:03:39:07] "GET /category.screen?categoryId=ARCADE&JSESSIONID=SD4SL10FF2ADFF4959 HTTP 1.1" 200 3258 "http://www.buttercupgames.com/oldlink" "Googlebot/2.1 ( http://www.googlebot.com/bot.html)" 659
188.138.40.166 - - [19/Mar/2022:03:39:16] "GET /oldlink?&JSESSIONID=SD4SL10FF2ADFF4959 HTTP 1.1" 200 3231 "http://www.buttercupgames.com/cart.do?action=addtocart&productId=MB-AG-T01" "Googlebot/2.1 ( http://www.googlebot.com/bot.html)" 117
67.170.226.218 - - [19/Mar/2022:03:39:16] "GET /oldlink?&JSESSIONID=SD4SL5FF2ADFF4959 HTTP 1.1" 200 897 "http://www.yahoo.com" "Mozilla/4.0 (compatible; MSIE 7.0; Windows NT 5.1; Trident/4.0; .NET CLR 2.0.50727; MS-RTC LM 8; InfoPath.2)" 354
67.170.226.218 - - [19/Mar/2022:03:39:24] "GET /oldlink?&JSESSIONID=SD4SL5FF2ADFF4959 HTTP 1.1" 200 3464 "http://www.buttercupgames.com/product.screen?productId=WC-SH-T02" "Mozilla/4.0 (compatible; MSIE 7.0; Windows NT 5.1; Trident/4.0; .NET CLR 2.0.50727; MS-RTC LM 8; InfoPath.2)" 712
67.170.226.218 - - [19/Mar/2022:03:39:27] "GET /category.screen?categoryId=STRATEGY&JSESSIONID=SD4SL5FF2ADFF4959 HTTP 1.1" 200 1454 "http://www.buttercupgames.com/product.screen?productId=FS-SG-G03" "Mozilla/4.0 (compatible; MSIE 7.0; Windows NT 5.1; Trident/4.0; .NET CLR 2.0.50727; MS-RTC LM 8; InfoPath.2)" 301
188.138.40.166 - - [19/Mar/2022:03:39:28] "POST /oldlink?&JSESSIONID=SD4SL10FF2ADFF4959 HTTP 1.1" 200 1284 "http://www.buttercupgames.com/cart.do?action=view&productId=MB-AG-G07" "Googlebot/2.1 ( http://www.googlebot.com/bot.html)" 181
188.138.40.166 - - [19/Mar/2022:03:39:33] "GET /oldlink?&JSESSIONID=SD4SL10FF2ADFF4959 HTTP 1.1" 200 2627 "http://www.buttercupgames.com/cart.do?action=view&productId=SC-MG-G10" "Googlebot/2.1 ( http://www.googlebot.com/bot.html)" 401
67.170.226.218 - - [19/Mar/2022:03:39:35] "GET /product.screen?productId=WC-SH-T02&JSESSIONID=SD4SL5FF2ADFF4959 HTTP 1.1" 200 2317 "http://www.buttercupgames.com/category.screen?categoryId=TEE" "Mozilla/4.0 (compatible; MSIE 7.0; Windows NT 5.1; Trident/4.0; .NET CLR 2.0.50727; MS-RTC LM 8; InfoPath.2)" 915
67.170.226.218 - - [19/Mar/2022:03:39:38] "POST /cart.do?action=addtocart&productId=WC-SH-T02&JSESSIONID=SD4SL5FF2ADFF4959 HTTP 1.1" 200 3676 "http://www.buttercupgames.com/product.screen?productId=WC-SH-T02" "Mozilla/4.0 (compatible; MSIE 7.0; Windows NT 5.1; Trident/4.0; .NET CLR 2.0.50727; MS-RTC LM 8; InfoPath.2)" 529
67.170.226.218 - - [19/Mar/2022:03:39:40] "POST /success.do?action=purchase&categoryId=TEE&productId=WC-SH-T02&JSESSIONID=SD4SL5FF2ADFF4959 HTTP 1.1" 200 2464 "http://www.buttercupgames.com/cart.do?action=addtocart&categoryId=TEE&productId=WC-SH-T02" "Mozilla/4.0 (compatible; MSIE 7.0; Windows NT 5.1; Trident/4.0; .NET CLR 2.0.50727; MS-RTC LM 8; InfoPath.2)" 211
67.170.226.218 - - [19/Mar/2022:03:39:40] "POST /cart/success.do?JSESSIONID=SD4SL5FF2ADFF4959&productId=WC-SH-A02 HTTP 1.1" 200 2418 "http://www.buttercupgames.com/cart.do?action=purchase&" "Mozilla/4.0 (compatible; MSIE 7.0; Windows NT 5.1; Trident/4.0; .NET CLR 2.0.50727; MS-RTC LM 8; InfoPath.2)" 174
188.138.40.166 - - [19/Mar/2022:03:39:42] "GET /category.screen?categoryId=TEE&JSESSIONID=SD4SL10FF2ADFF4959 HTTP 1.1" 200 3030 "http://www.buttercupgames.com/product.screen?productId=WC-SH-T02" "Googlebot/2.1 ( http://www.googlebot.com/bot.html)" 749
67.170.226.218 - - [19/Mar/2022:03:39:47] "POST /product.screen?productId=SF-BVS-01&JSESSIONID=SD4SL5FF2ADFF4959 HTTP 1.1" 408 2336 "http://www.buttercupgames.com/oldlink" "Mozilla/4.0 (compatible; MSIE 7.0; Windows NT 5.1; Trident/4.0; .NET CLR 2.0.50727; MS-RTC LM 8; InfoPath.2)" 964
67.170.226.218 - - [19/Mar/2022:03:39:59] "GET /category.screen?categoryId=NULL&JSESSIONID=SD4SL5FF2ADFF4959 HTTP 1.1" 505 2221 "http://www.buttercupgames.com/product.screen?productId=SF-BVS-01" "Mozilla/4.0 (compatible; MSIE 7.0; Windows NT 5.1; Trident/4.0; .NET CLR 2.0.50727; MS-RTC LM 8; InfoPath.2)" 733
67.170.226.218 - - [19/Mar/2022:03:40:08] "POST /cart.do?action=view&productId=WC-SH-G04&JSESSIONID=SD4SL5FF2ADFF4959 HTTP 1.1" 200 3101 "http://www.buttercupgames.com/product.screen?productId=WC-SH-G04" "Mozilla/4.0 (compatible; MSIE 7.0; Windows NT 5.1; Trident/4.0; .NET CLR 2.0.50727; MS-RTC LM 8; InfoPath.2)" 608
67.170.226.218 - - [19/Mar/2022:03:40:16] "GET /cart.do?action=changequantity&productId=FS-SG-G03&JSESSIONID=SD4SL5FF2ADFF4959 HTTP 1.1" 200 1996 "http://www.buttercupgames.com/product.screen?productId=FS-SG-G03" "Mozilla/4.0 (compatible; MSIE 7.0; Windows NT 5.1; Trident/4.0; .NET CLR 2.0.50727; MS-RTC LM 8; InfoPath.2)" 587
67.170.226.218 - - [19/Mar/2022:03:40:24] "GET /cart.do?action=view&productId=CU-PG-G06&JSESSIONID=SD4SL5FF2ADFF4959 HTTP 1.1" 200 1882 "http://www.buttercupgames.com/product.screen?productId=CU-PG-G06" "Mozilla/4.0 (compatible; MSIE 7.0; Windows NT 5.1; Trident/4.0; .NET CLR 2.0.50727; MS-RTC LM 8; InfoPath.2)" 334
194.215.205.19 - - [19/Mar/2022:03:43:17] "POST /oldlink?&JSESSIONID=SD9SL5FF7ADFF4961 HTTP 1.1" 200 2729 "http://www.google.com" "Mozilla/4.0 (compatible; MSIE 7.0; Windows NT 5.1; Trident/4.0; .NET CLR 2.0.50727; MS-RTC LM 8; InfoPath.2)" 795
194.215.205.19 - - [19/Mar/2022:03:43:21] "GET /category.screen?categoryId=STRATEGY&JSESSIONID=SD9SL5FF7ADFF4961 HTTP 1.1" 200 3749 "http://www.buttercupgames.com/oldlink" "Mozilla/4.0 (compatible; MSIE 7.0; Windows NT 5.1; Trident/4.0; .NET CLR 2.0.50727; MS-RTC LM 8; InfoPath.2)" 761
194.215.205.19 - - [19/Mar/2022:03:43:27] "POST /category.screen?categoryId=SHOOTER&JSESSIONID=SD9SL5FF7ADFF4961 HTTP 1.1" 200 1662 "http://www.buttercupgames.com/product.screen?productId=WC-SH-G04" "Mozilla/4.0 (compatible; MSIE 7.0; Windows NT 5.1; Trident/4.0; .NET CLR 2.0.50727; MS-RTC LM 8; InfoPath.2)" 164
194.215.205.19 - - [19/Mar/2022:03:43:39] "GET /cart.do?action=addtocart&productId=WC-SH-A01&JSESSIONID=SD9SL5FF7ADFF4961 HTTP 1.1" 200 2758 "http://www.buttercupgames.com/oldlink" "Mozilla/4.0 (compatible; MSIE 7.0; Windows NT 5.1; Trident/4.0; .NET CLR 2.0.50727; MS-RTC LM 8; InfoPath.2)" 968
194.215.205.19 - - [19/Mar/2022:03:43:46] "GET /cart.do?action=view&productId=WC-SH-G04&JSESSIONID=SD9SL5FF7ADFF4961 HTTP 1.1" 200 1674 "http://www.buttercupgames.com/category.screen?categoryId=SHOOTER" "Mozilla/4.0 (compatible; MSIE 7.0; Windows NT 5.1; Trident/4.0; .NET CLR 2.0.50727; MS-RTC LM 8; InfoPath.2)" 399
194.215.205.19 - - [19/Mar/2022:03:43:56] "GET /product.screen?productId=SC-MG-G10&JSESSIONID=SD9SL5FF7ADFF4961 HTTP 1.1" 200 3874 "http://www.buttercupgames.com/oldlink" "Mozilla/4.0 (compatible; MSIE 7.0; Windows NT 5.1; Trident/4.0; .NET CLR 2.0.50727; MS-RTC LM 8; InfoPath.2)" 876
194.215.205.19 - - [19/Mar/2022:03:44:01] "POST /product.screen?productId=DC-SG-G02&JSESSIONID=SD9SL5FF7ADFF4961 HTTP 1.1" 200 744 "http://www.buttercupgames.com/category.screen?categoryId=STRATEGY" "Mozilla/4.0 (compatible; MSIE 7.0; Windows NT 5.1; Trident/4.0; .NET CLR 2.0.50727; MS-RTC LM 8; InfoPath.2)" 106
194.215.205.19 - - [19/Mar/2022:03:44:09] "GET /oldlink?&JSESSIONID=SD9SL5FF7ADFF4961 HTTP 1.1" 200 1154 "http://www.buttercupgames.com/category.screen?categoryId=ARCADE" "Mozilla/4.0 (compatible; MSIE 7.0; Windows NT 5.1; Trident/4.0; .NET CLR 2.0.50727; MS-RTC LM 8; InfoPath.2)" 897
194.215.205.19 - - [19/Mar/2022:03:44:14] "GET /category.screen?categoryId=STRATEGY&JSESSIONID=SD9SL5FF7ADFF4961 HTTP 1.1" 200 1290 "http://www.buttercupgames.com/oldlink" "Mozilla/4.0 (compatible; MSIE 7.0; Windows NT 5.1; Trident/4.0; .NET CLR 2.0.50727; MS-RTC LM 8; InfoPath.2)" 835
194.215.205.19 - - [19/Mar/2022:03:44:17] "GET /cart.do?action=view&productId=MB-AG-G07&JSESSIONID=SD9SL5FF7ADFF4961 HTTP 1.1" 200 3423 "http://www.buttercupgames.com/category.screen?categoryId=ARCADE" "Mozilla/4.0 (compatible; MSIE 7.0; Windows NT 5.1; Trident/4.0; .NET CLR 2.0.50727; MS-RTC LM 8; InfoPath.2)" 264
194.215.205.19 - - [19/Mar/2022:03:44:22] "GET /oldlink?&JSESSIONID=SD9SL5FF7ADFF4961 HTTP 1.1" 400 3466 "http://www.buttercupgames.com/oldlink" "Mozilla/4.0 (compatible; MSIE 7.0; Windows NT 5.1; Trident/4.0; .NET CLR 2.0.50727; MS-RTC LM 8; InfoPath.2)" 101
194.215.205.19 - - [19/Mar/2022:03:44:27] "GET /category.screen?categoryId=NULL&JSESSIONID=SD9SL5FF7ADFF4961 HTTP 1.1" 408 2953 "http://www.buttercupgames.com/product.screen?productId=SF-BVS-01" "Mozilla/4.0 (compatible; MSIE 7.0; Windows NT 5.1; Trident/4.0; .NET CLR 2.0.50727; MS-RTC LM 8; InfoPath.2)" 600
198.35.2.120 - - [19/Mar/2022:03:44:35] "GET /oldlink?&JSESSIONID=SD6SL10FF10ADFF4960 HTTP 1.1" 200 3739 "http://www.yahoo.com" "Mozilla/5.0 (compatible; NetcraftSurveyAgent/1.0/cc-prepass-https; +info@netcraft.com)" 175
198.35.2.120 - - [19/Mar/2022:03:44:46] "GET /product.screen?productId=FS-SG-G03&JSESSIONID=SD6SL10FF10ADFF4960 HTTP 1.1" 200 937 "http://www.buttercupgames.com/product.screen?productId=FS-SG-G03" "Mozilla/5.0 (compatible; NetcraftSurveyAgent/1.0/cc-prepass-https; +info@netcraft.com)" 859
198.35.2.120 - - [19/Mar/2022:03:44:55] "GET /oldlink?&JSESSIONID=SD6SL10FF10ADFF4960 HTTP 1.1" 200 3320 "http://www.buttercupgames.com/product.screen?productId=DB-SG-G01" "Mozilla/5.0 (compatible; NetcraftSurveyAgent/1.0/cc-prepass-https; +info@netcraft.com)" 899
198.35.2.120 - - [19/Mar/2022:03:45:07] "GET /oldlink?&JSESSIONID=SD6SL10FF10ADFF4960 HTTP 1.1" 200 991 "http://www.buttercupgames.com/cart.do?action=view&productId=SC-MG-G10" "Mozilla/5.0 (compatible; NetcraftSurveyAgent/1.0/cc-prepass-https; +info@netcraft.com)" 281
198.35.2.120 - - [19/Mar/2022:03:45:18] "GET /product.screen?productId=CU-PG-G06&JSESSIONID=SD6SL10FF10ADFF4960 HTTP 1.1" 200 3120 "http://www.buttercupgames.com/category.screen?categoryId=SPORTS" "Mozilla/5.0 (compatible; NetcraftSurveyAgent/1.0/cc-prepass-https; +info@netcraft.com)" 198
198.35.2.120 - - [19/Mar/2022:03:45:18] "POST /cart.do?action=addtocart&productId=CU-PG-G06&JSESSIONID=SD6SL10FF10ADFF4960 HTTP 1.1" 200 3046 "http://www.buttercupgames.com/product.screen?productId=CU-PG-G06" "Mozilla/5.0 (compatible; NetcraftSurveyAgent/1.0/cc-prepass-https; +info@netcraft.com)" 108
198.35.2.120 - - [19/Mar/2022:03:45:19] "POST /success.do?action=purchase&categoryId=SPORTS&productId=CU-PG-G06&JSESSIONID=SD6SL10FF10ADFF4960 HTTP 1.1" 200 1046 "http://www.buttercupgames.com/cart.do?action=addtocart&categoryId=SPORTS&productId=CU-PG-G06" "Mozilla/5.0 (compatible; MSIE 9.0; Windows NT 6.1; WOW64; Trident/5.0; BOIE9;ENUS)" 448
198.35.2.120 - - [19/Mar/2022:03:45:19] "POST /cart/error.do?msg=CreditNotAccepted&JSESSIONID=SD6SL10FF10ADFF4960 HTTP 1.1" 200 2230 "http://www.buttercupgames.com/cart.do?action=purchase&" "Mozilla/5.0 (compatible; MSIE 9.0; Windows NT 6.1; WOW64; Trident/5.0; BOIE9;ENUS)" 448
198.35.2.120 - - [19/Mar/2022:03:45:30] "GET /oldlink?&JSESSIONID=SD6SL10FF10ADFF4960 HTTP 1.1" 200 3026 "http://www.buttercupgames.com/category.screen?categoryId=ARCADE" "Mozilla/5.0 (compatible; NetcraftSurveyAgent/1.0/cc-prepass-https; +info@netcraft.com)" 486
198.35.2.120 - - [19/Mar/2022:03:45:41] "GET /category.screen?categoryId=NULL&JSESSIONID=SD6SL10FF10ADFF4960 HTTP 1.1" 503 2715 "http://www.buttercupgames.com/oldlink" "Mozilla/5.0 (compatible; NetcraftSurveyAgent/1.0/cc-prepass-https; +info@netcraft.com)" 313
175.44.26.139 - - [19/Mar/2022:03:49:01] "GET /oldlink?&JSESSIONID=SD4SL5FF8ADFF4962 HTTP 1.1" 200 1389 "http://www.buttercupgames.com" "Mozilla/5.0 (Macintosh; Intel Mac OS X 10_7_4) AppleWebKit/536.5 (KHTML, like Gecko) Chrome/19.0.1084.46 Safari/536.5" 283
175.44.26.139 - - [19/Mar/2022:03:49:04] "GET /oldlink?&JSESSIONID=SD4SL5FF8ADFF4962 HTTP 1.1" 200 3456 "http://www.buttercupgames.com/oldlink" "Mozilla/5.0 (Macintosh; Intel Mac OS X 10_7_4) AppleWebKit/536.5 (KHTML, like Gecko) Chrome/19.0.1084.46 Safari/536.5" 974
175.44.26.139 - - [19/Mar/2022:03:49:08] "GET /product.screen?productId=FS-SG-G03&JSESSIONID=SD4SL5FF8ADFF4962 HTTP 1.1" 200 839 "http://www.buttercupgames.com/cart.do?action=view&productId=FS-SG-G03" "Mozilla/5.0 (Macintosh; Intel Mac OS X 10_7_4) AppleWebKit/536.5 (KHTML, like Gecko) Chrome/19.0.1084.46 Safari/536.5" 639
175.44.26.139 - - [19/Mar/2022:03:49:10] "GET /product.screen?productId=WC-SH-A01&JSESSIONID=SD4SL5FF8ADFF4962 HTTP 1.1" 200 2792 "http://www.buttercupgames.com/oldlink" "Mozilla/5.0 (Macintosh; Intel Mac OS X 10_7_4) AppleWebKit/536.5 (KHTML, like Gecko) Chrome/19.0.1084.46 Safari/536.5" 629
175.44.26.139 - - [19/Mar/2022:03:49:14] "GET /category.screen?categoryId=TEE&JSESSIONID=SD4SL5FF8ADFF4962 HTTP 1.1" 200 1344 "http://www.buttercupgames.com/cart.do?action=remove&productId=MB-AG-T01" "Mozilla/5.0 (Macintosh; Intel Mac OS X 10_7_4) AppleWebKit/536.5 (KHTML, like Gecko) Chrome/19.0.1084.46 Safari/536.5" 873
175.44.26.139 - - [19/Mar/2022:03:49:17] "POST /category.screen?categoryId=ARCADE&JSESSIONID=SD4SL5FF8ADFF4962 HTTP 1.1" 200 2678 "http://www.buttercupgames.com/product.screen?productId=BS-AG-G09" "Mozilla/5.0 (Macintosh; Intel Mac OS X 10_7_4) AppleWebKit/536.5 (KHTML, like Gecko) Chrome/19.0.1084.46 Safari/536.5" 439
175.44.26.139 - - [19/Mar/2022:03:49:22] "POST /oldlink?&JSESSIONID=SD4SL5FF8ADFF4962 HTTP 1.1" 200 3258 "http://www.buttercupgames.com/oldlink" "Mozilla/5.0 (Macintosh; Intel Mac OS X 10_7_4) AppleWebKit/536.5 (KHTML, like Gecko) Chrome/19.0.1084.46 Safari/536.5" 854
175.44.26.139 - - [19/Mar/2022:03:49:32] "POST /product.screen?productId=WC-SH-A01&JSESSIONID=SD4SL5FF8ADFF4962 HTTP 1.1" 200 779 "http://www.buttercupgames.com/category.screen?categoryId=ACCESSORIES" "Mozilla/5.0 (Macintosh; Intel Mac OS X 10_7_4) AppleWebKit/536.5 (KHTML, like Gecko) Chrome/19.0.1084.46 Safari/536.5" 390
175.44.26.139 - - [19/Mar/2022:03:49:36] "POST /cart.do?action=addtocart&productId=WC-SH-A01&JSESSIONID=SD4SL5FF8ADFF4962 HTTP 1.1" 200 2917 "http://www.buttercupgames.com/product.screen?productId=WC-SH-A01" "Mozilla/5.0 (Macintosh; Intel Mac OS X 10_7_4) AppleWebKit/536.5 (KHTML, like Gecko) Chrome/19.0.1084.46 Safari/536.5" 162
175.44.26.139 - - [19/Mar/2022:03:49:36] "POST /success.do?action=purchase&categoryId=ACCESSORIES&productId=WC-SH-A01&JSESSIONID=SD4SL5FF8ADFF4962 HTTP 1.1" 200 1564 "http://www.buttercupgames.com/cart.do?action=addtocart&categoryId=ACCESSORIES&productId=WC-SH-A01" "Mozilla/5.0 (Macintosh; Intel Mac OS X 10_7_4) AppleWebKit/536.5 (KHTML, like Gecko) Chrome/19.0.1084.46 Safari/536.5" 962
175.44.26.139 - - [19/Mar/2022:03:49:46] "GET /category.screen?categoryId=TEE&JSESSIONID=SD4SL5FF8ADFF4962 HTTP 1.1" 200 3448 "http://www.buttercupgames.com/product.screen?productId=WC-SH-T02" "Mozilla/5.0 (Macintosh; Intel Mac OS X 10_7_4) AppleWebKit/536.5 (KHTML, like Gecko) Chrome/19.0.1084.46 Safari/536.5" 451
216.221.226.11 - - [19/Mar/2022:03:49:57] "GET /product.screen?productId=WC-SH-A02&JSESSIONID=SD4SL3FF3ADFF4953 HTTP 1.1" 200 1601 "http://www.buttercupgames.com/category.screen?categoryId=ACCESSORIES" "Mozilla/5.0 (Windows NT 6.1; WOW64) AppleWebKit/536.5 (KHTML, like Gecko) Chrome/19.0.1084.52 Safari/536.5" 301
216.221.226.11 - - [19/Mar/2022:03:49:58] "POST /cart.do?action=addtocart&productId=WC-SH-A02&JSESSIONID=SD4SL3FF3ADFF4953 HTTP 1.1" 200 3104 "http://www.buttercupgames.com/product.screen?productId=WC-SH-A02" "Mozilla/5.0 (Windows NT 6.1; WOW64) AppleWebKit/536.5 (KHTML, like Gecko) Chrome/19.0.1084.52 Safari/536.5" 293
216.221.226.11 - - [19/Mar/2022:03:49:59] "POST /success.do?action=purchase&categoryId=ACCESSORIES&productId=WC-SH-A02&JSESSIONID=SD4SL3FF3ADFF4953 HTTP 1.1" 200 2210 "http://www.buttercupgames.com/cart.do?action=addtocart&categoryId=ACCESSORIES&productId=WC-SH-A02" "Mozilla/5.0 (Windows NT 6.1; WOW64) AppleWebKit/536.5 (KHTML, like Gecko) Chrome/19.0.1084.52 Safari/536.5" 898
216.221.226.11 - - [19/Mar/2022:03:49:59] "POST /cart/success.do?JSESSIONID=SD4SL3FF3ADFF4953&productId=CU-PG-G06 HTTP 1.1" 200 1595 "http://www.buttercupgames.com/cart.do?action=purchase&" "Mozilla/5.0 (Windows NT 6.1; WOW64) AppleWebKit/536.5 (KHTML, like Gecko) Chrome/19.0.1084.52 Safari/536.5" 476
170.192.178.10 - - [19/Mar/2022:03:50:58] "GET /category.screen?categoryId=SHOOTER&JSESSIONID=SD4SL5FF3ADFF4966 HTTP 1.1" 200 3564 "http://www.google.com" "Mozilla/5.0 (Macintosh; Intel Mac OS X 10_6_8) AppleWebKit/534.55.3 (KHTML, like Gecko) Version/5.1.5 Safari/534.55.3" 320
170.192.178.10 - - [19/Mar/2022:03:51:11] "GET /product.screen?productId=WC-SH-A01&JSESSIONID=SD4SL5FF3ADFF4966 HTTP 1.1" 200 3836 "http://www.buttercupgames.com/category.screen?categoryId=ACCESSORIES" "Mozilla/5.0 (Macintosh; Intel Mac OS X 10_6_8) AppleWebKit/534.55.3 (KHTML, like Gecko) Version/5.1.5 Safari/534.55.3" 436
170.192.178.10 - - [19/Mar/2022:03:51:23] "GET /oldlink?&JSESSIONID=SD4SL5FF3ADFF4966 HTTP 1.1" 200 826 "http://www.buttercupgames.com/cart.do?action=remove&productId=FS-SG-G03" "Mozilla/5.0 (Macintosh; Intel Mac OS X 10_6_8) AppleWebKit/534.55.3 (KHTML, like Gecko) Version/5.1.5 Safari/534.55.3" 235
170.192.178.10 - - [19/Mar/2022:03:51:28] "POST /oldlink?&JSESSIONID=SD4SL5FF3ADFF4966 HTTP 1.1" 200 3344 "http://www.buttercupgames.com/cart.do?action=changequantity&productId=WC-SH-A01" "Mozilla/5.0 (Macintosh; Intel Mac OS X 10_6_8) AppleWebKit/534.55.3 (KHTML, like Gecko) Version/5.1.5 Safari/534.55.3" 480
78.111.167.117 - - [19/Mar/2022:03:52:37] "POST /category.screen?categoryId=STRATEGY&JSESSIONID=SD1SL2FF5ADFF4950 HTTP 1.1" 200 609 "http://www.buttercupgames.com" "Mozilla/4.0 (compatible; MSIE 7.0; Windows NT 5.1; Trident/4.0; .NET CLR 2.0.50727; MS-RTC LM 8; InfoPath.2)" 987
78.111.167.117 - - [19/Mar/2022:03:52:41] "GET /oldlink?&JSESSIONID=SD1SL2FF5ADFF4950 HTTP 1.1" 200 324 "http://www.buttercupgames.com/product.screen?productId=MB-AG-T01" "Mozilla/4.0 (compatible; MSIE 7.0; Windows NT 5.1; Trident/4.0; .NET CLR 2.0.50727; MS-RTC LM 8; InfoPath.2)" 550
94.230.166.185 - - [19/Mar/2022:03:52:50] "GET /product.screen?productId=SC-MG-G10&JSESSIONID=SD8SL10FF3ADFF4963 HTTP 1.1" 200 2264 "http://www.buttercupgames.com" "Mozilla/4.0 (compatible; MSIE 7.0; Windows NT 5.2; .NET CLR 1.1.4322; InfoPath.1; MS-RTC LM 8)" 901
94.230.166.185 - - [19/Mar/2022:03:52:56] "POST /cart.do?action=view&productId=MB-AG-G07&JSESSIONID=SD8SL10FF3ADFF4963 HTTP 1.1" 200 2150 "http://www.buttercupgames.com/product.screen?productId=MB-AG-G07" "Mozilla/4.0 (compatible; MSIE 7.0; Windows NT 5.2; .NET CLR 1.1.4322; InfoPath.1; MS-RTC LM 8)" 917
94.230.166.185 - - [19/Mar/2022:03:53:00] "GET /product.screen?productId=DC-SG-G02&JSESSIONID=SD8SL10FF3ADFF4963 HTTP 1.1" 200 3964 "http://www.buttercupgames.com/category.screen?categoryId=STRATEGY" "Mozilla/4.0 (compatible; MSIE 7.0; Windows NT 5.2; .NET CLR 1.1.4322; InfoPath.1; MS-RTC LM 8)" 555
94.230.166.185 - - [19/Mar/2022:03:53:01] "POST /cart.do?action=addtocart&productId=DC-SG-G02&JSESSIONID=SD8SL10FF3ADFF4963 HTTP 1.1" 200 1700 "http://www.buttercupgames.com/product.screen?productId=DC-SG-G02" "Mozilla/4.0 (compatible; MSIE 7.0; Windows NT 5.2; .NET CLR 1.1.4322; InfoPath.1; MS-RTC LM 8)" 336
94.230.166.185 - - [19/Mar/2022:03:53:04] "POST /success.do?action=purchase&categoryId=STRATEGY&productId=DC-SG-G02&JSESSIONID=SD8SL10FF3ADFF4963 HTTP 1.1" 200 3764 "http://www.buttercupgames.com/cart.do?action=addtocart&categoryId=STRATEGY&productId=DC-SG-G02" "Mozilla/4.0 (compatible; MSIE 7.0; Windows NT 5.2; .NET CLR 1.1.4322; InfoPath.1; MS-RTC LM 8)" 403
94.230.166.185 - - [19/Mar/2022:03:53:04] "POST /cart/success.do?JSESSIONID=SD8SL10FF3ADFF4963&productId=WSC-MG-G10 HTTP 1.1" 200 1012 "http://www.buttercupgames.com/cart.do?action=purchase&" "Mozilla/4.0 (compatible; MSIE 7.0; Windows NT 5.2; .NET CLR 1.1.4322; InfoPath.1; MS-RTC LM 8)" 774
173.192.201.242 - - [19/Mar/2022:03:57:03] "GET /category.screen?categoryId=ARCADE&JSESSIONID=SD6SL7FF3ADFF4966 HTTP 1.1" 200 827 "http://www.yahoo.com" "Mozilla/5.0 (compatible; MSIE 9.0; Windows NT 6.1; WOW64; Trident/5.0; BOIE9;ENUS)" 434
173.192.201.242 - - [19/Mar/2022:03:57:10] "GET /oldlink?&JSESSIONID=SD6SL7FF3ADFF4966 HTTP 1.1" 200 3544 "http://www.buttercupgames.com/oldlink" "Mozilla/5.0 (compatible; MSIE 9.0; Windows NT 6.1; WOW64; Trident/5.0; BOIE9;ENUS)" 987
173.192.201.242 - - [19/Mar/2022:03:57:14] "GET /cart.do?action=changequantity&productId=DC-SG-G02&JSESSIONID=SD6SL7FF3ADFF4966 HTTP 1.1" 200 3370 "http://www.buttercupgames.com/oldlink" "Mozilla/5.0 (compatible; MSIE 9.0; Windows NT 6.1; WOW64; Trident/5.0; BOIE9;ENUS)" 816
128.241.220.82 - - [19/Mar/2022:03:57:18] "GET /oldlink?&JSESSIONID=SD0SL9FF9ADFF4953 HTTP 1.1" 200 3496 "http://www.buttercupgames.com" "Mozilla/5.0 (Windows; U; Windows NT 5.1; en-US; rv:1.9.2.28) Gecko/20120306 YFF3 Firefox/3.6.28 ( .NET CLR 3.5.30729; .NET4.0C)" 192
173.192.201.242 - - [19/Mar/2022:03:57:20] "GET /product.screen?productId=SC-MG-G10&JSESSIONID=SD6SL7FF3ADFF4966 HTTP 1.1" 200 557 "http://www.buttercupgames.com/oldlink" "Mozilla/5.0 (compatible; MSIE 9.0; Windows NT 6.1; WOW64; Trident/5.0; BOIE9;ENUS)" 296
128.241.220.82 - - [19/Mar/2022:03:57:23] "GET /category.screen?categoryId=STRATEGY&JSESSIONID=SD0SL9FF9ADFF4953 HTTP 1.1" 200 3032 "http://www.buttercupgames.com/cart.do?action=addtocart&productId=PZ-SG-G05" "Mozilla/5.0 (Windows; U; Windows NT 5.1; en-US; rv:1.9.2.28) Gecko/20120306 YFF3 Firefox/3.6.28 ( .NET CLR 3.5.30729; .NET4.0C)" 443
128.241.220.82 - - [19/Mar/2022:03:57:28] "GET /product.screen?productId=SC-MG-G10&JSESSIONID=SD0SL9FF9ADFF4953 HTTP 1.1" 200 3203 "http://www.buttercupgames.com/category.screen?categoryId=SIMULATION" "Mozilla/5.0 (Windows; U; Windows NT 5.1; en-US; rv:1.9.2.28) Gecko/20120306 YFF3 Firefox/3.6.28 ( .NET CLR 3.5.30729; .NET4.0C)" 613
173.192.201.242 - - [19/Mar/2022:03:57:31] "GET /category.screen?categoryId=STRATEGY&JSESSIONID=SD6SL7FF3ADFF4966 HTTP 1.1" 200 1521 "http://www.buttercupgames.com/product.screen?productId=DB-SG-G01" "Mozilla/5.0 (compatible; MSIE 9.0; Windows NT 6.1; WOW64; Trident/5.0; BOIE9;ENUS)" 831
128.241.220.82 - - [19/Mar/2022:03:57:32] "POST /cart.do?action=addtocart&productId=SC-MG-G10&JSESSIONID=SD0SL9FF9ADFF4953 HTTP 1.1" 200 204 "http://www.buttercupgames.com/product.screen?productId=SC-MG-G10" "Mozilla/5.0 (Windows; U; Windows NT 5.1; en-US; rv:1.9.2.28) Gecko/20120306 YFF3 Firefox/3.6.28 ( .NET CLR 3.5.30729; .NET4.0C)" 566
128.241.220.82 - - [19/Mar/2022:03:57:35] "POST /success.do?action=purchase&categoryId=SIMULATION&productId=SC-MG-G10&JSESSIONID=SD0SL9FF9ADFF4953 HTTP 1.1" 200 2715 "http://www.buttercupgames.com/cart.do?action=addtocart&categoryId=SIMULATION&productId=SC-MG-G10" "Mozilla/5.0 (Windows; U; Windows NT 5.1; en-US; rv:1.9.2.28) Gecko/20120306 YFF3 Firefox/3.6.28 ( .NET CLR 3.5.30729; .NET4.0C)" 847
128.241.220.82 - - [19/Mar/2022:03:57:35] "POST /cart/error.do?msg=CreditDoesNotMatch&JSESSIONID=SD0SL9FF9ADFF4953 HTTP 1.1" 200 2652 "http://www.buttercupgames.com/cart.do?action=purchase&" "Mozilla/5.0 (Windows; U; Windows NT 5.1; en-US; rv:1.9.2.28) Gecko/20120306 YFF3 Firefox/3.6.28 ( .NET CLR 3.5.30729; .NET4.0C)" 736
128.241.220.82 - - [19/Mar/2022:03:57:44] "POST /category.screen?categoryId=STRATEGY&JSESSIONID=SD0SL9FF9ADFF4953 HTTP 1.1" 200 3324 "http://www.buttercupgames.com/oldlink" "Mozilla/5.0 (Windows; U; Windows NT 5.1; en-US; rv:1.9.2.28) Gecko/20120306 YFF3 Firefox/3.6.28 ( .NET CLR 3.5.30729; .NET4.0C)" 477
128.241.220.82 - - [19/Mar/2022:03:57:50] "GET /product.screen?productId=SF-BVS-01&JSESSIONID=SD0SL9FF9ADFF4953 HTTP 1.1" 503 3311 "http://www.buttercupgames.com/product.screen?productId=SF-BVS-01" "Mozilla/5.0 (Windows; U; Windows NT 5.1; en-US; rv:1.9.2.28) Gecko/20120306 YFF3 Firefox/3.6.28 ( .NET CLR 3.5.30729; .NET4.0C)" 271
201.42.223.29 - - [19/Mar/2022:04:01:58] "POST /product.screen?productId=DB-SG-G01&JSESSIONID=SD5SL2FF7ADFF4951 HTTP 1.1" 200 1471 "http://www.buttercupgames.com" "Mozilla/5.0 (compatible; MSIE 9.0; Windows NT 6.1; WOW64; Trident/5.0; BOIE9;ENUS)" 205
201.42.223.29 - - [19/Mar/2022:04:02:06] "GET /oldlink?&JSESSIONID=SD5SL2FF7ADFF4951 HTTP 1.1" 200 3976 "http://www.buttercupgames.com/category.screen?categoryId=SIMULATION" "Mozilla/5.0 (compatible; MSIE 9.0; Windows NT 6.1; WOW64; Trident/5.0; BOIE9;ENUS)" 233
27.102.11.11 - - [19/Mar/2022:04:02:09] "GET /category.screen?categoryId=STRATEGY&JSESSIONID=SD0SL4FF7ADFF4956 HTTP 1.1" 200 2609 "http://www.buttercupgames.com" "Mozilla/4.0 (compatible; MSIE 7.0; Windows NT 5.2; .NET CLR 1.1.4322; InfoPath.1; MS-RTC LM 8)" 839
27.102.11.11 - - [19/Mar/2022:04:02:15] "GET /category.screen?categoryId=STRATEGY&JSESSIONID=SD0SL4FF7ADFF4956 HTTP 1.1" 200 1071 "http://www.buttercupgames.com/cart.do?action=addtocart&productId=PZ-SG-G05" "Mozilla/4.0 (compatible; MSIE 7.0; Windows NT 5.2; .NET CLR 1.1.4322; InfoPath.1; MS-RTC LM 8)" 589
201.42.223.29 - - [19/Mar/2022:04:02:21] "POST /cart.do?action=view&productId=WC-SH-A01&JSESSIONID=SD5SL2FF7ADFF4951 HTTP 1.1" 200 3204 "http://www.buttercupgames.com/oldlink" "Mozilla/5.0 (compatible; MSIE 9.0; Windows NT 6.1; WOW64; Trident/5.0; BOIE9;ENUS)" 378
201.42.223.29 - - [19/Mar/2022:04:02:28] "GET /cart.do?action=view&productId=FI-AG-G08&JSESSIONID=SD5SL2FF7ADFF4951 HTTP 1.1" 200 3813 "http://www.buttercupgames.com/oldlink" "Mozilla/5.0 (compatible; MSIE 9.0; Windows NT 6.1; WOW64; Trident/5.0; BOIE9;ENUS)" 143
27.102.11.11 - - [19/Mar/2022:04:02:33] "GET /oldlink?&JSESSIONID=SD0SL4FF7ADFF4956 HTTP 1.1" 200 676 "http://www.buttercupgames.com/oldlink" "Mozilla/4.0 (compatible; MSIE 7.0; Windows NT 5.2; .NET CLR 1.1.4322; InfoPath.1; MS-RTC LM 8)" 232
201.42.223.29 - - [19/Mar/2022:04:02:36] "GET /cart.do?action=addtocart&productId=PZ-SG-G05&JSESSIONID=SD5SL2FF7ADFF4951 HTTP 1.1" 200 997 "http://www.buttercupgames.com/oldlink" "Mozilla/5.0 (compatible; MSIE 9.0; Windows NT 6.1; WOW64; Trident/5.0; BOIE9;ENUS)" 796
201.42.223.29 - - [19/Mar/2022:04:02:41] "GET /product.screen?productId=DC-SG-G02&JSESSIONID=SD5SL2FF7ADFF4951 HTTP 1.1" 200 2966 "http://www.buttercupgames.com/category.screen?categoryId=STRATEGY" "Mozilla/5.0 (compatible; MSIE 9.0; Windows NT 6.1; WOW64; Trident/5.0; BOIE9;ENUS)" 859
201.42.223.29 - - [19/Mar/2022:04:02:44] "POST /cart.do?action=addtocart&productId=DC-SG-G02&JSESSIONID=SD5SL2FF7ADFF4951 HTTP 1.1" 200 2787 "http://www.buttercupgames.com/product.screen?productId=DC-SG-G02" "Mozilla/5.0 (compatible; MSIE 9.0; Windows NT 6.1; WOW64; Trident/5.0; BOIE9;ENUS)" 242
201.42.223.29 - - [19/Mar/2022:04:02:49] "POST /success.do?action=purchase&categoryId=STRATEGY&productId=DC-SG-G02&JSESSIONID=SD5SL2FF7ADFF4951 HTTP 1.1" 503 1702 "http://www.buttercupgames.com/cart.do?action=addtocart&categoryId=STRATEGY&productId=DC-SG-G02" "Mozilla/5.0 (compatible; MSIE 9.0; Windows NT 6.1; WOW64; Trident/5.0; BOIE9;ENUS)" 250
27.102.11.11 - - [19/Mar/2022:04:02:50] "GET /oldlink?&JSESSIONID=SD0SL4FF7ADFF4956 HTTP 1.1" 200 2456 "http://www.buttercupgames.com/oldlink" "Mozilla/4.0 (compatible; MSIE 7.0; Windows NT 5.2; .NET CLR 1.1.4322; InfoPath.1; MS-RTC LM 8)" 303
27.102.11.11 - - [19/Mar/2022:04:03:04] "GET /cart.do?action=addtocart&productId=DC-SG-G02&JSESSIONID=SD0SL4FF7ADFF4956 HTTP 1.1" 200 3086 "http://www.buttercupgames.com/cart.do?action=addtocart&productId=DC-SG-G02" "Mozilla/4.0 (compatible; MSIE 7.0; Windows NT 5.2; .NET CLR 1.1.4322; InfoPath.1; MS-RTC LM 8)" 627
27.102.11.11 - - [19/Mar/2022:04:03:17] "GET /oldlink?&JSESSIONID=SD0SL4FF7ADFF4956 HTTP 1.1" 200 2958 "http://www.buttercupgames.com/product.screen?productId=MB-AG-G07" "Mozilla/4.0 (compatible; MSIE 7.0; Windows NT 5.2; .NET CLR 1.1.4322; InfoPath.1; MS-RTC LM 8)" 552
27.102.11.11 - - [19/Mar/2022:04:03:29] "GET /cart.do?action=view&JSESSIONID=SD0SL4FF7ADFF4956 HTTP 1.1" 500 2167 "http://www.buttercupgames.com/oldlink" "Mozilla/4.0 (compatible; MSIE 7.0; Windows NT 5.2; .NET CLR 1.1.4322; InfoPath.1; MS-RTC LM 8)" 358
27.102.11.11 - - [19/Mar/2022:04:03:39] "POST /product.screen?productId=DB-SG-G01&JSESSIONID=SD0SL4FF7ADFF4956 HTTP 1.1" 200 2686 "http://www.buttercupgames.com/category.screen?categoryId=STRATEGY" "Mozilla/4.0 (compatible; MSIE 7.0; Windows NT 5.2; .NET CLR 1.1.4322; InfoPath.1; MS-RTC LM 8)" 951
27.102.11.11 - - [19/Mar/2022:04:03:40] "POST /cart.do?action=addtocart&productId=DB-SG-G01&JSESSIONID=SD0SL4FF7ADFF4956 HTTP 1.1" 200 3001 "http://www.buttercupgames.com/product.screen?productId=DB-SG-G01" "Mozilla/4.0 (compatible; MSIE 7.0; Windows NT 5.2; .NET CLR 1.1.4322; InfoPath.1; MS-RTC LM 8)" 660
27.102.11.11 - - [19/Mar/2022:04:03:43] "POST /success.do?action=purchase&categoryId=STRATEGY&productId=DB-SG-G01&JSESSIONID=SD0SL4FF7ADFF4956 HTTP 1.1" 200 2556 "http://www.buttercupgames.com/cart.do?action=addtocart&categoryId=STRATEGY&productId=DB-SG-G01" "Mozilla/4.0 (compatible; MSIE 7.0; Windows NT 5.2; .NET CLR 1.1.4322; InfoPath.1; MS-RTC LM 8)" 965
27.102.11.11 - - [19/Mar/2022:04:03:43] "POST /cart/success.do?JSESSIONID=SD0SL4FF7ADFF4956&productId=PZ-SG-G05 HTTP 1.1" 200 1058 "http://www.buttercupgames.com/cart.do?action=purchase&" "Mozilla/4.0 (compatible; MSIE 7.0; Windows NT 5.2; .NET CLR 1.1.4322; InfoPath.1; MS-RTC LM 8)" 926
27.102.11.11 - - [19/Mar/2022:04:04:00] "GET /cart.do?action=addtocart&JSESSIONID=SD0SL4FF7ADFF4956 HTTP 1.1" 500 1638 "http://www.buttercupgames.com/category.screen?categoryId=NULL" "Mozilla/4.0 (compatible; MSIE 7.0; Windows NT 5.2; .NET CLR 1.1.4322; InfoPath.1; MS-RTC LM 8)" 979
27.102.11.11 - - [19/Mar/2022:04:04:10] "GET /oldlink?&JSESSIONID=SD0SL4FF7ADFF4956 HTTP 1.1" 200 3668 "http://www.buttercupgames.com/cart.do?action=remove&productId=DB-SG-G01" "Mozilla/4.0 (compatible; MSIE 7.0; Windows NT 5.2; .NET CLR 1.1.4322; InfoPath.1; MS-RTC LM 8)" 678
27.102.11.11 - - [19/Mar/2022:04:04:25] "GET /cart.do?action=changequantity&productId=FS-SG-G03&JSESSIONID=SD0SL4FF7ADFF4956 HTTP 1.1" 200 3984 "http://www.buttercupgames.com/product.screen?productId=FS-SG-G03" "Mozilla/4.0 (compatible; MSIE 7.0; Windows NT 5.2; .NET CLR 1.1.4322; InfoPath.1; MS-RTC LM 8)" 259
27.102.11.11 - - [19/Mar/2022:04:04:44] "GET /product.screen?productId=CU-PG-G06&JSESSIONID=SD0SL4FF7ADFF4956 HTTP 1.1" 200 2602 "http://www.buttercupgames.com/product.screen?productId=CU-PG-G06" "Mozilla/4.0 (compatible; MSIE 7.0; Windows NT 5.2; .NET CLR 1.1.4322; InfoPath.1; MS-RTC LM 8)" 300
195.2.240.99 - - [19/Mar/2022:04:05:05] "GET /cart.do?action=view&productId=MB-AG-T01&JSESSIONID=SD7SL9FF6ADFF4959 HTTP 1.1" 200 2620 "http://www.google.com" "Mozilla/4.0 (compatible; MSIE 7.0; Windows NT 5.1; Trident/4.0; .NET CLR 2.0.50727; MS-RTC LM 8; InfoPath.2)" 569
195.2.240.99 - - [19/Mar/2022:04:05:24] "GET /oldlink?&JSESSIONID=SD7SL9FF6ADFF4959 HTTP 1.1" 200 3586 "http://www.buttercupgames.com/cart.do?action=view&productId=WC-SH-G04" "Mozilla/4.0 (compatible; MSIE 7.0; Windows NT 5.1; Trident/4.0; .NET CLR 2.0.50727; MS-RTC LM 8; InfoPath.2)" 541
195.2.240.99 - - [19/Mar/2022:04:05:34] "GET /cart.do?action=view&productId=FS-SG-G03&JSESSIONID=SD7SL9FF6ADFF4959 HTTP 1.1" 200 1727 "http://www.buttercupgames.com/product.screen?productId=FS-SG-G03" "Mozilla/4.0 (compatible; MSIE 7.0; Windows NT 5.1; Trident/4.0; .NET CLR 2.0.50727; MS-RTC LM 8; InfoPath.2)" 255
195.2.240.99 - - [19/Mar/2022:04:05:40] "GET /oldlink?&JSESSIONID=SD7SL9FF6ADFF4959 HTTP 1.1" 500 675 "http://www.buttercupgames.com/category.screen?categoryId=NULL" "Mozilla/4.0 (compatible; MSIE 7.0; Windows NT 5.1; Trident/4.0; .NET CLR 2.0.50727; MS-RTC LM 8; InfoPath.2)" 847
195.2.240.99 - - [19/Mar/2022:04:05:55] "GET /category.screen?categoryId=STRATEGY&JSESSIONID=SD7SL9FF6ADFF4959 HTTP 1.1" 200 3037 "http://www.buttercupgames.com/oldlink" "Mozilla/4.0 (compatible; MSIE 7.0; Windows NT 5.1; Trident/4.0; .NET CLR 2.0.50727; MS-RTC LM 8; InfoPath.2)" 492
195.2.240.99 - - [19/Mar/2022:04:06:00] "GET /oldlink?&JSESSIONID=SD7SL9FF6ADFF4959 HTTP 1.1" 200 3455 "http://www.buttercupgames.com/category.screen?categoryId=ARCADE" "Mozilla/4.0 (compatible; MSIE 7.0; Windows NT 5.1; Trident/4.0; .NET CLR 2.0.50727; MS-RTC LM 8; InfoPath.2)" 266
195.2.240.99 - - [19/Mar/2022:04:06:15] "GET /oldlink?&JSESSIONID=SD7SL9FF6ADFF4959 HTTP 1.1" 200 1003 "http://www.buttercupgames.com/oldlink" "Mozilla/4.0 (compatible; MSIE 7.0; Windows NT 5.1; Trident/4.0; .NET CLR 2.0.50727; MS-RTC LM 8; InfoPath.2)" 834
195.2.240.99 - - [19/Mar/2022:04:06:25] "POST /product.screen?productId=FI-AG-G08&JSESSIONID=SD7SL9FF6ADFF4959 HTTP 1.1" 200 947 "http://www.buttercupgames.com/oldlink" "Mozilla/4.0 (compatible; MSIE 7.0; Windows NT 5.1; Trident/4.0; .NET CLR 2.0.50727; MS-RTC LM 8; InfoPath.2)" 791
79.189.193.150 - - [19/Mar/2022:04:11:40] "GET /product.screen?productId=DB-SG-G01&JSESSIONID=SD8SL3FF8ADFF4963 HTTP 1.1" 200 2052 "http://www.google.com" "Mozilla/5.0 (Windows NT 6.1; WOW64) AppleWebKit/536.5 (KHTML, like Gecko) Chrome/19.0.1084.46 Safari/536.5" 755
12.130.60.4 - - [19/Mar/2022:04:11:53] "POST /oldlink?&JSESSIONID=SD6SL5FF1ADFF4965 HTTP 1.1" 200 2250 "http://www.buttercupgames.com" "Mozilla/5.0 (compatible; MSIE 9.0; Windows NT 6.1; WOW64; Trident/5.0; BOIE9;ENUS)" 976
79.189.193.150 - - [19/Mar/2022:04:11:58] "POST /product.screen?productId=BS-AG-G09&JSESSIONID=SD8SL3FF8ADFF4963 HTTP 1.1" 200 1558 "http://www.buttercupgames.com/oldlink" "Mozilla/5.0 (Windows NT 6.1; WOW64) AppleWebKit/536.5 (KHTML, like Gecko) Chrome/19.0.1084.46 Safari/536.5" 560
12.130.60.4 - - [19/Mar/2022:04:12:12] "GET /oldlink?&JSESSIONID=SD6SL5FF1ADFF4965 HTTP 1.1" 200 692 "http://www.buttercupgames.com/oldlink" "Mozilla/5.0 (compatible; MSIE 9.0; Windows NT 6.1; WOW64; Trident/5.0; BOIE9;ENUS)" 371
12.130.60.4 - - [19/Mar/2022:04:12:31] "GET /numa/numa.html?JSESSIONID=SD6SL5FF1ADFF4965 HTTP 1.1" 404 2182 "http://www.buttercupgames.com/cart.do?action=view&" "Mozilla/5.0 (compatible; MSIE 9.0; Windows NT 6.1; WOW64; Trident/5.0; BOIE9;ENUS)" 512
91.205.189.27 - - [19/Mar/2022:04:16:10] "GET /oldlink?&JSESSIONID=SD0SL7FF8ADFF4960 HTTP 1.1" 200 2382 "http://www.google.com" "Mozilla/5.0 (Macintosh; Intel Mac OS X 10_7_4) AppleWebKit/536.5 (KHTML, like Gecko) Chrome/19.0.1084.46 Safari/536.5" 343
91.205.189.27 - - [19/Mar/2022:04:16:17] "GET /category.screen?categoryId=NULL&JSESSIONID=SD0SL7FF8ADFF4960 HTTP 1.1" 406 275 "http://www.buttercupgames.com/oldlink" "Mozilla/5.0 (Macintosh; Intel Mac OS X 10_7_4) AppleWebKit/536.5 (KHTML, like Gecko) Chrome/19.0.1084.46 Safari/536.5" 773
91.205.189.27 - - [19/Mar/2022:04:16:35] "GET /oldlink?&JSESSIONID=SD0SL7FF8ADFF4960 HTTP 1.1" 200 2687 "http://www.buttercupgames.com/product.screen?productId=WC-SH-T02" "Mozilla/5.0 (Macintosh; Intel Mac OS X 10_7_4) AppleWebKit/536.5 (KHTML, like Gecko) Chrome/19.0.1084.46 Safari/536.5" 752
91.205.189.27 - - [19/Mar/2022:04:16:52] "GET /cart.do?action=changequantity&productId=MB-AG-G07&JSESSIONID=SD0SL7FF8ADFF4960 HTTP 1.1" 200 1706 "http://www.buttercupgames.com/oldlink" "Mozilla/5.0 (Macintosh; Intel Mac OS X 10_7_4) AppleWebKit/536.5 (KHTML, like Gecko) Chrome/19.0.1084.46 Safari/536.5" 528
91.205.189.27 - - [19/Mar/2022:04:16:59] "GET /oldlink?&JSESSIONID=SD0SL7FF8ADFF4960 HTTP 1.1" 200 2747 "http://www.buttercupgames.com/cart.do?action=addtocart&productId=MB-AG-T01" "Mozilla/5.0 (Macintosh; Intel Mac OS X 10_7_4) AppleWebKit/536.5 (KHTML, like Gecko) Chrome/19.0.1084.46 Safari/536.5" 287
91.205.189.27 - - [19/Mar/2022:04:17:08] "GET /category.screen?categoryId=STRATEGY&JSESSIONID=SD0SL7FF8ADFF4960 HTTP 1.1" 200 3507 "http://www.buttercupgames.com/category.screen?categoryId=STRATEGY" "Mozilla/5.0 (Macintosh; Intel Mac OS X 10_7_4) AppleWebKit/536.5 (KHTML, like Gecko) Chrome/19.0.1084.46 Safari/536.5" 741
86.51.1.2 - - [19/Mar/2022:04:17:11] "GET /oldlink?&JSESSIONID=SD1SL1FF9ADFF4951 HTTP 1.1" 200 3714 "http://www.buttercupgames.com" "Mozilla/5.0 (compatible; MSIE 9.0; Windows NT 6.1; WOW64; Trident/5.0; BOIE9;ENUS)" 650
86.51.1.2 - - [19/Mar/2022:04:17:17] "GET /category.screen?categoryId=STRATEGY&JSESSIONID=SD1SL1FF9ADFF4951 HTTP 1.1" 200 1224 "http://www.buttercupgames.com/product.screen?productId=DB-SG-G01" "Mozilla/5.0 (compatible; MSIE 9.0; Windows NT 6.1; WOW64; Trident/5.0; BOIE9;ENUS)" 701
86.51.1.2 - - [19/Mar/2022:04:17:24] "GET /oldlink?&JSESSIONID=SD1SL1FF9ADFF4951 HTTP 1.1" 200 1760 "http://www.buttercupgames.com/cart.do?action=view&productId=WC-SH-A02" "Mozilla/5.0 (compatible; MSIE 9.0; Windows NT 6.1; WOW64; Trident/5.0; BOIE9;ENUS)" 466
91.205.189.27 - - [19/Mar/2022:04:17:26] "GET /product.screen?productId=DC-SG-G02&JSESSIONID=SD0SL7FF8ADFF4960 HTTP 1.1" 200 2853 "http://www.buttercupgames.com/category.screen?categoryId=STRATEGY" "Mozilla/5.0 (Macintosh; Intel Mac OS X 10_7_4) AppleWebKit/536.5 (KHTML, like Gecko) Chrome/19.0.1084.46 Safari/536.5" 908
91.205.189.27 - - [19/Mar/2022:04:17:41] "GET /oldlink?&JSESSIONID=SD0SL7FF8ADFF4960 HTTP 1.1" 200 1093 "http://www.buttercupgames.com/category.screen?categoryId=STRATEGY" "Mozilla/5.0 (Macintosh; Intel Mac OS X 10_7_4) AppleWebKit/536.5 (KHTML, like Gecko) Chrome/19.0.1084.46 Safari/536.5" 812
86.51.1.2 - - [19/Mar/2022:04:17:43] "POST /oldlink?&JSESSIONID=SD1SL1FF9ADFF4951 HTTP 1.1" 200 457 "http://www.buttercupgames.com/cart.do?action=addtocart&productId=MB-AG-T01" "Mozilla/5.0 (compatible; MSIE 9.0; Windows NT 6.1; WOW64; Trident/5.0; BOIE9;ENUS)" 730
91.205.189.27 - - [19/Mar/2022:04:17:55] "POST /oldlink?&JSESSIONID=SD0SL7FF8ADFF4960 HTTP 1.1" 200 3097 "http://www.buttercupgames.com/oldlink" "Mozilla/5.0 (Macintosh; Intel Mac OS X 10_7_4) AppleWebKit/536.5 (KHTML, like Gecko) Chrome/19.0.1084.46 Safari/536.5" 583
86.51.1.2 - - [19/Mar/2022:04:18:01] "GET /cart.do?action=addtocart&productId=WC-SH-G04&JSESSIONID=SD1SL1FF9ADFF4951 HTTP 1.1" 200 2324 "http://www.buttercupgames.com/oldlink" "Mozilla/5.0 (compatible; MSIE 9.0; Windows NT 6.1; WOW64; Trident/5.0; BOIE9;ENUS)" 408
86.51.1.2 - - [19/Mar/2022:04:18:06] "GET /product.screen?productId=DC-SG-G02&JSESSIONID=SD1SL1FF9ADFF4951 HTTP 1.1" 200 3367 "http://www.buttercupgames.com/category.screen?categoryId=STRATEGY" "Mozilla/5.0 (compatible; MSIE 9.0; Windows NT 6.1; WOW64; Trident/5.0; BOIE9;ENUS)" 171
91.205.189.27 - - [19/Mar/2022:04:18:14] "GET /product.screen?productId=SF-BVS-01&JSESSIONID=SD0SL7FF8ADFF4960 HTTP 1.1" 403 2320 "http://www.buttercupgames.com/oldlink" "Mozilla/5.0 (Macintosh; Intel Mac OS X 10_7_4) AppleWebKit/536.5 (KHTML, like Gecko) Chrome/19.0.1084.46 Safari/536.5" 970
86.51.1.2 - - [19/Mar/2022:04:18:17] "GET /category.screen?categoryId=NULL&JSESSIONID=SD1SL1FF9ADFF4951 HTTP 1.1" 505 3212 "http://www.buttercupgames.com/oldlink" "Mozilla/5.0 (compatible; MSIE 9.0; Windows NT 6.1; WOW64; Trident/5.0; BOIE9;ENUS)" 786
91.205.189.27 - - [19/Mar/2022:04:18:23] "GET /product.screen?productId=DC-SG-G02&JSESSIONID=SD0SL7FF8ADFF4960 HTTP 1.1" 200 3228 "http://www.buttercupgames.com/category.screen?categoryId=STRATEGY" "Mozilla/5.0 (Macintosh; Intel Mac OS X 10_7_4) AppleWebKit/536.5 (KHTML, like Gecko) Chrome/19.0.1084.46 Safari/536.5" 504
91.205.189.27 - - [19/Mar/2022:04:18:24] "POST /cart.do?action=addtocart&productId=DC-SG-G02&JSESSIONID=SD0SL7FF8ADFF4960 HTTP 1.1" 200 1104 "http://www.buttercupgames.com/product.screen?productId=DC-SG-G02" "Mozilla/5.0 (Macintosh; Intel Mac OS X 10_7_4) AppleWebKit/536.5 (KHTML, like Gecko) Chrome/19.0.1084.46 Safari/536.5" 134
86.51.1.2 - - [19/Mar/2022:04:18:28] "GET /category.screen?categoryId=SHOOTER&JSESSIONID=SD1SL1FF9ADFF4951 HTTP 1.1" 200 3242 "http://www.buttercupgames.com/product.screen?productId=WC-SH-G04" "Mozilla/5.0 (compatible; MSIE 9.0; Windows NT 6.1; WOW64; Trident/5.0; BOIE9;ENUS)" 299
91.205.189.27 - - [19/Mar/2022:04:18:29] "POST /success.do?action=purchase&categoryId=STRATEGY&productId=DC-SG-G02&JSESSIONID=SD0SL7FF8ADFF4960 HTTP 1.1" 200 3523 "http://www.buttercupgames.com/cart.do?action=addtocart&categoryId=STRATEGY&productId=DC-SG-G02" "Mozilla/5.0 (Macintosh; Intel Mac OS X 10_7_4) AppleWebKit/536.5 (KHTML, like Gecko) Chrome/19.0.1084.46 Safari/536.5" 354
91.205.189.27 - - [19/Mar/2022:04:18:29] "POST /cart/success.do?JSESSIONID=SD0SL7FF8ADFF4960&productId=CU-PG-G06 HTTP 1.1" 200 277 "http://www.buttercupgames.com/cart.do?action=purchase&" "Mozilla/5.0 (Macintosh; Intel Mac OS X 10_7_4) AppleWebKit/536.5 (KHTML, like Gecko) Chrome/19.0.1084.46 Safari/536.5" 220
86.51.1.2 - - [19/Mar/2022:04:18:33] "GET /product.screen?productId=SF-BVS-01&JSESSIONID=SD1SL1FF9ADFF4951 HTTP 1.1" 400 1268 "http://www.buttercupgames.com/cart.do?action=remove&" "Mozilla/5.0 (compatible; MSIE 9.0; Windows NT 6.1; WOW64; Trident/5.0; BOIE9;ENUS)" 517
86.51.1.2 - - [19/Mar/2022:04:18:49] "GET /category.screen?categoryId=NULL&JSESSIONID=SD1SL1FF9ADFF4951 HTTP 1.1" 505 650 "http://www.buttercupgames.com/product.screen?productId=SF-BVS-01" "Mozilla/5.0 (compatible; MSIE 9.0; Windows NT 6.1; WOW64; Trident/5.0; BOIE9;ENUS)" 462
86.51.1.2 - - [19/Mar/2022:04:19:05] "GET /product.screen?productId=FS-SG-G03&JSESSIONID=SD1SL1FF9ADFF4951 HTTP 1.1" 200 1771 "http://www.buttercupgames.com/category.screen?categoryId=STRATEGY" "Mozilla/5.0 (compatible; MSIE 9.0; Windows NT 6.1; WOW64; Trident/5.0; BOIE9;ENUS)" 989
86.51.1.2 - - [19/Mar/2022:04:19:07] "POST /cart.do?action=addtocart&productId=FS-SG-G03&JSESSIONID=SD1SL1FF9ADFF4951 HTTP 1.1" 200 801 "http://www.buttercupgames.com/product.screen?productId=FS-SG-G03" "Mozilla/5.0 (compatible; MSIE 9.0; Windows NT 6.1; WOW64; Trident/5.0; BOIE9;ENUS)" 793
86.51.1.2 - - [19/Mar/2022:04:19:12] "POST /success.do?action=purchase&categoryId=STRATEGY&productId=FS-SG-G03&JSESSIONID=SD1SL1FF9ADFF4951 HTTP 1.1" 200 3749 "http://www.buttercupgames.com/cart.do?action=addtocart&categoryId=STRATEGY&productId=FS-SG-G03" "Mozilla/5.0 (compatible; MSIE 9.0; Windows NT 6.1; WOW64; Trident/5.0; BOIE9;ENUS)" 895
86.51.1.2 - - [19/Mar/2022:04:19:12] "POST /cart/success.do?JSESSIONID=SD1SL1FF9ADFF4951&productId=WSC-MG-G10 HTTP 1.1" 200 1060 "http://www.buttercupgames.com/cart.do?action=purchase&" "Mozilla/5.0 (compatible; MSIE 9.0; Windows NT 6.1; WOW64; Trident/5.0; BOIE9;ENUS)" 622
86.51.1.2 - - [19/Mar/2022:04:19:30] "POST /category.screen?categoryId=ARCADE&JSESSIONID=SD1SL1FF9ADFF4951 HTTP 1.1" 200 3427 "http://www.buttercupgames.com/cart.do?action=addtocart&productId=BS-AG-G09" "Mozilla/5.0 (compatible; MSIE 9.0; Windows NT 6.1; WOW64; Trident/5.0; BOIE9;ENUS)" 219
202.179.8.245 - - [19/Mar/2022:04:24:32] "GET /cart.do?action=view&productId=SC-MG-G10&JSESSIONID=SD9SL1FF10ADFF4954 HTTP 1.1" 200 2637 "http://www.buttercupgames.com" "Mozilla/5.0 (Windows NT 6.1; WOW64) AppleWebKit/536.5 (KHTML, like Gecko) Chrome/19.0.1084.46 Safari/536.5" 539
202.179.8.245 - - [19/Mar/2022:04:24:45] "GET /cart.do?action=view&productId=MB-AG-T01&JSESSIONID=SD9SL1FF10ADFF4954 HTTP 1.1" 200 1143 "http://www.buttercupgames.com/product.screen?productId=MB-AG-T01" "Mozilla/5.0 (Windows NT 6.1; WOW64) AppleWebKit/536.5 (KHTML, like Gecko) Chrome/19.0.1084.46 Safari/536.5" 349
202.179.8.245 - - [19/Mar/2022:04:25:00] "GET /cart.do?action=view&productId=FS-SG-G03&JSESSIONID=SD9SL1FF10ADFF4954 HTTP 1.1" 200 2810 "http://www.buttercupgames.com/category.screen?categoryId=STRATEGY" "Mozilla/5.0 (Windows NT 6.1; WOW64) AppleWebKit/536.5 (KHTML, like Gecko) Chrome/19.0.1084.46 Safari/536.5" 204
202.179.8.245 - - [19/Mar/2022:04:25:15] "GET /cart.do?action=addtocart&productId=FI-AG-G08&JSESSIONID=SD9SL1FF10ADFF4954 HTTP 1.1" 200 2245 "http://www.buttercupgames.com/category.screen?categoryId=ARCADE" "Mozilla/5.0 (Windows NT 6.1; WOW64) AppleWebKit/536.5 (KHTML, like Gecko) Chrome/19.0.1084.46 Safari/536.5" 761
202.179.8.245 - - [19/Mar/2022:04:25:24] "GET /product.screen?productId=MB-AG-T01&JSESSIONID=SD9SL1FF10ADFF4954 HTTP 1.1" 200 3706 "http://www.buttercupgames.com/category.screen?categoryId=TEE" "Mozilla/5.0 (Windows NT 6.1; WOW64) AppleWebKit/536.5 (KHTML, like Gecko) Chrome/19.0.1084.46 Safari/536.5" 344
198.35.2.120 - - [19/Mar/2022:04:25:25] "GET /category.screen?categoryId=SHOOTER&JSESSIONID=SD5SL9FF7ADFF4955 HTTP 1.1" 200 3040 "http://www.yahoo.com" "Mozilla/5.0 (Windows; U; Windows NT 5.1; en-US; rv:1.9.2.28) Gecko/20120306 YFF3 Firefox/3.6.28 ( .NET CLR 3.5.30729; .NET4.0C)" 383
202.179.8.245 - - [19/Mar/2022:04:25:25] "POST /cart.do?action=addtocart&productId=MB-AG-T01&JSESSIONID=SD9SL1FF10ADFF4954 HTTP 1.1" 200 1078 "http://www.buttercupgames.com/product.screen?productId=MB-AG-T01" "Mozilla/5.0 (Windows NT 6.1; WOW64) AppleWebKit/536.5 (KHTML, like Gecko) Chrome/19.0.1084.46 Safari/536.5" 403
198.35.2.120 - - [19/Mar/2022:04:25:29] "GET /cart.do?action=changequantity&productId=MB-AG-G07&JSESSIONID=SD5SL9FF7ADFF4955 HTTP 1.1" 200 499 "http://www.buttercupgames.com/product.screen?productId=MB-AG-G07" "Mozilla/5.0 (Windows; U; Windows NT 5.1; en-US; rv:1.9.2.28) Gecko/20120306 YFF3 Firefox/3.6.28 ( .NET CLR 3.5.30729; .NET4.0C)" 334
202.179.8.245 - - [19/Mar/2022:04:25:30] "POST /success.do?action=purchase&categoryId=TEE&productId=MB-AG-T01&JSESSIONID=SD9SL1FF10ADFF4954 HTTP 1.1" 200 2723 "http://www.buttercupgames.com/cart.do?action=addtocart&categoryId=TEE&productId=MB-AG-T01" "Mozilla/5.0 (Windows NT 6.1; WOW64) AppleWebKit/536.5 (KHTML, like Gecko) Chrome/19.0.1084.46 Safari/536.5" 772
202.179.8.245 - - [19/Mar/2022:04:25:30] "POST /cart/success.do?JSESSIONID=SD9SL1FF10ADFF4954&productId=PZ-SG-G05 HTTP 1.1" 200 3056 "http://www.buttercupgames.com/cart.do?action=purchase&" "Mozilla/5.0 (Windows NT 6.1; WOW64) AppleWebKit/536.5 (KHTML, like Gecko) Chrome/19.0.1084.46 Safari/536.5" 228
198.35.2.120 - - [19/Mar/2022:04:25:47] "GET /category.screen?categoryId=STRATEGY&JSESSIONID=SD5SL9FF7ADFF4955 HTTP 1.1" 200 526 "http://www.buttercupgames.com/cart.do?action=view&productId=DB-SG-G01" "Mozilla/5.0 (Windows; U; Windows NT 5.1; en-US; rv:1.9.2.28) Gecko/20120306 YFF3 Firefox/3.6.28 ( .NET CLR 3.5.30729; .NET4.0C)" 151
198.35.2.120 - - [19/Mar/2022:04:26:01] "POST /product.screen?productId=SF-BVS-01&JSESSIONID=SD5SL9FF7ADFF4955 HTTP 1.1" 406 3133 "http://www.buttercupgames.com/cart.do?action=addtocart&" "Mozilla/5.0 (Windows; U; Windows NT 5.1; en-US; rv:1.9.2.28) Gecko/20120306 YFF3 Firefox/3.6.28 ( .NET CLR 3.5.30729; .NET4.0C)" 129
198.35.2.120 - - [19/Mar/2022:04:26:17] "GET /category.screen?categoryId=SHOOTER&JSESSIONID=SD5SL9FF7ADFF4955 HTTP 1.1" 200 2270 "http://www.buttercupgames.com/cart.do?action=remove&productId=WC-SH-G04" "Mozilla/5.0 (Windows; U; Windows NT 5.1; en-US; rv:1.9.2.28) Gecko/20120306 YFF3 Firefox/3.6.28 ( .NET CLR 3.5.30729; .NET4.0C)" 220
12.130.60.5 - - [19/Mar/2022:04:28:55] "GET /oldlink?&JSESSIONID=SD8SL8FF5ADFF4965 HTTP 1.1" 200 1757 "http://www.google.com" "Mozilla/4.0 (compatible; MSIE 6.0; Windows NT 5.1; SV1)" 915
12.130.60.5 - - [19/Mar/2022:04:29:08] "GET /cart.do?action=view&productId=BS-AG-G09&JSESSIONID=SD8SL8FF5ADFF4965 HTTP 1.1" 200 474 "http://www.buttercupgames.com/product.screen?productId=BS-AG-G09" "Mozilla/4.0 (compatible; MSIE 6.0; Windows NT 5.1; SV1)" 322
12.130.60.5 - - [19/Mar/2022:04:29:15] "GET /product.screen?productId=MB-AG-T01&JSESSIONID=SD8SL8FF5ADFF4965 HTTP 1.1" 200 960 "http://www.buttercupgames.com/category.screen?categoryId=TEE" "Mozilla/4.0 (compatible; MSIE 6.0; Windows NT 5.1; SV1)" 400
12.130.60.5 - - [19/Mar/2022:04:29:18] "POST /cart.do?action=addtocart&productId=MB-AG-T01&JSESSIONID=SD8SL8FF5ADFF4965 HTTP 1.1" 200 3210 "http://www.buttercupgames.com/product.screen?productId=MB-AG-T01" "Mozilla/4.0 (compatible; MSIE 6.0; Windows NT 5.1; SV1)" 778
12.130.60.5 - - [19/Mar/2022:04:29:19] "POST /success.do?action=purchase&categoryId=TEE&productId=MB-AG-T01&JSESSIONID=SD8SL8FF5ADFF4965 HTTP 1.1" 200 1180 "http://www.buttercupgames.com/cart.do?action=addtocart&categoryId=TEE&productId=MB-AG-T01" "Mozilla/4.0 (compatible; MSIE 6.0; Windows NT 5.1; SV1)" 601
12.130.60.5 - - [19/Mar/2022:04:29:19] "POST /cart/success.do?JSESSIONID=SD8SL8FF5ADFF4965&productId=DB-SG-G01 HTTP 1.1" 200 2365 "http://www.buttercupgames.com/cart.do?action=purchase&" "Mozilla/4.0 (compatible; MSIE 6.0; Windows NT 5.1; SV1)" 557
12.130.60.5 - - [19/Mar/2022:04:29:38] "GET /product.screen?productId=PZ-SG-G05&JSESSIONID=SD8SL8FF5ADFF4965 HTTP 1.1" 200 669 "http://www.buttercupgames.com/category.screen?categoryId=STRATEGY" "Mozilla/4.0 (compatible; MSIE 6.0; Windows NT 5.1; SV1)" 137
12.130.60.5 - - [19/Mar/2022:04:29:47] "GET /oldlink?&JSESSIONID=SD8SL8FF5ADFF4965 HTTP 1.1" 408 3208 "http://www.buttercupgames.com/category.screen?categoryId=NULL" "Mozilla/4.0 (compatible; MSIE 6.0; Windows NT 5.1; SV1)" 684
12.130.60.5 - - [19/Mar/2022:04:30:00] "GET /category.screen?categoryId=ARCADE&JSESSIONID=SD8SL8FF5ADFF4965 HTTP 1.1" 200 1751 "http://www.buttercupgames.com/cart.do?action=view&productId=MB-AG-G07" "Mozilla/4.0 (compatible; MSIE 6.0; Windows NT 5.1; SV1)" 635
