90.205.111.169 - - [19/Mar/2022:15:27:40] "GET /product.screen?productId=PZ-SG-G05&JSESSIONID=SD7SL8FF3ADFF4959 HTTP 1.1" 200 502 "http://www.buttercupgames.com/product.screen?productId=PZ-SG-G05" "Mozilla/5.0 (Macintosh; Intel Mac OS X 10_7_4) AppleWebKit/536.5 (KHTML, like Gecko) Chrome/19.0.1084.46 Safari/536.5" 399
90.205.111.169 - - [19/Mar/2022:15:27:48] "GET /category.screen?categoryId=ACCESSORIES&JSESSIONID=SD7SL8FF3ADFF4959 HTTP 1.1" 200 1286 "http://www.buttercupgames.com/oldlink" "Mozilla/5.0 (Macintosh; Intel Mac OS X 10_7_4) AppleWebKit/536.5 (KHTML, like Gecko) Chrome/19.0.1084.46 Safari/536.5" 517
206.225.11.127 - - [19/Mar/2022:15:27:48] "GET /oldlink?&JSESSIONID=SD1SL6FF3ADFF4956 HTTP 1.1" 200 3668 "http://www.buttercupgames.com" "Mozilla/5.0 (Windows; U; Windows NT 5.1; en-GB; rv:1.8.1.6) Gecko/20070725 Firefox/2.0.0.6" 450
90.205.111.169 - - [19/Mar/2022:15:27:56] "POST /category.screen?categoryId=ACCESSORIES&JSESSIONID=SD7SL8FF3ADFF4959 HTTP 1.1" 200 3507 "http://www.buttercupgames.com/product.screen?productId=WC-SH-A01" "Mozilla/5.0 (Macintosh; Intel Mac OS X 10_7_4) AppleWebKit/536.5 (KHTML, like Gecko) Chrome/19.0.1084.46 Safari/536.5" 788
206.225.11.127 - - [19/Mar/2022:15:27:56] "GET /category.screen?categoryId=STRATEGY&JSESSIONID=SD1SL6FF3ADFF4956 HTTP 1.1" 200 2440 "http://www.buttercupgames.com/oldlink" "Mozilla/5.0 (Windows; U; Windows NT 5.1; en-GB; rv:1.8.1.6) Gecko/20070725 Firefox/2.0.0.6" 595
206.225.11.127 - - [19/Mar/2022:15:28:06] "GET /oldlink?&JSESSIONID=SD1SL6FF3ADFF4956 HTTP 1.1" 200 3053 "http://www.buttercupgames.com/oldlink" "Mozilla/5.0 (Windows; U; Windows NT 5.1; en-GB; rv:1.8.1.6) Gecko/20070725 Firefox/2.0.0.6" 315
91.205.189.15 - - [19/Mar/2022:15:29:15] "GET /oldlink?&JSESSIONID=SD1SL9FF6ADFF4961 HTTP 1.1" 200 2816 "http://www.buttercupgames.com" "Mozilla/5.0 (Windows NT 6.1; WOW64) AppleWebKit/536.5 (KHTML, like Gecko) Chrome/19.0.1084.46 Safari/536.5" 728
91.205.189.15 - - [19/Mar/2022:15:29:29] "GET /category.screen?categoryId=NULL&JSESSIONID=SD1SL9FF6ADFF4961 HTTP 1.1" 406 2013 "http://www.buttercupgames.com/category.screen?categoryId=NULL" "Mozilla/5.0 (Windows NT 6.1; WOW64) AppleWebKit/536.5 (KHTML, like Gecko) Chrome/19.0.1084.46 Safari/536.5" 515
91.205.189.15 - - [19/Mar/2022:15:29:41] "POST /product.screen?productId=WC-SH-T02&JSESSIONID=SD1SL9FF6ADFF4961 HTTP 1.1" 200 1834 "http://www.buttercupgames.com/oldlink" "Mozilla/5.0 (Windows NT 6.1; WOW64) AppleWebKit/536.5 (KHTML, like Gecko) Chrome/19.0.1084.46 Safari/536.5" 656
91.205.189.15 - - [19/Mar/2022:15:29:54] "GET /oldlink?&JSESSIONID=SD1SL9FF6ADFF4961 HTTP 1.1" 200 1800 "http://www.buttercupgames.com/cart.do?action=addtocart&productId=FS-SG-G03" "Mozilla/5.0 (Windows NT 6.1; WOW64) AppleWebKit/536.5 (KHTML, like Gecko) Chrome/19.0.1084.46 Safari/536.5" 415
91.205.189.15 - - [19/Mar/2022:15:30:03] "GET /oldlink?&JSESSIONID=SD1SL9FF6ADFF4961 HTTP 1.1" 200 3712 "http://www.buttercupgames.com/category.screen?categoryId=TEE" "Mozilla/5.0 (Windows NT 6.1; WOW64) AppleWebKit/536.5 (KHTML, like Gecko) Chrome/19.0.1084.46 Safari/536.5" 583
91.205.189.15 - - [19/Mar/2022:15:30:12] "GET /product.screen?productId=WC-SH-G04&JSESSIONID=SD1SL9FF6ADFF4961 HTTP 1.1" 200 1573 "http://www.buttercupgames.com/category.screen?categoryId=SHOOTER" "Mozilla/5.0 (Windows NT 6.1; WOW64) AppleWebKit/536.5 (KHTML, like Gecko) Chrome/19.0.1084.46 Safari/536.5" 128
91.205.189.15 - - [19/Mar/2022:15:30:18] "GET /category.screen?categoryId=STRATEGY&JSESSIONID=SD1SL9FF6ADFF4961 HTTP 1.1" 200 2767 "http://www.buttercupgames.com/category.screen?categoryId=STRATEGY" "Mozilla/5.0 (Windows NT 6.1; WOW64) AppleWebKit/536.5 (KHTML, like Gecko) Chrome/19.0.1084.46 Safari/536.5" 970
91.205.189.15 - - [19/Mar/2022:15:30:25] "GET /category.screen?categoryId=STRATEGY&JSESSIONID=SD1SL9FF6ADFF4961 HTTP 1.1" 200 3754 "http://www.buttercupgames.com/oldlink" "Mozilla/5.0 (Windows NT 6.1; WOW64) AppleWebKit/536.5 (KHTML, like Gecko) Chrome/19.0.1084.46 Safari/536.5" 133
91.205.189.15 - - [19/Mar/2022:15:30:32] "POST /product.screen?productId=FS-SG-G03&JSESSIONID=SD1SL9FF6ADFF4961 HTTP 1.1" 200 3681 "http://www.buttercupgames.com/oldlink" "Mozilla/5.0 (Windows NT 6.1; WOW64) AppleWebKit/536.5 (KHTML, like Gecko) Chrome/19.0.1084.46 Safari/536.5" 803
91.205.189.15 - - [19/Mar/2022:15:30:45] "GET /product.screen?productId=WC-SH-A02&JSESSIONID=SD1SL9FF6ADFF4961 HTTP 1.1" 200 3279 "http://www.buttercupgames.com/cart.do?action=view&productId=WC-SH-A02" "Mozilla/5.0 (Windows NT 6.1; WOW64) AppleWebKit/536.5 (KHTML, like Gecko) Chrome/19.0.1084.46 Safari/536.5" 723
91.205.189.15 - - [19/Mar/2022:15:30:54] "GET /cart.do?action=remove&productId=SC-MG-G10&JSESSIONID=SD1SL9FF6ADFF4961 HTTP 1.1" 200 2986 "http://www.buttercupgames.com/category.screen?categoryId=SIMULATION" "Mozilla/5.0 (Windows NT 6.1; WOW64) AppleWebKit/536.5 (KHTML, like Gecko) Chrome/19.0.1084.46 Safari/536.5" 488
194.215.205.19 - - [19/Mar/2022:15:33:00] "GET /oldlink?&JSESSIONID=SD10SL3FF6ADFF4952 HTTP 1.1" 200 757 "http://www.google.com" "Mozilla/5.0 (Macintosh; Intel Mac OS X 10_7_4) AppleWebKit/536.5 (KHTML, like Gecko) Chrome/19.0.1084.46 Safari/536.5" 369
194.215.205.19 - - [19/Mar/2022:15:33:09] "GET /oldlink?&JSESSIONID=SD10SL3FF6ADFF4952 HTTP 1.1" 200 1651 "http://www.buttercupgames.com/oldlink" "Mozilla/5.0 (Macintosh; Intel Mac OS X 10_7_4) AppleWebKit/536.5 (KHTML, like Gecko) Chrome/19.0.1084.46 Safari/536.5" 777
194.215.205.19 - - [19/Mar/2022:15:33:19] "GET /cart.do?action=view&JSESSIONID=SD10SL3FF6ADFF4952 HTTP 1.1" 403 2983 "http://www.buttercupgames.com/oldlink" "Mozilla/5.0 (Macintosh; Intel Mac OS X 10_7_4) AppleWebKit/536.5 (KHTML, like Gecko) Chrome/19.0.1084.46 Safari/536.5" 564
58.68.236.98 - - [19/Mar/2022:15:34:51] "GET /oldlink?&JSESSIONID=SD7SL4FF4ADFF4954 HTTP 1.1" 406 593 "http://www.bing.com" "Mozilla/5.0 (Windows; U; Windows NT 5.1; en-US; rv:1.9.2.28) Gecko/20120306 YFF3 Firefox/3.6.28 ( .NET CLR 3.5.30729; .NET4.0C)" 599
175.44.1.122 - - [19/Mar/2022:15:37:46] "GET /product.screen?productId=WC-SH-A01&JSESSIONID=SD9SL5FF6ADFF4953 HTTP 1.1" 200 3202 "http://www.buttercupgames.com" "Mozilla/5.0 (Windows NT 6.1; WOW64) AppleWebKit/536.5 (KHTML, like Gecko) Chrome/19.0.1084.46 Safari/536.5" 877
175.44.1.122 - - [19/Mar/2022:15:38:02] "GET /product.screen?productId=DB-SG-G01&JSESSIONID=SD9SL5FF6ADFF4953 HTTP 1.1" 200 495 "http://www.buttercupgames.com/product.screen?productId=DB-SG-G01" "Mozilla/5.0 (Windows NT 6.1; WOW64) AppleWebKit/536.5 (KHTML, like Gecko) Chrome/19.0.1084.46 Safari/536.5" 915
175.44.1.122 - - [19/Mar/2022:15:38:07] "POST /cart.do?action=view&productId=MB-AG-T01&JSESSIONID=SD9SL5FF6ADFF4953 HTTP 1.1" 200 1855 "http://www.buttercupgames.com/cart.do?action=view&productId=MB-AG-T01" "Mozilla/5.0 (Windows NT 6.1; WOW64) AppleWebKit/536.5 (KHTML, like Gecko) Chrome/19.0.1084.46 Safari/536.5" 212
79.189.193.150 - - [19/Mar/2022:15:38:44] "GET /product.screen?productId=SC-MG-G10&JSESSIONID=SD9SL8FF10ADFF4963 HTTP 1.1" 200 3805 "http://www.buttercupgames.com/category.screen?categoryId=SIMULATION" "Mozilla/5.0 (Windows; U; Windows NT 5.1; en-US; rv:1.9.2.28) Gecko/20120306 YFF3 Firefox/3.6.28 ( .NET CLR 3.5.30729; .NET4.0C)" 689
79.189.193.150 - - [19/Mar/2022:15:38:48] "POST /cart.do?action=addtocart&productId=SC-MG-G10&JSESSIONID=SD9SL8FF10ADFF4963 HTTP 1.1" 200 1989 "http://www.buttercupgames.com/product.screen?productId=SC-MG-G10" "Mozilla/5.0 (Windows; U; Windows NT 5.1; en-US; rv:1.9.2.28) Gecko/20120306 YFF3 Firefox/3.6.28 ( .NET CLR 3.5.30729; .NET4.0C)" 382
79.189.193.150 - - [19/Mar/2022:15:38:51] "POST /success.do?action=purchase&categoryId=SIMULATION&productId=SC-MG-G10&JSESSIONID=SD9SL8FF10ADFF4963 HTTP 1.1" 503 2389 "http://www.buttercupgames.com/cart.do?action=addtocart&categoryId=SIMULATION&productId=SC-MG-G10" "Mozilla/5.0 (Windows; U; Windows NT 5.1; en-US; rv:1.9.2.28) Gecko/20120306 YFF3 Firefox/3.6.28 ( .NET CLR 3.5.30729; .NET4.0C)" 860
216.221.226.11 - - [19/Mar/2022:15:40:32] "GET /cart.do?action=view&productId=CU-PG-G06&JSESSIONID=SD10SL7FF6ADFF4957 HTTP 1.1" 200 3689 "http://www.google.com" "Mozilla/5.0 (compatible; YandexBot/3.0; +http://yandex.com/bots)" 733
216.221.226.11 - - [19/Mar/2022:15:40:40] "GET /oldlink?&JSESSIONID=SD10SL7FF6ADFF4957 HTTP 1.1" 200 3148 "http://www.buttercupgames.com/cart.do?action=view&productId=DB-SG-G01" "Mozilla/5.0 (compatible; YandexBot/3.0; +http://yandex.com/bots)" 835
216.221.226.11 - - [19/Mar/2022:15:40:48] "GET /product.screen?productId=FS-SG-G03&JSESSIONID=SD10SL7FF6ADFF4957 HTTP 1.1" 200 2836 "http://www.buttercupgames.com/category.screen?categoryId=STRATEGY" "Mozilla/5.0 (compatible; YandexBot/3.0; +http://yandex.com/bots)" 246
216.221.226.11 - - [19/Mar/2022:15:40:49] "POST /cart.do?action=addtocart&productId=FS-SG-G03&JSESSIONID=SD10SL7FF6ADFF4957 HTTP 1.1" 200 3737 "http://www.buttercupgames.com/product.screen?productId=FS-SG-G03" "Mozilla/5.0 (compatible; YandexBot/3.0; +http://yandex.com/bots)" 128
216.221.226.11 - - [19/Mar/2022:15:40:52] "POST /success.do?action=purchase&categoryId=STRATEGY&productId=FS-SG-G03&JSESSIONID=SD10SL7FF6ADFF4957 HTTP 1.1" 200 2772 "http://www.buttercupgames.com/cart.do?action=addtocart&categoryId=STRATEGY&productId=FS-SG-G03" "Mozilla/5.0 (compatible; MSIE 9.0; Windows NT 6.1; WOW64; Trident/5.0; BOIE9;ENUS)" 448
216.221.226.11 - - [19/Mar/2022:15:40:52] "POST /cart/success.do?JSESSIONID=SD10SL7FF6ADFF4957&productId=CU-PG-G06 HTTP 1.1" 200 811 "http://www.buttercupgames.com/cart.do?action=purchase&" "Mozilla/5.0 (compatible; MSIE 9.0; Windows NT 6.1; WOW64; Trident/5.0; BOIE9;ENUS)" 448
27.96.191.11 - - [19/Mar/2022:15:44:23] "GET /category.screen?categoryId=SHOOTER&JSESSIONID=SD0SL3FF2ADFF4952 HTTP 1.1" 200 3900 "http://www.google.com" "Mozilla/5.0 (Windows; U; Windows NT 5.1; en-GB; rv:1.8.1.6) Gecko/20070725 Firefox/2.0.0.6" 996
27.96.191.11 - - [19/Mar/2022:15:44:30] "POST /oldlink?&JSESSIONID=SD0SL3FF2ADFF4952 HTTP 1.1" 200 3221 "http://www.buttercupgames.com/product.screen?productId=CU-PG-G06" "Mozilla/5.0 (Windows; U; Windows NT 5.1; en-GB; rv:1.8.1.6) Gecko/20070725 Firefox/2.0.0.6" 760
27.96.191.11 - - [19/Mar/2022:15:44:47] "GET /product.screen?productId=DB-SG-G01&JSESSIONID=SD0SL3FF2ADFF4952 HTTP 1.1" 200 3257 "http://www.buttercupgames.com/category.screen?categoryId=STRATEGY" "Mozilla/5.0 (Windows; U; Windows NT 5.1; en-GB; rv:1.8.1.6) Gecko/20070725 Firefox/2.0.0.6" 157
27.96.191.11 - - [19/Mar/2022:15:44:48] "POST /cart.do?action=addtocart&productId=DB-SG-G01&JSESSIONID=SD0SL3FF2ADFF4952 HTTP 1.1" 200 3370 "http://www.buttercupgames.com/product.screen?productId=DB-SG-G01" "Mozilla/5.0 (Windows; U; Windows NT 5.1; en-GB; rv:1.8.1.6) Gecko/20070725 Firefox/2.0.0.6" 171
27.96.191.11 - - [19/Mar/2022:15:44:50] "POST /success.do?action=purchase&categoryId=STRATEGY&productId=DB-SG-G01&JSESSIONID=SD0SL3FF2ADFF4952 HTTP 1.1" 200 3035 "http://www.buttercupgames.com/cart.do?action=addtocart&categoryId=STRATEGY&productId=DB-SG-G01" "Mozilla/5.0 (Windows; U; Windows NT 5.1; en-GB; rv:1.8.1.6) Gecko/20070725 Firefox/2.0.0.6" 300
27.96.191.11 - - [19/Mar/2022:15:44:50] "POST /cart/success.do?JSESSIONID=SD0SL3FF2ADFF4952&productId=DB-SG-G01 HTTP 1.1" 200 2724 "http://www.buttercupgames.com/cart.do?action=purchase&" "Mozilla/5.0 (Windows; U; Windows NT 5.1; en-GB; rv:1.8.1.6) Gecko/20070725 Firefox/2.0.0.6" 654
27.96.191.11 - - [19/Mar/2022:15:44:58] "GET /category.screen?categoryId=SHOOTER&JSESSIONID=SD0SL3FF2ADFF4952 HTTP 1.1" 200 2841 "http://www.buttercupgames.com/product.screen?productId=WC-SH-G04" "Mozilla/5.0 (Windows; U; Windows NT 5.1; en-GB; rv:1.8.1.6) Gecko/20070725 Firefox/2.0.0.6" 515
97.117.230.183 - - [19/Mar/2022:15:45:42] "GET /product.screen?productId=FS-SG-G03&JSESSIONID=SD10SL9FF9ADFF4963 HTTP 1.1" 200 228 "http://www.buttercupgames.com/category.screen?categoryId=STRATEGY" "Mozilla/5.0 (Windows NT 6.1; WOW64) AppleWebKit/536.5 (KHTML, like Gecko) Chrome/19.0.1084.46 Safari/536.5" 259
97.117.230.183 - - [19/Mar/2022:15:45:47] "POST /cart.do?action=addtocart&productId=FS-SG-G03&JSESSIONID=SD10SL9FF9ADFF4963 HTTP 1.1" 200 1808 "http://www.buttercupgames.com/product.screen?productId=FS-SG-G03" "Mozilla/5.0 (Windows NT 6.1; WOW64) AppleWebKit/536.5 (KHTML, like Gecko) Chrome/19.0.1084.46 Safari/536.5" 153
97.117.230.183 - - [19/Mar/2022:15:45:49] "POST /success.do?action=purchase&categoryId=STRATEGY&productId=FS-SG-G03&JSESSIONID=SD10SL9FF9ADFF4963 HTTP 1.1" 200 1981 "http://www.buttercupgames.com/cart.do?action=addtocart&categoryId=STRATEGY&productId=FS-SG-G03" "Mozilla/5.0 (Windows NT 6.1; WOW64) AppleWebKit/536.5 (KHTML, like Gecko) Chrome/19.0.1084.46 Safari/536.5" 871
97.117.230.183 - - [19/Mar/2022:15:45:49] "POST /cart/error.do?msg=CreditNotAccepted&JSESSIONID=SD10SL9FF9ADFF4963 HTTP 1.1" 200 2558 "http://www.buttercupgames.com/cart.do?action=purchase&" "Mozilla/5.0 (Windows NT 6.1; WOW64) AppleWebKit/536.5 (KHTML, like Gecko) Chrome/19.0.1084.46 Safari/536.5" 474
97.117.230.183 - - [19/Mar/2022:15:46:02] "GET /cart.do?action=view&JSESSIONID=SD10SL9FF9ADFF4963 HTTP 1.1" 503 3690 "http://www.buttercupgames.com/cart.do?action=view&" "Mozilla/5.0 (Windows NT 6.1; WOW64) AppleWebKit/536.5 (KHTML, like Gecko) Chrome/19.0.1084.46 Safari/536.5" 669
178.19.3.199 - - [19/Mar/2022:15:49:14] "GET /product.screen?productId=SF-BVS-01&JSESSIONID=SD2SL1FF3ADFF4960 HTTP 1.1" 400 941 "http://www.google.com" "Mozilla/5.0 (Windows; U; Windows NT 5.1; en-US; rv:1.9.2.28) Gecko/20120306 YFF3 Firefox/3.6.28 ( .NET CLR 3.5.30729; .NET4.0C)" 636
178.19.3.199 - - [19/Mar/2022:15:49:22] "POST /cart.do?action=addtocart&productId=WC-SH-A02&JSESSIONID=SD2SL1FF3ADFF4960 HTTP 1.1" 200 3142 "http://www.buttercupgames.com/product.screen?productId=WC-SH-A02" "Mozilla/5.0 (Windows; U; Windows NT 5.1; en-US; rv:1.9.2.28) Gecko/20120306 YFF3 Firefox/3.6.28 ( .NET CLR 3.5.30729; .NET4.0C)" 746
178.19.3.199 - - [19/Mar/2022:15:49:31] "GET /product.screen?productId=SF-BVS-01&JSESSIONID=SD2SL1FF3ADFF4960 HTTP 1.1" 400 2554 "http://www.buttercupgames.com/category.screen?categoryId=NULL" "Mozilla/5.0 (Windows; U; Windows NT 5.1; en-US; rv:1.9.2.28) Gecko/20120306 YFF3 Firefox/3.6.28 ( .NET CLR 3.5.30729; .NET4.0C)" 241
24.185.15.226 - - [19/Mar/2022:15:51:37] "POST /cart.do?action=view&productId=MB-AG-G07&JSESSIONID=SD5SL8FF6ADFF4965 HTTP 1.1" 200 1757 "http://www.google.com" "Mozilla/4.0 (compatible; MSIE 6.0; Windows NT 5.1; SV1; .NET CLR 1.1.4322)" 949
24.185.15.226 - - [19/Mar/2022:15:51:49] "GET /oldlink?&JSESSIONID=SD5SL8FF6ADFF4965 HTTP 1.1" 200 2869 "http://www.buttercupgames.com/oldlink" "Mozilla/4.0 (compatible; MSIE 6.0; Windows NT 5.1; SV1; .NET CLR 1.1.4322)" 474
188.138.40.166 - - [19/Mar/2022:15:51:52] "GET /oldlink?&JSESSIONID=SD6SL8FF3ADFF4962 HTTP 1.1" 200 3500 "http://www.yahoo.com" "Mozilla/5.0 (iPad; U; CPU OS 4_3_5 like Mac OS X; en-us) AppleWebKit/533.17.9 (KHTML, like Gecko) Version/5.0.2 Mobile/8L1 Safari/6533.18.5" 578
188.138.40.166 - - [19/Mar/2022:15:52:04] "GET /cart.do?action=view&productId=FS-SG-G03&JSESSIONID=SD6SL8FF3ADFF4962 HTTP 1.1" 200 3715 "http://www.buttercupgames.com/category.screen?categoryId=STRATEGY" "Mozilla/5.0 (iPad; U; CPU OS 4_3_5 like Mac OS X; en-us) AppleWebKit/533.17.9 (KHTML, like Gecko) Version/5.0.2 Mobile/8L1 Safari/6533.18.5" 717
24.185.15.226 - - [19/Mar/2022:15:52:05] "GET /oldlink?&JSESSIONID=SD5SL8FF6ADFF4965 HTTP 1.1" 505 1153 "http://www.buttercupgames.com/cart.do?action=view&" "Mozilla/4.0 (compatible; MSIE 6.0; Windows NT 5.1; SV1; .NET CLR 1.1.4322)" 726
188.138.40.166 - - [19/Mar/2022:15:52:13] "GET /oldlink?&JSESSIONID=SD6SL8FF3ADFF4962 HTTP 1.1" 408 2522 "http://www.buttercupgames.com/oldlink" "Mozilla/5.0 (iPad; U; CPU OS 4_3_5 like Mac OS X; en-us) AppleWebKit/533.17.9 (KHTML, like Gecko) Version/5.0.2 Mobile/8L1 Safari/6533.18.5" 831
188.138.40.166 - - [19/Mar/2022:15:52:19] "GET /oldlink?&JSESSIONID=SD6SL8FF3ADFF4962 HTTP 1.1" 200 3453 "http://www.buttercupgames.com/product.screen?productId=FS-SG-G03" "Mozilla/5.0 (iPad; U; CPU OS 4_3_5 like Mac OS X; en-us) AppleWebKit/533.17.9 (KHTML, like Gecko) Version/5.0.2 Mobile/8L1 Safari/6533.18.5" 693
24.185.15.226 - - [19/Mar/2022:15:52:22] "POST /product.screen?productId=CU-PG-G06&JSESSIONID=SD5SL8FF6ADFF4965 HTTP 1.1" 200 3272 "http://www.buttercupgames.com/product.screen?productId=CU-PG-G06" "Mozilla/4.0 (compatible; MSIE 6.0; Windows NT 5.1; SV1; .NET CLR 1.1.4322)" 247
24.185.15.226 - - [19/Mar/2022:15:52:31] "POST /cart.do?action=remove&productId=WC-SH-A01&JSESSIONID=SD5SL8FF6ADFF4965 HTTP 1.1" 200 2021 "http://www.buttercupgames.com/product.screen?productId=WC-SH-A01" "Mozilla/4.0 (compatible; MSIE 6.0; Windows NT 5.1; SV1; .NET CLR 1.1.4322)" 137
188.138.40.166 - - [19/Mar/2022:15:52:36] "GET /oldlink?&JSESSIONID=SD6SL8FF3ADFF4962 HTTP 1.1" 200 2679 "http://www.buttercupgames.com/product.screen?productId=FS-SG-G03" "Mozilla/5.0 (iPad; U; CPU OS 4_3_5 like Mac OS X; en-us) AppleWebKit/533.17.9 (KHTML, like Gecko) Version/5.0.2 Mobile/8L1 Safari/6533.18.5" 263
188.138.40.166 - - [19/Mar/2022:15:52:45] "GET /cart.do?action=view&productId=BS-AG-G09&JSESSIONID=SD6SL8FF3ADFF4962 HTTP 1.1" 200 241 "http://www.buttercupgames.com/category.screen?categoryId=ARCADE" "Mozilla/5.0 (iPad; U; CPU OS 4_3_5 like Mac OS X; en-us) AppleWebKit/533.17.9 (KHTML, like Gecko) Version/5.0.2 Mobile/8L1 Safari/6533.18.5" 346
188.138.40.166 - - [19/Mar/2022:15:52:49] "GET /oldlink?&JSESSIONID=SD6SL8FF3ADFF4962 HTTP 1.1" 200 1062 "http://www.buttercupgames.com/cart.do?action=view&productId=MB-AG-T01" "Mozilla/5.0 (iPad; U; CPU OS 4_3_5 like Mac OS X; en-us) AppleWebKit/533.17.9 (KHTML, like Gecko) Version/5.0.2 Mobile/8L1 Safari/6533.18.5" 283
188.138.40.166 - - [19/Mar/2022:15:52:59] "GET /cart.do?action=view&productId=BS-AG-G09&JSESSIONID=SD6SL8FF3ADFF4962 HTTP 1.1" 200 1412 "http://www.buttercupgames.com/product.screen?productId=BS-AG-G09" "Mozilla/5.0 (iPad; U; CPU OS 4_3_5 like Mac OS X; en-us) AppleWebKit/533.17.9 (KHTML, like Gecko) Version/5.0.2 Mobile/8L1 Safari/6533.18.5" 271
217.23.14.61 - - [19/Mar/2022:15:54:13] "GET /category.screen?categoryId=SPORTS&JSESSIONID=SD6SL1FF7ADFF4964 HTTP 1.1" 200 1951 "http://www.google.com" "Mozilla/4.0 (compatible; MSIE 7.0; Windows NT 5.1; Trident/4.0; .NET CLR 2.0.50727; MS-RTC LM 8; InfoPath.2)" 702
217.23.14.61 - - [19/Mar/2022:15:54:27] "GET /cart.do?action=remove&productId=SC-MG-G10&JSESSIONID=SD6SL1FF7ADFF4964 HTTP 1.1" 200 3365 "http://www.buttercupgames.com/cart.do?action=remove&productId=SC-MG-G10" "Mozilla/4.0 (compatible; MSIE 7.0; Windows NT 5.1; Trident/4.0; .NET CLR 2.0.50727; MS-RTC LM 8; InfoPath.2)" 727
217.23.14.61 - - [19/Mar/2022:15:54:42] "GET /product.screen?productId=DC-SG-G02&JSESSIONID=SD6SL1FF7ADFF4964 HTTP 1.1" 200 3485 "http://www.buttercupgames.com/category.screen?categoryId=STRATEGY" "Mozilla/4.0 (compatible; MSIE 7.0; Windows NT 5.1; Trident/4.0; .NET CLR 2.0.50727; MS-RTC LM 8; InfoPath.2)" 505
217.23.14.61 - - [19/Mar/2022:15:54:47] "POST /cart.do?action=addtocart&productId=DC-SG-G02&JSESSIONID=SD6SL1FF7ADFF4964 HTTP 1.1" 200 3768 "http://www.buttercupgames.com/product.screen?productId=DC-SG-G02" "Mozilla/4.0 (compatible; MSIE 7.0; Windows NT 5.1; Trident/4.0; .NET CLR 2.0.50727; MS-RTC LM 8; InfoPath.2)" 868
217.23.14.61 - - [19/Mar/2022:15:54:48] "POST /success.do?action=purchase&categoryId=STRATEGY&productId=DC-SG-G02&JSESSIONID=SD6SL1FF7ADFF4964 HTTP 1.1" 200 2231 "http://www.buttercupgames.com/cart.do?action=addtocart&categoryId=STRATEGY&productId=DC-SG-G02" "Mozilla/4.0 (compatible; MSIE 7.0; Windows NT 5.1; Trident/4.0; .NET CLR 2.0.50727; MS-RTC LM 8; InfoPath.2)" 611
217.23.14.61 - - [19/Mar/2022:15:54:48] "POST /cart/success.do?JSESSIONID=SD6SL1FF7ADFF4964&productId=CU-PG-G06 HTTP 1.1" 200 1165 "http://www.buttercupgames.com/cart.do?action=purchase&" "Mozilla/4.0 (compatible; MSIE 7.0; Windows NT 5.1; Trident/4.0; .NET CLR 2.0.50727; MS-RTC LM 8; InfoPath.2)" 496
217.23.14.61 - - [19/Mar/2022:15:55:05] "GET /product.screen?productId=MB-AG-G07&JSESSIONID=SD6SL1FF7ADFF4964 HTTP 1.1" 200 2385 "http://www.buttercupgames.com/category.screen?categoryId=ARCADE" "Mozilla/4.0 (compatible; MSIE 7.0; Windows NT 5.1; Trident/4.0; .NET CLR 2.0.50727; MS-RTC LM 8; InfoPath.2)" 391
217.23.14.61 - - [19/Mar/2022:15:55:06] "POST /cart.do?action=addtocart&productId=MB-AG-G07&JSESSIONID=SD6SL1FF7ADFF4964 HTTP 1.1" 200 287 "http://www.buttercupgames.com/product.screen?productId=MB-AG-G07" "Mozilla/4.0 (compatible; MSIE 7.0; Windows NT 5.1; Trident/4.0; .NET CLR 2.0.50727; MS-RTC LM 8; InfoPath.2)" 132
217.23.14.61 - - [19/Mar/2022:15:55:09] "POST /success.do?action=purchase&categoryId=ARCADE&productId=MB-AG-G07&JSESSIONID=SD6SL1FF7ADFF4964 HTTP 1.1" 200 304 "http://www.buttercupgames.com/cart.do?action=addtocart&categoryId=ARCADE&productId=MB-AG-G07" "Mozilla/4.0 (compatible; MSIE 7.0; Windows NT 5.1; Trident/4.0; .NET CLR 2.0.50727; MS-RTC LM 8; InfoPath.2)" 197
217.23.14.61 - - [19/Mar/2022:15:55:09] "POST /cart/success.do?JSESSIONID=SD6SL1FF7ADFF4964&productId=DB-SG-G01 HTTP 1.1" 200 2462 "http://www.buttercupgames.com/cart.do?action=purchase&" "Mozilla/4.0 (compatible; MSIE 7.0; Windows NT 5.1; Trident/4.0; .NET CLR 2.0.50727; MS-RTC LM 8; InfoPath.2)" 326
217.23.14.61 - - [19/Mar/2022:15:55:14] "GET /oldlink?&JSESSIONID=SD6SL1FF7ADFF4964 HTTP 1.1" 200 723 "http://www.buttercupgames.com/category.screen?categoryId=TEE" "Mozilla/4.0 (compatible; MSIE 7.0; Windows NT 5.1; Trident/4.0; .NET CLR 2.0.50727; MS-RTC LM 8; InfoPath.2)" 779
217.23.14.61 - - [19/Mar/2022:15:55:30] "GET /product.screen?productId=WC-SH-A01&JSESSIONID=SD6SL1FF7ADFF4964 HTTP 1.1" 200 1033 "http://www.buttercupgames.com/category.screen?categoryId=ACCESSORIES" "Mozilla/4.0 (compatible; MSIE 7.0; Windows NT 5.1; Trident/4.0; .NET CLR 2.0.50727; MS-RTC LM 8; InfoPath.2)" 995
217.23.14.61 - - [19/Mar/2022:15:55:40] "GET /product.screen?productId=DC-SG-G02&JSESSIONID=SD6SL1FF7ADFF4964 HTTP 1.1" 200 1813 "http://www.buttercupgames.com/category.screen?categoryId=STRATEGY" "Mozilla/4.0 (compatible; MSIE 7.0; Windows NT 5.1; Trident/4.0; .NET CLR 2.0.50727; MS-RTC LM 8; InfoPath.2)" 178
217.23.14.61 - - [19/Mar/2022:15:55:43] "POST /cart.do?action=addtocart&productId=DC-SG-G02&JSESSIONID=SD6SL1FF7ADFF4964 HTTP 1.1" 200 1660 "http://www.buttercupgames.com/product.screen?productId=DC-SG-G02" "Mozilla/4.0 (compatible; MSIE 7.0; Windows NT 5.1; Trident/4.0; .NET CLR 2.0.50727; MS-RTC LM 8; InfoPath.2)" 773
217.23.14.61 - - [19/Mar/2022:15:55:47] "POST /success.do?action=purchase&categoryId=STRATEGY&productId=DC-SG-G02&JSESSIONID=SD6SL1FF7ADFF4964 HTTP 1.1" 200 699 "http://www.buttercupgames.com/cart.do?action=addtocart&categoryId=STRATEGY&productId=DC-SG-G02" "Mozilla/4.0 (compatible; MSIE 7.0; Windows NT 5.1; Trident/4.0; .NET CLR 2.0.50727; MS-RTC LM 8; InfoPath.2)" 533
217.23.14.61 - - [19/Mar/2022:15:55:47] "POST /cart/success.do?JSESSIONID=SD6SL1FF7ADFF4964&productId=MB-AG-T01 HTTP 1.1" 200 3077 "http://www.buttercupgames.com/cart.do?action=purchase&" "Mozilla/4.0 (compatible; MSIE 7.0; Windows NT 5.1; Trident/4.0; .NET CLR 2.0.50727; MS-RTC LM 8; InfoPath.2)" 958
87.194.216.51 - - [19/Mar/2022:15:56:00] "GET /oldlink?&JSESSIONID=SD6SL9FF6ADFF4958 HTTP 1.1" 500 2281 "http://www.buttercupgames.com" "Mozilla/4.0 (compatible; MSIE 7.0; Windows NT 5.1; .NET CLR 2.0.50727; .NET CLR 3.0.4506.2152; .NET CLR 3.5.30729; InfoPath.1; .NET4.0C; .NET4.0E; MS-RTC LM 8)" 431
217.23.14.61 - - [19/Mar/2022:15:56:01] "POST /product.screen?productId=MB-AG-G07&JSESSIONID=SD6SL1FF7ADFF4964 HTTP 1.1" 200 1294 "http://www.buttercupgames.com/category.screen?categoryId=ARCADE" "Mozilla/4.0 (compatible; MSIE 7.0; Windows NT 5.1; Trident/4.0; .NET CLR 2.0.50727; MS-RTC LM 8; InfoPath.2)" 201
87.194.216.51 - - [19/Mar/2022:15:56:09] "GET /category.screen?categoryId=NULL&JSESSIONID=SD6SL9FF6ADFF4958 HTTP 1.1" 500 2182 "http://www.buttercupgames.com/oldlink" "Mozilla/4.0 (compatible; MSIE 7.0; Windows NT 5.1; .NET CLR 2.0.50727; .NET CLR 3.0.4506.2152; .NET CLR 3.5.30729; InfoPath.1; .NET4.0C; .NET4.0E; MS-RTC LM 8)" 503
217.23.14.61 - - [19/Mar/2022:15:56:17] "GET /product.screen?productId=WC-SH-A01&JSESSIONID=SD6SL1FF7ADFF4964 HTTP 1.1" 200 2669 "http://www.buttercupgames.com/category.screen?categoryId=ACCESSORIES" "Mozilla/4.0 (compatible; MSIE 7.0; Windows NT 5.1; Trident/4.0; .NET CLR 2.0.50727; MS-RTC LM 8; InfoPath.2)" 622
217.23.14.61 - - [19/Mar/2022:15:56:20] "POST /cart.do?action=addtocart&productId=WC-SH-A01&JSESSIONID=SD6SL1FF7ADFF4964 HTTP 1.1" 200 987 "http://www.buttercupgames.com/product.screen?productId=WC-SH-A01" "Mozilla/4.0 (compatible; MSIE 7.0; Windows NT 5.1; Trident/4.0; .NET CLR 2.0.50727; MS-RTC LM 8; InfoPath.2)" 364
217.23.14.61 - - [19/Mar/2022:15:56:22] "POST /success.do?action=purchase&categoryId=ACCESSORIES&productId=WC-SH-A01&JSESSIONID=SD6SL1FF7ADFF4964 HTTP 1.1" 200 2459 "http://www.buttercupgames.com/cart.do?action=addtocart&categoryId=ACCESSORIES&productId=WC-SH-A01" "Mozilla/4.0 (compatible; MSIE 7.0; Windows NT 5.1; Trident/4.0; .NET CLR 2.0.50727; MS-RTC LM 8; InfoPath.2)" 396
217.23.14.61 - - [19/Mar/2022:15:56:22] "POST /cart/success.do?JSESSIONID=SD6SL1FF7ADFF4964&productId=WSC-MG-G10 HTTP 1.1" 200 1853 "http://www.buttercupgames.com/cart.do?action=purchase&" "Mozilla/4.0 (compatible; MSIE 7.0; Windows NT 5.1; Trident/4.0; .NET CLR 2.0.50727; MS-RTC LM 8; InfoPath.2)" 782
217.23.14.61 - - [19/Mar/2022:15:56:33] "POST /category.screen?categoryId=STRATEGY&JSESSIONID=SD6SL1FF7ADFF4964 HTTP 1.1" 200 4000 "http://www.buttercupgames.com/category.screen?categoryId=STRATEGY" "Mozilla/4.0 (compatible; MSIE 7.0; Windows NT 5.1; Trident/4.0; .NET CLR 2.0.50727; MS-RTC LM 8; InfoPath.2)" 677
76.169.7.252 - - [19/Mar/2022:15:58:49] "GET /category.screen?categoryId=TEE&JSESSIONID=SD5SL5FF4ADFF4959 HTTP 1.1" 200 1692 "http://www.buttercupgames.com" "Mozilla/4.0 (compatible; MSIE 6.0; Windows NT 5.1; SV1; .NET CLR 1.1.4322)" 302
76.169.7.252 - - [19/Mar/2022:15:58:56] "GET /oldlink?&JSESSIONID=SD5SL5FF4ADFF4959 HTTP 1.1" 503 362 "http://www.buttercupgames.com/oldlink" "Mozilla/4.0 (compatible; MSIE 6.0; Windows NT 5.1; SV1; .NET CLR 1.1.4322)" 357
173.44.37.226 - - [19/Mar/2022:16:02:08] "GET /category.screen?categoryId=ARCADE&JSESSIONID=SD7SL6FF3ADFF4951 HTTP 1.1" 200 2040 "http://www.buttercupgames.com" "Mozilla/5.0 (Windows; U; Windows NT 5.1; en-US; rv:1.9.2.28) Gecko/20120306 YFF3 Firefox/3.6.28 ( .NET CLR 3.5.30729; .NET4.0C)" 467
173.44.37.226 - - [19/Mar/2022:16:02:17] "GET /product.screen?productId=DC-SG-G02&JSESSIONID=SD7SL6FF3ADFF4951 HTTP 1.1" 200 2295 "http://www.buttercupgames.com/cart.do?action=view&productId=DC-SG-G02" "Mozilla/5.0 (Windows; U; Windows NT 5.1; en-US; rv:1.9.2.28) Gecko/20120306 YFF3 Firefox/3.6.28 ( .NET CLR 3.5.30729; .NET4.0C)" 232
173.44.37.226 - - [19/Mar/2022:16:02:23] "POST /product.screen?productId=SC-MG-G10&JSESSIONID=SD7SL6FF3ADFF4951 HTTP 1.1" 200 2377 "http://www.buttercupgames.com/category.screen?categoryId=SIMULATION" "Mozilla/5.0 (Windows; U; Windows NT 5.1; en-US; rv:1.9.2.28) Gecko/20120306 YFF3 Firefox/3.6.28 ( .NET CLR 3.5.30729; .NET4.0C)" 452
173.44.37.226 - - [19/Mar/2022:16:02:26] "POST /cart.do?action=addtocart&productId=SC-MG-G10&JSESSIONID=SD7SL6FF3ADFF4951 HTTP 1.1" 200 1967 "http://www.buttercupgames.com/product.screen?productId=SC-MG-G10" "Mozilla/5.0 (Windows; U; Windows NT 5.1; en-US; rv:1.9.2.28) Gecko/20120306 YFF3 Firefox/3.6.28 ( .NET CLR 3.5.30729; .NET4.0C)" 882
173.44.37.226 - - [19/Mar/2022:16:02:27] "POST /success.do?action=purchase&categoryId=SIMULATION&productId=SC-MG-G10&JSESSIONID=SD7SL6FF3ADFF4951 HTTP 1.1" 200 1068 "http://www.buttercupgames.com/cart.do?action=addtocart&categoryId=SIMULATION&productId=SC-MG-G10" "Mozilla/5.0 (Windows; U; Windows NT 5.1; en-US; rv:1.9.2.28) Gecko/20120306 YFF3 Firefox/3.6.28 ( .NET CLR 3.5.30729; .NET4.0C)" 532
173.44.37.226 - - [19/Mar/2022:16:02:27] "POST /cart/success.do?JSESSIONID=SD7SL6FF3ADFF4951&productId=PZ-SG-G05 HTTP 1.1" 200 1995 "http://www.buttercupgames.com/cart.do?action=purchase&" "Mozilla/5.0 (Windows; U; Windows NT 5.1; en-US; rv:1.9.2.28) Gecko/20120306 YFF3 Firefox/3.6.28 ( .NET CLR 3.5.30729; .NET4.0C)" 688
173.44.37.226 - - [19/Mar/2022:16:02:40] "GET /category.screen?categoryId=STRATEGY&JSESSIONID=SD7SL6FF3ADFF4951 HTTP 1.1" 200 2640 "http://www.buttercupgames.com/category.screen?categoryId=STRATEGY" "Mozilla/5.0 (Windows; U; Windows NT 5.1; en-US; rv:1.9.2.28) Gecko/20120306 YFF3 Firefox/3.6.28 ( .NET CLR 3.5.30729; .NET4.0C)" 163
173.44.37.226 - - [19/Mar/2022:16:02:46] "GET /cart.do?action=view&productId=PZ-SG-G05&JSESSIONID=SD7SL6FF3ADFF4951 HTTP 1.1" 200 848 "http://www.buttercupgames.com/cart.do?action=view&productId=PZ-SG-G05" "Mozilla/5.0 (Windows; U; Windows NT 5.1; en-US; rv:1.9.2.28) Gecko/20120306 YFF3 Firefox/3.6.28 ( .NET CLR 3.5.30729; .NET4.0C)" 803
91.217.178.210 - - [19/Mar/2022:16:02:57] "GET /product.screen?productId=BS-AG-G09&JSESSIONID=SD4SL5FF1ADFF4961 HTTP 1.1" 200 1408 "http://www.bing.com" "Mozilla/4.0 (compatible; MSIE 7.0; Windows NT 5.2; .NET CLR 1.1.4322; InfoPath.1; MS-RTC LM 8)" 309
173.44.37.226 - - [19/Mar/2022:16:02:59] "GET /product.screen?productId=SF-BVS-01&JSESSIONID=SD7SL6FF3ADFF4951 HTTP 1.1" 500 2690 "http://www.buttercupgames.com/category.screen?categoryId=NULL" "Mozilla/5.0 (Windows; U; Windows NT 5.1; en-US; rv:1.9.2.28) Gecko/20120306 YFF3 Firefox/3.6.28 ( .NET CLR 3.5.30729; .NET4.0C)" 275
173.44.37.226 - - [19/Mar/2022:16:03:08] "GET /product.screen?productId=DC-SG-G02&JSESSIONID=SD7SL6FF3ADFF4951 HTTP 1.1" 200 3466 "http://www.buttercupgames.com/oldlink" "Mozilla/5.0 (Windows; U; Windows NT 5.1; en-US; rv:1.9.2.28) Gecko/20120306 YFF3 Firefox/3.6.28 ( .NET CLR 3.5.30729; .NET4.0C)" 372
91.217.178.210 - - [19/Mar/2022:16:03:14] "GET /product.screen?productId=WC-SH-A02&JSESSIONID=SD4SL5FF1ADFF4961 HTTP 1.1" 200 2358 "http://www.buttercupgames.com/category.screen?categoryId=ACCESSORIES" "Mozilla/4.0 (compatible; MSIE 7.0; Windows NT 5.2; .NET CLR 1.1.4322; InfoPath.1; MS-RTC LM 8)" 869
173.44.37.226 - - [19/Mar/2022:16:03:19] "GET /product.screen?productId=SF-BVS-01&JSESSIONID=SD7SL6FF3ADFF4951 HTTP 1.1" 500 414 "http://www.buttercupgames.com/oldlink" "Mozilla/5.0 (Windows; U; Windows NT 5.1; en-US; rv:1.9.2.28) Gecko/20120306 YFF3 Firefox/3.6.28 ( .NET CLR 3.5.30729; .NET4.0C)" 671
91.217.178.210 - - [19/Mar/2022:16:03:24] "GET /cart.do?action=changequantity&productId=PZ-SG-G05&JSESSIONID=SD4SL5FF1ADFF4961 HTTP 1.1" 200 3206 "http://www.buttercupgames.com/category.screen?categoryId=STRATEGY" "Mozilla/4.0 (compatible; MSIE 7.0; Windows NT 5.2; .NET CLR 1.1.4322; InfoPath.1; MS-RTC LM 8)" 656
173.44.37.226 - - [19/Mar/2022:16:03:31] "POST /cart.do?action=addtocart&productId=MB-AG-G07&JSESSIONID=SD7SL6FF3ADFF4951 HTTP 1.1" 200 1949 "http://www.buttercupgames.com/oldlink" "Mozilla/5.0 (Windows; U; Windows NT 5.1; en-US; rv:1.9.2.28) Gecko/20120306 YFF3 Firefox/3.6.28 ( .NET CLR 3.5.30729; .NET4.0C)" 588
91.217.178.210 - - [19/Mar/2022:16:03:40] "GET /product.screen?productId=DC-SG-G02&JSESSIONID=SD4SL5FF1ADFF4961 HTTP 1.1" 200 757 "http://www.buttercupgames.com/cart.do?action=view&productId=DC-SG-G02" "Mozilla/4.0 (compatible; MSIE 7.0; Windows NT 5.2; .NET CLR 1.1.4322; InfoPath.1; MS-RTC LM 8)" 124
91.217.178.210 - - [19/Mar/2022:16:03:53] "GET /category.screen?categoryId=SHOOTER&JSESSIONID=SD4SL5FF1ADFF4961 HTTP 1.1" 200 2307 "http://www.buttercupgames.com/cart.do?action=addtocart&productId=WC-SH-G04" "Mozilla/4.0 (compatible; MSIE 7.0; Windows NT 5.2; .NET CLR 1.1.4322; InfoPath.1; MS-RTC LM 8)" 226
91.217.178.210 - - [19/Mar/2022:16:04:02] "GET /cart.do?action=view&productId=DC-SG-G02&JSESSIONID=SD4SL5FF1ADFF4961 HTTP 1.1" 200 3759 "http://www.buttercupgames.com/category.screen?categoryId=STRATEGY" "Mozilla/4.0 (compatible; MSIE 7.0; Windows NT 5.2; .NET CLR 1.1.4322; InfoPath.1; MS-RTC LM 8)" 488
91.217.178.210 - - [19/Mar/2022:16:04:12] "POST /product.screen?productId=DB-SG-G01&JSESSIONID=SD4SL5FF1ADFF4961 HTTP 1.1" 200 537 "http://www.buttercupgames.com/category.screen?categoryId=STRATEGY" "Mozilla/4.0 (compatible; MSIE 7.0; Windows NT 5.2; .NET CLR 1.1.4322; InfoPath.1; MS-RTC LM 8)" 499
91.217.178.210 - - [19/Mar/2022:16:04:17] "GET /product.screen?productId=WC-SH-A02&JSESSIONID=SD4SL5FF1ADFF4961 HTTP 1.1" 200 415 "http://www.buttercupgames.com/product.screen?productId=WC-SH-A02" "Mozilla/4.0 (compatible; MSIE 7.0; Windows NT 5.2; .NET CLR 1.1.4322; InfoPath.1; MS-RTC LM 8)" 545
91.217.178.210 - - [19/Mar/2022:16:04:33] "POST /cart.do?action=remove&productId=WC-SH-A01&JSESSIONID=SD4SL5FF1ADFF4961 HTTP 1.1" 200 2430 "http://www.buttercupgames.com/product.screen?productId=WC-SH-A01" "Mozilla/4.0 (compatible; MSIE 7.0; Windows NT 5.2; .NET CLR 1.1.4322; InfoPath.1; MS-RTC LM 8)" 927
91.217.178.210 - - [19/Mar/2022:16:04:45] "GET /category.screen?categoryId=SIMULATION&JSESSIONID=SD4SL5FF1ADFF4961 HTTP 1.1" 200 2575 "http://www.buttercupgames.com/oldlink" "Mozilla/4.0 (compatible; MSIE 7.0; Windows NT 5.2; .NET CLR 1.1.4322; InfoPath.1; MS-RTC LM 8)" 203
86.212.199.60 - - [19/Mar/2022:16:06:10] "GET /category.screen?categoryId=SPORTS&JSESSIONID=SD10SL5FF9ADFF4950 HTTP 1.1" 200 1955 "http://www.google.com" "Mozilla/5.0 (Windows NT 6.1; WOW64) AppleWebKit/536.5 (KHTML, like Gecko) Chrome/19.0.1084.46 Safari/536.5" 784
86.212.199.60 - - [19/Mar/2022:16:06:19] "GET /product.screen?productId=PZ-SG-G05&JSESSIONID=SD10SL5FF9ADFF4950 HTTP 1.1" 200 1462 "http://www.buttercupgames.com/oldlink" "Mozilla/5.0 (Windows NT 6.1; WOW64) AppleWebKit/536.5 (KHTML, like Gecko) Chrome/19.0.1084.46 Safari/536.5" 106
86.212.199.60 - - [19/Mar/2022:16:06:23] "GET /oldlink?&JSESSIONID=SD10SL5FF9ADFF4950 HTTP 1.1" 200 1418 "http://www.buttercupgames.com/product.screen?productId=DB-SG-G01" "Mozilla/5.0 (Windows NT 6.1; WOW64) AppleWebKit/536.5 (KHTML, like Gecko) Chrome/19.0.1084.46 Safari/536.5" 453
86.212.199.60 - - [19/Mar/2022:16:06:27] "GET /cart.do?action=view&productId=WC-SH-G04&JSESSIONID=SD10SL5FF9ADFF4950 HTTP 1.1" 200 2328 "http://www.buttercupgames.com/oldlink" "Mozilla/5.0 (Windows NT 6.1; WOW64) AppleWebKit/536.5 (KHTML, like Gecko) Chrome/19.0.1084.46 Safari/536.5" 231
86.212.199.60 - - [19/Mar/2022:16:06:38] "POST /cart.do?action=addtocart&productId=SC-MG-G10&JSESSIONID=SD10SL5FF9ADFF4950 HTTP 1.1" 200 281 "http://www.buttercupgames.com/oldlink" "Mozilla/5.0 (Windows NT 6.1; WOW64) AppleWebKit/536.5 (KHTML, like Gecko) Chrome/19.0.1084.46 Safari/536.5" 173
86.212.199.60 - - [19/Mar/2022:16:06:52] "POST /cart.do?action=changequantity&productId=MB-AG-T01&JSESSIONID=SD10SL5FF9ADFF4950 HTTP 1.1" 200 2115 "http://www.buttercupgames.com/oldlink" "Mozilla/5.0 (Windows NT 6.1; WOW64) AppleWebKit/536.5 (KHTML, like Gecko) Chrome/19.0.1084.46 Safari/536.5" 988
128.241.220.82 - - [19/Mar/2022:16:07:18] "POST /category.screen?categoryId=NULL&JSESSIONID=SD10SL10FF10ADFF4964 HTTP 1.1" 406 3868 "http://www.google.com" "Mozilla/5.0 (iPad; CPU OS 5_1_1 like Mac OS X) AppleWebKit/534.46 (KHTML, like Gecko) Version/5.1 Mobile/9B206 Safari/7534.48.3" 515
128.241.220.82 - - [19/Mar/2022:16:07:22] "GET /category.screen?categoryId=STRATEGY&JSESSIONID=SD10SL10FF10ADFF4964 HTTP 1.1" 200 3003 "http://www.buttercupgames.com/cart.do?action=view&productId=DC-SG-G02" "Mozilla/5.0 (iPad; CPU OS 5_1_1 like Mac OS X) AppleWebKit/534.46 (KHTML, like Gecko) Version/5.1 Mobile/9B206 Safari/7534.48.3" 905
128.241.220.82 - - [19/Mar/2022:16:07:31] "GET /product.screen?productId=DC-SG-G02&JSESSIONID=SD10SL10FF10ADFF4964 HTTP 1.1" 200 1754 "http://www.buttercupgames.com/category.screen?categoryId=STRATEGY" "Mozilla/5.0 (iPad; CPU OS 5_1_1 like Mac OS X) AppleWebKit/534.46 (KHTML, like Gecko) Version/5.1 Mobile/9B206 Safari/7534.48.3" 216
128.241.220.82 - - [19/Mar/2022:16:07:44] "GET /product.screen?productId=CU-PG-G06&JSESSIONID=SD10SL10FF10ADFF4964 HTTP 1.1" 200 3054 "http://www.buttercupgames.com/category.screen?categoryId=SPORTS" "Mozilla/5.0 (iPad; CPU OS 5_1_1 like Mac OS X) AppleWebKit/534.46 (KHTML, like Gecko) Version/5.1 Mobile/9B206 Safari/7534.48.3" 904
128.241.220.82 - - [19/Mar/2022:16:07:47] "POST /cart.do?action=addtocart&productId=CU-PG-G06&JSESSIONID=SD10SL10FF10ADFF4964 HTTP 1.1" 200 1966 "http://www.buttercupgames.com/product.screen?productId=CU-PG-G06" "Mozilla/5.0 (iPad; CPU OS 5_1_1 like Mac OS X) AppleWebKit/534.46 (KHTML, like Gecko) Version/5.1 Mobile/9B206 Safari/7534.48.3" 950
128.241.220.82 - - [19/Mar/2022:16:07:48] "POST /success.do?action=purchase&categoryId=SPORTS&productId=CU-PG-G06&JSESSIONID=SD10SL10FF10ADFF4964 HTTP 1.1" 200 374 "http://www.buttercupgames.com/cart.do?action=addtocart&categoryId=SPORTS&productId=CU-PG-G06" "Mozilla/5.0 (iPad; CPU OS 5_1_1 like Mac OS X) AppleWebKit/534.46 (KHTML, like Gecko) Version/5.1 Mobile/9B206 Safari/7534.48.3" 802
128.241.220.82 - - [19/Mar/2022:16:07:48] "POST /cart/success.do?JSESSIONID=SD10SL10FF10ADFF4964&productId=WC-SH-G04 HTTP 1.1" 200 1692 "http://www.buttercupgames.com/cart.do?action=purchase&" "Mozilla/5.0 (iPad; CPU OS 5_1_1 like Mac OS X) AppleWebKit/534.46 (KHTML, like Gecko) Version/5.1 Mobile/9B206 Safari/7534.48.3" 434
198.35.2.120 - - [19/Mar/2022:16:11:36] "POST /oldlink?&JSESSIONID=SD0SL9FF1ADFF4960 HTTP 1.1" 200 2857 "http://www.buttercupgames.com" "Mozilla/5.0 (Windows NT 6.1; WOW64) AppleWebKit/536.5 (KHTML, like Gecko) Chrome/19.0.1084.46 Safari/536.5" 464
198.35.2.120 - - [19/Mar/2022:16:11:40] "POST /product.screen?productId=SF-BVS-01&JSESSIONID=SD0SL9FF1ADFF4960 HTTP 1.1" 400 3783 "http://www.buttercupgames.com/oldlink" "Mozilla/5.0 (Windows NT 6.1; WOW64) AppleWebKit/536.5 (KHTML, like Gecko) Chrome/19.0.1084.46 Safari/536.5" 907
198.35.2.120 - - [19/Mar/2022:16:11:44] "GET /product.screen?productId=FI-AG-G08&JSESSIONID=SD0SL9FF1ADFF4960 HTTP 1.1" 200 2658 "http://www.buttercupgames.com/category.screen?categoryId=ARCADE" "Mozilla/5.0 (Windows NT 6.1; WOW64) AppleWebKit/536.5 (KHTML, like Gecko) Chrome/19.0.1084.46 Safari/536.5" 960
198.35.2.120 - - [19/Mar/2022:16:11:45] "POST /cart.do?action=addtocart&productId=FI-AG-G08&JSESSIONID=SD0SL9FF1ADFF4960 HTTP 1.1" 200 2945 "http://www.buttercupgames.com/product.screen?productId=FI-AG-G08" "Mozilla/5.0 (Windows NT 6.1; WOW64) AppleWebKit/536.5 (KHTML, like Gecko) Chrome/19.0.1084.46 Safari/536.5" 437
198.35.2.120 - - [19/Mar/2022:16:11:45] "POST /success.do?action=purchase&categoryId=ARCADE&productId=FI-AG-G08&JSESSIONID=SD0SL9FF1ADFF4960 HTTP 1.1" 200 2915 "http://www.buttercupgames.com/cart.do?action=addtocart&categoryId=ARCADE&productId=FI-AG-G08" "Mozilla/5.0 (Windows NT 6.1; WOW64) AppleWebKit/536.5 (KHTML, like Gecko) Chrome/19.0.1084.46 Safari/536.5" 730
198.35.2.120 - - [19/Mar/2022:16:11:45] "POST /cart/success.do?JSESSIONID=SD0SL9FF1ADFF4960&productId=DC-SG-G02 HTTP 1.1" 200 482 "http://www.buttercupgames.com/cart.do?action=purchase&" "Mozilla/5.0 (Windows NT 6.1; WOW64) AppleWebKit/536.5 (KHTML, like Gecko) Chrome/19.0.1084.46 Safari/536.5" 857
198.35.2.120 - - [19/Mar/2022:16:11:50] "GET /category.screen?categoryId=STRATEGY&JSESSIONID=SD0SL9FF1ADFF4960 HTTP 1.1" 200 3310 "http://www.buttercupgames.com/product.screen?productId=DC-SG-G02" "Mozilla/5.0 (Windows NT 6.1; WOW64) AppleWebKit/536.5 (KHTML, like Gecko) Chrome/19.0.1084.46 Safari/536.5" 419
198.35.2.120 - - [19/Mar/2022:16:12:03] "GET /product.screen?productId=WC-SH-G04&JSESSIONID=SD0SL9FF1ADFF4960 HTTP 1.1" 200 3485 "http://www.buttercupgames.com/cart.do?action=view&productId=WC-SH-G04" "Mozilla/5.0 (Windows NT 6.1; WOW64) AppleWebKit/536.5 (KHTML, like Gecko) Chrome/19.0.1084.46 Safari/536.5" 349
198.35.2.120 - - [19/Mar/2022:16:12:13] "POST /oldlink?&JSESSIONID=SD0SL9FF1ADFF4960 HTTP 1.1" 200 1069 "http://www.buttercupgames.com/category.screen?categoryId=STRATEGY" "Mozilla/5.0 (Windows NT 6.1; WOW64) AppleWebKit/536.5 (KHTML, like Gecko) Chrome/19.0.1084.46 Safari/536.5" 899
198.35.2.120 - - [19/Mar/2022:16:12:21] "GET /oldlink?&JSESSIONID=SD0SL9FF1ADFF4960 HTTP 1.1" 200 505 "http://www.buttercupgames.com/product.screen?productId=BS-AG-G09" "Mozilla/5.0 (Windows NT 6.1; WOW64) AppleWebKit/536.5 (KHTML, like Gecko) Chrome/19.0.1084.46 Safari/536.5" 468
222.169.224.226 - - [19/Mar/2022:16:12:27] "GET /cart.do?action=addtocart&JSESSIONID=SD1SL6FF6ADFF4962 HTTP 1.1" 500 2017 "http://www.buttercupgames.com" "Mozilla/4.0 (compatible; MSIE 7.0; Windows NT 5.2; .NET CLR 1.1.4322; InfoPath.1; MS-RTC LM 8)" 148
198.35.2.120 - - [19/Mar/2022:16:12:32] "GET /cart.do?action=view&productId=WC-SH-A02&JSESSIONID=SD0SL9FF1ADFF4960 HTTP 1.1" 200 3423 "http://www.buttercupgames.com/category.screen?categoryId=ACCESSORIES" "Mozilla/5.0 (Windows NT 6.1; WOW64) AppleWebKit/536.5 (KHTML, like Gecko) Chrome/19.0.1084.46 Safari/536.5" 288
222.169.224.226 - - [19/Mar/2022:16:12:37] "POST /category.screen?categoryId=TEE&JSESSIONID=SD1SL6FF6ADFF4962 HTTP 1.1" 200 1861 "http://www.buttercupgames.com/cart.do?action=addtocart&productId=MB-AG-T01" "Mozilla/4.0 (compatible; MSIE 7.0; Windows NT 5.2; .NET CLR 1.1.4322; InfoPath.1; MS-RTC LM 8)" 843
198.35.2.120 - - [19/Mar/2022:16:12:48] "POST /cart.do?action=remove&productId=SC-MG-G10&JSESSIONID=SD0SL9FF1ADFF4960 HTTP 1.1" 200 1630 "http://www.buttercupgames.com/category.screen?categoryId=SIMULATION" "Mozilla/5.0 (Windows NT 6.1; WOW64) AppleWebKit/536.5 (KHTML, like Gecko) Chrome/19.0.1084.46 Safari/536.5" 414
222.169.224.226 - - [19/Mar/2022:16:12:53] "GET /cart.do?action=view&JSESSIONID=SD1SL6FF6ADFF4962 HTTP 1.1" 505 413 "http://www.buttercupgames.com/product.screen?productId=SF-BVS-01" "Mozilla/4.0 (compatible; MSIE 7.0; Windows NT 5.2; .NET CLR 1.1.4322; InfoPath.1; MS-RTC LM 8)" 585
222.169.224.226 - - [19/Mar/2022:16:12:58] "POST /category.screen?categoryId=TEE&JSESSIONID=SD1SL6FF6ADFF4962 HTTP 1.1" 200 436 "http://www.buttercupgames.com/cart.do?action=view&productId=MB-AG-T01" "Mozilla/4.0 (compatible; MSIE 7.0; Windows NT 5.2; .NET CLR 1.1.4322; InfoPath.1; MS-RTC LM 8)" 238
198.35.2.120 - - [19/Mar/2022:16:13:03] "GET /product.screen?productId=WC-SH-G04&JSESSIONID=SD0SL9FF1ADFF4960 HTTP 1.1" 200 266 "http://www.buttercupgames.com/cart.do?action=view&productId=WC-SH-G04" "Mozilla/5.0 (Windows NT 6.1; WOW64) AppleWebKit/536.5 (KHTML, like Gecko) Chrome/19.0.1084.46 Safari/536.5" 554
222.169.224.226 - - [19/Mar/2022:16:13:06] "GET /category.screen?categoryId=ARCADE&JSESSIONID=SD1SL6FF6ADFF4962 HTTP 1.1" 200 3599 "http://www.buttercupgames.com/product.screen?productId=FI-AG-G08" "Mozilla/4.0 (compatible; MSIE 7.0; Windows NT 5.2; .NET CLR 1.1.4322; InfoPath.1; MS-RTC LM 8)" 695
198.35.2.120 - - [19/Mar/2022:16:13:13] "POST /cart.do?action=view&productId=FI-AG-G08&JSESSIONID=SD0SL9FF1ADFF4960 HTTP 1.1" 200 3341 "http://www.buttercupgames.com/oldlink" "Mozilla/5.0 (Windows NT 6.1; WOW64) AppleWebKit/536.5 (KHTML, like Gecko) Chrome/19.0.1084.46 Safari/536.5" 561
222.169.224.226 - - [19/Mar/2022:16:13:14] "GET /category.screen?categoryId=ARCADE&JSESSIONID=SD1SL6FF6ADFF4962 HTTP 1.1" 200 1090 "http://www.buttercupgames.com/product.screen?productId=MB-AG-G07" "Mozilla/4.0 (compatible; MSIE 7.0; Windows NT 5.2; .NET CLR 1.1.4322; InfoPath.1; MS-RTC LM 8)" 331
222.169.224.226 - - [19/Mar/2022:16:13:23] "GET /cart.do?action=remove&productId=MB-AG-G07&JSESSIONID=SD1SL6FF6ADFF4962 HTTP 1.1" 200 747 "http://www.buttercupgames.com/cart.do?action=remove&productId=MB-AG-G07" "Mozilla/4.0 (compatible; MSIE 7.0; Windows NT 5.2; .NET CLR 1.1.4322; InfoPath.1; MS-RTC LM 8)" 237
222.169.224.226 - - [19/Mar/2022:16:13:28] "GET /category.screen?categoryId=STRATEGY&JSESSIONID=SD1SL6FF6ADFF4962 HTTP 1.1" 200 2149 "http://www.buttercupgames.com/product.screen?productId=DC-SG-G02" "Mozilla/4.0 (compatible; MSIE 7.0; Windows NT 5.2; .NET CLR 1.1.4322; InfoPath.1; MS-RTC LM 8)" 833
222.169.224.226 - - [19/Mar/2022:16:13:36] "GET /cart.do?action=view&JSESSIONID=SD1SL6FF6ADFF4962 HTTP 1.1" 505 2363 "http://www.buttercupgames.com/category.screen?categoryId=NULL" "Mozilla/4.0 (compatible; MSIE 7.0; Windows NT 5.2; .NET CLR 1.1.4322; InfoPath.1; MS-RTC LM 8)" 204
69.175.97.11 - - [19/Mar/2022:16:17:24] "GET /oldlink?&JSESSIONID=SD7SL8FF4ADFF4962 HTTP 1.1" 200 569 "http://www.buttercupgames.com" "Googlebot/2.1 ( http://www.googlebot.com/bot.html)" 561
69.175.97.11 - - [19/Mar/2022:16:17:29] "GET /product.screen?productId=BS-AG-G09&JSESSIONID=SD7SL8FF4ADFF4962 HTTP 1.1" 200 2675 "http://www.buttercupgames.com/cart.do?action=view&productId=BS-AG-G09" "Googlebot/2.1 ( http://www.googlebot.com/bot.html)" 476
69.175.97.11 - - [19/Mar/2022:16:17:38] "GET /category.screen?categoryId=ACCESSORIES&JSESSIONID=SD7SL8FF4ADFF4962 HTTP 1.1" 200 3427 "http://www.buttercupgames.com/oldlink" "Googlebot/2.1 ( http://www.googlebot.com/bot.html)" 274
69.175.97.11 - - [19/Mar/2022:16:17:47] "POST /cart.do?action=addtocart&productId=MB-AG-G07&JSESSIONID=SD7SL8FF4ADFF4962 HTTP 1.1" 200 2753 "http://www.buttercupgames.com/product.screen?productId=MB-AG-G07" "Googlebot/2.1 ( http://www.googlebot.com/bot.html)" 449
69.175.97.11 - - [19/Mar/2022:16:17:55] "POST /oldlink?&JSESSIONID=SD7SL8FF4ADFF4962 HTTP 1.1" 505 2266 "http://www.buttercupgames.com/category.screen?categoryId=NULL" "Googlebot/2.1 ( http://www.googlebot.com/bot.html)" 744
217.197.192.20 - - [19/Mar/2022:16:17:57] "GET /cart.do?action=view&productId=BS-AG-G09&JSESSIONID=SD3SL1FF1ADFF4960 HTTP 1.1" 200 1501 "http://www.yahoo.com" "Mozilla/5.0 (Windows NT 6.1; WOW64) AppleWebKit/536.5 (KHTML, like Gecko) Chrome/19.0.1084.46 Safari/536.5" 154
69.175.97.11 - - [19/Mar/2022:16:17:59] "POST /product.screen?productId=DB-SG-G01&JSESSIONID=SD7SL8FF4ADFF4962 HTTP 1.1" 200 636 "http://www.buttercupgames.com/category.screen?categoryId=STRATEGY" "Googlebot/2.1 ( http://www.googlebot.com/bot.html)" 989
217.197.192.20 - - [19/Mar/2022:16:18:02] "GET /cart.do?action=view&productId=PZ-SG-G05&JSESSIONID=SD3SL1FF1ADFF4960 HTTP 1.1" 200 3930 "http://www.buttercupgames.com/category.screen?categoryId=STRATEGY" "Mozilla/5.0 (Windows NT 6.1; WOW64) AppleWebKit/536.5 (KHTML, like Gecko) Chrome/19.0.1084.46 Safari/536.5" 775
69.175.97.11 - - [19/Mar/2022:16:18:02] "POST /cart.do?action=addtocart&productId=DB-SG-G01&JSESSIONID=SD7SL8FF4ADFF4962 HTTP 1.1" 200 2120 "http://www.buttercupgames.com/product.screen?productId=DB-SG-G01" "Googlebot/2.1 ( http://www.googlebot.com/bot.html)" 176
69.175.97.11 - - [19/Mar/2022:16:18:04] "POST /success.do?action=purchase&categoryId=STRATEGY&productId=DB-SG-G01&JSESSIONID=SD7SL8FF4ADFF4962 HTTP 1.1" 200 3814 "http://www.buttercupgames.com/cart.do?action=addtocart&categoryId=STRATEGY&productId=DB-SG-G01" "Mozilla/5.0 (compatible; MSIE 9.0; Windows NT 6.1; WOW64; Trident/5.0; BOIE9;ENUS)" 448
69.175.97.11 - - [19/Mar/2022:16:18:04] "POST /cart/success.do?JSESSIONID=SD7SL8FF4ADFF4962&productId=WC-SH-G04 HTTP 1.1" 200 2035 "http://www.buttercupgames.com/cart.do?action=purchase&" "Mozilla/5.0 (compatible; MSIE 9.0; Windows NT 6.1; WOW64; Trident/5.0; BOIE9;ENUS)" 448
69.175.97.11 - - [19/Mar/2022:16:18:10] "GET /product.screen?productId=MB-AG-T01&JSESSIONID=SD7SL8FF4ADFF4962 HTTP 1.1" 200 3437 "http://www.buttercupgames.com/category.screen?categoryId=TEE" "Googlebot/2.1 ( http://www.googlebot.com/bot.html)" 355
69.175.97.11 - - [19/Mar/2022:16:18:11] "POST /cart.do?action=addtocart&productId=MB-AG-T01&JSESSIONID=SD7SL8FF4ADFF4962 HTTP 1.1" 200 2565 "http://www.buttercupgames.com/product.screen?productId=MB-AG-T01" "Googlebot/2.1 ( http://www.googlebot.com/bot.html)" 425
69.175.97.11 - - [19/Mar/2022:16:18:14] "POST /success.do?action=purchase&categoryId=TEE&productId=MB-AG-T01&JSESSIONID=SD7SL8FF4ADFF4962 HTTP 1.1" 200 3725 "http://www.buttercupgames.com/cart.do?action=addtocart&categoryId=TEE&productId=MB-AG-T01" "Mozilla/5.0 (compatible; MSIE 9.0; Windows NT 6.1; WOW64; Trident/5.0; BOIE9;ENUS)" 448
69.175.97.11 - - [19/Mar/2022:16:18:14] "POST /cart/success.do?JSESSIONID=SD7SL8FF4ADFF4962&productId=FS-SG-G03 HTTP 1.1" 200 2716 "http://www.buttercupgames.com/cart.do?action=purchase&" "Mozilla/5.0 (compatible; MSIE 9.0; Windows NT 6.1; WOW64; Trident/5.0; BOIE9;ENUS)" 448
217.197.192.20 - - [19/Mar/2022:16:18:16] "GET /cart.do?action=remove&productId=WC-SH-A02&JSESSIONID=SD3SL1FF1ADFF4960 HTTP 1.1" 200 2842 "http://www.buttercupgames.com/cart.do?action=remove&productId=WC-SH-A02" "Mozilla/5.0 (Windows NT 6.1; WOW64) AppleWebKit/536.5 (KHTML, like Gecko) Chrome/19.0.1084.46 Safari/536.5" 317
217.197.192.20 - - [19/Mar/2022:16:18:22] "GET /oldlink?&JSESSIONID=SD3SL1FF1ADFF4960 HTTP 1.1" 200 2439 "http://www.buttercupgames.com/category.screen?categoryId=STRATEGY" "Mozilla/5.0 (Windows NT 6.1; WOW64) AppleWebKit/536.5 (KHTML, like Gecko) Chrome/19.0.1084.46 Safari/536.5" 681
69.175.97.11 - - [19/Mar/2022:16:18:24] "GET /category.screen?categoryId=STRATEGY&JSESSIONID=SD7SL8FF4ADFF4962 HTTP 1.1" 200 3795 "http://www.buttercupgames.com/category.screen?categoryId=STRATEGY" "Googlebot/2.1 ( http://www.googlebot.com/bot.html)" 563
69.175.97.11 - - [19/Mar/2022:16:18:35] "GET /cart.do?action=addtocart&productId=WC-SH-G04&JSESSIONID=SD7SL8FF4ADFF4962 HTTP 1.1" 200 2802 "http://www.buttercupgames.com/product.screen?productId=WC-SH-G04" "Googlebot/2.1 ( http://www.googlebot.com/bot.html)" 787
69.175.97.11 - - [19/Mar/2022:16:18:49] "GET /oldlink?&JSESSIONID=SD7SL8FF4ADFF4962 HTTP 1.1" 400 332 "http://www.buttercupgames.com/oldlink" "Googlebot/2.1 ( http://www.googlebot.com/bot.html)" 434
69.175.97.11 - - [19/Mar/2022:16:18:52] "POST /product.screen?productId=PZ-SG-G05&JSESSIONID=SD7SL8FF4ADFF4962 HTTP 1.1" 200 3907 "http://www.buttercupgames.com/category.screen?categoryId=STRATEGY" "Googlebot/2.1 ( http://www.googlebot.com/bot.html)" 862
