221.204.246.72 - - [20/Mar/2022:21:48:00] "GET /category.screen?categoryId=ARCADE&JSESSIONID=SD6SL5FF3ADFF4961 HTTP 1.1" 200 2042 "http://www.buttercupgames.com/category.screen?categoryId=ARCADE" "Mozilla/5.0 (Windows; U; Windows NT 5.1; en-US; rv:1.9.2.28) Gecko/20120306 YFF3 Firefox/3.6.28 ( .NET CLR 3.5.30729; .NET4.0C)" 501
221.204.246.72 - - [20/Mar/2022:21:48:14] "GET /category.screen?categoryId=STRATEGY&JSESSIONID=SD6SL5FF3ADFF4961 HTTP 1.1" 200 2670 "http://www.buttercupgames.com/cart.do?action=view&productId=DB-SG-G01" "Mozilla/5.0 (Windows; U; Windows NT 5.1; en-US; rv:1.9.2.28) Gecko/20120306 YFF3 Firefox/3.6.28 ( .NET CLR 3.5.30729; .NET4.0C)" 242
211.166.11.101 - - [20/Mar/2022:21:48:33] "POST /product.screen?productId=FS-SG-G03&JSESSIONID=SD4SL6FF5ADFF4955 HTTP 1.1" 200 1946 "http://www.google.com" "Mozilla/4.0 (compatible; MSIE 7.0; Windows NT 5.1; Trident/4.0; .NET CLR 2.0.50727; MS-RTC LM 8; InfoPath.2)" 514
211.166.11.101 - - [20/Mar/2022:21:48:49] "GET /category.screen?categoryId=SIMULATION&JSESSIONID=SD4SL6FF5ADFF4955 HTTP 1.1" 200 360 "http://www.buttercupgames.com/oldlink" "Mozilla/4.0 (compatible; MSIE 7.0; Windows NT 5.1; Trident/4.0; .NET CLR 2.0.50727; MS-RTC LM 8; InfoPath.2)" 502
211.166.11.101 - - [20/Mar/2022:21:49:04] "POST /oldlink?&JSESSIONID=SD4SL6FF5ADFF4955 HTTP 1.1" 408 2721 "http://www.buttercupgames.com/category.screen?categoryId=NULL" "Mozilla/4.0 (compatible; MSIE 7.0; Windows NT 5.1; Trident/4.0; .NET CLR 2.0.50727; MS-RTC LM 8; InfoPath.2)" 541
211.166.11.101 - - [20/Mar/2022:21:49:11] "GET /category.screen?categoryId=STRATEGY&JSESSIONID=SD4SL6FF5ADFF4955 HTTP 1.1" 200 2442 "http://www.buttercupgames.com/category.screen?categoryId=STRATEGY" "Mozilla/4.0 (compatible; MSIE 7.0; Windows NT 5.1; Trident/4.0; .NET CLR 2.0.50727; MS-RTC LM 8; InfoPath.2)" 962
211.166.11.101 - - [20/Mar/2022:21:49:20] "POST /cart.do?action=remove&productId=DB-SG-G01&JSESSIONID=SD4SL6FF5ADFF4955 HTTP 1.1" 200 1592 "http://www.buttercupgames.com/oldlink" "Mozilla/4.0 (compatible; MSIE 7.0; Windows NT 5.1; Trident/4.0; .NET CLR 2.0.50727; MS-RTC LM 8; InfoPath.2)" 443
211.166.11.101 - - [20/Mar/2022:21:49:33] "GET /product.screen?productId=SF-BVS-01&JSESSIONID=SD4SL6FF5ADFF4955 HTTP 1.1" 406 2848 "http://www.buttercupgames.com/category.screen?categoryId=NULL" "Mozilla/4.0 (compatible; MSIE 7.0; Windows NT 5.1; Trident/4.0; .NET CLR 2.0.50727; MS-RTC LM 8; InfoPath.2)" 633
211.166.11.101 - - [20/Mar/2022:21:49:44] "GET /cart.do?action=addtocart&productId=BS-AG-G09&JSESSIONID=SD4SL6FF5ADFF4955 HTTP 1.1" 200 953 "http://www.buttercupgames.com/category.screen?categoryId=ARCADE" "Mozilla/4.0 (compatible; MSIE 7.0; Windows NT 5.1; Trident/4.0; .NET CLR 2.0.50727; MS-RTC LM 8; InfoPath.2)" 409
211.166.11.101 - - [20/Mar/2022:21:49:56] "POST /cart.do?action=view&productId=MB-AG-G07&JSESSIONID=SD4SL6FF5ADFF4955 HTTP 1.1" 200 3199 "http://www.buttercupgames.com/cart.do?action=view&productId=MB-AG-G07" "Mozilla/4.0 (compatible; MSIE 7.0; Windows NT 5.1; Trident/4.0; .NET CLR 2.0.50727; MS-RTC LM 8; InfoPath.2)" 675
183.60.133.18 - - [20/Mar/2022:21:52:53] "GET /oldlink?&JSESSIONID=SD0SL6FF2ADFF4955 HTTP 1.1" 200 213 "http://www.buttercupgames.com" "Mozilla/5.0 (Windows; U; Windows NT 5.1; en-US; rv:1.9.2.28) Gecko/20120306 YFF3 Firefox/3.6.28 ( .NET CLR 3.5.30729; .NET4.0C)" 124
183.60.133.18 - - [20/Mar/2022:21:52:57] "GET /oldlink?&JSESSIONID=SD0SL6FF2ADFF4955 HTTP 1.1" 200 525 "http://www.buttercupgames.com/product.screen?productId=DC-SG-G02" "Mozilla/5.0 (Windows; U; Windows NT 5.1; en-US; rv:1.9.2.28) Gecko/20120306 YFF3 Firefox/3.6.28 ( .NET CLR 3.5.30729; .NET4.0C)" 854
183.60.133.18 - - [20/Mar/2022:21:53:05] "GET /product.screen?productId=WC-SH-A02&JSESSIONID=SD0SL6FF2ADFF4955 HTTP 1.1" 200 1325 "http://www.buttercupgames.com/category.screen?categoryId=ACCESSORIES" "Mozilla/5.0 (Windows; U; Windows NT 5.1; en-US; rv:1.9.2.28) Gecko/20120306 YFF3 Firefox/3.6.28 ( .NET CLR 3.5.30729; .NET4.0C)" 994
183.60.133.18 - - [20/Mar/2022:21:53:06] "POST /cart.do?action=addtocart&productId=WC-SH-A02&JSESSIONID=SD0SL6FF2ADFF4955 HTTP 1.1" 200 1174 "http://www.buttercupgames.com/product.screen?productId=WC-SH-A02" "Mozilla/5.0 (Windows; U; Windows NT 5.1; en-US; rv:1.9.2.28) Gecko/20120306 YFF3 Firefox/3.6.28 ( .NET CLR 3.5.30729; .NET4.0C)" 892
183.60.133.18 - - [20/Mar/2022:21:53:10] "POST /success.do?action=purchase&categoryId=ACCESSORIES&productId=WC-SH-A02&JSESSIONID=SD0SL6FF2ADFF4955 HTTP 1.1" 200 1600 "http://www.buttercupgames.com/cart.do?action=addtocart&categoryId=ACCESSORIES&productId=WC-SH-A02" "Mozilla/5.0 (Windows; U; Windows NT 5.1; en-US; rv:1.9.2.28) Gecko/20120306 YFF3 Firefox/3.6.28 ( .NET CLR 3.5.30729; .NET4.0C)" 578
183.60.133.18 - - [20/Mar/2022:21:53:10] "POST /cart/success.do?JSESSIONID=SD0SL6FF2ADFF4955&productId=DC-SG-G02 HTTP 1.1" 200 2924 "http://www.buttercupgames.com/cart.do?action=purchase&" "Mozilla/5.0 (Windows; U; Windows NT 5.1; en-US; rv:1.9.2.28) Gecko/20120306 YFF3 Firefox/3.6.28 ( .NET CLR 3.5.30729; .NET4.0C)" 482
183.60.133.18 - - [20/Mar/2022:21:53:17] "GET /category.screen?categoryId=ARCADE&JSESSIONID=SD0SL6FF2ADFF4955 HTTP 1.1" 200 2907 "http://www.buttercupgames.com/product.screen?productId=FI-AG-G08" "Mozilla/5.0 (Windows; U; Windows NT 5.1; en-US; rv:1.9.2.28) Gecko/20120306 YFF3 Firefox/3.6.28 ( .NET CLR 3.5.30729; .NET4.0C)" 808
183.60.133.18 - - [20/Mar/2022:21:53:21] "GET /cart.do?action=addtocart&productId=MB-AG-T01&JSESSIONID=SD0SL6FF2ADFF4955 HTTP 1.1" 200 1609 "http://www.buttercupgames.com/product.screen?productId=MB-AG-T01" "Mozilla/5.0 (Windows; U; Windows NT 5.1; en-US; rv:1.9.2.28) Gecko/20120306 YFF3 Firefox/3.6.28 ( .NET CLR 3.5.30729; .NET4.0C)" 133
183.60.133.18 - - [20/Mar/2022:21:53:32] "GET /category.screen?categoryId=NULL&JSESSIONID=SD0SL6FF2ADFF4955 HTTP 1.1" 503 3733 "http://www.buttercupgames.com/category.screen?categoryId=NULL" "Mozilla/5.0 (Windows; U; Windows NT 5.1; en-US; rv:1.9.2.28) Gecko/20120306 YFF3 Firefox/3.6.28 ( .NET CLR 3.5.30729; .NET4.0C)" 964
94.230.166.185 - - [20/Mar/2022:21:56:02] "GET /cart.do?action=view&productId=FI-AG-G08&JSESSIONID=SD5SL8FF5ADFF4960 HTTP 1.1" 200 1489 "http://www.google.com" "Mozilla/4.0 (compatible; MSIE 7.0; Windows NT 5.1; Trident/4.0; .NET CLR 2.0.50727; MS-RTC LM 8; InfoPath.2)" 228
94.230.166.185 - - [20/Mar/2022:21:56:06] "GET /oldlink?&JSESSIONID=SD5SL8FF5ADFF4960 HTTP 1.1" 500 3263 "http://www.buttercupgames.com/oldlink" "Mozilla/4.0 (compatible; MSIE 7.0; Windows NT 5.1; Trident/4.0; .NET CLR 2.0.50727; MS-RTC LM 8; InfoPath.2)" 798
94.230.166.185 - - [20/Mar/2022:21:56:22] "GET /oldlink?&JSESSIONID=SD5SL8FF5ADFF4960 HTTP 1.1" 200 230 "http://www.buttercupgames.com/product.screen?productId=BS-AG-G09" "Mozilla/4.0 (compatible; MSIE 7.0; Windows NT 5.1; Trident/4.0; .NET CLR 2.0.50727; MS-RTC LM 8; InfoPath.2)" 175
94.230.166.185 - - [20/Mar/2022:21:56:26] "POST /cart.do?action=view&productId=DC-SG-G02&JSESSIONID=SD5SL8FF5ADFF4960 HTTP 1.1" 200 670 "http://www.buttercupgames.com/product.screen?productId=DC-SG-G02" "Mozilla/4.0 (compatible; MSIE 7.0; Windows NT 5.1; Trident/4.0; .NET CLR 2.0.50727; MS-RTC LM 8; InfoPath.2)" 783
94.230.166.185 - - [20/Mar/2022:21:56:38] "GET /stuff/logo.ico?JSESSIONID=SD5SL8FF5ADFF4960 HTTP 1.1" 404 1068 "http://www.buttercupgames.com/cart.do?action=changequantity&" "Mozilla/4.0 (compatible; MSIE 7.0; Windows NT 5.1; Trident/4.0; .NET CLR 2.0.50727; MS-RTC LM 8; InfoPath.2)" 412
94.230.166.185 - - [20/Mar/2022:21:56:44] "GET /cart.do?action=view&productId=DC-SG-G02&JSESSIONID=SD5SL8FF5ADFF4960 HTTP 1.1" 200 1509 "http://www.buttercupgames.com/category.screen?categoryId=STRATEGY" "Mozilla/4.0 (compatible; MSIE 7.0; Windows NT 5.1; Trident/4.0; .NET CLR 2.0.50727; MS-RTC LM 8; InfoPath.2)" 379
94.230.166.185 - - [20/Mar/2022:21:56:57] "GET /cart.do?action=view&productId=WC-SH-A01&JSESSIONID=SD5SL8FF5ADFF4960 HTTP 1.1" 200 2060 "http://www.buttercupgames.com/cart.do?action=view&productId=WC-SH-A01" "Mozilla/4.0 (compatible; MSIE 7.0; Windows NT 5.1; Trident/4.0; .NET CLR 2.0.50727; MS-RTC LM 8; InfoPath.2)" 746
59.162.167.100 - - [20/Mar/2022:21:59:45] "POST /category.screen?categoryId=SIMULATION&JSESSIONID=SD3SL6FF6ADFF4953 HTTP 1.1" 200 1289 "http://www.google.com" "Mozilla/4.0 (compatible; MSIE 6.0; Windows NT 5.1)" 187
59.162.167.100 - - [20/Mar/2022:22:00:04] "GET /category.screen?categoryId=SIMULATION&JSESSIONID=SD3SL6FF6ADFF4953 HTTP 1.1" 200 2219 "http://www.buttercupgames.com/cart.do?action=addtocart&productId=SC-MG-G10" "Mozilla/4.0 (compatible; MSIE 6.0; Windows NT 5.1)" 565
59.162.167.100 - - [20/Mar/2022:22:00:16] "GET /cart.do?action=view&productId=BS-AG-G09&JSESSIONID=SD3SL6FF6ADFF4953 HTTP 1.1" 200 2258 "http://www.buttercupgames.com/cart.do?action=view&productId=BS-AG-G09" "Mozilla/4.0 (compatible; MSIE 6.0; Windows NT 5.1)" 259
59.162.167.100 - - [20/Mar/2022:22:00:34] "GET /product.screen?productId=WC-SH-T02&JSESSIONID=SD3SL6FF6ADFF4953 HTTP 1.1" 200 1895 "http://www.buttercupgames.com/oldlink" "Mozilla/4.0 (compatible; MSIE 6.0; Windows NT 5.1)" 413
59.162.167.100 - - [20/Mar/2022:22:00:42] "GET /product.screen?productId=SF-BVS-01&JSESSIONID=SD3SL6FF6ADFF4953 HTTP 1.1" 403 2694 "http://www.buttercupgames.com/product.screen?productId=SF-BVS-01" "Mozilla/4.0 (compatible; MSIE 6.0; Windows NT 5.1)" 415
59.162.167.100 - - [20/Mar/2022:22:00:59] "GET /product.screen?productId=WC-SH-T02&JSESSIONID=SD3SL6FF6ADFF4953 HTTP 1.1" 200 3438 "http://www.buttercupgames.com/product.screen?productId=WC-SH-T02" "Mozilla/4.0 (compatible; MSIE 6.0; Windows NT 5.1)" 751
59.162.167.100 - - [20/Mar/2022:22:01:14] "GET /category.screen?categoryId=SIMULATION&JSESSIONID=SD3SL6FF6ADFF4953 HTTP 1.1" 200 1931 "http://www.buttercupgames.com/oldlink" "Mozilla/4.0 (compatible; MSIE 6.0; Windows NT 5.1)" 878
59.162.167.100 - - [20/Mar/2022:22:01:29] "GET /category.screen?categoryId=ACCESSORIES&JSESSIONID=SD3SL6FF6ADFF4953 HTTP 1.1" 200 714 "http://www.buttercupgames.com/cart.do?action=view&productId=WC-SH-A02" "Mozilla/4.0 (compatible; MSIE 6.0; Windows NT 5.1)" 164
59.162.167.100 - - [20/Mar/2022:22:01:39] "GET /oldlink?&JSESSIONID=SD3SL6FF6ADFF4953 HTTP 1.1" 406 2221 "http://www.buttercupgames.com/oldlink" "Mozilla/4.0 (compatible; MSIE 6.0; Windows NT 5.1)" 457
59.162.167.100 - - [20/Mar/2022:22:01:48] "GET /product.screen?productId=CU-PG-G06&JSESSIONID=SD3SL6FF6ADFF4953 HTTP 1.1" 200 1568 "http://www.buttercupgames.com/category.screen?categoryId=SPORTS" "Mozilla/4.0 (compatible; MSIE 6.0; Windows NT 5.1)" 107
59.162.167.100 - - [20/Mar/2022:22:01:52] "POST /cart.do?action=addtocart&productId=CU-PG-G06&JSESSIONID=SD3SL6FF6ADFF4953 HTTP 1.1" 200 562 "http://www.buttercupgames.com/product.screen?productId=CU-PG-G06" "Mozilla/4.0 (compatible; MSIE 6.0; Windows NT 5.1)" 165
59.162.167.100 - - [20/Mar/2022:22:01:55] "POST /success.do?action=purchase&categoryId=SPORTS&productId=CU-PG-G06&JSESSIONID=SD3SL6FF6ADFF4953 HTTP 1.1" 503 3013 "http://www.buttercupgames.com/cart.do?action=addtocart&categoryId=SPORTS&productId=CU-PG-G06" "Mozilla/4.0 (compatible; MSIE 6.0; Windows NT 5.1)" 909
66.69.195.226 - - [20/Mar/2022:22:02:22] "GET /oldlink?&JSESSIONID=SD2SL4FF1ADFF4957 HTTP 1.1" 400 3802 "http://www.buttercupgames.com" "Mozilla/4.0 (compatible; MSIE 7.0; Windows NT 5.1; Trident/4.0; .NET CLR 2.0.50727; MS-RTC LM 8; InfoPath.2)" 438
66.69.195.226 - - [20/Mar/2022:22:02:34] "POST /cart.do?action=changequantity&JSESSIONID=SD2SL4FF1ADFF4957 HTTP 1.1" 403 2673 "http://www.buttercupgames.com/oldlink" "Mozilla/4.0 (compatible; MSIE 7.0; Windows NT 5.1; Trident/4.0; .NET CLR 2.0.50727; MS-RTC LM 8; InfoPath.2)" 667
66.69.195.226 - - [20/Mar/2022:22:02:44] "GET /product.screen?productId=WC-SH-T02&JSESSIONID=SD2SL4FF1ADFF4957 HTTP 1.1" 200 3308 "http://www.buttercupgames.com/category.screen?categoryId=TEE" "Mozilla/4.0 (compatible; MSIE 7.0; Windows NT 5.1; Trident/4.0; .NET CLR 2.0.50727; MS-RTC LM 8; InfoPath.2)" 548
66.69.195.226 - - [20/Mar/2022:22:02:45] "POST /cart.do?action=addtocart&productId=WC-SH-T02&JSESSIONID=SD2SL4FF1ADFF4957 HTTP 1.1" 200 2002 "http://www.buttercupgames.com/product.screen?productId=WC-SH-T02" "Mozilla/4.0 (compatible; MSIE 7.0; Windows NT 5.1; Trident/4.0; .NET CLR 2.0.50727; MS-RTC LM 8; InfoPath.2)" 751
66.69.195.226 - - [20/Mar/2022:22:02:46] "POST /success.do?action=purchase&categoryId=TEE&productId=WC-SH-T02&JSESSIONID=SD2SL4FF1ADFF4957 HTTP 1.1" 200 1668 "http://www.buttercupgames.com/cart.do?action=addtocart&categoryId=TEE&productId=WC-SH-T02" "Mozilla/4.0 (compatible; MSIE 7.0; Windows NT 5.1; Trident/4.0; .NET CLR 2.0.50727; MS-RTC LM 8; InfoPath.2)" 768
66.69.195.226 - - [20/Mar/2022:22:02:46] "POST /cart/success.do?JSESSIONID=SD2SL4FF1ADFF4957&productId=MB-AG-G07 HTTP 1.1" 200 3402 "http://www.buttercupgames.com/cart.do?action=purchase&" "Mozilla/4.0 (compatible; MSIE 7.0; Windows NT 5.1; Trident/4.0; .NET CLR 2.0.50727; MS-RTC LM 8; InfoPath.2)" 544
66.69.195.226 - - [20/Mar/2022:22:02:52] "GET /category.screen?categoryId=ACCESSORIES&JSESSIONID=SD2SL4FF1ADFF4957 HTTP 1.1" 200 369 "http://www.buttercupgames.com/cart.do?action=view&productId=WC-SH-A02" "Mozilla/4.0 (compatible; MSIE 7.0; Windows NT 5.1; Trident/4.0; .NET CLR 2.0.50727; MS-RTC LM 8; InfoPath.2)" 551
66.69.195.226 - - [20/Mar/2022:22:02:56] "GET /cart.do?action=view&productId=MB-AG-G07&JSESSIONID=SD2SL4FF1ADFF4957 HTTP 1.1" 200 1811 "http://www.buttercupgames.com/category.screen?categoryId=ARCADE" "Mozilla/4.0 (compatible; MSIE 7.0; Windows NT 5.1; Trident/4.0; .NET CLR 2.0.50727; MS-RTC LM 8; InfoPath.2)" 347
142.162.221.28 - - [20/Mar/2022:22:05:08] "POST /category.screen?categoryId=SIMULATION&JSESSIONID=SD6SL10FF7ADFF4958 HTTP 1.1" 200 3264 "http://www.yahoo.com" "Mozilla/5.0 (Windows NT 6.1; WOW64) AppleWebKit/536.5 (KHTML, like Gecko) Chrome/19.0.1084.52 Safari/536.5" 256
142.162.221.28 - - [20/Mar/2022:22:05:25] "POST /category.screen?categoryId=SHOOTER&JSESSIONID=SD6SL10FF7ADFF4958 HTTP 1.1" 200 2574 "http://www.buttercupgames.com/product.screen?productId=WC-SH-G04" "Mozilla/5.0 (Windows NT 6.1; WOW64) AppleWebKit/536.5 (KHTML, like Gecko) Chrome/19.0.1084.52 Safari/536.5" 627
142.162.221.28 - - [20/Mar/2022:22:05:30] "GET /category.screen?categoryId=STRATEGY&JSESSIONID=SD6SL10FF7ADFF4958 HTTP 1.1" 200 2994 "http://www.buttercupgames.com/product.screen?productId=FS-SG-G03" "Mozilla/5.0 (Windows NT 6.1; WOW64) AppleWebKit/536.5 (KHTML, like Gecko) Chrome/19.0.1084.52 Safari/536.5" 797
142.162.221.28 - - [20/Mar/2022:22:05:44] "GET /cart.do?action=addtocart&productId=FI-AG-G08&JSESSIONID=SD6SL10FF7ADFF4958 HTTP 1.1" 200 2014 "http://www.buttercupgames.com/cart.do?action=addtocart&productId=FI-AG-G08" "Mozilla/5.0 (Windows NT 6.1; WOW64) AppleWebKit/536.5 (KHTML, like Gecko) Chrome/19.0.1084.52 Safari/536.5" 806
142.162.221.28 - - [20/Mar/2022:22:06:03] "GET /oldlink?&JSESSIONID=SD6SL10FF7ADFF4958 HTTP 1.1" 200 457 "http://www.buttercupgames.com/product.screen?productId=MB-AG-G07" "Mozilla/5.0 (Windows NT 6.1; WOW64) AppleWebKit/536.5 (KHTML, like Gecko) Chrome/19.0.1084.52 Safari/536.5" 121
203.45.206.135 - - [20/Mar/2022:22:06:06] "GET /oldlink?&JSESSIONID=SD3SL9FF4ADFF4952 HTTP 1.1" 200 1070 "http://www.buttercupgames.com" "Mozilla/5.0 (Windows NT 6.1; WOW64) AppleWebKit/536.5 (KHTML, like Gecko) Chrome/19.0.1084.46 Safari/536.5" 959
142.162.221.28 - - [20/Mar/2022:22:06:07] "POST /oldlink?&JSESSIONID=SD6SL10FF7ADFF4958 HTTP 1.1" 200 328 "http://www.buttercupgames.com/cart.do?action=addtocart&productId=FI-AG-G08" "Mozilla/5.0 (Windows NT 6.1; WOW64) AppleWebKit/536.5 (KHTML, like Gecko) Chrome/19.0.1084.52 Safari/536.5" 969
142.162.221.28 - - [20/Mar/2022:22:06:12] "POST /cart.do?action=view&productId=WC-SH-A02&JSESSIONID=SD6SL10FF7ADFF4958 HTTP 1.1" 200 567 "http://www.buttercupgames.com/category.screen?categoryId=ACCESSORIES" "Mozilla/5.0 (Windows NT 6.1; WOW64) AppleWebKit/536.5 (KHTML, like Gecko) Chrome/19.0.1084.52 Safari/536.5" 478
203.45.206.135 - - [20/Mar/2022:22:06:22] "GET /product.screen?productId=DB-SG-G01&JSESSIONID=SD3SL9FF4ADFF4952 HTTP 1.1" 200 606 "http://www.buttercupgames.com/oldlink" "Mozilla/5.0 (Windows NT 6.1; WOW64) AppleWebKit/536.5 (KHTML, like Gecko) Chrome/19.0.1084.46 Safari/536.5" 579
142.162.221.28 - - [20/Mar/2022:22:06:27] "GET /oldlink?&JSESSIONID=SD6SL10FF7ADFF4958 HTTP 1.1" 200 784 "http://www.buttercupgames.com/cart.do?action=addtocart&productId=PZ-SG-G05" "Mozilla/5.0 (Windows NT 6.1; WOW64) AppleWebKit/536.5 (KHTML, like Gecko) Chrome/19.0.1084.52 Safari/536.5" 697
203.45.206.135 - - [20/Mar/2022:22:06:30] "GET /oldlink?&JSESSIONID=SD3SL9FF4ADFF4952 HTTP 1.1" 200 1338 "http://www.buttercupgames.com/category.screen?categoryId=ARCADE" "Mozilla/5.0 (Windows NT 6.1; WOW64) AppleWebKit/536.5 (KHTML, like Gecko) Chrome/19.0.1084.46 Safari/536.5" 991
142.162.221.28 - - [20/Mar/2022:22:06:33] "GET /cart.do?action=remove&productId=BS-AG-G09&JSESSIONID=SD6SL10FF7ADFF4958 HTTP 1.1" 200 1438 "http://www.buttercupgames.com/cart.do?action=remove&productId=BS-AG-G09" "Mozilla/5.0 (Windows NT 6.1; WOW64) AppleWebKit/536.5 (KHTML, like Gecko) Chrome/19.0.1084.52 Safari/536.5" 621
203.45.206.135 - - [20/Mar/2022:22:06:35] "GET /cart.do?action=addtocart&productId=PZ-SG-G05&JSESSIONID=SD3SL9FF4ADFF4952 HTTP 1.1" 200 2505 "http://www.buttercupgames.com/product.screen?productId=PZ-SG-G05" "Mozilla/5.0 (Windows NT 6.1; WOW64) AppleWebKit/536.5 (KHTML, like Gecko) Chrome/19.0.1084.46 Safari/536.5" 938
142.162.221.28 - - [20/Mar/2022:22:06:41] "GET /category.screen?categoryId=STRATEGY&JSESSIONID=SD6SL10FF7ADFF4958 HTTP 1.1" 200 1919 "http://www.buttercupgames.com/product.screen?productId=DC-SG-G02" "Mozilla/5.0 (Windows NT 6.1; WOW64) AppleWebKit/536.5 (KHTML, like Gecko) Chrome/19.0.1084.52 Safari/536.5" 569
203.45.206.135 - - [20/Mar/2022:22:06:42] "GET /category.screen?categoryId=STRATEGY&JSESSIONID=SD3SL9FF4ADFF4952 HTTP 1.1" 200 1395 "http://www.buttercupgames.com/cart.do?action=view&productId=PZ-SG-G05" "Mozilla/5.0 (Windows NT 6.1; WOW64) AppleWebKit/536.5 (KHTML, like Gecko) Chrome/19.0.1084.46 Safari/536.5" 748
142.162.221.28 - - [20/Mar/2022:22:06:58] "POST /oldlink?&JSESSIONID=SD6SL10FF7ADFF4958 HTTP 1.1" 200 3388 "http://www.buttercupgames.com/oldlink" "Mozilla/5.0 (Windows NT 6.1; WOW64) AppleWebKit/536.5 (KHTML, like Gecko) Chrome/19.0.1084.52 Safari/536.5" 965
203.45.206.135 - - [20/Mar/2022:22:07:00] "GET /category.screen?categoryId=STRATEGY&JSESSIONID=SD3SL9FF4ADFF4952 HTTP 1.1" 200 1455 "http://www.buttercupgames.com/cart.do?action=addtocart&productId=DB-SG-G01" "Mozilla/5.0 (Windows NT 6.1; WOW64) AppleWebKit/536.5 (KHTML, like Gecko) Chrome/19.0.1084.46 Safari/536.5" 650
203.45.206.135 - - [20/Mar/2022:22:07:13] "GET /oldlink?&JSESSIONID=SD3SL9FF4ADFF4952 HTTP 1.1" 200 3535 "http://www.buttercupgames.com/cart.do?action=addtocart&productId=DB-SG-G01" "Mozilla/5.0 (Windows NT 6.1; WOW64) AppleWebKit/536.5 (KHTML, like Gecko) Chrome/19.0.1084.46 Safari/536.5" 691
203.45.206.135 - - [20/Mar/2022:22:07:18] "GET /product.screen?productId=WC-SH-A02&JSESSIONID=SD3SL9FF4ADFF4952 HTTP 1.1" 200 1468 "http://www.buttercupgames.com/product.screen?productId=WC-SH-A02" "Mozilla/5.0 (Windows NT 6.1; WOW64) AppleWebKit/536.5 (KHTML, like Gecko) Chrome/19.0.1084.46 Safari/536.5" 746
203.45.206.135 - - [20/Mar/2022:22:07:31] "POST /category.screen?categoryId=SHOOTER&JSESSIONID=SD3SL9FF4ADFF4952 HTTP 1.1" 200 1724 "http://www.buttercupgames.com/oldlink" "Mozilla/5.0 (Windows NT 6.1; WOW64) AppleWebKit/536.5 (KHTML, like Gecko) Chrome/19.0.1084.46 Safari/536.5" 959
203.45.206.135 - - [20/Mar/2022:22:07:35] "POST /cart.do?action=addtocart&productId=DC-SG-G02&JSESSIONID=SD3SL9FF4ADFF4952 HTTP 1.1" 200 2724 "http://www.buttercupgames.com/category.screen?categoryId=STRATEGY" "Mozilla/5.0 (Windows NT 6.1; WOW64) AppleWebKit/536.5 (KHTML, like Gecko) Chrome/19.0.1084.46 Safari/536.5" 159
50.23.124.50 - - [20/Mar/2022:22:10:03] "GET /product.screen?productId=WC-SH-A02&JSESSIONID=SD10SL2FF4ADFF4953 HTTP 1.1" 200 999 "http://www.yahoo.com" "Mozilla/5.0 (iPad; CPU OS 5_1_1 like Mac OS X) AppleWebKit/534.46 (KHTML, like Gecko) Version/5.1 Mobile/9B206 Safari/7534.48.3" 815
59.5.100.202 - - [20/Mar/2022:22:10:13] "GET /category.screen?categoryId=TEE&JSESSIONID=SD0SL8FF9ADFF4950 HTTP 1.1" 200 1153 "http://www.buttercupgames.com" "Mozilla/4.0 (compatible; MSIE 7.0; Windows NT 5.1; Trident/4.0; .NET CLR 2.0.50727; MS-RTC LM 8; InfoPath.2)" 162
50.23.124.50 - - [20/Mar/2022:22:10:19] "GET /product.screen?productId=SC-MG-G10&JSESSIONID=SD10SL2FF4ADFF4953 HTTP 1.1" 200 508 "http://www.buttercupgames.com/category.screen?categoryId=SIMULATION" "Mozilla/5.0 (iPad; CPU OS 5_1_1 like Mac OS X) AppleWebKit/534.46 (KHTML, like Gecko) Version/5.1 Mobile/9B206 Safari/7534.48.3" 665
50.23.124.50 - - [20/Mar/2022:22:10:20] "POST /cart.do?action=addtocart&productId=SC-MG-G10&JSESSIONID=SD10SL2FF4ADFF4953 HTTP 1.1" 200 649 "http://www.buttercupgames.com/product.screen?productId=SC-MG-G10" "Mozilla/5.0 (iPad; CPU OS 5_1_1 like Mac OS X) AppleWebKit/534.46 (KHTML, like Gecko) Version/5.1 Mobile/9B206 Safari/7534.48.3" 297
50.23.124.50 - - [20/Mar/2022:22:10:22] "POST /success.do?action=purchase&categoryId=SIMULATION&productId=SC-MG-G10&JSESSIONID=SD10SL2FF4ADFF4953 HTTP 1.1" 200 1276 "http://www.buttercupgames.com/cart.do?action=addtocart&categoryId=SIMULATION&productId=SC-MG-G10" "Mozilla/5.0 (iPad; CPU OS 5_1_1 like Mac OS X) AppleWebKit/534.46 (KHTML, like Gecko) Version/5.1 Mobile/9B206 Safari/7534.48.3" 219
50.23.124.50 - - [20/Mar/2022:22:10:22] "POST /cart/error.do?msg=FormError&JSESSIONID=SD10SL2FF4ADFF4953 HTTP 1.1" 200 1989 "http://www.buttercupgames.com/cart.do?action=purchase&" "Mozilla/5.0 (iPad; CPU OS 5_1_1 like Mac OS X) AppleWebKit/534.46 (KHTML, like Gecko) Version/5.1 Mobile/9B206 Safari/7534.48.3" 204
50.23.124.50 - - [20/Mar/2022:22:10:26] "POST /product.screen?productId=MB-AG-T01&JSESSIONID=SD10SL2FF4ADFF4953 HTTP 1.1" 200 3123 "http://www.buttercupgames.com/oldlink" "Mozilla/5.0 (iPad; CPU OS 5_1_1 like Mac OS X) AppleWebKit/534.46 (KHTML, like Gecko) Version/5.1 Mobile/9B206 Safari/7534.48.3" 875
59.5.100.202 - - [20/Mar/2022:22:10:33] "POST /category.screen?categoryId=SIMULATION&JSESSIONID=SD0SL8FF9ADFF4950 HTTP 1.1" 200 2972 "http://www.buttercupgames.com/cart.do?action=view&productId=SC-MG-G10" "Mozilla/4.0 (compatible; MSIE 7.0; Windows NT 5.1; Trident/4.0; .NET CLR 2.0.50727; MS-RTC LM 8; InfoPath.2)" 835
59.5.100.202 - - [20/Mar/2022:22:10:41] "GET /oldlink?&JSESSIONID=SD0SL8FF9ADFF4950 HTTP 1.1" 200 1495 "http://www.buttercupgames.com/category.screen?categoryId=ACCESSORIES" "Mozilla/4.0 (compatible; MSIE 7.0; Windows NT 5.1; Trident/4.0; .NET CLR 2.0.50727; MS-RTC LM 8; InfoPath.2)" 764
50.23.124.50 - - [20/Mar/2022:22:10:43] "GET /product.screen?productId=DC-SG-G02&JSESSIONID=SD10SL2FF4ADFF4953 HTTP 1.1" 200 3299 "http://www.buttercupgames.com/category.screen?categoryId=STRATEGY" "Mozilla/5.0 (iPad; CPU OS 5_1_1 like Mac OS X) AppleWebKit/534.46 (KHTML, like Gecko) Version/5.1 Mobile/9B206 Safari/7534.48.3" 313
59.5.100.202 - - [20/Mar/2022:22:10:49] "GET /oldlink?&JSESSIONID=SD0SL8FF9ADFF4950 HTTP 1.1" 200 3401 "http://www.buttercupgames.com/category.screen?categoryId=STRATEGY" "Mozilla/4.0 (compatible; MSIE 7.0; Windows NT 5.1; Trident/4.0; .NET CLR 2.0.50727; MS-RTC LM 8; InfoPath.2)" 756
50.23.124.50 - - [20/Mar/2022:22:11:01] "GET /stuff/logo.ico?JSESSIONID=SD10SL2FF4ADFF4953 HTTP 1.1" 404 1147 "http://www.buttercupgames.com/oldlink" "Mozilla/5.0 (iPad; CPU OS 5_1_1 like Mac OS X) AppleWebKit/534.46 (KHTML, like Gecko) Version/5.1 Mobile/9B206 Safari/7534.48.3" 469
59.5.100.202 - - [20/Mar/2022:22:11:06] "GET /product.screen?productId=FI-AG-G08&JSESSIONID=SD0SL8FF9ADFF4950 HTTP 1.1" 200 1698 "http://www.buttercupgames.com/oldlink" "Mozilla/4.0 (compatible; MSIE 7.0; Windows NT 5.1; Trident/4.0; .NET CLR 2.0.50727; MS-RTC LM 8; InfoPath.2)" 198
50.23.124.50 - - [20/Mar/2022:22:11:15] "POST /cart.do?action=changequantity&JSESSIONID=SD10SL2FF4ADFF4953 HTTP 1.1" 406 951 "http://www.buttercupgames.com/oldlink" "Mozilla/5.0 (iPad; CPU OS 5_1_1 like Mac OS X) AppleWebKit/534.46 (KHTML, like Gecko) Version/5.1 Mobile/9B206 Safari/7534.48.3" 358
50.23.124.50 - - [20/Mar/2022:22:11:32] "GET /oldlink?&JSESSIONID=SD10SL2FF4ADFF4953 HTTP 1.1" 200 2611 "http://www.buttercupgames.com/category.screen?categoryId=TEE" "Mozilla/5.0 (iPad; CPU OS 5_1_1 like Mac OS X) AppleWebKit/534.46 (KHTML, like Gecko) Version/5.1 Mobile/9B206 Safari/7534.48.3" 329
50.23.124.50 - - [20/Mar/2022:22:11:46] "GET /oldlink?&JSESSIONID=SD10SL2FF4ADFF4953 HTTP 1.1" 200 1949 "http://www.buttercupgames.com/product.screen?productId=DC-SG-G02" "Mozilla/5.0 (iPad; CPU OS 5_1_1 like Mac OS X) AppleWebKit/534.46 (KHTML, like Gecko) Version/5.1 Mobile/9B206 Safari/7534.48.3" 154
50.23.124.50 - - [20/Mar/2022:22:11:53] "GET /category.screen?categoryId=ARCADE&JSESSIONID=SD10SL2FF4ADFF4953 HTTP 1.1" 200 943 "http://www.buttercupgames.com/category.screen?categoryId=ARCADE" "Mozilla/5.0 (iPad; CPU OS 5_1_1 like Mac OS X) AppleWebKit/534.46 (KHTML, like Gecko) Version/5.1 Mobile/9B206 Safari/7534.48.3" 251
50.23.124.50 - - [20/Mar/2022:22:12:09] "GET /oldlink?&JSESSIONID=SD10SL2FF4ADFF4953 HTTP 1.1" 200 2732 "http://www.buttercupgames.com/product.screen?productId=SC-MG-G10" "Mozilla/5.0 (iPad; CPU OS 5_1_1 like Mac OS X) AppleWebKit/534.46 (KHTML, like Gecko) Version/5.1 Mobile/9B206 Safari/7534.48.3" 449
50.23.124.50 - - [20/Mar/2022:22:12:17] "GET /stuff/logo.ico?JSESSIONID=SD10SL2FF4ADFF4953 HTTP 1.1" 404 3830 "http://www.buttercupgames.com/cart.do?action=purchase&" "Mozilla/5.0 (iPad; CPU OS 5_1_1 like Mac OS X) AppleWebKit/534.46 (KHTML, like Gecko) Version/5.1 Mobile/9B206 Safari/7534.48.3" 541
198.35.1.75 - - [20/Mar/2022:22:15:16] "GET /oldlink?&JSESSIONID=SD7SL6FF4ADFF4957 HTTP 1.1" 200 3868 "http://www.google.com" "Mozilla/5.0 (Windows NT 6.1; WOW64) AppleWebKit/536.5 (KHTML, like Gecko) Chrome/19.0.1084.52 Safari/536.5" 640
198.35.1.75 - - [20/Mar/2022:22:15:23] "POST /product.screen?productId=SC-MG-G10&JSESSIONID=SD7SL6FF4ADFF4957 HTTP 1.1" 200 2376 "http://www.buttercupgames.com/cart.do?action=addtocart&productId=SC-MG-G10" "Mozilla/5.0 (Windows NT 6.1; WOW64) AppleWebKit/536.5 (KHTML, like Gecko) Chrome/19.0.1084.52 Safari/536.5" 778
78.111.167.117 - - [20/Mar/2022:22:17:03] "POST /oldlink?&JSESSIONID=SD4SL10FF5ADFF4954 HTTP 1.1" 200 2245 "http://www.buttercupgames.com" "Mozilla/4.0 (compatible; MSIE 6.0; Windows NT 5.1; SV1; .NET CLR 1.1.4322)" 848
78.111.167.117 - - [20/Mar/2022:22:17:12] "GET /category.screen?categoryId=ARCADE&JSESSIONID=SD4SL10FF5ADFF4954 HTTP 1.1" 200 1556 "http://www.buttercupgames.com/cart.do?action=view&productId=MB-AG-G07" "Mozilla/4.0 (compatible; MSIE 6.0; Windows NT 5.1; SV1; .NET CLR 1.1.4322)" 234
78.111.167.117 - - [20/Mar/2022:22:17:16] "GET /product.screen?productId=CU-PG-G06&JSESSIONID=SD4SL10FF5ADFF4954 HTTP 1.1" 200 3536 "http://www.buttercupgames.com/cart.do?action=remove&productId=CU-PG-G06" "Mozilla/4.0 (compatible; MSIE 6.0; Windows NT 5.1; SV1; .NET CLR 1.1.4322)" 857
78.111.167.117 - - [20/Mar/2022:22:17:20] "GET /category.screen?categoryId=TEE&JSESSIONID=SD4SL10FF5ADFF4954 HTTP 1.1" 200 1574 "http://www.buttercupgames.com/product.screen?productId=WC-SH-T02" "Mozilla/4.0 (compatible; MSIE 6.0; Windows NT 5.1; SV1; .NET CLR 1.1.4322)" 747
78.111.167.117 - - [20/Mar/2022:22:17:37] "GET /category.screen?categoryId=STRATEGY&JSESSIONID=SD4SL10FF5ADFF4954 HTTP 1.1" 200 2907 "http://www.buttercupgames.com/product.screen?productId=DB-SG-G01" "Mozilla/4.0 (compatible; MSIE 6.0; Windows NT 5.1; SV1; .NET CLR 1.1.4322)" 579
78.111.167.117 - - [20/Mar/2022:22:17:42] "POST /cart.do?action=view&productId=WC-SH-A02&JSESSIONID=SD4SL10FF5ADFF4954 HTTP 1.1" 200 3093 "http://www.buttercupgames.com/oldlink" "Mozilla/4.0 (compatible; MSIE 6.0; Windows NT 5.1; SV1; .NET CLR 1.1.4322)" 982
78.111.167.117 - - [20/Mar/2022:22:17:55] "GET /product.screen?productId=FI-AG-G08&JSESSIONID=SD4SL10FF5ADFF4954 HTTP 1.1" 200 1783 "http://www.buttercupgames.com/category.screen?categoryId=ARCADE" "Mozilla/4.0 (compatible; MSIE 6.0; Windows NT 5.1; SV1; .NET CLR 1.1.4322)" 131
78.111.167.117 - - [20/Mar/2022:22:17:59] "GET /category.screen?categoryId=STRATEGY&JSESSIONID=SD4SL10FF5ADFF4954 HTTP 1.1" 200 3717 "http://www.buttercupgames.com/category.screen?categoryId=STRATEGY" "Mozilla/4.0 (compatible; MSIE 6.0; Windows NT 5.1; SV1; .NET CLR 1.1.4322)" 928
78.111.167.117 - - [20/Mar/2022:22:18:07] "GET /product.screen?productId=SC-MG-G10&JSESSIONID=SD4SL10FF5ADFF4954 HTTP 1.1" 200 2789 "http://www.buttercupgames.com/category.screen?categoryId=SIMULATION" "Mozilla/4.0 (compatible; MSIE 6.0; Windows NT 5.1; SV1; .NET CLR 1.1.4322)" 253
78.111.167.117 - - [20/Mar/2022:22:18:10] "POST /cart.do?action=addtocart&productId=SC-MG-G10&JSESSIONID=SD4SL10FF5ADFF4954 HTTP 1.1" 200 2365 "http://www.buttercupgames.com/product.screen?productId=SC-MG-G10" "Mozilla/4.0 (compatible; MSIE 6.0; Windows NT 5.1; SV1; .NET CLR 1.1.4322)" 620
78.111.167.117 - - [20/Mar/2022:22:18:11] "POST /success.do?action=purchase&categoryId=SIMULATION&productId=SC-MG-G10&JSESSIONID=SD4SL10FF5ADFF4954 HTTP 1.1" 200 1482 "http://www.buttercupgames.com/cart.do?action=addtocart&categoryId=SIMULATION&productId=SC-MG-G10" "Mozilla/4.0 (compatible; MSIE 6.0; Windows NT 5.1; SV1; .NET CLR 1.1.4322)" 963
78.111.167.117 - - [20/Mar/2022:22:18:11] "POST /cart/success.do?JSESSIONID=SD4SL10FF5ADFF4954&productId=WC-SH-A02 HTTP 1.1" 200 3056 "http://www.buttercupgames.com/cart.do?action=purchase&" "Mozilla/4.0 (compatible; MSIE 6.0; Windows NT 5.1; SV1; .NET CLR 1.1.4322)" 551
12.130.60.5 - - [20/Mar/2022:22:18:11] "POST /oldlink?&JSESSIONID=SD2SL4FF7ADFF4961 HTTP 1.1" 200 3807 "http://www.buttercupgames.com" "Mozilla/5.0 (Windows NT 6.1; WOW64) AppleWebKit/536.5 (KHTML, like Gecko) Chrome/19.0.1084.52 Safari/536.5" 321
12.130.60.5 - - [20/Mar/2022:22:18:22] "POST /product.screen?productId=DB-SG-G01&JSESSIONID=SD2SL4FF7ADFF4961 HTTP 1.1" 200 2857 "http://www.buttercupgames.com/product.screen?productId=DB-SG-G01" "Mozilla/5.0 (Windows NT 6.1; WOW64) AppleWebKit/536.5 (KHTML, like Gecko) Chrome/19.0.1084.52 Safari/536.5" 274
78.111.167.117 - - [20/Mar/2022:22:18:26] "GET /product.screen?productId=FS-SG-G03&JSESSIONID=SD4SL10FF5ADFF4954 HTTP 1.1" 200 3104 "http://www.buttercupgames.com/category.screen?categoryId=STRATEGY" "Mozilla/4.0 (compatible; MSIE 6.0; Windows NT 5.1; SV1; .NET CLR 1.1.4322)" 105
12.130.60.5 - - [20/Mar/2022:22:18:28] "GET /product.screen?productId=DC-SG-G02&JSESSIONID=SD2SL4FF7ADFF4961 HTTP 1.1" 200 1589 "http://www.buttercupgames.com/cart.do?action=view&productId=DC-SG-G02" "Mozilla/5.0 (Windows NT 6.1; WOW64) AppleWebKit/536.5 (KHTML, like Gecko) Chrome/19.0.1084.52 Safari/536.5" 839
78.111.167.117 - - [20/Mar/2022:22:18:30] "POST /cart.do?action=addtocart&productId=FS-SG-G03&JSESSIONID=SD4SL10FF5ADFF4954 HTTP 1.1" 200 2240 "http://www.buttercupgames.com/product.screen?productId=FS-SG-G03" "Mozilla/4.0 (compatible; MSIE 6.0; Windows NT 5.1; SV1; .NET CLR 1.1.4322)" 816
78.111.167.117 - - [20/Mar/2022:22:18:35] "POST /success.do?action=purchase&categoryId=STRATEGY&productId=FS-SG-G03&JSESSIONID=SD4SL10FF5ADFF4954 HTTP 1.1" 200 2618 "http://www.buttercupgames.com/cart.do?action=addtocart&categoryId=STRATEGY&productId=FS-SG-G03" "Mozilla/4.0 (compatible; MSIE 6.0; Windows NT 5.1; SV1; .NET CLR 1.1.4322)" 338
78.111.167.117 - - [20/Mar/2022:22:18:35] "POST /cart/success.do?JSESSIONID=SD4SL10FF5ADFF4954&productId=DC-SG-G02 HTTP 1.1" 200 858 "http://www.buttercupgames.com/cart.do?action=purchase&" "Mozilla/4.0 (compatible; MSIE 6.0; Windows NT 5.1; SV1; .NET CLR 1.1.4322)" 573
12.130.60.5 - - [20/Mar/2022:22:18:39] "POST /category.screen?categoryId=SPORTS&JSESSIONID=SD2SL4FF7ADFF4961 HTTP 1.1" 200 1187 "http://www.buttercupgames.com/cart.do?action=changequantity&productId=CU-PG-G06" "Mozilla/5.0 (Windows NT 6.1; WOW64) AppleWebKit/536.5 (KHTML, like Gecko) Chrome/19.0.1084.52 Safari/536.5" 299
12.130.60.5 - - [20/Mar/2022:22:18:48] "GET /cart.do?action=view&productId=WC-SH-G04&JSESSIONID=SD2SL4FF7ADFF4961 HTTP 1.1" 200 1845 "http://www.buttercupgames.com/category.screen?categoryId=SHOOTER" "Mozilla/5.0 (Windows NT 6.1; WOW64) AppleWebKit/536.5 (KHTML, like Gecko) Chrome/19.0.1084.52 Safari/536.5" 733
78.111.167.117 - - [20/Mar/2022:22:18:52] "GET /oldlink?&JSESSIONID=SD4SL10FF5ADFF4954 HTTP 1.1" 200 2108 "http://www.buttercupgames.com/category.screen?categoryId=STRATEGY" "Mozilla/4.0 (compatible; MSIE 6.0; Windows NT 5.1; SV1; .NET CLR 1.1.4322)" 643
12.130.60.5 - - [20/Mar/2022:22:19:01] "GET /oldlink?&JSESSIONID=SD2SL4FF7ADFF4961 HTTP 1.1" 200 3710 "http://www.buttercupgames.com/product.screen?productId=MB-AG-T01" "Mozilla/5.0 (Windows NT 6.1; WOW64) AppleWebKit/536.5 (KHTML, like Gecko) Chrome/19.0.1084.52 Safari/536.5" 462
78.111.167.117 - - [20/Mar/2022:22:19:10] "POST /product.screen?productId=WC-SH-G04&JSESSIONID=SD4SL10FF5ADFF4954 HTTP 1.1" 200 1848 "http://www.buttercupgames.com/cart.do?action=view&productId=WC-SH-G04" "Mozilla/4.0 (compatible; MSIE 6.0; Windows NT 5.1; SV1; .NET CLR 1.1.4322)" 170
88.191.83.82 - - [20/Mar/2022:22:21:55] "GET /category.screen?categoryId=SHOOTER&JSESSIONID=SD1SL7FF2ADFF4953 HTTP 1.1" 200 767 "http://www.buttercupgames.com" "Mozilla/5.0 (Macintosh; Intel Mac OS X 10_7_4) AppleWebKit/536.5 (KHTML, like Gecko) Chrome/19.0.1084.46 Safari/536.5" 419
88.191.83.82 - - [20/Mar/2022:22:21:59] "GET /product.screen?productId=WC-SH-A02&JSESSIONID=SD1SL7FF2ADFF4953 HTTP 1.1" 200 3451 "http://www.buttercupgames.com/category.screen?categoryId=ACCESSORIES" "Mozilla/5.0 (Macintosh; Intel Mac OS X 10_7_4) AppleWebKit/536.5 (KHTML, like Gecko) Chrome/19.0.1084.46 Safari/536.5" 820
88.191.83.82 - - [20/Mar/2022:22:22:04] "POST /cart.do?action=addtocart&productId=WC-SH-A02&JSESSIONID=SD1SL7FF2ADFF4953 HTTP 1.1" 200 1916 "http://www.buttercupgames.com/product.screen?productId=WC-SH-A02" "Mozilla/5.0 (Macintosh; Intel Mac OS X 10_7_4) AppleWebKit/536.5 (KHTML, like Gecko) Chrome/19.0.1084.46 Safari/536.5" 620
88.191.83.82 - - [20/Mar/2022:22:22:07] "POST /success.do?action=purchase&categoryId=ACCESSORIES&productId=WC-SH-A02&JSESSIONID=SD1SL7FF2ADFF4953 HTTP 1.1" 200 2720 "http://www.buttercupgames.com/cart.do?action=addtocart&categoryId=ACCESSORIES&productId=WC-SH-A02" "Mozilla/5.0 (Macintosh; Intel Mac OS X 10_7_4) AppleWebKit/536.5 (KHTML, like Gecko) Chrome/19.0.1084.46 Safari/536.5" 987
88.191.83.82 - - [20/Mar/2022:22:22:07] "POST /cart/success.do?JSESSIONID=SD1SL7FF2ADFF4953&productId=WC-SH-A02 HTTP 1.1" 200 1672 "http://www.buttercupgames.com/cart.do?action=purchase&" "Mozilla/5.0 (Macintosh; Intel Mac OS X 10_7_4) AppleWebKit/536.5 (KHTML, like Gecko) Chrome/19.0.1084.46 Safari/536.5" 422
88.191.83.82 - - [20/Mar/2022:22:22:11] "GET /category.screen?categoryId=SIMULATION&JSESSIONID=SD1SL7FF2ADFF4953 HTTP 1.1" 200 3975 "http://www.buttercupgames.com/oldlink" "Mozilla/5.0 (Macintosh; Intel Mac OS X 10_7_4) AppleWebKit/536.5 (KHTML, like Gecko) Chrome/19.0.1084.46 Safari/536.5" 459
88.191.83.82 - - [20/Mar/2022:22:22:16] "GET /product.screen?productId=FS-SG-G03&JSESSIONID=SD1SL7FF2ADFF4953 HTTP 1.1" 200 2554 "http://www.buttercupgames.com/product.screen?productId=FS-SG-G03" "Mozilla/5.0 (Macintosh; Intel Mac OS X 10_7_4) AppleWebKit/536.5 (KHTML, like Gecko) Chrome/19.0.1084.46 Safari/536.5" 840
88.191.83.82 - - [20/Mar/2022:22:22:21] "GET /oldlink?&JSESSIONID=SD1SL7FF2ADFF4953 HTTP 1.1" 200 3228 "http://www.buttercupgames.com/product.screen?productId=WC-SH-T02" "Mozilla/5.0 (Macintosh; Intel Mac OS X 10_7_4) AppleWebKit/536.5 (KHTML, like Gecko) Chrome/19.0.1084.46 Safari/536.5" 343
88.191.83.82 - - [20/Mar/2022:22:22:34] "GET /cart.do?action=addtocart&productId=CU-PG-G06&JSESSIONID=SD1SL7FF2ADFF4953 HTTP 1.1" 200 2791 "http://www.buttercupgames.com/oldlink" "Mozilla/5.0 (Macintosh; Intel Mac OS X 10_7_4) AppleWebKit/536.5 (KHTML, like Gecko) Chrome/19.0.1084.46 Safari/536.5" 446
88.191.83.82 - - [20/Mar/2022:22:22:42] "GET /oldlink?&JSESSIONID=SD1SL7FF2ADFF4953 HTTP 1.1" 200 1906 "http://www.buttercupgames.com/category.screen?categoryId=STRATEGY" "Mozilla/5.0 (Macintosh; Intel Mac OS X 10_7_4) AppleWebKit/536.5 (KHTML, like Gecko) Chrome/19.0.1084.46 Safari/536.5" 317
88.191.83.82 - - [20/Mar/2022:22:22:56] "GET /category.screen?categoryId=TEE&JSESSIONID=SD1SL7FF2ADFF4953 HTTP 1.1" 200 1376 "http://www.buttercupgames.com/product.screen?productId=MB-AG-T01" "Mozilla/5.0 (Macintosh; Intel Mac OS X 10_7_4) AppleWebKit/536.5 (KHTML, like Gecko) Chrome/19.0.1084.46 Safari/536.5" 467
88.191.83.82 - - [20/Mar/2022:22:23:09] "GET /product.screen?productId=DB-SG-G01&JSESSIONID=SD1SL7FF2ADFF4953 HTTP 1.1" 200 1012 "http://www.buttercupgames.com/category.screen?categoryId=STRATEGY" "Mozilla/5.0 (Macintosh; Intel Mac OS X 10_7_4) AppleWebKit/536.5 (KHTML, like Gecko) Chrome/19.0.1084.46 Safari/536.5" 281
88.191.83.82 - - [20/Mar/2022:22:23:11] "POST /cart.do?action=addtocart&productId=DB-SG-G01&JSESSIONID=SD1SL7FF2ADFF4953 HTTP 1.1" 200 1034 "http://www.buttercupgames.com/product.screen?productId=DB-SG-G01" "Mozilla/5.0 (Macintosh; Intel Mac OS X 10_7_4) AppleWebKit/536.5 (KHTML, like Gecko) Chrome/19.0.1084.46 Safari/536.5" 695
88.191.83.82 - - [20/Mar/2022:22:23:14] "POST /success.do?action=purchase&categoryId=STRATEGY&productId=DB-SG-G01&JSESSIONID=SD1SL7FF2ADFF4953 HTTP 1.1" 200 3021 "http://www.buttercupgames.com/cart.do?action=addtocart&categoryId=STRATEGY&productId=DB-SG-G01" "Mozilla/5.0 (Macintosh; Intel Mac OS X 10_7_4) AppleWebKit/536.5 (KHTML, like Gecko) Chrome/19.0.1084.46 Safari/536.5" 949
88.191.83.82 - - [20/Mar/2022:22:23:14] "POST /cart/success.do?JSESSIONID=SD1SL7FF2ADFF4953&productId=MB-AG-T01 HTTP 1.1" 200 1162 "http://www.buttercupgames.com/cart.do?action=purchase&" "Mozilla/5.0 (Macintosh; Intel Mac OS X 10_7_4) AppleWebKit/536.5 (KHTML, like Gecko) Chrome/19.0.1084.46 Safari/536.5" 560
123.118.73.155 - - [20/Mar/2022:22:23:28] "GET /cart.do?action=view&productId=WC-SH-A02&JSESSIONID=SD3SL8FF6ADFF4954 HTTP 1.1" 200 1704 "http://www.buttercupgames.com" "Mozilla/4.0 (compatible; MSIE 7.0; Windows NT 5.2; .NET CLR 1.1.4322; InfoPath.1; MS-RTC LM 8)" 216
123.118.73.155 - - [20/Mar/2022:22:23:35] "GET /category.screen?categoryId=ACCESSORIES&JSESSIONID=SD3SL8FF6ADFF4954 HTTP 1.1" 200 1673 "http://www.buttercupgames.com/oldlink" "Mozilla/4.0 (compatible; MSIE 7.0; Windows NT 5.2; .NET CLR 1.1.4322; InfoPath.1; MS-RTC LM 8)" 954
123.118.73.155 - - [20/Mar/2022:22:23:52] "POST /product.screen?productId=DB-SG-G01&JSESSIONID=SD3SL8FF6ADFF4954 HTTP 1.1" 200 491 "http://www.buttercupgames.com/category.screen?categoryId=STRATEGY" "Mozilla/4.0 (compatible; MSIE 7.0; Windows NT 5.2; .NET CLR 1.1.4322; InfoPath.1; MS-RTC LM 8)" 203
123.118.73.155 - - [20/Mar/2022:22:23:53] "POST /cart.do?action=addtocart&productId=DB-SG-G01&JSESSIONID=SD3SL8FF6ADFF4954 HTTP 1.1" 200 1229 "http://www.buttercupgames.com/product.screen?productId=DB-SG-G01" "Mozilla/4.0 (compatible; MSIE 7.0; Windows NT 5.2; .NET CLR 1.1.4322; InfoPath.1; MS-RTC LM 8)" 122
123.118.73.155 - - [20/Mar/2022:22:23:54] "POST /success.do?action=purchase&categoryId=STRATEGY&productId=DB-SG-G01&JSESSIONID=SD3SL8FF6ADFF4954 HTTP 1.1" 200 684 "http://www.buttercupgames.com/cart.do?action=addtocart&categoryId=STRATEGY&productId=DB-SG-G01" "Mozilla/4.0 (compatible; MSIE 7.0; Windows NT 5.2; .NET CLR 1.1.4322; InfoPath.1; MS-RTC LM 8)" 920
123.118.73.155 - - [20/Mar/2022:22:23:54] "POST /cart/success.do?JSESSIONID=SD3SL8FF6ADFF4954&productId=PZ-SG-G05 HTTP 1.1" 200 1936 "http://www.buttercupgames.com/cart.do?action=purchase&" "Mozilla/4.0 (compatible; MSIE 7.0; Windows NT 5.2; .NET CLR 1.1.4322; InfoPath.1; MS-RTC LM 8)" 737
123.118.73.155 - - [20/Mar/2022:22:24:07] "GET /category.screen?categoryId=STRATEGY&JSESSIONID=SD3SL8FF6ADFF4954 HTTP 1.1" 200 2262 "http://www.buttercupgames.com/category.screen?categoryId=STRATEGY" "Mozilla/4.0 (compatible; MSIE 7.0; Windows NT 5.2; .NET CLR 1.1.4322; InfoPath.1; MS-RTC LM 8)" 108
123.118.73.155 - - [20/Mar/2022:22:24:19] "GET /product.screen?productId=FI-AG-G08&JSESSIONID=SD3SL8FF6ADFF4954 HTTP 1.1" 200 1661 "http://www.buttercupgames.com/category.screen?categoryId=ARCADE" "Mozilla/4.0 (compatible; MSIE 7.0; Windows NT 5.2; .NET CLR 1.1.4322; InfoPath.1; MS-RTC LM 8)" 128
123.118.73.155 - - [20/Mar/2022:22:24:24] "POST /cart.do?action=addtocart&productId=FI-AG-G08&JSESSIONID=SD3SL8FF6ADFF4954 HTTP 1.1" 200 1473 "http://www.buttercupgames.com/product.screen?productId=FI-AG-G08" "Mozilla/4.0 (compatible; MSIE 7.0; Windows NT 5.2; .NET CLR 1.1.4322; InfoPath.1; MS-RTC LM 8)" 323
123.118.73.155 - - [20/Mar/2022:22:24:25] "POST /success.do?action=purchase&categoryId=ARCADE&productId=FI-AG-G08&JSESSIONID=SD3SL8FF6ADFF4954 HTTP 1.1" 200 637 "http://www.buttercupgames.com/cart.do?action=addtocart&categoryId=ARCADE&productId=FI-AG-G08" "Mozilla/4.0 (compatible; MSIE 7.0; Windows NT 5.2; .NET CLR 1.1.4322; InfoPath.1; MS-RTC LM 8)" 363
123.118.73.155 - - [20/Mar/2022:22:24:25] "POST /cart/success.do?JSESSIONID=SD3SL8FF6ADFF4954&productId=DC-SG-G02 HTTP 1.1" 200 3750 "http://www.buttercupgames.com/cart.do?action=purchase&" "Mozilla/4.0 (compatible; MSIE 7.0; Windows NT 5.2; .NET CLR 1.1.4322; InfoPath.1; MS-RTC LM 8)" 705
123.118.73.155 - - [20/Mar/2022:22:24:32] "POST /oldlink?&JSESSIONID=SD3SL8FF6ADFF4954 HTTP 1.1" 200 1621 "http://www.buttercupgames.com/product.screen?productId=CU-PG-G06" "Mozilla/4.0 (compatible; MSIE 7.0; Windows NT 5.2; .NET CLR 1.1.4322; InfoPath.1; MS-RTC LM 8)" 285
212.27.63.151 - - [20/Mar/2022:22:27:19] "GET /cart.do?action=view&productId=DC-SG-G02&JSESSIONID=SD3SL6FF9ADFF4956 HTTP 1.1" 200 1519 "http://www.buttercupgames.com" "Mozilla/5.0 (Windows; U; Windows NT 5.1; en-US; rv:1.9.2.28) Gecko/20120306 YFF3 Firefox/3.6.28 ( .NET CLR 3.5.30729; .NET4.0C)" 545
212.27.63.151 - - [20/Mar/2022:22:27:36] "GET /cart.do?action=addtocart&productId=SC-MG-G10&JSESSIONID=SD3SL6FF9ADFF4956 HTTP 1.1" 200 650 "http://www.buttercupgames.com/oldlink" "Mozilla/5.0 (Windows; U; Windows NT 5.1; en-US; rv:1.9.2.28) Gecko/20120306 YFF3 Firefox/3.6.28 ( .NET CLR 3.5.30729; .NET4.0C)" 331
212.27.63.151 - - [20/Mar/2022:22:27:55] "GET /category.screen?categoryId=STRATEGY&JSESSIONID=SD3SL6FF9ADFF4956 HTTP 1.1" 200 1428 "http://www.buttercupgames.com/cart.do?action=changequantity&productId=DC-SG-G02" "Mozilla/5.0 (Windows; U; Windows NT 5.1; en-US; rv:1.9.2.28) Gecko/20120306 YFF3 Firefox/3.6.28 ( .NET CLR 3.5.30729; .NET4.0C)" 178
212.27.63.151 - - [20/Mar/2022:22:27:59] "GET /product.screen?productId=DB-SG-G01&JSESSIONID=SD3SL6FF9ADFF4956 HTTP 1.1" 200 654 "http://www.buttercupgames.com/category.screen?categoryId=STRATEGY" "Mozilla/5.0 (Windows; U; Windows NT 5.1; en-US; rv:1.9.2.28) Gecko/20120306 YFF3 Firefox/3.6.28 ( .NET CLR 3.5.30729; .NET4.0C)" 423
212.27.63.151 - - [20/Mar/2022:22:28:02] "POST /cart.do?action=addtocart&productId=DB-SG-G01&JSESSIONID=SD3SL6FF9ADFF4956 HTTP 1.1" 200 3145 "http://www.buttercupgames.com/product.screen?productId=DB-SG-G01" "Mozilla/5.0 (Windows; U; Windows NT 5.1; en-US; rv:1.9.2.28) Gecko/20120306 YFF3 Firefox/3.6.28 ( .NET CLR 3.5.30729; .NET4.0C)" 608
212.27.63.151 - - [20/Mar/2022:22:28:05] "POST /success.do?action=purchase&categoryId=STRATEGY&productId=DB-SG-G01&JSESSIONID=SD3SL6FF9ADFF4956 HTTP 1.1" 200 789 "http://www.buttercupgames.com/cart.do?action=addtocart&categoryId=STRATEGY&productId=DB-SG-G01" "Mozilla/5.0 (Windows; U; Windows NT 5.1; en-US; rv:1.9.2.28) Gecko/20120306 YFF3 Firefox/3.6.28 ( .NET CLR 3.5.30729; .NET4.0C)" 884
212.27.63.151 - - [20/Mar/2022:22:28:05] "POST /cart/success.do?JSESSIONID=SD3SL6FF9ADFF4956&productId=WC-SH-G04 HTTP 1.1" 200 2276 "http://www.buttercupgames.com/cart.do?action=purchase&" "Mozilla/5.0 (Windows; U; Windows NT 5.1; en-US; rv:1.9.2.28) Gecko/20120306 YFF3 Firefox/3.6.28 ( .NET CLR 3.5.30729; .NET4.0C)" 612
212.27.63.151 - - [20/Mar/2022:22:28:24] "GET /cart.do?action=remove&productId=CU-PG-G06&JSESSIONID=SD3SL6FF9ADFF4956 HTTP 1.1" 200 1419 "http://www.buttercupgames.com/oldlink" "Mozilla/5.0 (Windows; U; Windows NT 5.1; en-US; rv:1.9.2.28) Gecko/20120306 YFF3 Firefox/3.6.28 ( .NET CLR 3.5.30729; .NET4.0C)" 996
190.113.128.150 - - [20/Mar/2022:22:28:29] "POST /cart.do?action=addtocart&productId=CU-PG-G06&JSESSIONID=SD5SL2FF6ADFF4957 HTTP 1.1" 200 808 "http://www.buttercupgames.com" "Opera/9.20 (Windows NT 6.0; U; en)" 587
212.27.63.151 - - [20/Mar/2022:22:28:32] "GET /category.screen?categoryId=SIMULATION&JSESSIONID=SD3SL6FF9ADFF4956 HTTP 1.1" 200 712 "http://www.buttercupgames.com/oldlink" "Mozilla/5.0 (Windows; U; Windows NT 5.1; en-US; rv:1.9.2.28) Gecko/20120306 YFF3 Firefox/3.6.28 ( .NET CLR 3.5.30729; .NET4.0C)" 629
190.113.128.150 - - [20/Mar/2022:22:28:45] "POST /product.screen?productId=WC-SH-A02&JSESSIONID=SD5SL2FF6ADFF4957 HTTP 1.1" 200 1963 "http://www.buttercupgames.com/category.screen?categoryId=ACCESSORIES" "Opera/9.20 (Windows NT 6.0; U; en)" 420
190.113.128.150 - - [20/Mar/2022:22:28:51] "GET /cart.do?action=addtocart&productId=WC-SH-A02&JSESSIONID=SD5SL2FF6ADFF4957 HTTP 1.1" 200 2523 "http://www.buttercupgames.com/cart.do?action=addtocart&productId=WC-SH-A02" "Opera/9.20 (Windows NT 6.0; U; en)" 926
190.113.128.150 - - [20/Mar/2022:22:28:57] "GET /cart.do?action=addtocart&productId=WC-SH-A02&JSESSIONID=SD5SL2FF6ADFF4957 HTTP 1.1" 200 2719 "http://www.buttercupgames.com/cart.do?action=addtocart&productId=WC-SH-A02" "Opera/9.20 (Windows NT 6.0; U; en)" 350
190.113.128.150 - - [20/Mar/2022:22:29:15] "POST /category.screen?categoryId=ARCADE&JSESSIONID=SD5SL2FF6ADFF4957 HTTP 1.1" 200 2095 "http://www.buttercupgames.com/cart.do?action=remove&productId=FI-AG-G08" "Opera/9.20 (Windows NT 6.0; U; en)" 327
190.113.128.150 - - [20/Mar/2022:22:29:21] "GET /product.screen?productId=WC-SH-G04&JSESSIONID=SD5SL2FF6ADFF4957 HTTP 1.1" 200 3428 "http://www.buttercupgames.com/product.screen?productId=WC-SH-G04" "Opera/9.20 (Windows NT 6.0; U; en)" 834
190.113.128.150 - - [20/Mar/2022:22:29:26] "GET /oldlink?&JSESSIONID=SD5SL2FF6ADFF4957 HTTP 1.1" 505 1202 "http://www.buttercupgames.com/category.screen?categoryId=NULL" "Opera/9.20 (Windows NT 6.0; U; en)" 579
190.113.128.150 - - [20/Mar/2022:22:29:44] "GET /oldlink?&JSESSIONID=SD5SL2FF6ADFF4957 HTTP 1.1" 200 273 "http://www.buttercupgames.com/product.screen?productId=DB-SG-G01" "Opera/9.20 (Windows NT 6.0; U; en)" 928
190.113.128.150 - - [20/Mar/2022:22:29:53] "GET /product.screen?productId=DB-SG-G01&JSESSIONID=SD5SL2FF6ADFF4957 HTTP 1.1" 200 2113 "http://www.buttercupgames.com/category.screen?categoryId=STRATEGY" "Opera/9.20 (Windows NT 6.0; U; en)" 523
190.113.128.150 - - [20/Mar/2022:22:29:57] "POST /cart.do?action=addtocart&productId=DB-SG-G01&JSESSIONID=SD5SL2FF6ADFF4957 HTTP 1.1" 200 533 "http://www.buttercupgames.com/product.screen?productId=DB-SG-G01" "Opera/9.20 (Windows NT 6.0; U; en)" 648
190.113.128.150 - - [20/Mar/2022:22:29:58] "POST /success.do?action=purchase&categoryId=STRATEGY&productId=DB-SG-G01&JSESSIONID=SD5SL2FF6ADFF4957 HTTP 1.1" 200 633 "http://www.buttercupgames.com/cart.do?action=addtocart&categoryId=STRATEGY&productId=DB-SG-G01" "Opera/9.20 (Windows NT 6.0; U; en)" 538
190.113.128.150 - - [20/Mar/2022:22:29:58] "POST /cart/error.do?msg=CreditDoesNotMatch&JSESSIONID=SD5SL2FF6ADFF4957 HTTP 1.1" 200 2013 "http://www.buttercupgames.com/cart.do?action=purchase&" "Opera/9.20 (Windows NT 6.0; U; en)" 527
190.113.128.150 - - [20/Mar/2022:22:30:06] "GET /cart.do?action=addtocart&productId=DC-SG-G02&JSESSIONID=SD5SL2FF6ADFF4957 HTTP 1.1" 200 795 "http://www.buttercupgames.com/oldlink" "Opera/9.20 (Windows NT 6.0; U; en)" 893
131.178.233.243 - - [20/Mar/2022:22:33:11] "GET /oldlink?&JSESSIONID=SD1SL3FF4ADFF4952 HTTP 1.1" 200 2419 "http://www.bing.com" "Mozilla/5.0 (Windows; U; Windows NT 5.1; en-GB; rv:1.8.1.6) Gecko/20070725 Firefox/2.0.0.6" 289
131.178.233.243 - - [20/Mar/2022:22:33:19] "POST /oldlink?&JSESSIONID=SD1SL3FF4ADFF4952 HTTP 1.1" 408 2969 "http://www.buttercupgames.com/category.screen?categoryId=NULL" "Mozilla/5.0 (Windows; U; Windows NT 5.1; en-GB; rv:1.8.1.6) Gecko/20070725 Firefox/2.0.0.6" 380
131.178.233.243 - - [20/Mar/2022:22:33:34] "GET /category.screen?categoryId=NULL&JSESSIONID=SD1SL3FF4ADFF4952 HTTP 1.1" 406 3904 "http://www.buttercupgames.com/oldlink" "Mozilla/5.0 (Windows; U; Windows NT 5.1; en-GB; rv:1.8.1.6) Gecko/20070725 Firefox/2.0.0.6" 872
131.178.233.243 - - [20/Mar/2022:22:33:53] "GET /product.screen?productId=CU-PG-G06&JSESSIONID=SD1SL3FF4ADFF4952 HTTP 1.1" 200 674 "http://www.buttercupgames.com/product.screen?productId=CU-PG-G06" "Mozilla/5.0 (Windows; U; Windows NT 5.1; en-GB; rv:1.8.1.6) Gecko/20070725 Firefox/2.0.0.6" 549
131.178.233.243 - - [20/Mar/2022:22:34:05] "GET /oldlink?&JSESSIONID=SD1SL3FF4ADFF4952 HTTP 1.1" 500 3936 "http://www.buttercupgames.com/oldlink" "Mozilla/5.0 (Windows; U; Windows NT 5.1; en-GB; rv:1.8.1.6) Gecko/20070725 Firefox/2.0.0.6" 855
131.178.233.243 - - [20/Mar/2022:22:34:10] "GET /product.screen?productId=WC-SH-G04&JSESSIONID=SD1SL3FF4ADFF4952 HTTP 1.1" 200 2830 "http://www.buttercupgames.com/cart.do?action=view&productId=WC-SH-G04" "Mozilla/5.0 (Windows; U; Windows NT 5.1; en-GB; rv:1.8.1.6) Gecko/20070725 Firefox/2.0.0.6" 185
131.178.233.243 - - [20/Mar/2022:22:34:20] "POST /product.screen?productId=SF-BVS-01&JSESSIONID=SD1SL3FF4ADFF4952 HTTP 1.1" 505 755 "http://www.buttercupgames.com/product.screen?productId=SF-BVS-01" "Mozilla/5.0 (Windows; U; Windows NT 5.1; en-GB; rv:1.8.1.6) Gecko/20070725 Firefox/2.0.0.6" 212
131.178.233.243 - - [20/Mar/2022:22:34:35] "GET /oldlink?&JSESSIONID=SD1SL3FF4ADFF4952 HTTP 1.1" 200 2223 "http://www.buttercupgames.com/category.screen?categoryId=ARCADE" "Mozilla/5.0 (Windows; U; Windows NT 5.1; en-GB; rv:1.8.1.6) Gecko/20070725 Firefox/2.0.0.6" 869
