12.130.60.5 - - [19/Mar/2022:04:30:08] "GET /product.screen?productId=WC-SH-A02&JSESSIONID=SD8SL8FF5ADFF4965 HTTP 1.1" 200 1016 "http://www.buttercupgames.com/category.screen?categoryId=ACCESSORIES" "Mozilla/4.0 (compatible; MSIE 6.0; Windows NT 5.1; SV1)" 975
173.192.201.242 - - [19/Mar/2022:04:30:11] "GET /product.screen?productId=FI-AG-G08&JSESSIONID=SD6SL5FF4ADFF4952 HTTP 1.1" 200 923 "http://www.google.com" "Mozilla/5.0 (compatible; MSIE 9.0; Windows NT 6.1; WOW64; Trident/5.0; BOIE9;ENUS)" 654
173.192.201.242 - - [19/Mar/2022:04:30:19] "GET /product.screen?productId=SF-BVS-01&JSESSIONID=SD6SL5FF4ADFF4952 HTTP 1.1" 400 874 "http://www.buttercupgames.com/category.screen?categoryId=NULL" "Mozilla/5.0 (compatible; MSIE 9.0; Windows NT 6.1; WOW64; Trident/5.0; BOIE9;ENUS)" 694
173.192.201.242 - - [19/Mar/2022:04:30:27] "GET /cart.do?action=view&productId=WC-SH-A01&JSESSIONID=SD6SL5FF4ADFF4952 HTTP 1.1" 200 1501 "http://www.buttercupgames.com/product.screen?productId=WC-SH-A01" "Mozilla/5.0 (compatible; MSIE 9.0; Windows NT 6.1; WOW64; Trident/5.0; BOIE9;ENUS)" 540
173.192.201.242 - - [19/Mar/2022:04:30:46] "GET /product.screen?productId=WC-SH-T02&JSESSIONID=SD6SL5FF4ADFF4952 HTTP 1.1" 200 2507 "http://www.buttercupgames.com/category.screen?categoryId=TEE" "Mozilla/5.0 (compatible; MSIE 9.0; Windows NT 6.1; WOW64; Trident/5.0; BOIE9;ENUS)" 932
173.192.201.242 - - [19/Mar/2022:04:30:47] "POST /cart.do?action=addtocart&productId=WC-SH-T02&JSESSIONID=SD6SL5FF4ADFF4952 HTTP 1.1" 200 3001 "http://www.buttercupgames.com/product.screen?productId=WC-SH-T02" "Mozilla/5.0 (compatible; MSIE 9.0; Windows NT 6.1; WOW64; Trident/5.0; BOIE9;ENUS)" 816
173.192.201.242 - - [19/Mar/2022:04:30:48] "POST /success.do?action=purchase&categoryId=TEE&productId=WC-SH-T02&JSESSIONID=SD6SL5FF4ADFF4952 HTTP 1.1" 200 808 "http://www.buttercupgames.com/cart.do?action=addtocart&categoryId=TEE&productId=WC-SH-T02" "Mozilla/5.0 (compatible; MSIE 9.0; Windows NT 6.1; WOW64; Trident/5.0; BOIE9;ENUS)" 516
173.192.201.242 - - [19/Mar/2022:04:30:48] "POST /cart/success.do?productId=GT-SC-G01&JSESSIONID=SD6SL5FF4ADFF4952 HTTP 1.1" 200 3766 "http://www.buttercupgames.com/cart.do?action=purchase&productId=GT-SC-G01" "Mozilla/5.0 (compatible; MSIE 9.0; Windows NT 6.1; WOW64; Trident/5.0; BOIE9;ENUS)" 858
173.192.201.242 - - [19/Mar/2022:04:30:55] "GET /product.screen?productId=WC-SH-A01&JSESSIONID=SD6SL5FF4ADFF4952 HTTP 1.1" 200 457 "http://www.buttercupgames.com/category.screen?categoryId=ACCESSORIES" "Mozilla/5.0 (compatible; MSIE 9.0; Windows NT 6.1; WOW64; Trident/5.0; BOIE9;ENUS)" 481
173.192.201.242 - - [19/Mar/2022:04:31:11] "GET /oldlink?&JSESSIONID=SD6SL5FF4ADFF4952 HTTP 1.1" 200 1642 "http://www.buttercupgames.com/product.screen?productId=SC-MG-G10" "Mozilla/5.0 (compatible; MSIE 9.0; Windows NT 6.1; WOW64; Trident/5.0; BOIE9;ENUS)" 800
173.192.201.242 - - [19/Mar/2022:04:31:19] "POST /category.screen?categoryId=SHOOTER&JSESSIONID=SD6SL5FF4ADFF4952 HTTP 1.1" 200 3714 "http://www.buttercupgames.com/product.screen?productId=WC-SH-G04" "Mozilla/5.0 (compatible; MSIE 9.0; Windows NT 6.1; WOW64; Trident/5.0; BOIE9;ENUS)" 862
86.212.199.60 - - [19/Mar/2022:04:33:16] "GET /product.screen?productId=MB-AG-T01&JSESSIONID=SD6SL4FF5ADFF4950 HTTP 1.1" 200 3269 "http://www.bing.com" "Mozilla/4.0 (compatible; MSIE 7.0; Windows NT 5.2; .NET CLR 1.1.4322; InfoPath.1; MS-RTC LM 8)" 924
86.212.199.60 - - [19/Mar/2022:04:33:22] "GET /product.screen?productId=WC-SH-A01&JSESSIONID=SD6SL4FF5ADFF4950 HTTP 1.1" 200 2324 "http://www.buttercupgames.com/category.screen?categoryId=ACCESSORIES" "Mozilla/4.0 (compatible; MSIE 7.0; Windows NT 5.2; .NET CLR 1.1.4322; InfoPath.1; MS-RTC LM 8)" 494
86.212.199.60 - - [19/Mar/2022:04:33:27] "GET /product.screen?productId=SC-MG-G10&JSESSIONID=SD6SL4FF5ADFF4950 HTTP 1.1" 200 1179 "http://www.buttercupgames.com/category.screen?categoryId=SIMULATION" "Mozilla/4.0 (compatible; MSIE 7.0; Windows NT 5.2; .NET CLR 1.1.4322; InfoPath.1; MS-RTC LM 8)" 751
86.212.199.60 - - [19/Mar/2022:04:33:44] "GET /product.screen?productId=WC-SH-A02&JSESSIONID=SD6SL4FF5ADFF4950 HTTP 1.1" 200 1926 "http://www.buttercupgames.com/category.screen?categoryId=ACCESSORIES" "Mozilla/4.0 (compatible; MSIE 7.0; Windows NT 5.2; .NET CLR 1.1.4322; InfoPath.1; MS-RTC LM 8)" 194
86.212.199.60 - - [19/Mar/2022:04:33:58] "GET /oldlink?&JSESSIONID=SD6SL4FF5ADFF4950 HTTP 1.1" 200 958 "http://www.buttercupgames.com/oldlink" "Mozilla/4.0 (compatible; MSIE 7.0; Windows NT 5.2; .NET CLR 1.1.4322; InfoPath.1; MS-RTC LM 8)" 669
222.41.213.238 - - [19/Mar/2022:04:35:29] "GET /product.screen?productId=WC-SH-A02&JSESSIONID=SD5SL1FF2ADFF4953 HTTP 1.1" 200 682 "http://www.buttercupgames.com/category.screen?categoryId=ACCESSORIES" "Mozilla/4.0 (compatible; MSIE 7.0; Windows NT 5.2; .NET CLR 1.1.4322; InfoPath.1; MS-RTC LM 8)" 250
222.41.213.238 - - [19/Mar/2022:04:35:33] "POST /cart.do?action=addtocart&productId=WC-SH-A02&JSESSIONID=SD5SL1FF2ADFF4953 HTTP 1.1" 200 775 "http://www.buttercupgames.com/product.screen?productId=WC-SH-A02" "Mozilla/4.0 (compatible; MSIE 7.0; Windows NT 5.2; .NET CLR 1.1.4322; InfoPath.1; MS-RTC LM 8)" 297
222.41.213.238 - - [19/Mar/2022:04:35:35] "POST /success.do?action=purchase&categoryId=ACCESSORIES&productId=WC-SH-A02&JSESSIONID=SD5SL1FF2ADFF4953 HTTP 1.1" 200 3404 "http://www.buttercupgames.com/cart.do?action=addtocart&categoryId=ACCESSORIES&productId=WC-SH-A02" "Mozilla/4.0 (compatible; MSIE 7.0; Windows NT 5.2; .NET CLR 1.1.4322; InfoPath.1; MS-RTC LM 8)" 421
222.41.213.238 - - [19/Mar/2022:04:35:35] "POST /cart/success.do?JSESSIONID=SD5SL1FF2ADFF4953&productId=PZ-SG-G05 HTTP 1.1" 200 2258 "http://www.buttercupgames.com/cart.do?action=purchase&" "Mozilla/4.0 (compatible; MSIE 7.0; Windows NT 5.2; .NET CLR 1.1.4322; InfoPath.1; MS-RTC LM 8)" 628
188.138.40.166 - - [19/Mar/2022:04:35:38] "GET /product.screen?productId=FI-AG-G08&JSESSIONID=SD9SL8FF4ADFF4951 HTTP 1.1" 200 2634 "http://www.buttercupgames.com/category.screen?categoryId=ARCADE" "Mozilla/5.0 (Windows NT 6.1; WOW64) AppleWebKit/536.5 (KHTML, like Gecko) Chrome/19.0.1084.46 Safari/536.5" 432
188.138.40.166 - - [19/Mar/2022:04:35:43] "POST /cart.do?action=addtocart&productId=FI-AG-G08&JSESSIONID=SD9SL8FF4ADFF4951 HTTP 1.1" 200 3704 "http://www.buttercupgames.com/product.screen?productId=FI-AG-G08" "Mozilla/5.0 (Windows NT 6.1; WOW64) AppleWebKit/536.5 (KHTML, like Gecko) Chrome/19.0.1084.46 Safari/536.5" 473
222.41.213.238 - - [19/Mar/2022:04:35:43] "GET /category.screen?categoryId=SHOOTER&JSESSIONID=SD5SL1FF2ADFF4953 HTTP 1.1" 200 1892 "http://www.buttercupgames.com/product.screen?productId=WC-SH-G04" "Mozilla/4.0 (compatible; MSIE 7.0; Windows NT 5.2; .NET CLR 1.1.4322; InfoPath.1; MS-RTC LM 8)" 582
188.138.40.166 - - [19/Mar/2022:04:35:47] "POST /success.do?action=purchase&categoryId=ARCADE&productId=FI-AG-G08&JSESSIONID=SD9SL8FF4ADFF4951 HTTP 1.1" 200 2234 "http://www.buttercupgames.com/cart.do?action=addtocart&categoryId=ARCADE&productId=FI-AG-G08" "Mozilla/5.0 (Windows NT 6.1; WOW64) AppleWebKit/536.5 (KHTML, like Gecko) Chrome/19.0.1084.46 Safari/536.5" 800
222.41.213.238 - - [19/Mar/2022:04:35:53] "GET /product.screen?productId=SC-MG-G10&JSESSIONID=SD5SL1FF2ADFF4953 HTTP 1.1" 200 2888 "http://www.buttercupgames.com/category.screen?categoryId=SIMULATION" "Mozilla/4.0 (compatible; MSIE 7.0; Windows NT 5.2; .NET CLR 1.1.4322; InfoPath.1; MS-RTC LM 8)" 466
188.138.40.166 - - [19/Mar/2022:04:35:57] "GET /oldlink?&JSESSIONID=SD9SL8FF4ADFF4951 HTTP 1.1" 200 3818 "http://www.buttercupgames.com/oldlink" "Mozilla/5.0 (Windows NT 6.1; WOW64) AppleWebKit/536.5 (KHTML, like Gecko) Chrome/19.0.1084.46 Safari/536.5" 651
222.41.213.238 - - [19/Mar/2022:04:35:58] "POST /cart.do?action=addtocart&productId=SC-MG-G10&JSESSIONID=SD5SL1FF2ADFF4953 HTTP 1.1" 200 1984 "http://www.buttercupgames.com/product.screen?productId=SC-MG-G10" "Mozilla/4.0 (compatible; MSIE 7.0; Windows NT 5.2; .NET CLR 1.1.4322; InfoPath.1; MS-RTC LM 8)" 401
222.41.213.238 - - [19/Mar/2022:04:36:00] "POST /success.do?action=purchase&categoryId=SIMULATION&productId=SC-MG-G10&JSESSIONID=SD5SL1FF2ADFF4953 HTTP 1.1" 200 1553 "http://www.buttercupgames.com/cart.do?action=addtocart&categoryId=SIMULATION&productId=SC-MG-G10" "Mozilla/4.0 (compatible; MSIE 7.0; Windows NT 5.2; .NET CLR 1.1.4322; InfoPath.1; MS-RTC LM 8)" 400
222.41.213.238 - - [19/Mar/2022:04:36:00] "POST /cart/success.do?JSESSIONID=SD5SL1FF2ADFF4953&productId=PZ-SG-G05 HTTP 1.1" 200 2819 "http://www.buttercupgames.com/cart.do?action=purchase&" "Mozilla/4.0 (compatible; MSIE 7.0; Windows NT 5.2; .NET CLR 1.1.4322; InfoPath.1; MS-RTC LM 8)" 800
188.138.40.166 - - [19/Mar/2022:04:36:09] "GET /cart.do?action=changequantity&productId=MB-AG-T01&JSESSIONID=SD9SL8FF4ADFF4951 HTTP 1.1" 200 2776 "http://www.buttercupgames.com/category.screen?categoryId=TEE" "Mozilla/5.0 (Windows NT 6.1; WOW64) AppleWebKit/536.5 (KHTML, like Gecko) Chrome/19.0.1084.46 Safari/536.5" 260
222.41.213.238 - - [19/Mar/2022:04:36:10] "GET /product.screen?productId=PZ-SG-G05&JSESSIONID=SD5SL1FF2ADFF4953 HTTP 1.1" 200 3549 "http://www.buttercupgames.com/cart.do?action=addtocart&productId=PZ-SG-G05" "Mozilla/4.0 (compatible; MSIE 7.0; Windows NT 5.2; .NET CLR 1.1.4322; InfoPath.1; MS-RTC LM 8)" 758
222.41.213.238 - - [19/Mar/2022:04:36:21] "GET /cart.do?action=remove&productId=WC-SH-T02&JSESSIONID=SD5SL1FF2ADFF4953 HTTP 1.1" 200 1883 "http://www.buttercupgames.com/oldlink" "Mozilla/4.0 (compatible; MSIE 7.0; Windows NT 5.2; .NET CLR 1.1.4322; InfoPath.1; MS-RTC LM 8)" 806
188.138.40.166 - - [19/Mar/2022:04:36:26] "GET /product.screen?productId=SC-MG-G10&JSESSIONID=SD9SL8FF4ADFF4951 HTTP 1.1" 200 2468 "http://www.buttercupgames.com/category.screen?categoryId=SIMULATION" "Mozilla/5.0 (Windows NT 6.1; WOW64) AppleWebKit/536.5 (KHTML, like Gecko) Chrome/19.0.1084.46 Safari/536.5" 348
222.41.213.238 - - [19/Mar/2022:04:36:36] "GET /oldlink?&JSESSIONID=SD5SL1FF2ADFF4953 HTTP 1.1" 200 3522 "http://www.buttercupgames.com/product.screen?productId=WC-SH-A02" "Mozilla/4.0 (compatible; MSIE 7.0; Windows NT 5.2; .NET CLR 1.1.4322; InfoPath.1; MS-RTC LM 8)" 187
188.138.40.166 - - [19/Mar/2022:04:36:41] "GET /passwords.pdf HTTP 1.1" 200 47251 "https://www.google.com/#q=filetype:pdf+passwords&start=90" "Mozilla/5.0 (Windows NT 6.1; WOW64) AppleWebKit/536.5 (KHTML, like Gecko) Chrome/19.0.1084.46 Safari/536.5" 938
222.41.213.238 - - [19/Mar/2022:04:36:47] "GET /category.screen?categoryId=ARCADE&JSESSIONID=SD5SL1FF2ADFF4953 HTTP 1.1" 200 3776 "http://www.buttercupgames.com/product.screen?productId=MB-AG-G07" "Mozilla/4.0 (compatible; MSIE 7.0; Windows NT 5.2; .NET CLR 1.1.4322; InfoPath.1; MS-RTC LM 8)" 995
188.138.40.166 - - [19/Mar/2022:04:36:54] "GET /oldlink?&JSESSIONID=SD9SL8FF4ADFF4951 HTTP 1.1" 200 1695 "http://www.buttercupgames.com/category.screen?categoryId=STRATEGY" "Mozilla/5.0 (Windows NT 6.1; WOW64) AppleWebKit/536.5 (KHTML, like Gecko) Chrome/19.0.1084.46 Safari/536.5" 378
188.138.40.166 - - [19/Mar/2022:04:37:03] "GET /product.screen?productId=MB-AG-T01&JSESSIONID=SD9SL8FF4ADFF4951 HTTP 1.1" 200 371 "http://www.buttercupgames.com/category.screen?categoryId=TEE" "Mozilla/5.0 (Windows NT 6.1; WOW64) AppleWebKit/536.5 (KHTML, like Gecko) Chrome/19.0.1084.46 Safari/536.5" 938
222.41.213.238 - - [19/Mar/2022:04:37:04] "GET /product.screen?productId=WC-SH-G04&JSESSIONID=SD5SL1FF2ADFF4953 HTTP 1.1" 200 3835 "http://www.buttercupgames.com/category.screen?categoryId=SHOOTER" "Mozilla/4.0 (compatible; MSIE 7.0; Windows NT 5.2; .NET CLR 1.1.4322; InfoPath.1; MS-RTC LM 8)" 646
188.138.40.166 - - [19/Mar/2022:04:37:07] "POST /cart.do?action=addtocart&productId=MB-AG-T01&JSESSIONID=SD9SL8FF4ADFF4951 HTTP 1.1" 200 2776 "http://www.buttercupgames.com/product.screen?productId=MB-AG-T01" "Mozilla/5.0 (Windows NT 6.1; WOW64) AppleWebKit/536.5 (KHTML, like Gecko) Chrome/19.0.1084.46 Safari/536.5" 846
222.41.213.238 - - [19/Mar/2022:04:37:08] "POST /cart.do?action=addtocart&productId=WC-SH-G04&JSESSIONID=SD5SL1FF2ADFF4953 HTTP 1.1" 200 799 "http://www.buttercupgames.com/product.screen?productId=WC-SH-G04" "Mozilla/4.0 (compatible; MSIE 7.0; Windows NT 5.2; .NET CLR 1.1.4322; InfoPath.1; MS-RTC LM 8)" 731
188.138.40.166 - - [19/Mar/2022:04:37:08] "POST /success.do?action=purchase&categoryId=TEE&productId=MB-AG-T01&JSESSIONID=SD9SL8FF4ADFF4951 HTTP 1.1" 200 1259 "http://www.buttercupgames.com/cart.do?action=addtocart&categoryId=TEE&productId=MB-AG-T01" "Mozilla/5.0 (Windows NT 6.1; WOW64) AppleWebKit/536.5 (KHTML, like Gecko) Chrome/19.0.1084.46 Safari/536.5" 699
188.138.40.166 - - [19/Mar/2022:04:37:08] "POST /cart/error.do?msg=CreditDoesNotMatch&JSESSIONID=SD9SL8FF4ADFF4951 HTTP 1.1" 200 1546 "http://www.buttercupgames.com/cart.do?action=purchase&" "Mozilla/5.0 (Windows NT 6.1; WOW64) AppleWebKit/536.5 (KHTML, like Gecko) Chrome/19.0.1084.46 Safari/536.5" 639
222.41.213.238 - - [19/Mar/2022:04:37:13] "POST /success.do?action=purchase&categoryId=SHOOTER&productId=WC-SH-G04&JSESSIONID=SD5SL1FF2ADFF4953 HTTP 1.1" 200 451 "http://www.buttercupgames.com/cart.do?action=addtocart&categoryId=SHOOTER&productId=WC-SH-G04" "Mozilla/4.0 (compatible; MSIE 7.0; Windows NT 5.2; .NET CLR 1.1.4322; InfoPath.1; MS-RTC LM 8)" 339
222.41.213.238 - - [19/Mar/2022:04:37:13] "POST /cart/success.do?JSESSIONID=SD5SL1FF2ADFF4953&productId=BS-AG-G09 HTTP 1.1" 200 491 "http://www.buttercupgames.com/cart.do?action=purchase&" "Mozilla/4.0 (compatible; MSIE 7.0; Windows NT 5.2; .NET CLR 1.1.4322; InfoPath.1; MS-RTC LM 8)" 297
222.41.213.238 - - [19/Mar/2022:04:37:18] "GET /category.screen?categoryId=ARCADE&JSESSIONID=SD5SL1FF2ADFF4953 HTTP 1.1" 200 2917 "http://www.buttercupgames.com/cart.do?action=view&productId=FI-AG-G08" "Mozilla/4.0 (compatible; MSIE 7.0; Windows NT 5.2; .NET CLR 1.1.4322; InfoPath.1; MS-RTC LM 8)" 827
188.138.40.166 - - [19/Mar/2022:04:37:26] "GET /oldlink?&JSESSIONID=SD9SL8FF4ADFF4951 HTTP 1.1" 200 920 "http://www.buttercupgames.com/product.screen?productId=PZ-SG-G05" "Mozilla/5.0 (Windows NT 6.1; WOW64) AppleWebKit/536.5 (KHTML, like Gecko) Chrome/19.0.1084.46 Safari/536.5" 599
188.138.40.166 - - [19/Mar/2022:04:37:35] "POST /category.screen?categoryId=STRATEGY&JSESSIONID=SD9SL8FF4ADFF4951 HTTP 1.1" 200 562 "http://www.buttercupgames.com/product.screen?productId=DC-SG-G02" "Mozilla/5.0 (Windows NT 6.1; WOW64) AppleWebKit/536.5 (KHTML, like Gecko) Chrome/19.0.1084.46 Safari/536.5" 735
188.138.40.166 - - [19/Mar/2022:04:37:43] "GET /product.screen?productId=PZ-SG-G05&JSESSIONID=SD9SL8FF4ADFF4951 HTTP 1.1" 200 3982 "http://www.buttercupgames.com/oldlink" "Mozilla/5.0 (Windows NT 6.1; WOW64) AppleWebKit/536.5 (KHTML, like Gecko) Chrome/19.0.1084.46 Safari/536.5" 156
188.138.40.166 - - [19/Mar/2022:04:37:52] "GET /product.screen?productId=MB-AG-T01&JSESSIONID=SD9SL8FF4ADFF4951 HTTP 1.1" 200 1048 "http://www.buttercupgames.com/category.screen?categoryId=TEE" "Mozilla/5.0 (Windows NT 6.1; WOW64) AppleWebKit/536.5 (KHTML, like Gecko) Chrome/19.0.1084.46 Safari/536.5" 979
188.138.40.166 - - [19/Mar/2022:04:37:56] "POST /cart.do?action=addtocart&productId=MB-AG-T01&JSESSIONID=SD9SL8FF4ADFF4951 HTTP 1.1" 200 1666 "http://www.buttercupgames.com/product.screen?productId=MB-AG-T01" "Mozilla/5.0 (Windows NT 6.1; WOW64) AppleWebKit/536.5 (KHTML, like Gecko) Chrome/19.0.1084.46 Safari/536.5" 955
188.138.40.166 - - [19/Mar/2022:04:38:00] "POST /success.do?action=purchase&categoryId=TEE&productId=MB-AG-T01&JSESSIONID=SD9SL8FF4ADFF4951 HTTP 1.1" 200 2992 "http://www.buttercupgames.com/cart.do?action=addtocart&categoryId=TEE&productId=MB-AG-T01" "Mozilla/5.0 (Windows NT 6.1; WOW64) AppleWebKit/536.5 (KHTML, like Gecko) Chrome/19.0.1084.46 Safari/536.5" 514
188.138.40.166 - - [19/Mar/2022:04:38:00] "POST /cart/success.do?JSESSIONID=SD9SL8FF4ADFF4951&productId=DC-SG-G02 HTTP 1.1" 200 624 "http://www.buttercupgames.com/cart.do?action=purchase&" "Mozilla/5.0 (Windows NT 6.1; WOW64) AppleWebKit/536.5 (KHTML, like Gecko) Chrome/19.0.1084.46 Safari/536.5" 911
188.138.40.166 - - [19/Mar/2022:04:38:05] "POST /oldlink?&JSESSIONID=SD9SL8FF4ADFF4951 HTTP 1.1" 200 3091 "http://www.buttercupgames.com/oldlink" "Mozilla/5.0 (Windows NT 6.1; WOW64) AppleWebKit/536.5 (KHTML, like Gecko) Chrome/19.0.1084.46 Safari/536.5" 698
200.6.134.23 - - [19/Mar/2022:04:41:34] "POST /category.screen?categoryId=TEE&JSESSIONID=SD9SL4FF7ADFF4961 HTTP 1.1" 200 3796 "http://www.google.com" "Mozilla/5.0 (Windows NT 6.1; WOW64) AppleWebKit/536.5 (KHTML, like Gecko) Chrome/19.0.1084.46 Safari/536.5" 393
200.6.134.23 - - [19/Mar/2022:04:41:43] "GET /product.screen?productId=MB-AG-G07&JSESSIONID=SD9SL4FF7ADFF4961 HTTP 1.1" 200 1555 "http://www.buttercupgames.com/cart.do?action=view&productId=MB-AG-G07" "Mozilla/5.0 (Windows NT 6.1; WOW64) AppleWebKit/536.5 (KHTML, like Gecko) Chrome/19.0.1084.46 Safari/536.5" 911
94.229.0.21 - - [19/Mar/2022:04:41:45] "GET /oldlink?&JSESSIONID=SD4SL5FF4ADFF4966 HTTP 1.1" 200 3575 "http://www.bing.com" "Mozilla/5.0 (Windows NT 6.1; WOW64; rv:12.0) Gecko/20100101 Firefox/12.0" 824
200.6.134.23 - - [19/Mar/2022:04:41:55] "GET /cart.do?action=view&productId=DC-SG-G02&JSESSIONID=SD9SL4FF7ADFF4961 HTTP 1.1" 200 2956 "http://www.buttercupgames.com/oldlink" "Mozilla/5.0 (Windows NT 6.1; WOW64) AppleWebKit/536.5 (KHTML, like Gecko) Chrome/19.0.1084.46 Safari/536.5" 712
200.6.134.23 - - [19/Mar/2022:04:41:59] "GET /category.screen?categoryId=TEE&JSESSIONID=SD9SL4FF7ADFF4961 HTTP 1.1" 200 1877 "http://www.buttercupgames.com/product.screen?productId=MB-AG-T01" "Mozilla/5.0 (Windows NT 6.1; WOW64) AppleWebKit/536.5 (KHTML, like Gecko) Chrome/19.0.1084.46 Safari/536.5" 798
94.229.0.21 - - [19/Mar/2022:04:41:59] "POST /cart.do?action=view&productId=MB-AG-G07&JSESSIONID=SD4SL5FF4ADFF4966 HTTP 1.1" 200 2130 "http://www.buttercupgames.com/cart.do?action=view&productId=MB-AG-G07" "Mozilla/5.0 (Windows NT 6.1; WOW64; rv:12.0) Gecko/20100101 Firefox/12.0" 128
200.6.134.23 - - [19/Mar/2022:04:42:04] "GET /product.screen?productId=DB-SG-G01&JSESSIONID=SD9SL4FF7ADFF4961 HTTP 1.1" 200 1260 "http://www.buttercupgames.com/oldlink" "Mozilla/5.0 (Windows NT 6.1; WOW64) AppleWebKit/536.5 (KHTML, like Gecko) Chrome/19.0.1084.46 Safari/536.5" 855
94.229.0.21 - - [19/Mar/2022:04:42:07] "GET /product.screen?productId=FI-AG-G08&JSESSIONID=SD4SL5FF4ADFF4966 HTTP 1.1" 200 484 "http://www.buttercupgames.com/oldlink" "Mozilla/5.0 (Windows NT 6.1; WOW64; rv:12.0) Gecko/20100101 Firefox/12.0" 928
200.6.134.23 - - [19/Mar/2022:04:42:22] "POST /cart.do?action=remove&productId=BS-AG-G09&JSESSIONID=SD9SL4FF7ADFF4961 HTTP 1.1" 200 2875 "http://www.buttercupgames.com/product.screen?productId=BS-AG-G09" "Mozilla/5.0 (Windows NT 6.1; WOW64) AppleWebKit/536.5 (KHTML, like Gecko) Chrome/19.0.1084.46 Safari/536.5" 343
211.191.168.25 - - [19/Mar/2022:04:43:15] "GET /cart.do?action=addtocart&productId=FI-AG-G08&JSESSIONID=SD8SL10FF4ADFF4953 HTTP 1.1" 200 3865 "http://www.google.com" "Mozilla/5.0 (Macintosh; Intel Mac OS X 10_7_4) AppleWebKit/536.5 (KHTML, like Gecko) Chrome/19.0.1084.46 Safari/536.5" 501
211.191.168.25 - - [19/Mar/2022:04:43:21] "GET /cart.do?action=view&productId=CU-PG-G06&JSESSIONID=SD8SL10FF4ADFF4953 HTTP 1.1" 200 317 "http://www.buttercupgames.com/product.screen?productId=CU-PG-G06" "Mozilla/5.0 (Macintosh; Intel Mac OS X 10_7_4) AppleWebKit/536.5 (KHTML, like Gecko) Chrome/19.0.1084.46 Safari/536.5" 183
211.191.168.25 - - [19/Mar/2022:04:43:26] "GET /product.screen?productId=DB-SG-G01&JSESSIONID=SD8SL10FF4ADFF4953 HTTP 1.1" 200 2649 "http://www.buttercupgames.com/category.screen?categoryId=STRATEGY" "Mozilla/5.0 (Macintosh; Intel Mac OS X 10_7_4) AppleWebKit/536.5 (KHTML, like Gecko) Chrome/19.0.1084.46 Safari/536.5" 758
211.191.168.25 - - [19/Mar/2022:04:43:28] "POST /cart.do?action=addtocart&productId=DB-SG-G01&JSESSIONID=SD8SL10FF4ADFF4953 HTTP 1.1" 200 1005 "http://www.buttercupgames.com/product.screen?productId=DB-SG-G01" "Mozilla/5.0 (Macintosh; Intel Mac OS X 10_7_4) AppleWebKit/536.5 (KHTML, like Gecko) Chrome/19.0.1084.46 Safari/536.5" 104
211.191.168.25 - - [19/Mar/2022:04:43:32] "POST /success.do?action=purchase&categoryId=STRATEGY&productId=DB-SG-G01&JSESSIONID=SD8SL10FF4ADFF4953 HTTP 1.1" 200 1690 "http://www.buttercupgames.com/cart.do?action=addtocart&categoryId=STRATEGY&productId=DB-SG-G01" "Mozilla/5.0 (Macintosh; Intel Mac OS X 10_7_4) AppleWebKit/536.5 (KHTML, like Gecko) Chrome/19.0.1084.46 Safari/536.5" 234
211.191.168.25 - - [19/Mar/2022:04:43:32] "POST /cart/success.do?JSESSIONID=SD8SL10FF4ADFF4953&productId=DB-SG-G01 HTTP 1.1" 200 766 "http://www.buttercupgames.com/cart.do?action=purchase&" "Mozilla/5.0 (Macintosh; Intel Mac OS X 10_7_4) AppleWebKit/536.5 (KHTML, like Gecko) Chrome/19.0.1084.46 Safari/536.5" 800
211.191.168.25 - - [19/Mar/2022:04:43:48] "GET /product.screen?productId=FI-AG-G08&JSESSIONID=SD8SL10FF4ADFF4953 HTTP 1.1" 200 3620 "http://www.buttercupgames.com/cart.do?action=view&productId=FI-AG-G08" "Mozilla/5.0 (Macintosh; Intel Mac OS X 10_7_4) AppleWebKit/536.5 (KHTML, like Gecko) Chrome/19.0.1084.46 Safari/536.5" 238
223.5.16.102 - - [19/Mar/2022:04:45:30] "POST /product.screen?productId=SF-BVS-01&JSESSIONID=SD1SL7FF3ADFF4961 HTTP 1.1" 400 876 "http://www.bing.com" "Mozilla/5.0 (Macintosh; Intel Mac OS X 10_7_4) AppleWebKit/536.5 (KHTML, like Gecko) Chrome/19.0.1084.46 Safari/536.5" 406
125.89.78.6 - - [19/Mar/2022:04:47:30] "GET /product.screen?productId=WC-SH-G04&JSESSIONID=SD3SL6FF1ADFF4963 HTTP 1.1" 200 1405 "http://www.buttercupgames.com/category.screen?categoryId=SHOOTER" "Mozilla/5.0 (Windows; U; Windows NT 5.1; en-US; rv:1.9.2.28) Gecko/20120306 YFF3 Firefox/3.6.28 ( .NET CLR 3.5.30729; .NET4.0C)" 917
125.89.78.6 - - [19/Mar/2022:04:47:33] "POST /cart.do?action=addtocart&productId=WC-SH-G04&JSESSIONID=SD3SL6FF1ADFF4963 HTTP 1.1" 200 3706 "http://www.buttercupgames.com/product.screen?productId=WC-SH-G04" "Mozilla/5.0 (Windows; U; Windows NT 5.1; en-US; rv:1.9.2.28) Gecko/20120306 YFF3 Firefox/3.6.28 ( .NET CLR 3.5.30729; .NET4.0C)" 164
125.89.78.6 - - [19/Mar/2022:04:47:36] "POST /success.do?action=purchase&categoryId=SHOOTER&productId=WC-SH-G04&JSESSIONID=SD3SL6FF1ADFF4963 HTTP 1.1" 200 1582 "http://www.buttercupgames.com/cart.do?action=addtocart&categoryId=SHOOTER&productId=WC-SH-G04" "Mozilla/5.0 (Windows; U; Windows NT 5.1; en-US; rv:1.9.2.28) Gecko/20120306 YFF3 Firefox/3.6.28 ( .NET CLR 3.5.30729; .NET4.0C)" 152
125.89.78.6 - - [19/Mar/2022:04:47:36] "POST /cart/success.do?JSESSIONID=SD3SL6FF1ADFF4963&productId=WSC-MG-G10 HTTP 1.1" 200 2724 "http://www.buttercupgames.com/cart.do?action=purchase&" "Mozilla/5.0 (Windows; U; Windows NT 5.1; en-US; rv:1.9.2.28) Gecko/20120306 YFF3 Firefox/3.6.28 ( .NET CLR 3.5.30729; .NET4.0C)" 468
125.89.78.6 - - [19/Mar/2022:04:47:48] "GET /product.screen?productId=SC-MG-G10&JSESSIONID=SD3SL6FF1ADFF4963 HTTP 1.1" 200 1172 "http://www.buttercupgames.com/cart.do?action=remove&productId=SC-MG-G10" "Mozilla/5.0 (Windows; U; Windows NT 5.1; en-US; rv:1.9.2.28) Gecko/20120306 YFF3 Firefox/3.6.28 ( .NET CLR 3.5.30729; .NET4.0C)" 686
125.89.78.6 - - [19/Mar/2022:04:47:57] "GET /category.screen?categoryId=ARCADE&JSESSIONID=SD3SL6FF1ADFF4963 HTTP 1.1" 200 223 "http://www.buttercupgames.com/oldlink" "Mozilla/5.0 (Windows; U; Windows NT 5.1; en-US; rv:1.9.2.28) Gecko/20120306 YFF3 Firefox/3.6.28 ( .NET CLR 3.5.30729; .NET4.0C)" 890
125.89.78.6 - - [19/Mar/2022:04:48:16] "GET /oldlink?&JSESSIONID=SD3SL6FF1ADFF4963 HTTP 1.1" 200 2678 "http://www.buttercupgames.com/product.screen?productId=WC-SH-G04" "Mozilla/5.0 (Windows; U; Windows NT 5.1; en-US; rv:1.9.2.28) Gecko/20120306 YFF3 Firefox/3.6.28 ( .NET CLR 3.5.30729; .NET4.0C)" 516
125.89.78.6 - - [19/Mar/2022:04:48:24] "GET /product.screen?productId=DB-SG-G01&JSESSIONID=SD3SL6FF1ADFF4963 HTTP 1.1" 200 2664 "http://www.buttercupgames.com/cart.do?action=changequantity&productId=DB-SG-G01" "Mozilla/5.0 (Windows; U; Windows NT 5.1; en-US; rv:1.9.2.28) Gecko/20120306 YFF3 Firefox/3.6.28 ( .NET CLR 3.5.30729; .NET4.0C)" 330
125.89.78.6 - - [19/Mar/2022:04:48:30] "GET /oldlink?&JSESSIONID=SD3SL6FF1ADFF4963 HTTP 1.1" 200 897 "http://www.buttercupgames.com/oldlink" "Mozilla/5.0 (Windows; U; Windows NT 5.1; en-US; rv:1.9.2.28) Gecko/20120306 YFF3 Firefox/3.6.28 ( .NET CLR 3.5.30729; .NET4.0C)" 567
147.213.138.201 - - [19/Mar/2022:04:48:36] "GET /category.screen?categoryId=NULL&JSESSIONID=SD6SL10FF4ADFF4960 HTTP 1.1" 408 2757 "http://www.buttercupgames.com" "Mozilla/5.0 (Windows NT 5.1) AppleWebKit/536.5 (KHTML, like Gecko) Chrome/19.0.1084.52 Safari/536.5" 480
125.89.78.6 - - [19/Mar/2022:04:48:44] "POST /cart.do?action=view&productId=PZ-SG-G05&JSESSIONID=SD3SL6FF1ADFF4963 HTTP 1.1" 200 3818 "http://www.buttercupgames.com/oldlink" "Mozilla/5.0 (Windows; U; Windows NT 5.1; en-US; rv:1.9.2.28) Gecko/20120306 YFF3 Firefox/3.6.28 ( .NET CLR 3.5.30729; .NET4.0C)" 828
147.213.138.201 - - [19/Mar/2022:04:48:53] "GET /oldlink?&JSESSIONID=SD6SL10FF4ADFF4960 HTTP 1.1" 200 1211 "http://www.buttercupgames.com/product.screen?productId=FS-SG-G03" "Mozilla/5.0 (Windows NT 5.1) AppleWebKit/536.5 (KHTML, like Gecko) Chrome/19.0.1084.52 Safari/536.5" 688
125.89.78.6 - - [19/Mar/2022:04:49:00] "POST /category.screen?categoryId=ACCESSORIES&JSESSIONID=SD3SL6FF1ADFF4963 HTTP 1.1" 200 2582 "http://www.buttercupgames.com/oldlink" "Mozilla/5.0 (Windows; U; Windows NT 5.1; en-US; rv:1.9.2.28) Gecko/20120306 YFF3 Firefox/3.6.28 ( .NET CLR 3.5.30729; .NET4.0C)" 840
147.213.138.201 - - [19/Mar/2022:04:49:02] "POST /stuff/logo.ico?JSESSIONID=SD6SL10FF4ADFF4960 HTTP 1.1" 404 970 "http://www.buttercupgames.com/oldlink" "Mozilla/5.0 (Windows NT 5.1) AppleWebKit/536.5 (KHTML, like Gecko) Chrome/19.0.1084.52 Safari/536.5" 592
147.213.138.201 - - [19/Mar/2022:04:49:07] "GET /product.screen?productId=FI-AG-G08&JSESSIONID=SD6SL10FF4ADFF4960 HTTP 1.1" 200 1972 "http://www.buttercupgames.com/category.screen?categoryId=ARCADE" "Mozilla/5.0 (Windows NT 5.1) AppleWebKit/536.5 (KHTML, like Gecko) Chrome/19.0.1084.52 Safari/536.5" 350
147.213.138.201 - - [19/Mar/2022:04:49:09] "POST /cart.do?action=addtocart&productId=FI-AG-G08&JSESSIONID=SD6SL10FF4ADFF4960 HTTP 1.1" 200 1519 "http://www.buttercupgames.com/product.screen?productId=FI-AG-G08" "Mozilla/5.0 (Windows NT 5.1) AppleWebKit/536.5 (KHTML, like Gecko) Chrome/19.0.1084.52 Safari/536.5" 804
147.213.138.201 - - [19/Mar/2022:04:49:12] "POST /success.do?action=purchase&categoryId=ARCADE&productId=FI-AG-G08&JSESSIONID=SD6SL10FF4ADFF4960 HTTP 1.1" 200 1275 "http://www.buttercupgames.com/cart.do?action=addtocart&categoryId=ARCADE&productId=FI-AG-G08" "Mozilla/5.0 (Windows NT 5.1) AppleWebKit/536.5 (KHTML, like Gecko) Chrome/19.0.1084.52 Safari/536.5" 362
147.213.138.201 - - [19/Mar/2022:04:49:12] "POST /cart/success.do?JSESSIONID=SD6SL10FF4ADFF4960&productId=WC-SH-A01 HTTP 1.1" 200 1189 "http://www.buttercupgames.com/cart.do?action=purchase&" "Mozilla/5.0 (Windows NT 5.1) AppleWebKit/536.5 (KHTML, like Gecko) Chrome/19.0.1084.52 Safari/536.5" 326
147.213.138.201 - - [19/Mar/2022:04:49:17] "GET /product.screen?productId=FS-SG-G03&JSESSIONID=SD6SL10FF4ADFF4960 HTTP 1.1" 200 358 "http://www.buttercupgames.com/category.screen?categoryId=STRATEGY" "Mozilla/5.0 (Windows NT 5.1) AppleWebKit/536.5 (KHTML, like Gecko) Chrome/19.0.1084.52 Safari/536.5" 593
125.89.78.6 - - [19/Mar/2022:04:49:17] "GET /product.screen?productId=MB-AG-T01&JSESSIONID=SD3SL6FF1ADFF4963 HTTP 1.1" 200 3190 "http://www.buttercupgames.com/category.screen?categoryId=TEE" "Mozilla/5.0 (Windows; U; Windows NT 5.1; en-US; rv:1.9.2.28) Gecko/20120306 YFF3 Firefox/3.6.28 ( .NET CLR 3.5.30729; .NET4.0C)" 503
147.213.138.201 - - [19/Mar/2022:04:49:20] "POST /cart.do?action=addtocart&productId=FS-SG-G03&JSESSIONID=SD6SL10FF4ADFF4960 HTTP 1.1" 200 2305 "http://www.buttercupgames.com/product.screen?productId=FS-SG-G03" "Mozilla/5.0 (Windows NT 5.1) AppleWebKit/536.5 (KHTML, like Gecko) Chrome/19.0.1084.52 Safari/536.5" 755
147.213.138.201 - - [19/Mar/2022:04:49:21] "POST /success.do?action=purchase&categoryId=STRATEGY&productId=FS-SG-G03&JSESSIONID=SD6SL10FF4ADFF4960 HTTP 1.1" 200 2642 "http://www.buttercupgames.com/cart.do?action=addtocart&categoryId=STRATEGY&productId=FS-SG-G03" "Mozilla/5.0 (Windows NT 5.1) AppleWebKit/536.5 (KHTML, like Gecko) Chrome/19.0.1084.52 Safari/536.5" 282
125.89.78.6 - - [19/Mar/2022:04:49:22] "POST /cart.do?action=addtocart&productId=MB-AG-T01&JSESSIONID=SD3SL6FF1ADFF4963 HTTP 1.1" 200 911 "http://www.buttercupgames.com/product.screen?productId=MB-AG-T01" "Mozilla/5.0 (Windows; U; Windows NT 5.1; en-US; rv:1.9.2.28) Gecko/20120306 YFF3 Firefox/3.6.28 ( .NET CLR 3.5.30729; .NET4.0C)" 333
125.89.78.6 - - [19/Mar/2022:04:49:27] "POST /success.do?action=purchase&categoryId=TEE&productId=MB-AG-T01&JSESSIONID=SD3SL6FF1ADFF4963 HTTP 1.1" 200 1084 "http://www.buttercupgames.com/cart.do?action=addtocart&categoryId=TEE&productId=MB-AG-T01" "Mozilla/5.0 (Windows; U; Windows NT 5.1; en-US; rv:1.9.2.28) Gecko/20120306 YFF3 Firefox/3.6.28 ( .NET CLR 3.5.30729; .NET4.0C)" 904
125.89.78.6 - - [19/Mar/2022:04:49:27] "POST /cart/error.do?msg=FormError&JSESSIONID=SD3SL6FF1ADFF4963 HTTP 1.1" 200 2657 "http://www.buttercupgames.com/cart.do?action=purchase&" "Mozilla/5.0 (Windows; U; Windows NT 5.1; en-US; rv:1.9.2.28) Gecko/20120306 YFF3 Firefox/3.6.28 ( .NET CLR 3.5.30729; .NET4.0C)" 978
147.213.138.201 - - [19/Mar/2022:04:49:29] "GET /product.screen?productId=WC-SH-A01&JSESSIONID=SD6SL10FF4ADFF4960 HTTP 1.1" 200 682 "http://www.buttercupgames.com/oldlink" "Mozilla/5.0 (Windows NT 5.1) AppleWebKit/536.5 (KHTML, like Gecko) Chrome/19.0.1084.52 Safari/536.5" 920
147.213.138.201 - - [19/Mar/2022:04:49:35] "GET /oldlink?&JSESSIONID=SD6SL10FF4ADFF4960 HTTP 1.1" 200 222 "http://www.buttercupgames.com/category.screen?categoryId=STRATEGY" "Mozilla/5.0 (Windows NT 5.1) AppleWebKit/536.5 (KHTML, like Gecko) Chrome/19.0.1084.52 Safari/536.5" 638
125.89.78.6 - - [19/Mar/2022:04:49:42] "GET /oldlink?&JSESSIONID=SD3SL6FF1ADFF4963 HTTP 1.1" 406 900 "http://www.buttercupgames.com/product.screen?productId=SF-BVS-01" "Mozilla/5.0 (Windows; U; Windows NT 5.1; en-US; rv:1.9.2.28) Gecko/20120306 YFF3 Firefox/3.6.28 ( .NET CLR 3.5.30729; .NET4.0C)" 572
147.213.138.201 - - [19/Mar/2022:04:49:45] "GET /oldlink?&JSESSIONID=SD6SL10FF4ADFF4960 HTTP 1.1" 403 1485 "http://www.buttercupgames.com/product.screen?productId=SF-BVS-01" "Mozilla/5.0 (Windows NT 5.1) AppleWebKit/536.5 (KHTML, like Gecko) Chrome/19.0.1084.52 Safari/536.5" 102
125.89.78.6 - - [19/Mar/2022:04:49:58] "GET /product.screen?productId=SF-BVS-01&JSESSIONID=SD3SL6FF1ADFF4963 HTTP 1.1" 505 1422 "http://www.buttercupgames.com/product.screen?productId=SF-BVS-01" "Mozilla/5.0 (Windows; U; Windows NT 5.1; en-US; rv:1.9.2.28) Gecko/20120306 YFF3 Firefox/3.6.28 ( .NET CLR 3.5.30729; .NET4.0C)" 170
147.213.138.201 - - [19/Mar/2022:04:50:04] "POST /category.screen?categoryId=NULL&JSESSIONID=SD6SL10FF4ADFF4960 HTTP 1.1" 400 3999 "http://www.buttercupgames.com/oldlink" "Mozilla/5.0 (Windows NT 5.1) AppleWebKit/536.5 (KHTML, like Gecko) Chrome/19.0.1084.52 Safari/536.5" 456
147.213.138.201 - - [19/Mar/2022:04:50:23] "GET /cart.do?action=changequantity&productId=WC-SH-G04&JSESSIONID=SD6SL10FF4ADFF4960 HTTP 1.1" 200 3929 "http://www.buttercupgames.com/oldlink" "Mozilla/5.0 (Windows NT 5.1) AppleWebKit/536.5 (KHTML, like Gecko) Chrome/19.0.1084.52 Safari/536.5" 889
147.213.138.201 - - [19/Mar/2022:04:50:31] "GET /product.screen?productId=WC-SH-G04&JSESSIONID=SD6SL10FF4ADFF4960 HTTP 1.1" 200 2582 "http://www.buttercupgames.com/category.screen?categoryId=SHOOTER" "Mozilla/5.0 (Windows NT 5.1) AppleWebKit/536.5 (KHTML, like Gecko) Chrome/19.0.1084.52 Safari/536.5" 248
147.213.138.201 - - [19/Mar/2022:04:50:33] "POST /cart.do?action=addtocart&productId=WC-SH-G04&JSESSIONID=SD6SL10FF4ADFF4960 HTTP 1.1" 200 1296 "http://www.buttercupgames.com/product.screen?productId=WC-SH-G04" "Mozilla/5.0 (Windows NT 5.1) AppleWebKit/536.5 (KHTML, like Gecko) Chrome/19.0.1084.52 Safari/536.5" 760
147.213.138.201 - - [19/Mar/2022:04:50:34] "POST /success.do?action=purchase&categoryId=SHOOTER&productId=WC-SH-G04&JSESSIONID=SD6SL10FF4ADFF4960 HTTP 1.1" 200 2215 "http://www.buttercupgames.com/cart.do?action=addtocart&categoryId=SHOOTER&productId=WC-SH-G04" "Mozilla/5.0 (Windows NT 5.1) AppleWebKit/536.5 (KHTML, like Gecko) Chrome/19.0.1084.52 Safari/536.5" 176
147.213.138.201 - - [19/Mar/2022:04:50:34] "POST /cart/success.do?JSESSIONID=SD6SL10FF4ADFF4960&productId=FS-SG-G03 HTTP 1.1" 200 2849 "http://www.buttercupgames.com/cart.do?action=purchase&" "Mozilla/5.0 (Windows NT 5.1) AppleWebKit/536.5 (KHTML, like Gecko) Chrome/19.0.1084.52 Safari/536.5" 249
211.140.3.183 - - [19/Mar/2022:04:51:54] "GET /cart.do?action=changequantity&productId=MB-AG-G07&JSESSIONID=SD2SL8FF9ADFF4950 HTTP 1.1" 200 3352 "http://www.google.com" "Mozilla/5.0 (Windows; U; Windows NT 5.1; en-US; rv:1.9.2.28) Gecko/20120306 YFF3 Firefox/3.6.28 ( .NET CLR 3.5.30729; .NET4.0C)" 765
211.140.3.183 - - [19/Mar/2022:04:52:08] "GET /cart.do?action=changequantity&productId=FS-SG-G03&JSESSIONID=SD2SL8FF9ADFF4950 HTTP 1.1" 200 3364 "http://www.buttercupgames.com/product.screen?productId=FS-SG-G03" "Mozilla/5.0 (Windows; U; Windows NT 5.1; en-US; rv:1.9.2.28) Gecko/20120306 YFF3 Firefox/3.6.28 ( .NET CLR 3.5.30729; .NET4.0C)" 986
211.140.3.183 - - [19/Mar/2022:04:52:23] "POST /oldlink?&JSESSIONID=SD2SL8FF9ADFF4950 HTTP 1.1" 200 1466 "http://www.buttercupgames.com/oldlink" "Mozilla/5.0 (Windows; U; Windows NT 5.1; en-US; rv:1.9.2.28) Gecko/20120306 YFF3 Firefox/3.6.28 ( .NET CLR 3.5.30729; .NET4.0C)" 685
211.140.3.183 - - [19/Mar/2022:04:52:36] "GET /product.screen?productId=MB-AG-G07&JSESSIONID=SD2SL8FF9ADFF4950 HTTP 1.1" 200 3855 "http://www.buttercupgames.com/category.screen?categoryId=ARCADE" "Mozilla/5.0 (Windows; U; Windows NT 5.1; en-US; rv:1.9.2.28) Gecko/20120306 YFF3 Firefox/3.6.28 ( .NET CLR 3.5.30729; .NET4.0C)" 422
211.140.3.183 - - [19/Mar/2022:04:52:41] "POST /cart.do?action=addtocart&productId=MB-AG-G07&JSESSIONID=SD2SL8FF9ADFF4950 HTTP 1.1" 200 2644 "http://www.buttercupgames.com/product.screen?productId=MB-AG-G07" "Mozilla/5.0 (Windows; U; Windows NT 5.1; en-US; rv:1.9.2.28) Gecko/20120306 YFF3 Firefox/3.6.28 ( .NET CLR 3.5.30729; .NET4.0C)" 585
211.140.3.183 - - [19/Mar/2022:04:52:45] "POST /success.do?action=purchase&categoryId=ARCADE&productId=MB-AG-G07&JSESSIONID=SD2SL8FF9ADFF4950 HTTP 1.1" 200 3822 "http://www.buttercupgames.com/cart.do?action=addtocart&categoryId=ARCADE&productId=MB-AG-G07" "Mozilla/5.0 (Windows; U; Windows NT 5.1; en-US; rv:1.9.2.28) Gecko/20120306 YFF3 Firefox/3.6.28 ( .NET CLR 3.5.30729; .NET4.0C)" 297
211.140.3.183 - - [19/Mar/2022:04:52:45] "POST /cart/success.do?JSESSIONID=SD2SL8FF9ADFF4950&productId=FI-AG-G08 HTTP 1.1" 200 2807 "http://www.buttercupgames.com/cart.do?action=purchase&" "Mozilla/5.0 (Windows; U; Windows NT 5.1; en-US; rv:1.9.2.28) Gecko/20120306 YFF3 Firefox/3.6.28 ( .NET CLR 3.5.30729; .NET4.0C)" 319
211.140.3.183 - - [19/Mar/2022:04:53:04] "GET /product.screen?productId=FS-SG-G03&JSESSIONID=SD2SL8FF9ADFF4950 HTTP 1.1" 200 1567 "http://www.buttercupgames.com/oldlink" "Mozilla/5.0 (Windows; U; Windows NT 5.1; en-US; rv:1.9.2.28) Gecko/20120306 YFF3 Firefox/3.6.28 ( .NET CLR 3.5.30729; .NET4.0C)" 390
211.140.3.183 - - [19/Mar/2022:04:53:11] "GET /oldlink?&JSESSIONID=SD2SL8FF9ADFF4950 HTTP 1.1" 200 345 "http://www.buttercupgames.com/cart.do?action=view&productId=WC-SH-A02" "Mozilla/5.0 (Windows; U; Windows NT 5.1; en-US; rv:1.9.2.28) Gecko/20120306 YFF3 Firefox/3.6.28 ( .NET CLR 3.5.30729; .NET4.0C)" 620
216.221.226.11 - - [19/Mar/2022:04:53:21] "GET /product.screen?productId=SC-MG-G10&JSESSIONID=SD9SL5FF9ADFF4953 HTTP 1.1" 200 515 "http://www.buttercupgames.com/category.screen?categoryId=SIMULATION" "Mozilla/4.0 (compatible; MSIE 7.0; Windows NT 5.2; .NET CLR 1.1.4322; InfoPath.1; MS-RTC LM 8)" 498
216.221.226.11 - - [19/Mar/2022:04:53:22] "POST /cart.do?action=addtocart&productId=SC-MG-G10&JSESSIONID=SD9SL5FF9ADFF4953 HTTP 1.1" 200 973 "http://www.buttercupgames.com/product.screen?productId=SC-MG-G10" "Mozilla/4.0 (compatible; MSIE 7.0; Windows NT 5.2; .NET CLR 1.1.4322; InfoPath.1; MS-RTC LM 8)" 451
216.221.226.11 - - [19/Mar/2022:04:53:27] "POST /success.do?action=purchase&categoryId=SIMULATION&productId=SC-MG-G10&JSESSIONID=SD9SL5FF9ADFF4953 HTTP 1.1" 200 545 "http://www.buttercupgames.com/cart.do?action=addtocart&categoryId=SIMULATION&productId=SC-MG-G10" "Mozilla/4.0 (compatible; MSIE 7.0; Windows NT 5.2; .NET CLR 1.1.4322; InfoPath.1; MS-RTC LM 8)" 113
216.221.226.11 - - [19/Mar/2022:04:53:27] "POST /cart/success.do?JSESSIONID=SD9SL5FF9ADFF4953&productId=FS-SG-G03 HTTP 1.1" 200 1161 "http://www.buttercupgames.com/cart.do?action=purchase&" "Mozilla/4.0 (compatible; MSIE 7.0; Windows NT 5.2; .NET CLR 1.1.4322; InfoPath.1; MS-RTC LM 8)" 573
211.140.3.183 - - [19/Mar/2022:04:53:27] "GET /product.screen?productId=WC-SH-A02&JSESSIONID=SD2SL8FF9ADFF4950 HTTP 1.1" 200 3421 "http://www.buttercupgames.com/product.screen?productId=WC-SH-A02" "Mozilla/5.0 (Windows; U; Windows NT 5.1; en-US; rv:1.9.2.28) Gecko/20120306 YFF3 Firefox/3.6.28 ( .NET CLR 3.5.30729; .NET4.0C)" 270
211.140.3.183 - - [19/Mar/2022:04:53:38] "GET /category.screen?categoryId=TEE&JSESSIONID=SD2SL8FF9ADFF4950 HTTP 1.1" 200 3729 "http://www.buttercupgames.com/cart.do?action=addtocart&productId=MB-AG-T01" "Mozilla/5.0 (Windows; U; Windows NT 5.1; en-US; rv:1.9.2.28) Gecko/20120306 YFF3 Firefox/3.6.28 ( .NET CLR 3.5.30729; .NET4.0C)" 315
216.221.226.11 - - [19/Mar/2022:04:53:45] "GET /oldlink?&JSESSIONID=SD9SL5FF9ADFF4953 HTTP 1.1" 200 3597 "http://www.buttercupgames.com/cart.do?action=view&productId=WC-SH-A01" "Mozilla/4.0 (compatible; MSIE 7.0; Windows NT 5.2; .NET CLR 1.1.4322; InfoPath.1; MS-RTC LM 8)" 551
216.221.226.11 - - [19/Mar/2022:04:53:49] "GET /oldlink?&JSESSIONID=SD9SL5FF9ADFF4953 HTTP 1.1" 200 1750 "http://www.buttercupgames.com/cart.do?action=remove&productId=SC-MG-G10" "Mozilla/4.0 (compatible; MSIE 7.0; Windows NT 5.2; .NET CLR 1.1.4322; InfoPath.1; MS-RTC LM 8)" 936
211.140.3.183 - - [19/Mar/2022:04:53:54] "GET /cart.do?action=addtocart&productId=CU-PG-G06&JSESSIONID=SD2SL8FF9ADFF4950 HTTP 1.1" 200 3562 "http://www.buttercupgames.com/cart.do?action=addtocart&productId=CU-PG-G06" "Mozilla/5.0 (Windows; U; Windows NT 5.1; en-US; rv:1.9.2.28) Gecko/20120306 YFF3 Firefox/3.6.28 ( .NET CLR 3.5.30729; .NET4.0C)" 250
216.221.226.11 - - [19/Mar/2022:04:54:00] "GET /cart.do?action=view&JSESSIONID=SD9SL5FF9ADFF4953 HTTP 1.1" 408 238 "http://www.buttercupgames.com/oldlink" "Mozilla/4.0 (compatible; MSIE 7.0; Windows NT 5.2; .NET CLR 1.1.4322; InfoPath.1; MS-RTC LM 8)" 534
95.163.78.227 - - [19/Mar/2022:04:54:53] "GET /category.screen?categoryId=STRATEGY&JSESSIONID=SD10SL9FF10ADFF4958 HTTP 1.1" 200 3954 "http://www.buttercupgames.com" "Mozilla/5.0 (Windows; U; Windows NT 5.1; en-US; rv:1.9.2.28) Gecko/20120306 YFF3 Firefox/3.6.28 ( .NET CLR 3.5.30729; .NET4.0C)" 635
95.163.78.227 - - [19/Mar/2022:04:55:08] "GET /product.screen?productId=PZ-SG-G05&JSESSIONID=SD10SL9FF10ADFF4958 HTTP 1.1" 200 568 "http://www.buttercupgames.com/oldlink" "Mozilla/5.0 (Windows; U; Windows NT 5.1; en-US; rv:1.9.2.28) Gecko/20120306 YFF3 Firefox/3.6.28 ( .NET CLR 3.5.30729; .NET4.0C)" 521
95.163.78.227 - - [19/Mar/2022:04:55:25] "GET /product.screen?productId=SC-MG-G10&JSESSIONID=SD10SL9FF10ADFF4958 HTTP 1.1" 200 2610 "http://www.buttercupgames.com/category.screen?categoryId=SIMULATION" "Mozilla/5.0 (Windows; U; Windows NT 5.1; en-US; rv:1.9.2.28) Gecko/20120306 YFF3 Firefox/3.6.28 ( .NET CLR 3.5.30729; .NET4.0C)" 632
95.163.78.227 - - [19/Mar/2022:04:55:35] "GET /oldlink?&JSESSIONID=SD10SL9FF10ADFF4958 HTTP 1.1" 200 1559 "http://www.buttercupgames.com/category.screen?categoryId=SHOOTER" "Mozilla/5.0 (Windows; U; Windows NT 5.1; en-US; rv:1.9.2.28) Gecko/20120306 YFF3 Firefox/3.6.28 ( .NET CLR 3.5.30729; .NET4.0C)" 303
196.28.38.71 - - [19/Mar/2022:04:58:14] "GET /product.screen?productId=MB-AG-T01&JSESSIONID=SD2SL3FF9ADFF4955 HTTP 1.1" 200 842 "http://www.google.com" "Mozilla/5.0 (Windows NT 6.1; WOW64; rv:12.0) Gecko/20100101 Firefox/12.0" 513
196.28.38.71 - - [19/Mar/2022:04:58:24] "GET /product.screen?productId=DC-SG-G02&JSESSIONID=SD2SL3FF9ADFF4955 HTTP 1.1" 200 590 "http://www.buttercupgames.com/oldlink" "Mozilla/5.0 (Windows NT 6.1; WOW64; rv:12.0) Gecko/20100101 Firefox/12.0" 278
196.28.38.71 - - [19/Mar/2022:04:58:36] "POST /oldlink?&JSESSIONID=SD2SL3FF9ADFF4955 HTTP 1.1" 200 2695 "http://www.buttercupgames.com/product.screen?productId=FS-SG-G03" "Mozilla/5.0 (Windows NT 6.1; WOW64; rv:12.0) Gecko/20100101 Firefox/12.0" 578
196.28.38.71 - - [19/Mar/2022:04:58:47] "POST /category.screen?categoryId=NULL&JSESSIONID=SD2SL3FF9ADFF4955 HTTP 1.1" 503 587 "http://www.buttercupgames.com/product.screen?productId=SF-BVS-01" "Mozilla/5.0 (Windows NT 6.1; WOW64; rv:12.0) Gecko/20100101 Firefox/12.0" 936
64.66.0.20 - - [19/Mar/2022:05:01:00] "GET /product.screen?productId=WC-SH-G04&JSESSIONID=SD6SL3FF4ADFF4966 HTTP 1.1" 200 2427 "http://www.buttercupgames.com" "Mozilla/5.0 (Windows; U; Windows NT 5.1; en-US; rv:1.9.2.28) Gecko/20120306 YFF3 Firefox/3.6.28 ( .NET CLR 3.5.30729; .NET4.0C)" 712
64.66.0.20 - - [19/Mar/2022:05:01:20] "POST /oldlink?&JSESSIONID=SD6SL3FF4ADFF4966 HTTP 1.1" 200 594 "http://www.buttercupgames.com/category.screen?categoryId=SPORTS" "Mozilla/5.0 (Windows; U; Windows NT 5.1; en-US; rv:1.9.2.28) Gecko/20120306 YFF3 Firefox/3.6.28 ( .NET CLR 3.5.30729; .NET4.0C)" 636
64.66.0.20 - - [19/Mar/2022:05:01:25] "GET /oldlink?&JSESSIONID=SD6SL3FF4ADFF4966 HTTP 1.1" 500 3823 "http://www.buttercupgames.com/oldlink" "Mozilla/5.0 (Windows; U; Windows NT 5.1; en-US; rv:1.9.2.28) Gecko/20120306 YFF3 Firefox/3.6.28 ( .NET CLR 3.5.30729; .NET4.0C)" 440
198.228.212.52 - - [19/Mar/2022:05:02:17] "POST /product.screen?productId=BS-AG-G09&JSESSIONID=SD5SL10FF7ADFF4955 HTTP 1.1" 200 227 "http://www.buttercupgames.com/category.screen?categoryId=ARCADE" "Mozilla/5.0 (compatible; MSIE 9.0; Windows NT 6.1; WOW64; Trident/5.0; BOIE9;ENUS)" 914
198.228.212.52 - - [19/Mar/2022:05:02:22] "POST /cart.do?action=addtocart&productId=BS-AG-G09&JSESSIONID=SD5SL10FF7ADFF4955 HTTP 1.1" 200 2783 "http://www.buttercupgames.com/product.screen?productId=BS-AG-G09" "Mozilla/5.0 (compatible; MSIE 9.0; Windows NT 6.1; WOW64; Trident/5.0; BOIE9;ENUS)" 700
198.228.212.52 - - [19/Mar/2022:05:02:26] "POST /success.do?action=purchase&categoryId=ARCADE&productId=BS-AG-G09&JSESSIONID=SD5SL10FF7ADFF4955 HTTP 1.1" 200 3034 "http://www.buttercupgames.com/cart.do?action=addtocart&categoryId=ARCADE&productId=BS-AG-G09" "Mozilla/5.0 (compatible; MSIE 9.0; Windows NT 6.1; WOW64; Trident/5.0; BOIE9;ENUS)" 330
198.228.212.52 - - [19/Mar/2022:05:02:26] "POST /cart/success.do?productId=GT-SC-G01&JSESSIONID=SD5SL10FF7ADFF4955 HTTP 1.1" 200 1332 "http://www.buttercupgames.com/cart.do?action=purchase&productId=GT-SC-G01" "Mozilla/5.0 (compatible; MSIE 9.0; Windows NT 6.1; WOW64; Trident/5.0; BOIE9;ENUS)" 383
198.228.212.52 - - [19/Mar/2022:05:02:37] "GET /product.screen?productId=DB-SG-G01&JSESSIONID=SD5SL10FF7ADFF4955 HTTP 1.1" 200 1138 "http://www.buttercupgames.com/category.screen?categoryId=STRATEGY" "Mozilla/5.0 (compatible; MSIE 9.0; Windows NT 6.1; WOW64; Trident/5.0; BOIE9;ENUS)" 328
198.228.212.52 - - [19/Mar/2022:05:02:39] "POST /cart.do?action=addtocart&productId=DB-SG-G01&JSESSIONID=SD5SL10FF7ADFF4955 HTTP 1.1" 200 3383 "http://www.buttercupgames.com/product.screen?productId=DB-SG-G01" "Mozilla/5.0 (compatible; MSIE 9.0; Windows NT 6.1; WOW64; Trident/5.0; BOIE9;ENUS)" 257
198.228.212.52 - - [19/Mar/2022:05:02:43] "POST /success.do?action=purchase&categoryId=STRATEGY&productId=DB-SG-G01&JSESSIONID=SD5SL10FF7ADFF4955 HTTP 1.1" 200 3052 "http://www.buttercupgames.com/cart.do?action=addtocart&categoryId=STRATEGY&productId=DB-SG-G01" "Mozilla/5.0 (compatible; MSIE 9.0; Windows NT 6.1; WOW64; Trident/5.0; BOIE9;ENUS)" 546
198.228.212.52 - - [19/Mar/2022:05:02:43] "POST /cart/success.do?JSESSIONID=SD5SL10FF7ADFF4955&productId=MB-AG-G07 HTTP 1.1" 200 1558 "http://www.buttercupgames.com/cart.do?action=purchase&" "Mozilla/5.0 (compatible; MSIE 9.0; Windows NT 6.1; WOW64; Trident/5.0; BOIE9;ENUS)" 401
198.228.212.52 - - [19/Mar/2022:05:03:00] "GET /product.screen?productId=DB-SG-G01&JSESSIONID=SD5SL10FF7ADFF4955 HTTP 1.1" 200 3996 "http://www.buttercupgames.com/product.screen?productId=DB-SG-G01" "Mozilla/5.0 (compatible; MSIE 9.0; Windows NT 6.1; WOW64; Trident/5.0; BOIE9;ENUS)" 547
198.228.212.52 - - [19/Mar/2022:05:03:18] "GET /cart.do?action=addtocart&JSESSIONID=SD5SL10FF7ADFF4955 HTTP 1.1" 500 2729 "http://www.buttercupgames.com/cart.do?action=addtocart&" "Mozilla/5.0 (compatible; MSIE 9.0; Windows NT 6.1; WOW64; Trident/5.0; BOIE9;ENUS)" 808
198.228.212.52 - - [19/Mar/2022:05:03:27] "GET /oldlink?&JSESSIONID=SD5SL10FF7ADFF4955 HTTP 1.1" 408 1097 "http://www.buttercupgames.com/oldlink" "Mozilla/5.0 (compatible; MSIE 9.0; Windows NT 6.1; WOW64; Trident/5.0; BOIE9;ENUS)" 726
198.228.212.52 - - [19/Mar/2022:05:03:47] "POST /oldlink?&JSESSIONID=SD5SL10FF7ADFF4955 HTTP 1.1" 406 232 "http://www.buttercupgames.com/oldlink" "Mozilla/5.0 (compatible; MSIE 9.0; Windows NT 6.1; WOW64; Trident/5.0; BOIE9;ENUS)" 801
222.169.224.226 - - [19/Mar/2022:05:04:06] "POST /product.screen?productId=DC-SG-G02&JSESSIONID=SD6SL10FF9ADFF4950 HTTP 1.1" 200 3725 "http://www.buttercupgames.com" "Mozilla/5.0 (Windows NT 5.1) AppleWebKit/536.5 (KHTML, like Gecko) Chrome/19.0.1084.52 Safari/536.5" 297
198.228.212.52 - - [19/Mar/2022:05:04:07] "GET /product.screen?productId=FS-SG-G03&JSESSIONID=SD5SL10FF7ADFF4955 HTTP 1.1" 200 212 "http://www.buttercupgames.com/category.screen?categoryId=STRATEGY" "Mozilla/5.0 (compatible; MSIE 9.0; Windows NT 6.1; WOW64; Trident/5.0; BOIE9;ENUS)" 897
222.169.224.226 - - [19/Mar/2022:05:04:15] "POST /oldlink?&JSESSIONID=SD6SL10FF9ADFF4950 HTTP 1.1" 400 3139 "http://www.buttercupgames.com/category.screen?categoryId=NULL" "Mozilla/5.0 (Windows NT 5.1) AppleWebKit/536.5 (KHTML, like Gecko) Chrome/19.0.1084.52 Safari/536.5" 424
222.169.224.226 - - [19/Mar/2022:05:04:20] "POST /cart.do?action=remove&productId=SC-MG-G10&JSESSIONID=SD6SL10FF9ADFF4950 HTTP 1.1" 200 1793 "http://www.buttercupgames.com/cart.do?action=remove&productId=SC-MG-G10" "Mozilla/5.0 (Windows NT 5.1) AppleWebKit/536.5 (KHTML, like Gecko) Chrome/19.0.1084.52 Safari/536.5" 100
198.228.212.52 - - [19/Mar/2022:05:04:20] "GET /oldlink?&JSESSIONID=SD5SL10FF7ADFF4955 HTTP 1.1" 200 3546 "http://www.buttercupgames.com/product.screen?productId=WC-SH-A02" "Mozilla/5.0 (compatible; MSIE 9.0; Windows NT 6.1; WOW64; Trident/5.0; BOIE9;ENUS)" 890
198.228.212.52 - - [19/Mar/2022:05:04:36] "GET /product.screen?productId=FI-AG-G08&JSESSIONID=SD5SL10FF7ADFF4955 HTTP 1.1" 200 2092 "http://www.buttercupgames.com/product.screen?productId=FI-AG-G08" "Mozilla/5.0 (compatible; MSIE 9.0; Windows NT 6.1; WOW64; Trident/5.0; BOIE9;ENUS)" 842
222.169.224.226 - - [19/Mar/2022:05:04:36] "GET /oldlink?&JSESSIONID=SD6SL10FF9ADFF4950 HTTP 1.1" 200 235 "http://www.buttercupgames.com/product.screen?productId=WC-SH-A02" "Mozilla/5.0 (Windows NT 5.1) AppleWebKit/536.5 (KHTML, like Gecko) Chrome/19.0.1084.52 Safari/536.5" 281
222.169.224.226 - - [19/Mar/2022:05:04:41] "GET /oldlink?&JSESSIONID=SD6SL10FF9ADFF4950 HTTP 1.1" 200 1037 "http://www.buttercupgames.com/category.screen?categoryId=STRATEGY" "Mozilla/5.0 (Windows NT 5.1) AppleWebKit/536.5 (KHTML, like Gecko) Chrome/19.0.1084.52 Safari/536.5" 975
222.169.224.226 - - [19/Mar/2022:05:04:59] "GET /product.screen?productId=MB-AG-G07&JSESSIONID=SD6SL10FF9ADFF4950 HTTP 1.1" 200 3038 "http://www.buttercupgames.com/oldlink" "Mozilla/5.0 (Windows NT 5.1) AppleWebKit/536.5 (KHTML, like Gecko) Chrome/19.0.1084.52 Safari/536.5" 602
222.169.224.226 - - [19/Mar/2022:05:05:11] "GET /category.screen?categoryId=ACCESSORIES&JSESSIONID=SD6SL10FF9ADFF4950 HTTP 1.1" 200 1973 "http://www.buttercupgames.com/product.screen?productId=WC-SH-A01" "Mozilla/5.0 (Windows NT 5.1) AppleWebKit/536.5 (KHTML, like Gecko) Chrome/19.0.1084.52 Safari/536.5" 380
222.169.224.226 - - [19/Mar/2022:05:05:32] "POST /product.screen?productId=WC-SH-A02&JSESSIONID=SD6SL10FF9ADFF4950 HTTP 1.1" 200 998 "http://www.buttercupgames.com/oldlink" "Mozilla/5.0 (Windows NT 5.1) AppleWebKit/536.5 (KHTML, like Gecko) Chrome/19.0.1084.52 Safari/536.5" 148
121.254.179.199 - - [19/Mar/2022:05:09:23] "GET /product.screen?productId=DB-SG-G01&JSESSIONID=SD6SL3FF10ADFF4954 HTTP 1.1" 200 2223 "http://www.yahoo.com" "Mozilla/4.0 (compatible; MSIE 7.0; Windows NT 5.1; Trident/4.0; .NET CLR 2.0.50727; MS-RTC LM 8; InfoPath.2)" 709
121.254.179.199 - - [19/Mar/2022:05:09:28] "GET /cart.do?action=addtocart&productId=SC-MG-G10&JSESSIONID=SD6SL3FF10ADFF4954 HTTP 1.1" 200 3895 "http://www.buttercupgames.com/oldlink" "Mozilla/4.0 (compatible; MSIE 7.0; Windows NT 5.1; Trident/4.0; .NET CLR 2.0.50727; MS-RTC LM 8; InfoPath.2)" 383
121.254.179.199 - - [19/Mar/2022:05:09:36] "GET /cart.do?action=addtocart&productId=FS-SG-G03&JSESSIONID=SD6SL3FF10ADFF4954 HTTP 1.1" 200 3028 "http://www.buttercupgames.com/category.screen?categoryId=STRATEGY" "Mozilla/4.0 (compatible; MSIE 7.0; Windows NT 5.1; Trident/4.0; .NET CLR 2.0.50727; MS-RTC LM 8; InfoPath.2)" 481
121.254.179.199 - - [19/Mar/2022:05:09:50] "GET /product.screen?productId=FI-AG-G08&JSESSIONID=SD6SL3FF10ADFF4954 HTTP 1.1" 200 2952 "http://www.buttercupgames.com/category.screen?categoryId=ARCADE" "Mozilla/4.0 (compatible; MSIE 7.0; Windows NT 5.1; Trident/4.0; .NET CLR 2.0.50727; MS-RTC LM 8; InfoPath.2)" 836
121.254.179.199 - - [19/Mar/2022:05:09:54] "POST /cart.do?action=addtocart&productId=FI-AG-G08&JSESSIONID=SD6SL3FF10ADFF4954 HTTP 1.1" 200 3814 "http://www.buttercupgames.com/product.screen?productId=FI-AG-G08" "Mozilla/4.0 (compatible; MSIE 7.0; Windows NT 5.1; Trident/4.0; .NET CLR 2.0.50727; MS-RTC LM 8; InfoPath.2)" 254
