128.241.220.82 - - [19/Mar/2022:01:26:33] "GET /passwords.pdf HTTP 1.1" 200 47251 "https://www.google.com/#q=filetype:pdf+passwords&start=90" "Mozilla/5.0 (Windows; U; Windows NT 5.1; en-US; rv:1.9.2.28) Gecko/20120306 YFF3 Firefox/3.6.28 ( .NET CLR 3.5.30729; .NET4.0C)" 361
128.241.220.82 - - [19/Mar/2022:01:26:44] "POST /category.screen?categoryId=STRATEGY&JSESSIONID=SD8SL2FF6ADFF4963 HTTP 1.1" 200 796 "http://www.buttercupgames.com/oldlink" "Mozilla/5.0 (Windows; U; Windows NT 5.1; en-US; rv:1.9.2.28) Gecko/20120306 YFF3 Firefox/3.6.28 ( .NET CLR 3.5.30729; .NET4.0C)" 988
60.220.218.88 - - [19/Mar/2022:01:27:21] "POST /oldlink?&JSESSIONID=SD10SL2FF7ADFF4963 HTTP 1.1" 200 3753 "http://www.google.com" "Mozilla/5.0 (Windows NT 6.1; WOW64) AppleWebKit/536.5 (KHTML, like Gecko) Chrome/19.0.1084.52 Safari/536.5" 311
60.220.218.88 - - [19/Mar/2022:01:27:33] "GET /oldlink?&JSESSIONID=SD10SL2FF7ADFF4963 HTTP 1.1" 505 815 "http://www.buttercupgames.com/category.screen?categoryId=NULL" "Mozilla/5.0 (Windows NT 6.1; WOW64) AppleWebKit/536.5 (KHTML, like Gecko) Chrome/19.0.1084.52 Safari/536.5" 526
60.220.218.88 - - [19/Mar/2022:01:27:42] "GET /cart.do?action=view&productId=WC-SH-G04&JSESSIONID=SD10SL2FF7ADFF4963 HTTP 1.1" 200 2640 "http://www.buttercupgames.com/category.screen?categoryId=SHOOTER" "Mozilla/5.0 (Windows NT 6.1; WOW64) AppleWebKit/536.5 (KHTML, like Gecko) Chrome/19.0.1084.52 Safari/536.5" 982
60.220.218.88 - - [19/Mar/2022:01:27:52] "GET /category.screen?categoryId=STRATEGY&JSESSIONID=SD10SL2FF7ADFF4963 HTTP 1.1" 200 3466 "http://www.buttercupgames.com/oldlink" "Mozilla/5.0 (Windows NT 6.1; WOW64) AppleWebKit/536.5 (KHTML, like Gecko) Chrome/19.0.1084.52 Safari/536.5" 340
60.220.218.88 - - [19/Mar/2022:01:28:04] "GET /category.screen?categoryId=NULL&JSESSIONID=SD10SL2FF7ADFF4963 HTTP 1.1" 406 788 "http://www.buttercupgames.com/category.screen?categoryId=NULL" "Mozilla/5.0 (Windows NT 6.1; WOW64) AppleWebKit/536.5 (KHTML, like Gecko) Chrome/19.0.1084.52 Safari/536.5" 211
60.220.218.88 - - [19/Mar/2022:01:28:09] "GET /oldlink?&JSESSIONID=SD10SL2FF7ADFF4963 HTTP 1.1" 200 3041 "http://www.buttercupgames.com/oldlink" "Mozilla/5.0 (Windows NT 6.1; WOW64) AppleWebKit/536.5 (KHTML, like Gecko) Chrome/19.0.1084.52 Safari/536.5" 394
60.220.218.88 - - [19/Mar/2022:01:28:15] "GET /product.screen?productId=DB-SG-G01&JSESSIONID=SD10SL2FF7ADFF4963 HTTP 1.1" 200 649 "http://www.buttercupgames.com/category.screen?categoryId=STRATEGY" "Mozilla/5.0 (Windows NT 6.1; WOW64) AppleWebKit/536.5 (KHTML, like Gecko) Chrome/19.0.1084.52 Safari/536.5" 460
216.221.226.11 - - [19/Mar/2022:01:31:55] "GET /product.screen?productId=FS-SG-G03&JSESSIONID=SD1SL3FF8ADFF4958 HTTP 1.1" 200 840 "http://www.google.com" "Mozilla/5.0 (Windows; U; Windows NT 5.1; en-US; rv:1.9.2.28) Gecko/20120306 YFF3 Firefox/3.6.28 ( .NET CLR 3.5.30729; .NET4.0C)" 644
216.221.226.11 - - [19/Mar/2022:01:32:09] "GET /oldlink?&JSESSIONID=SD1SL3FF8ADFF4958 HTTP 1.1" 200 524 "http://www.buttercupgames.com/product.screen?productId=WC-SH-T02" "Mozilla/5.0 (Windows; U; Windows NT 5.1; en-US; rv:1.9.2.28) Gecko/20120306 YFF3 Firefox/3.6.28 ( .NET CLR 3.5.30729; .NET4.0C)" 248
198.35.1.75 - - [19/Mar/2022:01:33:50] "GET /oldlink?&JSESSIONID=SD8SL10FF5ADFF4951 HTTP 1.1" 200 3838 "http://www.google.com" "Mozilla/5.0 (Windows; U; Windows NT 5.1; en-US; rv:1.9.2.28) Gecko/20120306 YFF3 Firefox/3.6.28 ( .NET CLR 3.5.30729; .NET4.0C)" 639
198.35.1.75 - - [19/Mar/2022:01:34:02] "POST /product.screen?productId=WC-SH-A02&JSESSIONID=SD8SL10FF5ADFF4951 HTTP 1.1" 200 1877 "http://www.buttercupgames.com/product.screen?productId=WC-SH-A02" "Mozilla/5.0 (Windows; U; Windows NT 5.1; en-US; rv:1.9.2.28) Gecko/20120306 YFF3 Firefox/3.6.28 ( .NET CLR 3.5.30729; .NET4.0C)" 557
198.35.1.75 - - [19/Mar/2022:01:34:16] "GET /product.screen?productId=WC-SH-A02&JSESSIONID=SD8SL10FF5ADFF4951 HTTP 1.1" 200 3425 "http://www.buttercupgames.com/product.screen?productId=WC-SH-A02" "Mozilla/5.0 (Windows; U; Windows NT 5.1; en-US; rv:1.9.2.28) Gecko/20120306 YFF3 Firefox/3.6.28 ( .NET CLR 3.5.30729; .NET4.0C)" 976
198.35.1.75 - - [19/Mar/2022:01:34:28] "POST /product.screen?productId=PZ-SG-G05&JSESSIONID=SD8SL10FF5ADFF4951 HTTP 1.1" 200 639 "http://www.buttercupgames.com/category.screen?categoryId=STRATEGY" "Mozilla/5.0 (Windows; U; Windows NT 5.1; en-US; rv:1.9.2.28) Gecko/20120306 YFF3 Firefox/3.6.28 ( .NET CLR 3.5.30729; .NET4.0C)" 759
211.191.168.25 - - [19/Mar/2022:01:36:18] "GET /cart.do?action=view&productId=SC-MG-G10&JSESSIONID=SD8SL6FF9ADFF4957 HTTP 1.1" 200 3384 "http://www.yahoo.com" "Mozilla/5.0 (compatible; MSIE 9.0; Windows NT 6.1; WOW64; Trident/5.0; BOIE9;ENUS)" 892
211.191.168.25 - - [19/Mar/2022:01:36:23] "GET /product.screen?productId=WC-SH-A01&JSESSIONID=SD8SL6FF9ADFF4957 HTTP 1.1" 200 632 "http://www.buttercupgames.com/cart.do?action=addtocart&productId=WC-SH-A01" "Mozilla/5.0 (compatible; MSIE 9.0; Windows NT 6.1; WOW64; Trident/5.0; BOIE9;ENUS)" 837
2.229.4.58 - - [19/Mar/2022:01:38:02] "POST /cart.do?action=addtocart&productId=DC-SG-G02&JSESSIONID=SD4SL5FF5ADFF4951 HTTP 1.1" 200 2374 "http://www.yahoo.com" "Opera/9.20 (Windows NT 6.0; U; en)" 555
2.229.4.58 - - [19/Mar/2022:01:38:17] "GET /category.screen?categoryId=STRATEGY&JSESSIONID=SD4SL5FF5ADFF4951 HTTP 1.1" 200 1678 "http://www.buttercupgames.com/cart.do?action=changequantity&productId=PZ-SG-G05" "Opera/9.20 (Windows NT 6.0; U; en)" 334
175.44.24.82 - - [19/Mar/2022:01:40:05] "POST /cart.do?action=view&productId=WC-SH-G04&JSESSIONID=SD9SL2FF3ADFF4955 HTTP 1.1" 200 3383 "http://www.yahoo.com" "Mozilla/5.0 (Windows; U; Windows NT 5.1; en-US; rv:1.9.2.28) Gecko/20120306 YFF3 Firefox/3.6.28 ( .NET CLR 3.5.30729; .NET4.0C)" 711
175.44.24.82 - - [19/Mar/2022:01:40:12] "GET /product.screen?productId=MB-AG-G07&JSESSIONID=SD9SL2FF3ADFF4955 HTTP 1.1" 200 2020 "http://www.buttercupgames.com/oldlink" "Mozilla/5.0 (Windows; U; Windows NT 5.1; en-US; rv:1.9.2.28) Gecko/20120306 YFF3 Firefox/3.6.28 ( .NET CLR 3.5.30729; .NET4.0C)" 493
175.44.24.82 - - [19/Mar/2022:01:40:19] "GET /product.screen?productId=CU-PG-G06&JSESSIONID=SD9SL2FF3ADFF4955 HTTP 1.1" 200 3248 "http://www.buttercupgames.com/category.screen?categoryId=SPORTS" "Mozilla/5.0 (Windows; U; Windows NT 5.1; en-US; rv:1.9.2.28) Gecko/20120306 YFF3 Firefox/3.6.28 ( .NET CLR 3.5.30729; .NET4.0C)" 632
175.44.24.82 - - [19/Mar/2022:01:40:23] "POST /cart.do?action=addtocart&productId=CU-PG-G06&JSESSIONID=SD9SL2FF3ADFF4955 HTTP 1.1" 200 1685 "http://www.buttercupgames.com/product.screen?productId=CU-PG-G06" "Mozilla/5.0 (Windows; U; Windows NT 5.1; en-US; rv:1.9.2.28) Gecko/20120306 YFF3 Firefox/3.6.28 ( .NET CLR 3.5.30729; .NET4.0C)" 798
175.44.24.82 - - [19/Mar/2022:01:40:26] "POST /success.do?action=purchase&categoryId=SPORTS&productId=CU-PG-G06&JSESSIONID=SD9SL2FF3ADFF4955 HTTP 1.1" 200 538 "http://www.buttercupgames.com/cart.do?action=addtocart&categoryId=SPORTS&productId=CU-PG-G06" "Mozilla/5.0 (Windows; U; Windows NT 5.1; en-US; rv:1.9.2.28) Gecko/20120306 YFF3 Firefox/3.6.28 ( .NET CLR 3.5.30729; .NET4.0C)" 673
175.44.24.82 - - [19/Mar/2022:01:40:26] "POST /cart/success.do?JSESSIONID=SD9SL2FF3ADFF4955&productId=WSC-MG-G10 HTTP 1.1" 200 622 "http://www.buttercupgames.com/cart.do?action=purchase&" "Mozilla/5.0 (Windows; U; Windows NT 5.1; en-US; rv:1.9.2.28) Gecko/20120306 YFF3 Firefox/3.6.28 ( .NET CLR 3.5.30729; .NET4.0C)" 315
188.143.232.202 - - [19/Mar/2022:01:40:34] "GET /category.screen?categoryId=STRATEGY&JSESSIONID=SD2SL1FF2ADFF4954 HTTP 1.1" 200 3961 "http://www.buttercupgames.com" "Mozilla/5.0 (iPad; CPU OS 5_1_1 like Mac OS X) AppleWebKit/534.46 (KHTML, like Gecko) Version/5.1 Mobile/9B206 Safari/7534.48.3" 347
175.44.24.82 - - [19/Mar/2022:01:40:39] "GET /category.screen?categoryId=STRATEGY&JSESSIONID=SD9SL2FF3ADFF4955 HTTP 1.1" 200 3887 "http://www.buttercupgames.com/cart.do?action=addtocart&productId=PZ-SG-G05" "Mozilla/5.0 (Windows; U; Windows NT 5.1; en-US; rv:1.9.2.28) Gecko/20120306 YFF3 Firefox/3.6.28 ( .NET CLR 3.5.30729; .NET4.0C)" 152
188.143.232.202 - - [19/Mar/2022:01:40:46] "GET /category.screen?categoryId=ACCESSORIES&JSESSIONID=SD2SL1FF2ADFF4954 HTTP 1.1" 200 2142 "http://www.buttercupgames.com/cart.do?action=remove&productId=WC-SH-A01" "Mozilla/5.0 (iPad; CPU OS 5_1_1 like Mac OS X) AppleWebKit/534.46 (KHTML, like Gecko) Version/5.1 Mobile/9B206 Safari/7534.48.3" 534
175.44.24.82 - - [19/Mar/2022:01:40:51] "GET /cart.do?action=addtocart&productId=BS-AG-G09&JSESSIONID=SD9SL2FF3ADFF4955 HTTP 1.1" 200 3068 "http://www.buttercupgames.com/oldlink" "Mozilla/5.0 (Windows; U; Windows NT 5.1; en-US; rv:1.9.2.28) Gecko/20120306 YFF3 Firefox/3.6.28 ( .NET CLR 3.5.30729; .NET4.0C)" 950
188.143.232.202 - - [19/Mar/2022:01:40:51] "GET /product.screen?productId=PZ-SG-G05&JSESSIONID=SD2SL1FF2ADFF4954 HTTP 1.1" 200 745 "http://www.buttercupgames.com/oldlink" "Mozilla/5.0 (iPad; CPU OS 5_1_1 like Mac OS X) AppleWebKit/534.46 (KHTML, like Gecko) Version/5.1 Mobile/9B206 Safari/7534.48.3" 492
175.44.24.82 - - [19/Mar/2022:01:40:55] "POST /oldlink?&JSESSIONID=SD9SL2FF3ADFF4955 HTTP 1.1" 200 433 "http://www.buttercupgames.com/oldlink" "Mozilla/5.0 (Windows; U; Windows NT 5.1; en-US; rv:1.9.2.28) Gecko/20120306 YFF3 Firefox/3.6.28 ( .NET CLR 3.5.30729; .NET4.0C)" 422
188.143.232.202 - - [19/Mar/2022:01:41:07] "GET /product.screen?productId=WC-SH-G04&JSESSIONID=SD2SL1FF2ADFF4954 HTTP 1.1" 200 309 "http://www.buttercupgames.com/category.screen?categoryId=SHOOTER" "Mozilla/5.0 (iPad; CPU OS 5_1_1 like Mac OS X) AppleWebKit/534.46 (KHTML, like Gecko) Version/5.1 Mobile/9B206 Safari/7534.48.3" 134
175.44.24.82 - - [19/Mar/2022:01:41:07] "GET /product.screen?productId=WC-SH-A02&JSESSIONID=SD9SL2FF3ADFF4955 HTTP 1.1" 200 1416 "http://www.buttercupgames.com/cart.do?action=remove&productId=WC-SH-A02" "Mozilla/5.0 (Windows; U; Windows NT 5.1; en-US; rv:1.9.2.28) Gecko/20120306 YFF3 Firefox/3.6.28 ( .NET CLR 3.5.30729; .NET4.0C)" 592
188.143.232.202 - - [19/Mar/2022:01:41:08] "POST /cart.do?action=addtocart&productId=WC-SH-G04&JSESSIONID=SD2SL1FF2ADFF4954 HTTP 1.1" 200 2484 "http://www.buttercupgames.com/product.screen?productId=WC-SH-G04" "Mozilla/5.0 (iPad; CPU OS 5_1_1 like Mac OS X) AppleWebKit/534.46 (KHTML, like Gecko) Version/5.1 Mobile/9B206 Safari/7534.48.3" 872
188.143.232.202 - - [19/Mar/2022:01:41:12] "POST /success.do?action=purchase&categoryId=SHOOTER&productId=WC-SH-G04&JSESSIONID=SD2SL1FF2ADFF4954 HTTP 1.1" 200 2254 "http://www.buttercupgames.com/cart.do?action=addtocart&categoryId=SHOOTER&productId=WC-SH-G04" "Mozilla/5.0 (iPad; CPU OS 5_1_1 like Mac OS X) AppleWebKit/534.46 (KHTML, like Gecko) Version/5.1 Mobile/9B206 Safari/7534.48.3" 255
188.143.232.202 - - [19/Mar/2022:01:41:12] "POST /cart/success.do?JSESSIONID=SD2SL1FF2ADFF4954&productId=DC-SG-G02 HTTP 1.1" 200 1800 "http://www.buttercupgames.com/cart.do?action=purchase&" "Mozilla/5.0 (iPad; CPU OS 5_1_1 like Mac OS X) AppleWebKit/534.46 (KHTML, like Gecko) Version/5.1 Mobile/9B206 Safari/7534.48.3" 962
175.44.24.82 - - [19/Mar/2022:01:41:21] "GET /search.do?items=2112&JSESSIONID=SD9SL2FF3ADFF4955 HTTP 1.1" 404 1138 "http://www.buttercupgames.com/oldlink" "Mozilla/5.0 (Windows; U; Windows NT 5.1; en-US; rv:1.9.2.28) Gecko/20120306 YFF3 Firefox/3.6.28 ( .NET CLR 3.5.30729; .NET4.0C)" 436
188.143.232.202 - - [19/Mar/2022:01:41:26] "GET /category.screen?categoryId=SHOOTER&JSESSIONID=SD2SL1FF2ADFF4954 HTTP 1.1" 200 2288 "http://www.buttercupgames.com/oldlink" "Mozilla/5.0 (iPad; CPU OS 5_1_1 like Mac OS X) AppleWebKit/534.46 (KHTML, like Gecko) Version/5.1 Mobile/9B206 Safari/7534.48.3" 138
175.44.24.82 - - [19/Mar/2022:01:41:35] "POST /product.screen?productId=FI-AG-G08&JSESSIONID=SD9SL2FF3ADFF4955 HTTP 1.1" 200 1138 "http://www.buttercupgames.com/cart.do?action=addtocart&productId=FI-AG-G08" "Mozilla/5.0 (Windows; U; Windows NT 5.1; en-US; rv:1.9.2.28) Gecko/20120306 YFF3 Firefox/3.6.28 ( .NET CLR 3.5.30729; .NET4.0C)" 673
188.143.232.202 - - [19/Mar/2022:01:41:37] "GET /category.screen?categoryId=ACCESSORIES&JSESSIONID=SD2SL1FF2ADFF4954 HTTP 1.1" 200 3835 "http://www.buttercupgames.com/cart.do?action=addtocart&productId=WC-SH-A01" "Mozilla/5.0 (iPad; CPU OS 5_1_1 like Mac OS X) AppleWebKit/534.46 (KHTML, like Gecko) Version/5.1 Mobile/9B206 Safari/7534.48.3" 480
175.44.24.82 - - [19/Mar/2022:01:41:46] "GET /product.screen?productId=DC-SG-G02&JSESSIONID=SD9SL2FF3ADFF4955 HTTP 1.1" 200 2310 "http://www.buttercupgames.com/category.screen?categoryId=STRATEGY" "Mozilla/5.0 (Windows; U; Windows NT 5.1; en-US; rv:1.9.2.28) Gecko/20120306 YFF3 Firefox/3.6.28 ( .NET CLR 3.5.30729; .NET4.0C)" 334
188.143.232.202 - - [19/Mar/2022:01:41:48] "GET /product.screen?productId=WC-SH-T02&JSESSIONID=SD2SL1FF2ADFF4954 HTTP 1.1" 200 3267 "http://www.buttercupgames.com/category.screen?categoryId=TEE" "Mozilla/5.0 (iPad; CPU OS 5_1_1 like Mac OS X) AppleWebKit/534.46 (KHTML, like Gecko) Version/5.1 Mobile/9B206 Safari/7534.48.3" 327
175.44.24.82 - - [19/Mar/2022:01:41:48] "POST /cart.do?action=addtocart&productId=DC-SG-G02&JSESSIONID=SD9SL2FF3ADFF4955 HTTP 1.1" 200 3095 "http://www.buttercupgames.com/product.screen?productId=DC-SG-G02" "Mozilla/5.0 (Windows; U; Windows NT 5.1; en-US; rv:1.9.2.28) Gecko/20120306 YFF3 Firefox/3.6.28 ( .NET CLR 3.5.30729; .NET4.0C)" 279
188.143.232.202 - - [19/Mar/2022:01:41:48] "POST /cart.do?action=addtocart&productId=WC-SH-T02&JSESSIONID=SD2SL1FF2ADFF4954 HTTP 1.1" 200 1223 "http://www.buttercupgames.com/product.screen?productId=WC-SH-T02" "Mozilla/5.0 (iPad; CPU OS 5_1_1 like Mac OS X) AppleWebKit/534.46 (KHTML, like Gecko) Version/5.1 Mobile/9B206 Safari/7534.48.3" 571
175.44.24.82 - - [19/Mar/2022:01:41:52] "POST /success.do?action=purchase&categoryId=STRATEGY&productId=DC-SG-G02&JSESSIONID=SD9SL2FF3ADFF4955 HTTP 1.1" 200 1853 "http://www.buttercupgames.com/cart.do?action=addtocart&categoryId=STRATEGY&productId=DC-SG-G02" "Mozilla/5.0 (Windows; U; Windows NT 5.1; en-US; rv:1.9.2.28) Gecko/20120306 YFF3 Firefox/3.6.28 ( .NET CLR 3.5.30729; .NET4.0C)" 663
175.44.24.82 - - [19/Mar/2022:01:41:52] "POST /cart/success.do?JSESSIONID=SD9SL2FF3ADFF4955&productId=WC-SH-T02 HTTP 1.1" 200 407 "http://www.buttercupgames.com/cart.do?action=purchase&" "Mozilla/5.0 (Windows; U; Windows NT 5.1; en-US; rv:1.9.2.28) Gecko/20120306 YFF3 Firefox/3.6.28 ( .NET CLR 3.5.30729; .NET4.0C)" 298
188.143.232.202 - - [19/Mar/2022:01:41:52] "POST /success.do?action=purchase&categoryId=TEE&productId=WC-SH-T02&JSESSIONID=SD2SL1FF2ADFF4954 HTTP 1.1" 200 3183 "http://www.buttercupgames.com/cart.do?action=addtocart&categoryId=TEE&productId=WC-SH-T02" "Mozilla/5.0 (iPad; CPU OS 5_1_1 like Mac OS X) AppleWebKit/534.46 (KHTML, like Gecko) Version/5.1 Mobile/9B206 Safari/7534.48.3" 123
188.143.232.202 - - [19/Mar/2022:01:41:52] "POST /cart/success.do?JSESSIONID=SD2SL1FF2ADFF4954&productId=CU-PG-G06 HTTP 1.1" 200 3217 "http://www.buttercupgames.com/cart.do?action=purchase&" "Mozilla/5.0 (iPad; CPU OS 5_1_1 like Mac OS X) AppleWebKit/534.46 (KHTML, like Gecko) Version/5.1 Mobile/9B206 Safari/7534.48.3" 733
188.143.232.202 - - [19/Mar/2022:01:41:59] "GET /product.screen?productId=WC-SH-A01&JSESSIONID=SD2SL1FF2ADFF4954 HTTP 1.1" 200 2073 "http://www.buttercupgames.com/category.screen?categoryId=ACCESSORIES" "Mozilla/5.0 (iPad; CPU OS 5_1_1 like Mac OS X) AppleWebKit/534.46 (KHTML, like Gecko) Version/5.1 Mobile/9B206 Safari/7534.48.3" 319
175.44.24.82 - - [19/Mar/2022:01:42:00] "POST /category.screen?categoryId=NULL&JSESSIONID=SD9SL2FF3ADFF4955 HTTP 1.1" 408 548 "http://www.buttercupgames.com/oldlink" "Mozilla/5.0 (Windows; U; Windows NT 5.1; en-US; rv:1.9.2.28) Gecko/20120306 YFF3 Firefox/3.6.28 ( .NET CLR 3.5.30729; .NET4.0C)" 121
188.143.232.202 - - [19/Mar/2022:01:42:01] "POST /cart.do?action=addtocart&productId=WC-SH-A01&JSESSIONID=SD2SL1FF2ADFF4954 HTTP 1.1" 200 3235 "http://www.buttercupgames.com/product.screen?productId=WC-SH-A01" "Mozilla/5.0 (iPad; CPU OS 5_1_1 like Mac OS X) AppleWebKit/534.46 (KHTML, like Gecko) Version/5.1 Mobile/9B206 Safari/7534.48.3" 334
188.143.232.202 - - [19/Mar/2022:01:42:04] "POST /success.do?action=purchase&categoryId=ACCESSORIES&productId=WC-SH-A01&JSESSIONID=SD2SL1FF2ADFF4954 HTTP 1.1" 200 2126 "http://www.buttercupgames.com/cart.do?action=addtocart&categoryId=ACCESSORIES&productId=WC-SH-A01" "Mozilla/5.0 (iPad; CPU OS 5_1_1 like Mac OS X) AppleWebKit/534.46 (KHTML, like Gecko) Version/5.1 Mobile/9B206 Safari/7534.48.3" 476
188.143.232.202 - - [19/Mar/2022:01:42:04] "POST /cart/success.do?JSESSIONID=SD2SL1FF2ADFF4954&productId=WC-SH-A02 HTTP 1.1" 200 1191 "http://www.buttercupgames.com/cart.do?action=purchase&" "Mozilla/5.0 (iPad; CPU OS 5_1_1 like Mac OS X) AppleWebKit/534.46 (KHTML, like Gecko) Version/5.1 Mobile/9B206 Safari/7534.48.3" 229
175.44.24.82 - - [19/Mar/2022:01:42:10] "GET /category.screen?categoryId=TEE&JSESSIONID=SD9SL2FF3ADFF4955 HTTP 1.1" 200 2336 "http://www.buttercupgames.com/oldlink" "Mozilla/5.0 (Windows; U; Windows NT 5.1; en-US; rv:1.9.2.28) Gecko/20120306 YFF3 Firefox/3.6.28 ( .NET CLR 3.5.30729; .NET4.0C)" 437
188.143.232.202 - - [19/Mar/2022:01:42:16] "GET /product.screen?productId=DC-SG-G02&JSESSIONID=SD2SL1FF2ADFF4954 HTTP 1.1" 200 1844 "http://www.buttercupgames.com/product.screen?productId=DC-SG-G02" "Mozilla/5.0 (iPad; CPU OS 5_1_1 like Mac OS X) AppleWebKit/534.46 (KHTML, like Gecko) Version/5.1 Mobile/9B206 Safari/7534.48.3" 937
188.143.232.202 - - [19/Mar/2022:01:42:20] "POST /cart.do?action=addtocart&productId=FI-AG-G08&JSESSIONID=SD2SL1FF2ADFF4954 HTTP 1.1" 200 2468 "http://www.buttercupgames.com/oldlink" "Mozilla/5.0 (iPad; CPU OS 5_1_1 like Mac OS X) AppleWebKit/534.46 (KHTML, like Gecko) Version/5.1 Mobile/9B206 Safari/7534.48.3" 265
188.143.232.202 - - [19/Mar/2022:01:42:34] "GET /oldlink?&JSESSIONID=SD2SL1FF2ADFF4954 HTTP 1.1" 200 264 "http://www.buttercupgames.com/oldlink" "Mozilla/5.0 (iPad; CPU OS 5_1_1 like Mac OS X) AppleWebKit/534.46 (KHTML, like Gecko) Version/5.1 Mobile/9B206 Safari/7534.48.3" 456
2.229.4.58 - - [19/Mar/2022:01:44:52] "GET /cart.do?action=addtocart&JSESSIONID=SD0SL5FF1ADFF4963 HTTP 1.1" 505 1911 "http://www.google.com" "Mozilla/4.0 (compatible; MSIE 7.0; Windows NT 5.2; .NET CLR 1.1.4322; InfoPath.1; MS-RTC LM 8)" 119
175.44.3.30 - - [19/Mar/2022:01:45:32] "GET /stuff/logo.ico?JSESSIONID=SD6SL7FF8ADFF4950 HTTP 1.1" 404 3083 "http://www.bing.com" "Mozilla/5.0 (Windows NT 6.1; WOW64) AppleWebKit/536.5 (KHTML, like Gecko) Chrome/19.0.1084.46 Safari/536.5" 314
175.44.3.30 - - [19/Mar/2022:01:45:38] "GET /product.screen?productId=SF-BVS-01&JSESSIONID=SD6SL7FF8ADFF4950 HTTP 1.1" 505 2532 "http://www.buttercupgames.com/product.screen?productId=SF-BVS-01" "Mozilla/5.0 (Windows NT 6.1; WOW64) AppleWebKit/536.5 (KHTML, like Gecko) Chrome/19.0.1084.46 Safari/536.5" 890
175.44.3.30 - - [19/Mar/2022:01:45:42] "POST /oldlink?&JSESSIONID=SD6SL7FF8ADFF4950 HTTP 1.1" 200 3043 "http://www.buttercupgames.com/category.screen?categoryId=ARCADE" "Mozilla/5.0 (Windows NT 6.1; WOW64) AppleWebKit/536.5 (KHTML, like Gecko) Chrome/19.0.1084.46 Safari/536.5" 166
175.44.3.30 - - [19/Mar/2022:01:45:52] "GET /product.screen?productId=WC-SH-G04&JSESSIONID=SD6SL7FF8ADFF4950 HTTP 1.1" 200 1390 "http://www.buttercupgames.com/oldlink" "Mozilla/5.0 (Windows NT 6.1; WOW64) AppleWebKit/536.5 (KHTML, like Gecko) Chrome/19.0.1084.46 Safari/536.5" 304
175.44.3.30 - - [19/Mar/2022:01:45:56] "POST /cart.do?action=view&productId=MB-AG-T01&JSESSIONID=SD6SL7FF8ADFF4950 HTTP 1.1" 200 2423 "http://www.buttercupgames.com/category.screen?categoryId=TEE" "Mozilla/5.0 (Windows NT 6.1; WOW64) AppleWebKit/536.5 (KHTML, like Gecko) Chrome/19.0.1084.46 Safari/536.5" 459
74.125.19.106 - - [19/Mar/2022:01:45:59] "GET /cart.do?action=view&productId=WC-SH-G04&JSESSIONID=SD2SL1FF5ADFF4956 HTTP 1.1" 200 2567 "http://www.buttercupgames.com" "Mozilla/5.0 (Windows; U; Windows NT 5.1; en-US; rv:1.9.2.28) Gecko/20120306 YFF3 Firefox/3.6.28 ( .NET CLR 3.5.30729; .NET4.0C)" 728
175.44.3.30 - - [19/Mar/2022:01:46:10] "GET /product.screen?productId=PZ-SG-G05&JSESSIONID=SD6SL7FF8ADFF4950 HTTP 1.1" 200 838 "http://www.buttercupgames.com/category.screen?categoryId=STRATEGY" "Mozilla/5.0 (Windows NT 6.1; WOW64) AppleWebKit/536.5 (KHTML, like Gecko) Chrome/19.0.1084.46 Safari/536.5" 983
74.125.19.106 - - [19/Mar/2022:01:46:11] "GET /product.screen?productId=DB-SG-G01&JSESSIONID=SD2SL1FF5ADFF4956 HTTP 1.1" 200 1103 "http://www.buttercupgames.com/cart.do?action=changequantity&productId=DB-SG-G01" "Mozilla/5.0 (Windows; U; Windows NT 5.1; en-US; rv:1.9.2.28) Gecko/20120306 YFF3 Firefox/3.6.28 ( .NET CLR 3.5.30729; .NET4.0C)" 366
175.44.3.30 - - [19/Mar/2022:01:46:13] "POST /cart.do?action=addtocart&productId=PZ-SG-G05&JSESSIONID=SD6SL7FF8ADFF4950 HTTP 1.1" 200 2894 "http://www.buttercupgames.com/product.screen?productId=PZ-SG-G05" "Mozilla/5.0 (Windows NT 6.1; WOW64) AppleWebKit/536.5 (KHTML, like Gecko) Chrome/19.0.1084.46 Safari/536.5" 130
175.44.3.30 - - [19/Mar/2022:01:46:17] "POST /success.do?action=purchase&categoryId=STRATEGY&productId=PZ-SG-G05&JSESSIONID=SD6SL7FF8ADFF4950 HTTP 1.1" 200 1282 "http://www.buttercupgames.com/cart.do?action=addtocart&categoryId=STRATEGY&productId=PZ-SG-G05" "Mozilla/5.0 (Windows NT 6.1; WOW64) AppleWebKit/536.5 (KHTML, like Gecko) Chrome/19.0.1084.46 Safari/536.5" 931
175.44.3.30 - - [19/Mar/2022:01:46:17] "POST /cart/success.do?JSESSIONID=SD6SL7FF8ADFF4950&productId=FI-AG-G08 HTTP 1.1" 200 3079 "http://www.buttercupgames.com/cart.do?action=purchase&" "Mozilla/5.0 (Windows NT 6.1; WOW64) AppleWebKit/536.5 (KHTML, like Gecko) Chrome/19.0.1084.46 Safari/536.5" 318
74.125.19.106 - - [19/Mar/2022:01:46:26] "GET /cart.do?action=view&productId=MB-AG-G07&JSESSIONID=SD2SL1FF5ADFF4956 HTTP 1.1" 200 1880 "http://www.buttercupgames.com/category.screen?categoryId=ARCADE" "Mozilla/5.0 (Windows; U; Windows NT 5.1; en-US; rv:1.9.2.28) Gecko/20120306 YFF3 Firefox/3.6.28 ( .NET CLR 3.5.30729; .NET4.0C)" 568
175.44.3.30 - - [19/Mar/2022:01:46:30] "POST /product.screen?productId=BS-AG-G09&JSESSIONID=SD6SL7FF8ADFF4950 HTTP 1.1" 200 3191 "http://www.buttercupgames.com/product.screen?productId=BS-AG-G09" "Mozilla/5.0 (Windows NT 6.1; WOW64) AppleWebKit/536.5 (KHTML, like Gecko) Chrome/19.0.1084.46 Safari/536.5" 778
175.44.3.30 - - [19/Mar/2022:01:46:40] "GET /cart.do?action=remove&productId=MB-AG-T01&JSESSIONID=SD6SL7FF8ADFF4950 HTTP 1.1" 200 3524 "http://www.buttercupgames.com/product.screen?productId=MB-AG-T01" "Mozilla/5.0 (Windows NT 6.1; WOW64) AppleWebKit/536.5 (KHTML, like Gecko) Chrome/19.0.1084.46 Safari/536.5" 576
74.125.19.106 - - [19/Mar/2022:01:46:41] "GET /product.screen?productId=DB-SG-G01&JSESSIONID=SD2SL1FF5ADFF4956 HTTP 1.1" 200 2420 "http://www.buttercupgames.com/category.screen?categoryId=STRATEGY" "Mozilla/5.0 (Windows; U; Windows NT 5.1; en-US; rv:1.9.2.28) Gecko/20120306 YFF3 Firefox/3.6.28 ( .NET CLR 3.5.30729; .NET4.0C)" 108
74.125.19.106 - - [19/Mar/2022:01:46:44] "POST /cart.do?action=addtocart&productId=DB-SG-G01&JSESSIONID=SD2SL1FF5ADFF4956 HTTP 1.1" 200 2442 "http://www.buttercupgames.com/product.screen?productId=DB-SG-G01" "Mozilla/5.0 (Windows; U; Windows NT 5.1; en-US; rv:1.9.2.28) Gecko/20120306 YFF3 Firefox/3.6.28 ( .NET CLR 3.5.30729; .NET4.0C)" 431
74.125.19.106 - - [19/Mar/2022:01:46:46] "POST /success.do?action=purchase&categoryId=STRATEGY&productId=DB-SG-G01&JSESSIONID=SD2SL1FF5ADFF4956 HTTP 1.1" 200 2690 "http://www.buttercupgames.com/cart.do?action=addtocart&categoryId=STRATEGY&productId=DB-SG-G01" "Mozilla/5.0 (Windows; U; Windows NT 5.1; en-US; rv:1.9.2.28) Gecko/20120306 YFF3 Firefox/3.6.28 ( .NET CLR 3.5.30729; .NET4.0C)" 915
74.125.19.106 - - [19/Mar/2022:01:46:46] "POST /cart/error.do?msg=CreditDoesNotMatch&JSESSIONID=SD2SL1FF5ADFF4956 HTTP 1.1" 200 2184 "http://www.buttercupgames.com/cart.do?action=purchase&" "Mozilla/5.0 (Windows; U; Windows NT 5.1; en-US; rv:1.9.2.28) Gecko/20120306 YFF3 Firefox/3.6.28 ( .NET CLR 3.5.30729; .NET4.0C)" 381
175.44.3.30 - - [19/Mar/2022:01:46:49] "GET /category.screen?categoryId=NULL&JSESSIONID=SD6SL7FF8ADFF4950 HTTP 1.1" 406 3004 "http://www.buttercupgames.com/cart.do?action=view&" "Mozilla/5.0 (Windows NT 6.1; WOW64) AppleWebKit/536.5 (KHTML, like Gecko) Chrome/19.0.1084.46 Safari/536.5" 744
74.125.19.106 - - [19/Mar/2022:01:47:00] "POST /cart.do?action=view&JSESSIONID=SD2SL1FF5ADFF4956 HTTP 1.1" 500 1382 "http://www.buttercupgames.com/product.screen?productId=SF-BVS-01" "Mozilla/5.0 (Windows; U; Windows NT 5.1; en-US; rv:1.9.2.28) Gecko/20120306 YFF3 Firefox/3.6.28 ( .NET CLR 3.5.30729; .NET4.0C)" 371
223.205.219.198 - - [19/Mar/2022:01:49:46] "GET /category.screen?categoryId=STRATEGY&JSESSIONID=SD4SL6FF10ADFF4951 HTTP 1.1" 200 1242 "http://www.buttercupgames.com" "Mozilla/5.0 (Windows NT 6.1; WOW64) AppleWebKit/536.5 (KHTML, like Gecko) Chrome/19.0.1084.46 Safari/536.5" 340
223.205.219.198 - - [19/Mar/2022:01:49:59] "GET /cart.do?action=view&productId=DC-SG-G02&JSESSIONID=SD4SL6FF10ADFF4951 HTTP 1.1" 200 3769 "http://www.buttercupgames.com/oldlink" "Mozilla/5.0 (Windows NT 6.1; WOW64) AppleWebKit/536.5 (KHTML, like Gecko) Chrome/19.0.1084.46 Safari/536.5" 907
223.205.219.198 - - [19/Mar/2022:01:50:08] "POST /oldlink?&JSESSIONID=SD4SL6FF10ADFF4951 HTTP 1.1" 200 3544 "http://www.buttercupgames.com/category.screen?categoryId=ARCADE" "Mozilla/5.0 (Windows NT 6.1; WOW64) AppleWebKit/536.5 (KHTML, like Gecko) Chrome/19.0.1084.46 Safari/536.5" 475
223.205.219.198 - - [19/Mar/2022:01:50:14] "GET /cart.do?action=view&productId=MB-AG-G07&JSESSIONID=SD4SL6FF10ADFF4951 HTTP 1.1" 200 3828 "http://www.buttercupgames.com/oldlink" "Mozilla/5.0 (Windows NT 6.1; WOW64) AppleWebKit/536.5 (KHTML, like Gecko) Chrome/19.0.1084.46 Safari/536.5" 930
128.241.220.82 - - [19/Mar/2022:01:50:18] "POST /category.screen?categoryId=TEE&JSESSIONID=SD9SL10FF10ADFF4954 HTTP 1.1" 200 1464 "http://www.google.com" "Mozilla/5.0 (Macintosh; Intel Mac OS X 10_7_4) AppleWebKit/536.5 (KHTML, like Gecko) Chrome/19.0.1084.46 Safari/536.5" 717
128.241.220.82 - - [19/Mar/2022:01:50:28] "GET /oldlink?&JSESSIONID=SD9SL10FF10ADFF4954 HTTP 1.1" 200 629 "http://www.buttercupgames.com/category.screen?categoryId=ARCADE" "Mozilla/5.0 (Macintosh; Intel Mac OS X 10_7_4) AppleWebKit/536.5 (KHTML, like Gecko) Chrome/19.0.1084.46 Safari/536.5" 786
211.25.254.234 - - [19/Mar/2022:01:51:38] "GET /category.screen?categoryId=ARCADE&JSESSIONID=SD8SL1FF10ADFF4963 HTTP 1.1" 200 2227 "http://www.buttercupgames.com" "Mozilla/4.0 (compatible; MSIE 7.0; Windows NT 5.2; .NET CLR 1.1.4322; InfoPath.1; MS-RTC LM 8)" 541
211.25.254.234 - - [19/Mar/2022:01:51:41] "GET /product.screen?productId=WC-SH-A01&JSESSIONID=SD8SL1FF10ADFF4963 HTTP 1.1" 200 2529 "http://www.buttercupgames.com/product.screen?productId=WC-SH-A01" "Mozilla/4.0 (compatible; MSIE 7.0; Windows NT 5.2; .NET CLR 1.1.4322; InfoPath.1; MS-RTC LM 8)" 321
211.25.254.234 - - [19/Mar/2022:01:51:45] "GET /product.screen?productId=MB-AG-T01&JSESSIONID=SD8SL1FF10ADFF4963 HTTP 1.1" 200 3165 "http://www.buttercupgames.com/product.screen?productId=MB-AG-T01" "Mozilla/4.0 (compatible; MSIE 7.0; Windows NT 5.2; .NET CLR 1.1.4322; InfoPath.1; MS-RTC LM 8)" 818
211.25.254.234 - - [19/Mar/2022:01:51:52] "GET /category.screen?categoryId=ACCESSORIES&JSESSIONID=SD8SL1FF10ADFF4963 HTTP 1.1" 200 2721 "http://www.buttercupgames.com/product.screen?productId=WC-SH-A02" "Mozilla/4.0 (compatible; MSIE 7.0; Windows NT 5.2; .NET CLR 1.1.4322; InfoPath.1; MS-RTC LM 8)" 361
211.25.254.234 - - [19/Mar/2022:01:52:01] "GET /product.screen?productId=DB-SG-G01&JSESSIONID=SD8SL1FF10ADFF4963 HTTP 1.1" 200 3064 "http://www.buttercupgames.com/category.screen?categoryId=STRATEGY" "Mozilla/4.0 (compatible; MSIE 7.0; Windows NT 5.2; .NET CLR 1.1.4322; InfoPath.1; MS-RTC LM 8)" 742
211.25.254.234 - - [19/Mar/2022:01:52:02] "POST /cart.do?action=addtocart&productId=DB-SG-G01&JSESSIONID=SD8SL1FF10ADFF4963 HTTP 1.1" 200 3793 "http://www.buttercupgames.com/product.screen?productId=DB-SG-G01" "Mozilla/4.0 (compatible; MSIE 7.0; Windows NT 5.2; .NET CLR 1.1.4322; InfoPath.1; MS-RTC LM 8)" 795
211.25.254.234 - - [19/Mar/2022:01:52:03] "POST /success.do?action=purchase&categoryId=STRATEGY&productId=DB-SG-G01&JSESSIONID=SD8SL1FF10ADFF4963 HTTP 1.1" 200 2579 "http://www.buttercupgames.com/cart.do?action=addtocart&categoryId=STRATEGY&productId=DB-SG-G01" "Mozilla/4.0 (compatible; MSIE 7.0; Windows NT 5.2; .NET CLR 1.1.4322; InfoPath.1; MS-RTC LM 8)" 846
211.25.254.234 - - [19/Mar/2022:01:52:03] "POST /cart/success.do?JSESSIONID=SD8SL1FF10ADFF4963&productId=DB-SG-G01 HTTP 1.1" 200 1573 "http://www.buttercupgames.com/cart.do?action=purchase&" "Mozilla/4.0 (compatible; MSIE 7.0; Windows NT 5.2; .NET CLR 1.1.4322; InfoPath.1; MS-RTC LM 8)" 930
211.25.254.234 - - [19/Mar/2022:01:52:10] "GET /cart.do?action=addtocart&productId=FS-SG-G03&JSESSIONID=SD8SL1FF10ADFF4963 HTTP 1.1" 200 2992 "http://www.buttercupgames.com/oldlink" "Mozilla/4.0 (compatible; MSIE 7.0; Windows NT 5.2; .NET CLR 1.1.4322; InfoPath.1; MS-RTC LM 8)" 738
211.25.254.234 - - [19/Mar/2022:01:52:25] "GET /cart.do?action=changequantity&productId=WC-SH-G04&JSESSIONID=SD8SL1FF10ADFF4963 HTTP 1.1" 200 3752 "http://www.buttercupgames.com/product.screen?productId=WC-SH-G04" "Mozilla/4.0 (compatible; MSIE 7.0; Windows NT 5.2; .NET CLR 1.1.4322; InfoPath.1; MS-RTC LM 8)" 892
211.25.254.234 - - [19/Mar/2022:01:52:39] "GET /oldlink?&JSESSIONID=SD8SL1FF10ADFF4963 HTTP 1.1" 200 568 "http://www.buttercupgames.com/cart.do?action=remove&productId=WC-SH-T02" "Mozilla/4.0 (compatible; MSIE 7.0; Windows NT 5.2; .NET CLR 1.1.4322; InfoPath.1; MS-RTC LM 8)" 809
211.25.254.234 - - [19/Mar/2022:01:52:46] "GET /category.screen?categoryId=ARCADE&JSESSIONID=SD8SL1FF10ADFF4963 HTTP 1.1" 200 2017 "http://www.buttercupgames.com/category.screen?categoryId=ARCADE" "Mozilla/4.0 (compatible; MSIE 7.0; Windows NT 5.2; .NET CLR 1.1.4322; InfoPath.1; MS-RTC LM 8)" 278
199.15.234.66 - - [19/Mar/2022:01:53:02] "GET /product.screen?productId=WC-SH-G04&JSESSIONID=SD8SL5FF7ADFF4953 HTTP 1.1" 200 1465 "http://www.buttercupgames.com/category.screen?categoryId=SHOOTER" "Opera/9.01 (Windows NT 5.1; U; en)" 162
199.15.234.66 - - [19/Mar/2022:01:53:03] "POST /cart.do?action=addtocart&productId=WC-SH-G04&JSESSIONID=SD8SL5FF7ADFF4953 HTTP 1.1" 200 3886 "http://www.buttercupgames.com/product.screen?productId=WC-SH-G04" "Opera/9.01 (Windows NT 5.1; U; en)" 807
199.15.234.66 - - [19/Mar/2022:01:53:07] "POST /success.do?action=purchase&categoryId=SHOOTER&productId=WC-SH-G04&JSESSIONID=SD8SL5FF7ADFF4953 HTTP 1.1" 200 2428 "http://www.buttercupgames.com/cart.do?action=addtocart&categoryId=SHOOTER&productId=WC-SH-G04" "Opera/9.01 (Windows NT 5.1; U; en)" 342
199.15.234.66 - - [19/Mar/2022:01:53:07] "POST /cart/success.do?JSESSIONID=SD8SL5FF7ADFF4953&productId=BS-AG-G09 HTTP 1.1" 200 2341 "http://www.buttercupgames.com/cart.do?action=purchase&" "Opera/9.01 (Windows NT 5.1; U; en)" 651
199.15.234.66 - - [19/Mar/2022:01:53:20] "POST /product.screen?productId=SF-BVS-01&JSESSIONID=SD8SL5FF7ADFF4953 HTTP 1.1" 406 3474 "http://www.buttercupgames.com/product.screen?productId=SF-BVS-01" "Opera/9.01 (Windows NT 5.1; U; en)" 653
199.15.234.66 - - [19/Mar/2022:01:53:24] "GET /product.screen?productId=FI-AG-G08&JSESSIONID=SD8SL5FF7ADFF4953 HTTP 1.1" 200 2213 "http://www.buttercupgames.com/category.screen?categoryId=ARCADE" "Opera/9.01 (Windows NT 5.1; U; en)" 533
199.15.234.66 - - [19/Mar/2022:01:53:26] "POST /cart.do?action=addtocart&productId=FI-AG-G08&JSESSIONID=SD8SL5FF7ADFF4953 HTTP 1.1" 200 2870 "http://www.buttercupgames.com/product.screen?productId=FI-AG-G08" "Opera/9.01 (Windows NT 5.1; U; en)" 800
199.15.234.66 - - [19/Mar/2022:01:53:29] "POST /success.do?action=purchase&categoryId=ARCADE&productId=FI-AG-G08&JSESSIONID=SD8SL5FF7ADFF4953 HTTP 1.1" 200 1618 "http://www.buttercupgames.com/cart.do?action=addtocart&categoryId=ARCADE&productId=FI-AG-G08" "Opera/9.01 (Windows NT 5.1; U; en)" 830
199.15.234.66 - - [19/Mar/2022:01:53:29] "POST /cart/success.do?JSESSIONID=SD8SL5FF7ADFF4953&productId=WSC-MG-G10 HTTP 1.1" 200 2824 "http://www.buttercupgames.com/cart.do?action=purchase&" "Opera/9.01 (Windows NT 5.1; U; en)" 360
59.162.167.100 - - [19/Mar/2022:01:54:41] "GET /cart.do?action=view&productId=WC-SH-A01&JSESSIONID=SD1SL6FF3ADFF4953 HTTP 1.1" 200 348 "http://www.google.com" "Mozilla/5.0 (compatible; Googlebot/2.1; +http://www.google.com/bot.html)" 738
59.162.167.100 - - [19/Mar/2022:01:54:55] "GET /product.screen?productId=MB-AG-T01&JSESSIONID=SD1SL6FF3ADFF4953 HTTP 1.1" 200 3106 "http://www.buttercupgames.com/category.screen?categoryId=TEE" "Mozilla/5.0 (compatible; Googlebot/2.1; +http://www.google.com/bot.html)" 643
59.162.167.100 - - [19/Mar/2022:01:54:58] "POST /cart.do?action=addtocart&productId=MB-AG-T01&JSESSIONID=SD1SL6FF3ADFF4953 HTTP 1.1" 200 229 "http://www.buttercupgames.com/product.screen?productId=MB-AG-T01" "Mozilla/5.0 (compatible; Googlebot/2.1; +http://www.google.com/bot.html)" 591
59.162.167.100 - - [19/Mar/2022:01:55:00] "POST /success.do?action=purchase&categoryId=TEE&productId=MB-AG-T01&JSESSIONID=SD1SL6FF3ADFF4953 HTTP 1.1" 200 379 "http://www.buttercupgames.com/cart.do?action=addtocart&categoryId=TEE&productId=MB-AG-T01" "Mozilla/5.0 (compatible; MSIE 9.0; Windows NT 6.1; WOW64; Trident/5.0; BOIE9;ENUS)" 448
59.162.167.100 - - [19/Mar/2022:01:55:00] "POST /cart/success.do?JSESSIONID=SD1SL6FF3ADFF4953&productId=MB-AG-G07 HTTP 1.1" 200 643 "http://www.buttercupgames.com/cart.do?action=purchase&" "Mozilla/5.0 (compatible; MSIE 9.0; Windows NT 6.1; WOW64; Trident/5.0; BOIE9;ENUS)" 448
59.162.167.100 - - [19/Mar/2022:01:55:07] "GET /product.screen?productId=WC-SH-A01&JSESSIONID=SD1SL6FF3ADFF4953 HTTP 1.1" 200 3509 "http://www.buttercupgames.com/category.screen?categoryId=ACCESSORIES" "Mozilla/5.0 (compatible; Googlebot/2.1; +http://www.google.com/bot.html)" 717
59.162.167.100 - - [19/Mar/2022:01:55:11] "GET /cart.do?action=view&productId=CU-PG-G06&JSESSIONID=SD1SL6FF3ADFF4953 HTTP 1.1" 200 2007 "http://www.buttercupgames.com/product.screen?productId=CU-PG-G06" "Mozilla/5.0 (compatible; Googlebot/2.1; +http://www.google.com/bot.html)" 561
59.162.167.100 - - [19/Mar/2022:01:55:16] "GET /oldlink?&JSESSIONID=SD1SL6FF3ADFF4953 HTTP 1.1" 200 2185 "http://www.buttercupgames.com/product.screen?productId=WC-SH-A02" "Mozilla/5.0 (compatible; Googlebot/2.1; +http://www.google.com/bot.html)" 729
59.162.167.100 - - [19/Mar/2022:01:55:27] "GET /cart.do?action=addtocart&productId=CU-PG-G06&JSESSIONID=SD1SL6FF3ADFF4953 HTTP 1.1" 200 2497 "http://www.buttercupgames.com/product.screen?productId=CU-PG-G06" "Mozilla/5.0 (compatible; Googlebot/2.1; +http://www.google.com/bot.html)" 138
27.1.11.11 - - [19/Mar/2022:01:55:35] "GET /category.screen?categoryId=SHOOTER&JSESSIONID=SD1SL5FF8ADFF4963 HTTP 1.1" 200 2587 "http://www.google.com" "Mozilla/5.0 (Windows; U; Windows NT 5.1; en-US; rv:1.9.2.28) Gecko/20120306 YFF3 Firefox/3.6.28 ( .NET CLR 3.5.30729; .NET4.0C)" 183
59.162.167.100 - - [19/Mar/2022:01:55:40] "POST /cart.do?action=view&productId=MB-AG-T01&JSESSIONID=SD1SL6FF3ADFF4953 HTTP 1.1" 200 333 "http://www.buttercupgames.com/oldlink" "Mozilla/5.0 (compatible; Googlebot/2.1; +http://www.google.com/bot.html)" 854
27.1.11.11 - - [19/Mar/2022:01:55:47] "GET /product.screen?productId=DB-SG-G01&JSESSIONID=SD1SL5FF8ADFF4963 HTTP 1.1" 200 3663 "http://www.buttercupgames.com/cart.do?action=view&productId=DB-SG-G01" "Mozilla/5.0 (Windows; U; Windows NT 5.1; en-US; rv:1.9.2.28) Gecko/20120306 YFF3 Firefox/3.6.28 ( .NET CLR 3.5.30729; .NET4.0C)" 683
59.162.167.100 - - [19/Mar/2022:01:55:55] "GET /product.screen?productId=FI-AG-G08&JSESSIONID=SD1SL6FF3ADFF4953 HTTP 1.1" 200 360 "http://www.buttercupgames.com/cart.do?action=changequantity&productId=FI-AG-G08" "Mozilla/5.0 (compatible; Googlebot/2.1; +http://www.google.com/bot.html)" 746
27.1.11.11 - - [19/Mar/2022:01:55:58] "GET /product.screen?productId=MB-AG-T01&JSESSIONID=SD1SL5FF8ADFF4963 HTTP 1.1" 200 870 "http://www.buttercupgames.com/category.screen?categoryId=TEE" "Mozilla/5.0 (Windows; U; Windows NT 5.1; en-US; rv:1.9.2.28) Gecko/20120306 YFF3 Firefox/3.6.28 ( .NET CLR 3.5.30729; .NET4.0C)" 432
59.162.167.100 - - [19/Mar/2022:01:56:02] "GET /category.screen?categoryId=NULL&JSESSIONID=SD1SL6FF3ADFF4953 HTTP 1.1" 500 451 "http://www.buttercupgames.com/cart.do?action=view&" "Mozilla/5.0 (compatible; Googlebot/2.1; +http://www.google.com/bot.html)" 856
59.162.167.100 - - [19/Mar/2022:01:56:09] "GET /category.screen?categoryId=TEE&JSESSIONID=SD1SL6FF3ADFF4953 HTTP 1.1" 200 2982 "http://www.buttercupgames.com/oldlink" "Mozilla/5.0 (compatible; Googlebot/2.1; +http://www.google.com/bot.html)" 181
27.1.11.11 - - [19/Mar/2022:01:56:13] "POST /category.screen?categoryId=NULL&JSESSIONID=SD1SL5FF8ADFF4963 HTTP 1.1" 505 290 "http://www.buttercupgames.com/product.screen?productId=SF-BVS-01" "Mozilla/5.0 (Windows; U; Windows NT 5.1; en-US; rv:1.9.2.28) Gecko/20120306 YFF3 Firefox/3.6.28 ( .NET CLR 3.5.30729; .NET4.0C)" 886
59.162.167.100 - - [19/Mar/2022:01:56:18] "GET /oldlink?&JSESSIONID=SD1SL6FF3ADFF4953 HTTP 1.1" 200 1095 "http://www.buttercupgames.com/oldlink" "Mozilla/5.0 (compatible; Googlebot/2.1; +http://www.google.com/bot.html)" 956
27.1.11.11 - - [19/Mar/2022:01:56:23] "POST /product.screen?productId=MB-AG-T01&JSESSIONID=SD1SL5FF8ADFF4963 HTTP 1.1" 200 565 "http://www.buttercupgames.com/category.screen?categoryId=TEE" "Mozilla/5.0 (Windows; U; Windows NT 5.1; en-US; rv:1.9.2.28) Gecko/20120306 YFF3 Firefox/3.6.28 ( .NET CLR 3.5.30729; .NET4.0C)" 176
27.1.11.11 - - [19/Mar/2022:01:56:23] "POST /cart.do?action=addtocart&productId=MB-AG-T01&JSESSIONID=SD1SL5FF8ADFF4963 HTTP 1.1" 200 1696 "http://www.buttercupgames.com/product.screen?productId=MB-AG-T01" "Mozilla/5.0 (Windows; U; Windows NT 5.1; en-US; rv:1.9.2.28) Gecko/20120306 YFF3 Firefox/3.6.28 ( .NET CLR 3.5.30729; .NET4.0C)" 967
27.1.11.11 - - [19/Mar/2022:01:56:26] "POST /success.do?action=purchase&categoryId=TEE&productId=MB-AG-T01&JSESSIONID=SD1SL5FF8ADFF4963 HTTP 1.1" 200 2425 "http://www.buttercupgames.com/cart.do?action=addtocart&categoryId=TEE&productId=MB-AG-T01" "Mozilla/5.0 (Windows; U; Windows NT 5.1; en-US; rv:1.9.2.28) Gecko/20120306 YFF3 Firefox/3.6.28 ( .NET CLR 3.5.30729; .NET4.0C)" 910
27.1.11.11 - - [19/Mar/2022:01:56:26] "POST /cart/success.do?JSESSIONID=SD1SL5FF8ADFF4963&productId=CU-PG-G06 HTTP 1.1" 200 1528 "http://www.buttercupgames.com/cart.do?action=purchase&" "Mozilla/5.0 (Windows; U; Windows NT 5.1; en-US; rv:1.9.2.28) Gecko/20120306 YFF3 Firefox/3.6.28 ( .NET CLR 3.5.30729; .NET4.0C)" 431
27.1.11.11 - - [19/Mar/2022:01:56:29] "GET /cart.do?action=changequantity&productId=PZ-SG-G05&JSESSIONID=SD1SL5FF8ADFF4963 HTTP 1.1" 200 2270 "http://www.buttercupgames.com/category.screen?categoryId=STRATEGY" "Mozilla/5.0 (Windows; U; Windows NT 5.1; en-US; rv:1.9.2.28) Gecko/20120306 YFF3 Firefox/3.6.28 ( .NET CLR 3.5.30729; .NET4.0C)" 227
59.162.167.100 - - [19/Mar/2022:01:56:33] "POST /category.screen?categoryId=STRATEGY&JSESSIONID=SD1SL6FF3ADFF4953 HTTP 1.1" 200 966 "http://www.buttercupgames.com/oldlink" "Mozilla/5.0 (compatible; Googlebot/2.1; +http://www.google.com/bot.html)" 776
27.1.11.11 - - [19/Mar/2022:01:56:44] "POST /product.screen?productId=WC-SH-A02&JSESSIONID=SD1SL5FF8ADFF4963 HTTP 1.1" 200 1133 "http://www.buttercupgames.com/cart.do?action=view&productId=WC-SH-A02" "Mozilla/5.0 (Windows; U; Windows NT 5.1; en-US; rv:1.9.2.28) Gecko/20120306 YFF3 Firefox/3.6.28 ( .NET CLR 3.5.30729; .NET4.0C)" 447
27.1.11.11 - - [19/Mar/2022:01:56:59] "GET /category.screen?categoryId=SHOOTER&JSESSIONID=SD1SL5FF8ADFF4963 HTTP 1.1" 200 3994 "http://www.buttercupgames.com/product.screen?productId=WC-SH-G04" "Mozilla/5.0 (Windows; U; Windows NT 5.1; en-US; rv:1.9.2.28) Gecko/20120306 YFF3 Firefox/3.6.28 ( .NET CLR 3.5.30729; .NET4.0C)" 239
27.1.11.11 - - [19/Mar/2022:01:57:12] "POST /product.screen?productId=SF-BVS-01&JSESSIONID=SD1SL5FF8ADFF4963 HTTP 1.1" 408 3176 "http://www.buttercupgames.com/cart.do?action=view&" "Mozilla/5.0 (Windows; U; Windows NT 5.1; en-US; rv:1.9.2.28) Gecko/20120306 YFF3 Firefox/3.6.28 ( .NET CLR 3.5.30729; .NET4.0C)" 267
99.61.68.230 - - [19/Mar/2022:02:00:19] "GET /product.screen?productId=FI-AG-G08&JSESSIONID=SD2SL1FF7ADFF4961 HTTP 1.1" 200 1082 "http://www.buttercupgames.com" "Mozilla/4.0 (compatible; MSIE 7.0; Windows NT 5.2; .NET CLR 1.1.4322; InfoPath.1; MS-RTC LM 8)" 185
99.61.68.230 - - [19/Mar/2022:02:00:24] "GET /category.screen?categoryId=ACCESSORIES&JSESSIONID=SD2SL1FF7ADFF4961 HTTP 1.1" 200 2962 "http://www.buttercupgames.com/category.screen?categoryId=ACCESSORIES" "Mozilla/4.0 (compatible; MSIE 7.0; Windows NT 5.2; .NET CLR 1.1.4322; InfoPath.1; MS-RTC LM 8)" 219
99.61.68.230 - - [19/Mar/2022:02:00:32] "GET /oldlink?&JSESSIONID=SD2SL1FF7ADFF4961 HTTP 1.1" 200 234 "http://www.buttercupgames.com/cart.do?action=view&productId=FI-AG-G08" "Mozilla/4.0 (compatible; MSIE 7.0; Windows NT 5.2; .NET CLR 1.1.4322; InfoPath.1; MS-RTC LM 8)" 980
99.61.68.230 - - [19/Mar/2022:02:00:48] "GET /category.screen?categoryId=SHOOTER&JSESSIONID=SD2SL1FF7ADFF4961 HTTP 1.1" 200 2490 "http://www.buttercupgames.com/category.screen?categoryId=SHOOTER" "Mozilla/4.0 (compatible; MSIE 7.0; Windows NT 5.2; .NET CLR 1.1.4322; InfoPath.1; MS-RTC LM 8)" 563
99.61.68.230 - - [19/Mar/2022:02:00:51] "POST /category.screen?categoryId=STRATEGY&JSESSIONID=SD2SL1FF7ADFF4961 HTTP 1.1" 200 243 "http://www.buttercupgames.com/oldlink" "Mozilla/4.0 (compatible; MSIE 7.0; Windows NT 5.2; .NET CLR 1.1.4322; InfoPath.1; MS-RTC LM 8)" 766
99.61.68.230 - - [19/Mar/2022:02:01:01] "GET /cart.do?action=view&productId=MB-AG-G07&JSESSIONID=SD2SL1FF7ADFF4961 HTTP 1.1" 200 1593 "http://www.buttercupgames.com/cart.do?action=view&productId=MB-AG-G07" "Mozilla/4.0 (compatible; MSIE 7.0; Windows NT 5.2; .NET CLR 1.1.4322; InfoPath.1; MS-RTC LM 8)" 293
46.251.224.66 - - [19/Mar/2022:02:02:10] "GET /category.screen?categoryId=STRATEGY&JSESSIONID=SD0SL9FF3ADFF4964 HTTP 1.1" 200 2893 "http://www.bing.com" "Mozilla/5.0 (Windows; U; Windows NT 5.1; en-US; rv:1.9.2.28) Gecko/20120306 YFF3 Firefox/3.6.28 ( .NET CLR 3.5.30729; .NET4.0C)" 975
46.251.224.66 - - [19/Mar/2022:02:02:21] "GET /oldlink?&JSESSIONID=SD0SL9FF3ADFF4964 HTTP 1.1" 200 832 "http://www.buttercupgames.com/cart.do?action=addtocart&productId=CU-PG-G06" "Mozilla/5.0 (Windows; U; Windows NT 5.1; en-US; rv:1.9.2.28) Gecko/20120306 YFF3 Firefox/3.6.28 ( .NET CLR 3.5.30729; .NET4.0C)" 196
46.251.224.66 - - [19/Mar/2022:02:02:33] "GET /product.screen?productId=CU-PG-G06&JSESSIONID=SD0SL9FF3ADFF4964 HTTP 1.1" 200 1887 "http://www.buttercupgames.com/category.screen?categoryId=SPORTS" "Mozilla/5.0 (Windows; U; Windows NT 5.1; en-US; rv:1.9.2.28) Gecko/20120306 YFF3 Firefox/3.6.28 ( .NET CLR 3.5.30729; .NET4.0C)" 463
46.251.224.66 - - [19/Mar/2022:02:02:38] "GET /oldlink?&JSESSIONID=SD0SL9FF3ADFF4964 HTTP 1.1" 200 2090 "http://www.buttercupgames.com/category.screen?categoryId=ACCESSORIES" "Mozilla/5.0 (Windows; U; Windows NT 5.1; en-US; rv:1.9.2.28) Gecko/20120306 YFF3 Firefox/3.6.28 ( .NET CLR 3.5.30729; .NET4.0C)" 737
46.251.224.66 - - [19/Mar/2022:02:02:48] "GET /product.screen?productId=PZ-SG-G05&JSESSIONID=SD0SL9FF3ADFF4964 HTTP 1.1" 200 2355 "http://www.buttercupgames.com/product.screen?productId=PZ-SG-G05" "Mozilla/5.0 (Windows; U; Windows NT 5.1; en-US; rv:1.9.2.28) Gecko/20120306 YFF3 Firefox/3.6.28 ( .NET CLR 3.5.30729; .NET4.0C)" 230
46.251.224.66 - - [19/Mar/2022:02:02:59] "GET /product.screen?productId=DB-SG-G01&JSESSIONID=SD0SL9FF3ADFF4964 HTTP 1.1" 200 2395 "http://www.buttercupgames.com/cart.do?action=view&productId=DB-SG-G01" "Mozilla/5.0 (Windows; U; Windows NT 5.1; en-US; rv:1.9.2.28) Gecko/20120306 YFF3 Firefox/3.6.28 ( .NET CLR 3.5.30729; .NET4.0C)" 957
46.251.224.66 - - [19/Mar/2022:02:03:14] "GET /oldlink?&JSESSIONID=SD0SL9FF3ADFF4964 HTTP 1.1" 406 904 "http://www.buttercupgames.com/cart.do?action=addtocart&" "Mozilla/5.0 (Windows; U; Windows NT 5.1; en-US; rv:1.9.2.28) Gecko/20120306 YFF3 Firefox/3.6.28 ( .NET CLR 3.5.30729; .NET4.0C)" 602
76.89.103.115 - - [19/Mar/2022:02:05:00] "GET /category.screen?categoryId=NULL&JSESSIONID=SD7SL8FF5ADFF4950 HTTP 1.1" 406 1502 "http://www.buttercupgames.com" "Mozilla/5.0 (compatible; MSIE 9.0; Windows NT 6.1; WOW64; Trident/5.0; BOIE9;ENUS)" 204
76.89.103.115 - - [19/Mar/2022:02:05:13] "GET /product.screen?productId=FI-AG-G08&JSESSIONID=SD7SL8FF5ADFF4950 HTTP 1.1" 200 1777 "http://www.buttercupgames.com/oldlink" "Mozilla/5.0 (compatible; MSIE 9.0; Windows NT 6.1; WOW64; Trident/5.0; BOIE9;ENUS)" 533
76.89.103.115 - - [19/Mar/2022:02:05:22] "POST /cart.do?action=remove&productId=CU-PG-G06&JSESSIONID=SD7SL8FF5ADFF4950 HTTP 1.1" 200 2850 "http://www.buttercupgames.com/oldlink" "Mozilla/5.0 (compatible; MSIE 9.0; Windows NT 6.1; WOW64; Trident/5.0; BOIE9;ENUS)" 740
76.89.103.115 - - [19/Mar/2022:02:05:30] "POST /product.screen?productId=SC-MG-G10&JSESSIONID=SD7SL8FF5ADFF4950 HTTP 1.1" 200 1334 "http://www.buttercupgames.com/cart.do?action=remove&productId=SC-MG-G10" "Mozilla/5.0 (compatible; MSIE 9.0; Windows NT 6.1; WOW64; Trident/5.0; BOIE9;ENUS)" 942
76.89.103.115 - - [19/Mar/2022:02:05:43] "GET /product.screen?productId=MB-AG-G07&JSESSIONID=SD7SL8FF5ADFF4950 HTTP 1.1" 200 1212 "http://www.buttercupgames.com/category.screen?categoryId=ARCADE" "Mozilla/5.0 (compatible; MSIE 9.0; Windows NT 6.1; WOW64; Trident/5.0; BOIE9;ENUS)" 945
76.89.103.115 - - [19/Mar/2022:02:05:46] "POST /cart.do?action=addtocart&productId=MB-AG-G07&JSESSIONID=SD7SL8FF5ADFF4950 HTTP 1.1" 200 2565 "http://www.buttercupgames.com/product.screen?productId=MB-AG-G07" "Mozilla/5.0 (compatible; MSIE 9.0; Windows NT 6.1; WOW64; Trident/5.0; BOIE9;ENUS)" 254
76.89.103.115 - - [19/Mar/2022:02:05:48] "POST /success.do?action=purchase&categoryId=ARCADE&productId=MB-AG-G07&JSESSIONID=SD7SL8FF5ADFF4950 HTTP 1.1" 200 3634 "http://www.buttercupgames.com/cart.do?action=addtocart&categoryId=ARCADE&productId=MB-AG-G07" "Mozilla/5.0 (compatible; MSIE 9.0; Windows NT 6.1; WOW64; Trident/5.0; BOIE9;ENUS)" 281
76.89.103.115 - - [19/Mar/2022:02:05:48] "POST /cart/error.do?msg=NothingInCart&JSESSIONID=SD7SL8FF5ADFF4950 HTTP 1.1" 200 1713 "http://www.buttercupgames.com/cart.do?action=purchase&" "Mozilla/5.0 (compatible; MSIE 9.0; Windows NT 6.1; WOW64; Trident/5.0; BOIE9;ENUS)" 486
198.35.1.75 - - [19/Mar/2022:02:06:00] "POST /product.screen?productId=DB-SG-G01&JSESSIONID=SD6SL6FF5ADFF4960 HTTP 1.1" 200 1381 "http://www.buttercupgames.com" "Mozilla/5.0 (Windows NT 6.1; WOW64) AppleWebKit/536.5 (KHTML, like Gecko) Chrome/19.0.1084.52 Safari/536.5" 568
76.89.103.115 - - [19/Mar/2022:02:06:02] "GET /cart.do?action=view&productId=FS-SG-G03&JSESSIONID=SD7SL8FF5ADFF4950 HTTP 1.1" 200 1035 "http://www.buttercupgames.com/product.screen?productId=FS-SG-G03" "Mozilla/5.0 (compatible; MSIE 9.0; Windows NT 6.1; WOW64; Trident/5.0; BOIE9;ENUS)" 521
76.89.103.115 - - [19/Mar/2022:02:06:07] "GET /oldlink?&JSESSIONID=SD7SL8FF5ADFF4950 HTTP 1.1" 200 1608 "http://www.buttercupgames.com/category.screen?categoryId=STRATEGY" "Mozilla/5.0 (compatible; MSIE 9.0; Windows NT 6.1; WOW64; Trident/5.0; BOIE9;ENUS)" 443
198.35.1.75 - - [19/Mar/2022:02:06:10] "GET /product.screen?productId=DC-SG-G02&JSESSIONID=SD6SL6FF5ADFF4960 HTTP 1.1" 200 237 "http://www.buttercupgames.com/oldlink" "Mozilla/5.0 (Windows NT 6.1; WOW64) AppleWebKit/536.5 (KHTML, like Gecko) Chrome/19.0.1084.52 Safari/536.5" 137
76.89.103.115 - - [19/Mar/2022:02:06:15] "GET /cart.do?action=view&productId=WC-SH-G04&JSESSIONID=SD7SL8FF5ADFF4950 HTTP 1.1" 200 3367 "http://www.buttercupgames.com/oldlink" "Mozilla/5.0 (compatible; MSIE 9.0; Windows NT 6.1; WOW64; Trident/5.0; BOIE9;ENUS)" 893
198.35.1.75 - - [19/Mar/2022:02:06:16] "GET /category.screen?categoryId=STRATEGY&JSESSIONID=SD6SL6FF5ADFF4960 HTTP 1.1" 200 3095 "http://www.buttercupgames.com/cart.do?action=view&productId=FS-SG-G03" "Mozilla/5.0 (Windows NT 6.1; WOW64) AppleWebKit/536.5 (KHTML, like Gecko) Chrome/19.0.1084.52 Safari/536.5" 794
198.35.1.75 - - [19/Mar/2022:02:06:25] "GET /category.screen?categoryId=ARCADE&JSESSIONID=SD6SL6FF5ADFF4960 HTTP 1.1" 200 877 "http://www.buttercupgames.com/cart.do?action=view&productId=BS-AG-G09" "Mozilla/5.0 (Windows NT 6.1; WOW64) AppleWebKit/536.5 (KHTML, like Gecko) Chrome/19.0.1084.52 Safari/536.5" 320
76.89.103.115 - - [19/Mar/2022:02:06:28] "GET /oldlink?&JSESSIONID=SD7SL8FF5ADFF4950 HTTP 1.1" 200 762 "http://www.buttercupgames.com/product.screen?productId=MB-AG-G07" "Mozilla/5.0 (compatible; MSIE 9.0; Windows NT 6.1; WOW64; Trident/5.0; BOIE9;ENUS)" 878
198.35.1.75 - - [19/Mar/2022:02:06:29] "GET /oldlink?&JSESSIONID=SD6SL6FF5ADFF4960 HTTP 1.1" 200 2144 "http://www.buttercupgames.com/category.screen?categoryId=STRATEGY" "Mozilla/5.0 (Windows NT 6.1; WOW64) AppleWebKit/536.5 (KHTML, like Gecko) Chrome/19.0.1084.52 Safari/536.5" 921
76.89.103.115 - - [19/Mar/2022:02:06:38] "GET /cart.do?action=addtocart&productId=FS-SG-G03&JSESSIONID=SD7SL8FF5ADFF4950 HTTP 1.1" 200 1486 "http://www.buttercupgames.com/oldlink" "Mozilla/5.0 (compatible; MSIE 9.0; Windows NT 6.1; WOW64; Trident/5.0; BOIE9;ENUS)" 371
198.35.1.75 - - [19/Mar/2022:02:06:44] "GET /category.screen?categoryId=SHOOTER&JSESSIONID=SD6SL6FF5ADFF4960 HTTP 1.1" 200 3934 "http://www.buttercupgames.com/cart.do?action=addtocart&productId=WC-SH-G04" "Mozilla/5.0 (Windows NT 6.1; WOW64) AppleWebKit/536.5 (KHTML, like Gecko) Chrome/19.0.1084.52 Safari/536.5" 392
198.35.1.75 - - [19/Mar/2022:02:06:54] "GET /product.screen?productId=WC-SH-A02&JSESSIONID=SD6SL6FF5ADFF4960 HTTP 1.1" 200 2052 "http://www.buttercupgames.com/category.screen?categoryId=ACCESSORIES" "Mozilla/5.0 (Windows NT 6.1; WOW64) AppleWebKit/536.5 (KHTML, like Gecko) Chrome/19.0.1084.52 Safari/536.5" 849
