60.18.93.11 - - [18/Mar/2022:09:15:53] "GET /cart.do?action=addtocart&productId=DC-SG-G02&JSESSIONID=SD8SL5FF4ADFF4951 HTTP 1.1" 200 2833 "http://www.buttercupgames.com/category.screen?categoryId=STRATEGY" "Mozilla/5.0 (Macintosh; Intel Mac OS X 10_7_4) AppleWebKit/536.5 (KHTML, like Gecko) Chrome/19.0.1084.46 Safari/536.5" 419
87.194.216.51 - - [18/Mar/2022:09:16:04] "GET /oldlink?&JSESSIONID=SD2SL2FF5ADFF4964 HTTP 1.1" 200 3191 "http://www.buttercupgames.com/product.screen?productId=SC-MG-G10" "Opera/9.20 (Windows NT 6.0; U; en)" 946
60.18.93.11 - - [18/Mar/2022:09:16:11] "GET /oldlink?&JSESSIONID=SD8SL5FF4ADFF4951 HTTP 1.1" 200 3113 "http://www.buttercupgames.com/product.screen?productId=FI-AG-G08" "Mozilla/5.0 (Macintosh; Intel Mac OS X 10_7_4) AppleWebKit/536.5 (KHTML, like Gecko) Chrome/19.0.1084.46 Safari/536.5" 826
87.194.216.51 - - [18/Mar/2022:09:16:16] "GET /category.screen?categoryId=TEE&JSESSIONID=SD2SL2FF5ADFF4964 HTTP 1.1" 200 1825 "http://www.buttercupgames.com/product.screen?productId=WC-SH-T02" "Opera/9.20 (Windows NT 6.0; U; en)" 596
87.194.216.51 - - [18/Mar/2022:09:16:39] "GET /cart.do?action=addtocart&productId=WC-SH-A02&JSESSIONID=SD2SL2FF5ADFF4964 HTTP 1.1" 200 631 "http://www.buttercupgames.com/oldlink" "Opera/9.20 (Windows NT 6.0; U; en)" 811
128.241.220.82 - - [18/Mar/2022:09:24:55] "GET /product.screen?productId=CU-PG-G06&JSESSIONID=SD1SL8FF3ADFF4950 HTTP 1.1" 200 2414 "http://www.buttercupgames.com" "Mozilla/5.0 (Macintosh; Intel Mac OS X 10_7_4) AppleWebKit/536.5 (KHTML, like Gecko) Chrome/19.0.1084.46 Safari/536.5" 628
128.241.220.82 - - [18/Mar/2022:09:25:11] "GET /product.screen?productId=SF-BVS-01&JSESSIONID=SD1SL8FF3ADFF4950 HTTP 1.1" 403 3090 "http://www.buttercupgames.com/category.screen?categoryId=NULL" "Mozilla/5.0 (Macintosh; Intel Mac OS X 10_7_4) AppleWebKit/536.5 (KHTML, like Gecko) Chrome/19.0.1084.46 Safari/536.5" 470
91.217.178.210 - - [18/Mar/2022:09:25:13] "GET /cart.do?action=view&productId=DC-SG-G02&JSESSIONID=SD0SL9FF2ADFF4963 HTTP 1.1" 200 3937 "http://www.yahoo.com" "Mozilla/5.0 (compatible; MSIE 9.0; Windows NT 6.1; WOW64; Trident/5.0; BOIE9;ENUS)" 680
128.241.220.82 - - [18/Mar/2022:09:25:16] "GET /category.screen?categoryId=ACCESSORIES&JSESSIONID=SD1SL8FF3ADFF4950 HTTP 1.1" 200 922 "http://www.buttercupgames.com/cart.do?action=view&productId=WC-SH-A02" "Mozilla/5.0 (Macintosh; Intel Mac OS X 10_7_4) AppleWebKit/536.5 (KHTML, like Gecko) Chrome/19.0.1084.46 Safari/536.5" 529
91.217.178.210 - - [18/Mar/2022:09:25:22] "GET /product.screen?productId=BS-AG-G09&JSESSIONID=SD0SL9FF2ADFF4963 HTTP 1.1" 200 1128 "http://www.buttercupgames.com/category.screen?categoryId=ARCADE" "Mozilla/5.0 (compatible; MSIE 9.0; Windows NT 6.1; WOW64; Trident/5.0; BOIE9;ENUS)" 403
128.241.220.82 - - [18/Mar/2022:09:25:25] "POST /oldlink?&JSESSIONID=SD1SL8FF3ADFF4950 HTTP 1.1" 200 699 "http://www.buttercupgames.com/product.screen?productId=MB-AG-G07" "Mozilla/5.0 (Macintosh; Intel Mac OS X 10_7_4) AppleWebKit/536.5 (KHTML, like Gecko) Chrome/19.0.1084.46 Safari/536.5" 938
91.217.178.210 - - [18/Mar/2022:09:25:28] "GET /category.screen?categoryId=NULL&JSESSIONID=SD0SL9FF2ADFF4963 HTTP 1.1" 503 3754 "http://www.buttercupgames.com/oldlink" "Mozilla/5.0 (compatible; MSIE 9.0; Windows NT 6.1; WOW64; Trident/5.0; BOIE9;ENUS)" 948
128.241.220.82 - - [18/Mar/2022:09:25:36] "POST /product.screen?productId=DB-SG-G01&JSESSIONID=SD1SL8FF3ADFF4950 HTTP 1.1" 200 3981 "http://www.buttercupgames.com/product.screen?productId=DB-SG-G01" "Mozilla/5.0 (Macintosh; Intel Mac OS X 10_7_4) AppleWebKit/536.5 (KHTML, like Gecko) Chrome/19.0.1084.46 Safari/536.5" 136
128.241.220.82 - - [18/Mar/2022:09:25:47] "GET /oldlink?&JSESSIONID=SD1SL8FF3ADFF4950 HTTP 1.1" 200 3338 "http://www.buttercupgames.com/cart.do?action=addtocart&productId=CU-PG-G06" "Mozilla/5.0 (Macintosh; Intel Mac OS X 10_7_4) AppleWebKit/536.5 (KHTML, like Gecko) Chrome/19.0.1084.46 Safari/536.5" 464
128.241.220.82 - - [18/Mar/2022:09:26:03] "GET /product.screen?productId=MB-AG-T01&JSESSIONID=SD1SL8FF3ADFF4950 HTTP 1.1" 200 635 "http://www.buttercupgames.com/category.screen?categoryId=TEE" "Mozilla/5.0 (Macintosh; Intel Mac OS X 10_7_4) AppleWebKit/536.5 (KHTML, like Gecko) Chrome/19.0.1084.46 Safari/536.5" 454
128.241.220.82 - - [18/Mar/2022:09:26:07] "POST /cart.do?action=addtocart&productId=MB-AG-T01&JSESSIONID=SD1SL8FF3ADFF4950 HTTP 1.1" 200 1761 "http://www.buttercupgames.com/product.screen?productId=MB-AG-T01" "Mozilla/5.0 (Macintosh; Intel Mac OS X 10_7_4) AppleWebKit/536.5 (KHTML, like Gecko) Chrome/19.0.1084.46 Safari/536.5" 833
128.241.220.82 - - [18/Mar/2022:09:26:11] "POST /success.do?action=purchase&categoryId=TEE&productId=MB-AG-T01&JSESSIONID=SD1SL8FF3ADFF4950 HTTP 1.1" 200 2529 "http://www.buttercupgames.com/cart.do?action=addtocart&categoryId=TEE&productId=MB-AG-T01" "Mozilla/5.0 (Macintosh; Intel Mac OS X 10_7_4) AppleWebKit/536.5 (KHTML, like Gecko) Chrome/19.0.1084.46 Safari/536.5" 527
128.241.220.82 - - [18/Mar/2022:09:26:11] "POST /cart/success.do?JSESSIONID=SD1SL8FF3ADFF4950&productId=MB-AG-G07 HTTP 1.1" 200 935 "http://www.buttercupgames.com/cart.do?action=purchase&" "Mozilla/5.0 (Macintosh; Intel Mac OS X 10_7_4) AppleWebKit/536.5 (KHTML, like Gecko) Chrome/19.0.1084.46 Safari/536.5" 757
128.241.220.82 - - [18/Mar/2022:09:26:33] "GET /category.screen?categoryId=NULL&JSESSIONID=SD1SL8FF3ADFF4950 HTTP 1.1" 500 1008 "http://www.buttercupgames.com/category.screen?categoryId=NULL" "Mozilla/5.0 (Macintosh; Intel Mac OS X 10_7_4) AppleWebKit/536.5 (KHTML, like Gecko) Chrome/19.0.1084.46 Safari/536.5" 927
128.241.220.82 - - [18/Mar/2022:09:26:48] "GET /category.screen?categoryId=TEE&JSESSIONID=SD1SL8FF3ADFF4950 HTTP 1.1" 200 3057 "http://www.buttercupgames.com/cart.do?action=addtocart&productId=MB-AG-T01" "Mozilla/5.0 (Macintosh; Intel Mac OS X 10_7_4) AppleWebKit/536.5 (KHTML, like Gecko) Chrome/19.0.1084.46 Safari/536.5" 504
128.241.220.82 - - [18/Mar/2022:09:27:13] "GET /cart.do?action=remove&productId=WC-SH-G04&JSESSIONID=SD1SL8FF3ADFF4950 HTTP 1.1" 200 2325 "http://www.buttercupgames.com/oldlink" "Mozilla/5.0 (Macintosh; Intel Mac OS X 10_7_4) AppleWebKit/536.5 (KHTML, like Gecko) Chrome/19.0.1084.46 Safari/536.5" 234
128.241.220.82 - - [18/Mar/2022:09:27:18] "GET /product.screen?productId=SF-BVS-01&JSESSIONID=SD1SL8FF3ADFF4950 HTTP 1.1" 403 979 "http://www.buttercupgames.com/cart.do?action=view&" "Mozilla/5.0 (Macintosh; Intel Mac OS X 10_7_4) AppleWebKit/536.5 (KHTML, like Gecko) Chrome/19.0.1084.46 Safari/536.5" 271
107.3.146.207 - - [18/Mar/2022:09:32:57] "GET /category.screen?categoryId=TEE&JSESSIONID=SD5SL1FF8ADFF4952 HTTP 1.1" 200 3383 "http://www.buttercupgames.com" "Mozilla/4.0 (compatible; MSIE 7.0; Windows NT 5.1; Trident/4.0; .NET CLR 2.0.50727; MS-RTC LM 8; InfoPath.2)" 355
107.3.146.207 - - [18/Mar/2022:09:33:07] "GET /product.screen?productId=SF-BVS-01&JSESSIONID=SD5SL1FF8ADFF4952 HTTP 1.1" 503 1139 "http://www.buttercupgames.com/category.screen?categoryId=NULL" "Mozilla/4.0 (compatible; MSIE 7.0; Windows NT 5.1; Trident/4.0; .NET CLR 2.0.50727; MS-RTC LM 8; InfoPath.2)" 702
81.11.191.113 - - [18/Mar/2022:09:36:00] "GET /product.screen?productId=SF-BVS-01&JSESSIONID=SD0SL7FF5ADFF4951 HTTP 1.1" 404 2392 "http://www.google.com" "Mozilla/5.0 (Windows; U; Windows NT 5.1; en-US; rv:1.9.2.28) Gecko/20120306 YFF3 Firefox/3.6.28 ( .NET CLR 3.5.30729; .NET4.0C)" 233
81.11.191.113 - - [18/Mar/2022:09:36:19] "GET /product.screen?productId=BS-AG-G09&JSESSIONID=SD0SL7FF5ADFF4951 HTTP 1.1" 200 3612 "http://www.buttercupgames.com/oldlink" "Mozilla/5.0 (Windows; U; Windows NT 5.1; en-US; rv:1.9.2.28) Gecko/20120306 YFF3 Firefox/3.6.28 ( .NET CLR 3.5.30729; .NET4.0C)" 853
81.11.191.113 - - [18/Mar/2022:09:36:26] "GET /product.screen?productId=MB-AG-G07&JSESSIONID=SD0SL7FF5ADFF4951 HTTP 1.1" 200 570 "http://www.buttercupgames.com/category.screen?categoryId=ARCADE" "Mozilla/5.0 (Windows; U; Windows NT 5.1; en-US; rv:1.9.2.28) Gecko/20120306 YFF3 Firefox/3.6.28 ( .NET CLR 3.5.30729; .NET4.0C)" 573
175.44.1.172 - - [18/Mar/2022:09:36:39] "GET /oldlink?&JSESSIONID=SD9SL2FF5ADFF4960 HTTP 1.1" 200 658 "http://www.buttercupgames.com" "Mozilla/4.0 (compatible; MSIE 7.0; Windows NT 5.1; Trident/4.0; .NET CLR 2.0.50727; MS-RTC LM 8; InfoPath.2)" 265
175.44.1.172 - - [18/Mar/2022:09:36:47] "GET /oldlink?&JSESSIONID=SD9SL2FF5ADFF4960 HTTP 1.1" 200 1748 "http://www.buttercupgames.com/category.screen?categoryId=TEE" "Mozilla/4.0 (compatible; MSIE 7.0; Windows NT 5.1; Trident/4.0; .NET CLR 2.0.50727; MS-RTC LM 8; InfoPath.2)" 664
81.11.191.113 - - [18/Mar/2022:09:36:51] "GET /oldlink?&JSESSIONID=SD0SL7FF5ADFF4951 HTTP 1.1" 200 417 "http://www.buttercupgames.com/cart.do?action=remove&productId=WC-SH-G04" "Mozilla/5.0 (Windows; U; Windows NT 5.1; en-US; rv:1.9.2.28) Gecko/20120306 YFF3 Firefox/3.6.28 ( .NET CLR 3.5.30729; .NET4.0C)" 795
175.44.1.172 - - [18/Mar/2022:09:37:04] "GET /oldlink?&JSESSIONID=SD9SL2FF5ADFF4960 HTTP 1.1" 200 329 "http://www.buttercupgames.com/oldlink" "Mozilla/4.0 (compatible; MSIE 7.0; Windows NT 5.1; Trident/4.0; .NET CLR 2.0.50727; MS-RTC LM 8; InfoPath.2)" 779
175.44.1.172 - - [18/Mar/2022:09:37:17] "GET /product.screen?productId=SF-BVS-01&JSESSIONID=SD9SL2FF5ADFF4960 HTTP 1.1" 406 605 "http://www.buttercupgames.com/product.screen?productId=SF-BVS-01" "Mozilla/4.0 (compatible; MSIE 7.0; Windows NT 5.1; Trident/4.0; .NET CLR 2.0.50727; MS-RTC LM 8; InfoPath.2)" 335
175.44.1.172 - - [18/Mar/2022:09:37:26] "GET /cart.do?action=view&JSESSIONID=SD9SL2FF5ADFF4960 HTTP 1.1" 408 3824 "http://www.buttercupgames.com/product.screen?productId=SF-BVS-01" "Mozilla/4.0 (compatible; MSIE 7.0; Windows NT 5.1; Trident/4.0; .NET CLR 2.0.50727; MS-RTC LM 8; InfoPath.2)" 643
175.44.1.172 - - [18/Mar/2022:09:37:46] "GET /oldlink?&JSESSIONID=SD9SL2FF5ADFF4960 HTTP 1.1" 200 2545 "http://www.buttercupgames.com/cart.do?action=view&productId=CU-PG-G06" "Mozilla/4.0 (compatible; MSIE 7.0; Windows NT 5.1; Trident/4.0; .NET CLR 2.0.50727; MS-RTC LM 8; InfoPath.2)" 693
175.44.1.172 - - [18/Mar/2022:09:37:55] "GET /category.screen?categoryId=STRATEGY&JSESSIONID=SD9SL2FF5ADFF4960 HTTP 1.1" 200 2170 "http://www.buttercupgames.com/category.screen?categoryId=STRATEGY" "Mozilla/4.0 (compatible; MSIE 7.0; Windows NT 5.1; Trident/4.0; .NET CLR 2.0.50727; MS-RTC LM 8; InfoPath.2)" 638
175.44.1.172 - - [18/Mar/2022:09:38:06] "POST /oldlink?&JSESSIONID=SD9SL2FF5ADFF4960 HTTP 1.1" 200 943 "http://www.buttercupgames.com/cart.do?action=view&productId=MB-AG-G07" "Mozilla/4.0 (compatible; MSIE 7.0; Windows NT 5.1; Trident/4.0; .NET CLR 2.0.50727; MS-RTC LM 8; InfoPath.2)" 902
175.44.1.172 - - [18/Mar/2022:09:38:12] "GET /product.screen?productId=WC-SH-G04&JSESSIONID=SD9SL2FF5ADFF4960 HTTP 1.1" 200 711 "http://www.buttercupgames.com/cart.do?action=remove&productId=WC-SH-G04" "Mozilla/4.0 (compatible; MSIE 7.0; Windows NT 5.1; Trident/4.0; .NET CLR 2.0.50727; MS-RTC LM 8; InfoPath.2)" 417
195.2.240.99 - - [18/Mar/2022:09:40:15] "POST /oldlink?&JSESSIONID=SD10SL7FF7ADFF4965 HTTP 1.1" 200 322 "http://www.google.com" "Mozilla/5.0 (Windows; U; Windows NT 5.1; en-US; rv:1.9.2.28) Gecko/20120306 YFF3 Firefox/3.6.28 ( .NET CLR 3.5.30729; .NET4.0C)" 535
195.2.240.99 - - [18/Mar/2022:09:40:32] "GET /product.screen?productId=CU-PG-G06&JSESSIONID=SD10SL7FF7ADFF4965 HTTP 1.1" 200 200 "http://www.buttercupgames.com/category.screen?categoryId=SPORTS" "Mozilla/5.0 (Windows; U; Windows NT 5.1; en-US; rv:1.9.2.28) Gecko/20120306 YFF3 Firefox/3.6.28 ( .NET CLR 3.5.30729; .NET4.0C)" 949
195.2.240.99 - - [18/Mar/2022:09:40:43] "GET /product.screen?productId=WC-SH-G04&JSESSIONID=SD10SL7FF7ADFF4965 HTTP 1.1" 200 2371 "http://www.buttercupgames.com/category.screen?categoryId=SHOOTER" "Mozilla/5.0 (Windows; U; Windows NT 5.1; en-US; rv:1.9.2.28) Gecko/20120306 YFF3 Firefox/3.6.28 ( .NET CLR 3.5.30729; .NET4.0C)" 915
195.2.240.99 - - [18/Mar/2022:09:40:50] "POST /cart.do?action=addtocart&productId=WC-SH-G04&JSESSIONID=SD10SL7FF7ADFF4965 HTTP 1.1" 200 2750 "http://www.buttercupgames.com/product.screen?productId=WC-SH-G04" "Mozilla/5.0 (Windows; U; Windows NT 5.1; en-US; rv:1.9.2.28) Gecko/20120306 YFF3 Firefox/3.6.28 ( .NET CLR 3.5.30729; .NET4.0C)" 570
195.2.240.99 - - [18/Mar/2022:09:40:54] "POST /success.do?action=purchase&categoryId=SHOOTER&productId=WC-SH-G04&JSESSIONID=SD10SL7FF7ADFF4965 HTTP 1.1" 200 725 "http://www.buttercupgames.com/cart.do?action=addtocart&categoryId=SHOOTER&productId=WC-SH-G04" "Mozilla/5.0 (Windows; U; Windows NT 5.1; en-US; rv:1.9.2.28) Gecko/20120306 YFF3 Firefox/3.6.28 ( .NET CLR 3.5.30729; .NET4.0C)" 220
195.2.240.99 - - [18/Mar/2022:09:40:54] "POST /cart/success.do?JSESSIONID=SD10SL7FF7ADFF4965&productId=DC-SG-G02 HTTP 1.1" 200 2638 "http://www.buttercupgames.com/cart.do?action=purchase&" "Mozilla/5.0 (Windows; U; Windows NT 5.1; en-US; rv:1.9.2.28) Gecko/20120306 YFF3 Firefox/3.6.28 ( .NET CLR 3.5.30729; .NET4.0C)" 970
195.2.240.99 - - [18/Mar/2022:09:41:09] "GET /product.screen?productId=WC-SH-A02&JSESSIONID=SD10SL7FF7ADFF4965 HTTP 1.1" 200 452 "http://www.buttercupgames.com/cart.do?action=addtocart&productId=WC-SH-A02" "Mozilla/5.0 (Windows; U; Windows NT 5.1; en-US; rv:1.9.2.28) Gecko/20120306 YFF3 Firefox/3.6.28 ( .NET CLR 3.5.30729; .NET4.0C)" 122
195.2.240.99 - - [18/Mar/2022:09:41:25] "GET /cart.do?action=view&productId=DB-SG-G01&JSESSIONID=SD10SL7FF7ADFF4965 HTTP 1.1" 200 646 "http://www.buttercupgames.com/product.screen?productId=DB-SG-G01" "Mozilla/5.0 (Windows; U; Windows NT 5.1; en-US; rv:1.9.2.28) Gecko/20120306 YFF3 Firefox/3.6.28 ( .NET CLR 3.5.30729; .NET4.0C)" 178
87.240.128.18 - - [18/Mar/2022:09:41:54] "GET /category.screen?categoryId=STRATEGY&JSESSIONID=SD10SL5FF8ADFF4965 HTTP 1.1" 200 3693 "http://www.yahoo.com" "Mozilla/5.0 (iPad; CPU OS 5_1_1 like Mac OS X) AppleWebKit/534.46 (KHTML, like Gecko) Version/5.1 Mobile/9B206 Safari/7534.48.3" 672
87.240.128.18 - - [18/Mar/2022:09:42:11] "GET /product.screen?productId=WC-SH-G04&JSESSIONID=SD10SL5FF8ADFF4965 HTTP 1.1" 200 882 "http://www.buttercupgames.com/category.screen?categoryId=SHOOTER" "Mozilla/5.0 (iPad; CPU OS 5_1_1 like Mac OS X) AppleWebKit/534.46 (KHTML, like Gecko) Version/5.1 Mobile/9B206 Safari/7534.48.3" 602
87.240.128.18 - - [18/Mar/2022:09:42:15] "POST /cart.do?action=addtocart&productId=WC-SH-G04&JSESSIONID=SD10SL5FF8ADFF4965 HTTP 1.1" 200 3714 "http://www.buttercupgames.com/product.screen?productId=WC-SH-G04" "Mozilla/5.0 (iPad; CPU OS 5_1_1 like Mac OS X) AppleWebKit/534.46 (KHTML, like Gecko) Version/5.1 Mobile/9B206 Safari/7534.48.3" 836
87.240.128.18 - - [18/Mar/2022:09:42:17] "POST /success.do?action=purchase&categoryId=SHOOTER&productId=WC-SH-G04&JSESSIONID=SD10SL5FF8ADFF4965 HTTP 1.1" 200 3918 "http://www.buttercupgames.com/cart.do?action=addtocart&categoryId=SHOOTER&productId=WC-SH-G04" "Mozilla/5.0 (iPad; CPU OS 5_1_1 like Mac OS X) AppleWebKit/534.46 (KHTML, like Gecko) Version/5.1 Mobile/9B206 Safari/7534.48.3" 124
87.240.128.18 - - [18/Mar/2022:09:42:17] "POST /cart/error.do?msg=FormError&JSESSIONID=SD10SL5FF8ADFF4965 HTTP 1.1" 200 853 "http://www.buttercupgames.com/cart.do?action=purchase&" "Mozilla/5.0 (iPad; CPU OS 5_1_1 like Mac OS X) AppleWebKit/534.46 (KHTML, like Gecko) Version/5.1 Mobile/9B206 Safari/7534.48.3" 136
87.240.128.18 - - [18/Mar/2022:09:42:41] "GET /product.screen?productId=MB-AG-T01&JSESSIONID=SD10SL5FF8ADFF4965 HTTP 1.1" 200 2785 "http://www.buttercupgames.com/category.screen?categoryId=TEE" "Mozilla/5.0 (iPad; CPU OS 5_1_1 like Mac OS X) AppleWebKit/534.46 (KHTML, like Gecko) Version/5.1 Mobile/9B206 Safari/7534.48.3" 529
87.240.128.18 - - [18/Mar/2022:09:42:46] "POST /cart.do?action=addtocart&productId=MB-AG-T01&JSESSIONID=SD10SL5FF8ADFF4965 HTTP 1.1" 200 1580 "http://www.buttercupgames.com/product.screen?productId=MB-AG-T01" "Mozilla/5.0 (iPad; CPU OS 5_1_1 like Mac OS X) AppleWebKit/534.46 (KHTML, like Gecko) Version/5.1 Mobile/9B206 Safari/7534.48.3" 513
87.240.128.18 - - [18/Mar/2022:09:42:51] "POST /success.do?action=purchase&categoryId=TEE&productId=MB-AG-T01&JSESSIONID=SD10SL5FF8ADFF4965 HTTP 1.1" 200 524 "http://www.buttercupgames.com/cart.do?action=addtocart&categoryId=TEE&productId=MB-AG-T01" "Mozilla/5.0 (iPad; CPU OS 5_1_1 like Mac OS X) AppleWebKit/534.46 (KHTML, like Gecko) Version/5.1 Mobile/9B206 Safari/7534.48.3" 326
87.240.128.18 - - [18/Mar/2022:09:42:51] "POST /cart/success.do?JSESSIONID=SD10SL5FF8ADFF4965&productId=WC-SH-A02 HTTP 1.1" 200 315 "http://www.buttercupgames.com/cart.do?action=purchase&" "Mozilla/5.0 (iPad; CPU OS 5_1_1 like Mac OS X) AppleWebKit/534.46 (KHTML, like Gecko) Version/5.1 Mobile/9B206 Safari/7534.48.3" 497
87.240.128.18 - - [18/Mar/2022:09:42:56] "GET /product.screen?productId=WC-SH-T02&JSESSIONID=SD10SL5FF8ADFF4965 HTTP 1.1" 200 2623 "http://www.buttercupgames.com/category.screen?categoryId=TEE" "Mozilla/5.0 (iPad; CPU OS 5_1_1 like Mac OS X) AppleWebKit/534.46 (KHTML, like Gecko) Version/5.1 Mobile/9B206 Safari/7534.48.3" 272
87.240.128.18 - - [18/Mar/2022:09:43:03] "POST /cart.do?action=addtocart&productId=WC-SH-T02&JSESSIONID=SD10SL5FF8ADFF4965 HTTP 1.1" 200 3092 "http://www.buttercupgames.com/product.screen?productId=WC-SH-T02" "Mozilla/5.0 (iPad; CPU OS 5_1_1 like Mac OS X) AppleWebKit/534.46 (KHTML, like Gecko) Version/5.1 Mobile/9B206 Safari/7534.48.3" 585
87.240.128.18 - - [18/Mar/2022:09:43:04] "POST /success.do?action=purchase&categoryId=TEE&productId=WC-SH-T02&JSESSIONID=SD10SL5FF8ADFF4965 HTTP 1.1" 200 3411 "http://www.buttercupgames.com/cart.do?action=addtocart&categoryId=TEE&productId=WC-SH-T02" "Mozilla/5.0 (iPad; CPU OS 5_1_1 like Mac OS X) AppleWebKit/534.46 (KHTML, like Gecko) Version/5.1 Mobile/9B206 Safari/7534.48.3" 365
87.240.128.18 - - [18/Mar/2022:09:43:04] "POST /cart/success.do?JSESSIONID=SD10SL5FF8ADFF4965&productId=WSC-MG-G10 HTTP 1.1" 200 2974 "http://www.buttercupgames.com/cart.do?action=purchase&" "Mozilla/5.0 (iPad; CPU OS 5_1_1 like Mac OS X) AppleWebKit/534.46 (KHTML, like Gecko) Version/5.1 Mobile/9B206 Safari/7534.48.3" 422
87.240.128.18 - - [18/Mar/2022:09:43:20] "GET /oldlink?&JSESSIONID=SD10SL5FF8ADFF4965 HTTP 1.1" 200 2562 "http://www.buttercupgames.com/category.screen?categoryId=ACCESSORIES" "Mozilla/5.0 (iPad; CPU OS 5_1_1 like Mac OS X) AppleWebKit/534.46 (KHTML, like Gecko) Version/5.1 Mobile/9B206 Safari/7534.48.3" 185
87.240.128.18 - - [18/Mar/2022:09:43:25] "GET /product.screen?productId=SF-BVS-01&JSESSIONID=SD10SL5FF8ADFF4965 HTTP 1.1" 400 3927 "http://www.buttercupgames.com/cart.do?action=view&" "Mozilla/5.0 (iPad; CPU OS 5_1_1 like Mac OS X) AppleWebKit/534.46 (KHTML, like Gecko) Version/5.1 Mobile/9B206 Safari/7534.48.3" 420
87.240.128.18 - - [18/Mar/2022:09:43:47] "GET /cart.do?action=changequantity&productId=CU-PG-G06&JSESSIONID=SD10SL5FF8ADFF4965 HTTP 1.1" 200 2472 "http://www.buttercupgames.com/product.screen?productId=CU-PG-G06" "Mozilla/5.0 (iPad; CPU OS 5_1_1 like Mac OS X) AppleWebKit/534.46 (KHTML, like Gecko) Version/5.1 Mobile/9B206 Safari/7534.48.3" 535
87.240.128.18 - - [18/Mar/2022:09:44:08] "GET /product.screen?productId=SC-MG-G10&JSESSIONID=SD10SL5FF8ADFF4965 HTTP 1.1" 200 3567 "http://www.buttercupgames.com/category.screen?categoryId=SIMULATION" "Mozilla/5.0 (iPad; CPU OS 5_1_1 like Mac OS X) AppleWebKit/534.46 (KHTML, like Gecko) Version/5.1 Mobile/9B206 Safari/7534.48.3" 812
87.240.128.18 - - [18/Mar/2022:09:44:09] "POST /cart.do?action=addtocart&productId=SC-MG-G10&JSESSIONID=SD10SL5FF8ADFF4965 HTTP 1.1" 200 2339 "http://www.buttercupgames.com/product.screen?productId=SC-MG-G10" "Mozilla/5.0 (iPad; CPU OS 5_1_1 like Mac OS X) AppleWebKit/534.46 (KHTML, like Gecko) Version/5.1 Mobile/9B206 Safari/7534.48.3" 569
87.240.128.18 - - [18/Mar/2022:09:44:11] "POST /success.do?action=purchase&categoryId=SIMULATION&productId=SC-MG-G10&JSESSIONID=SD10SL5FF8ADFF4965 HTTP 1.1" 200 3230 "http://www.buttercupgames.com/cart.do?action=addtocart&categoryId=SIMULATION&productId=SC-MG-G10" "Mozilla/5.0 (iPad; CPU OS 5_1_1 like Mac OS X) AppleWebKit/534.46 (KHTML, like Gecko) Version/5.1 Mobile/9B206 Safari/7534.48.3" 232
87.240.128.18 - - [18/Mar/2022:09:44:25] "GET /cart.do?action=view&productId=WC-SH-G04&JSESSIONID=SD10SL5FF8ADFF4965 HTTP 1.1" 200 3860 "http://www.buttercupgames.com/category.screen?categoryId=SHOOTER" "Mozilla/5.0 (iPad; CPU OS 5_1_1 like Mac OS X) AppleWebKit/534.46 (KHTML, like Gecko) Version/5.1 Mobile/9B206 Safari/7534.48.3" 299
87.240.128.18 - - [18/Mar/2022:09:44:35] "GET /product.screen?productId=MB-AG-G07&JSESSIONID=SD10SL5FF8ADFF4965 HTTP 1.1" 200 1718 "http://www.buttercupgames.com/category.screen?categoryId=ARCADE" "Mozilla/5.0 (iPad; CPU OS 5_1_1 like Mac OS X) AppleWebKit/534.46 (KHTML, like Gecko) Version/5.1 Mobile/9B206 Safari/7534.48.3" 188
87.240.128.18 - - [18/Mar/2022:09:44:39] "POST /cart.do?action=addtocart&productId=MB-AG-G07&JSESSIONID=SD10SL5FF8ADFF4965 HTTP 1.1" 200 3683 "http://www.buttercupgames.com/product.screen?productId=MB-AG-G07" "Mozilla/5.0 (iPad; CPU OS 5_1_1 like Mac OS X) AppleWebKit/534.46 (KHTML, like Gecko) Version/5.1 Mobile/9B206 Safari/7534.48.3" 437
87.240.128.18 - - [18/Mar/2022:09:44:44] "POST /success.do?action=purchase&categoryId=ARCADE&productId=MB-AG-G07&JSESSIONID=SD10SL5FF8ADFF4965 HTTP 1.1" 503 387 "http://www.buttercupgames.com/cart.do?action=addtocart&categoryId=ARCADE&productId=MB-AG-G07" "Mozilla/5.0 (iPad; CPU OS 5_1_1 like Mac OS X) AppleWebKit/534.46 (KHTML, like Gecko) Version/5.1 Mobile/9B206 Safari/7534.48.3" 101
59.99.230.91 - - [18/Mar/2022:09:47:14] "GET /cart.do?action=remove&JSESSIONID=SD3SL9FF3ADFF4964 HTTP 1.1" 406 3395 "http://www.buttercupgames.com" "Mozilla/5.0 (Windows NT 6.1; WOW64) AppleWebKit/536.5 (KHTML, like Gecko) Chrome/19.0.1084.46 Safari/536.5" 213
59.99.230.91 - - [18/Mar/2022:09:47:36] "POST /category.screen?categoryId=ARCADE&JSESSIONID=SD3SL9FF3ADFF4964 HTTP 1.1" 200 3321 "http://www.buttercupgames.com/cart.do?action=view&productId=BS-AG-G09" "Mozilla/5.0 (Windows NT 6.1; WOW64) AppleWebKit/536.5 (KHTML, like Gecko) Chrome/19.0.1084.46 Safari/536.5" 426
59.99.230.91 - - [18/Mar/2022:09:47:46] "GET /category.screen?categoryId=SPORTS&JSESSIONID=SD3SL9FF3ADFF4964 HTTP 1.1" 200 1373 "http://www.buttercupgames.com/oldlink" "Mozilla/5.0 (Windows NT 6.1; WOW64) AppleWebKit/536.5 (KHTML, like Gecko) Chrome/19.0.1084.46 Safari/536.5" 991
59.99.230.91 - - [18/Mar/2022:09:47:53] "GET show.do?productId=SF-BVS-01&JSESSIONID=SD3SL9FF3ADFF4964 HTTP 1.1" 404 1851 "http://www.buttercupgames.com/oldlink" "Mozilla/5.0 (Windows NT 6.1; WOW64) AppleWebKit/536.5 (KHTML, like Gecko) Chrome/19.0.1084.46 Safari/536.5" 842
59.99.230.91 - - [18/Mar/2022:09:48:15] "GET /cart.do?action=view&productId=SC-MG-G10&JSESSIONID=SD3SL9FF3ADFF4964 HTTP 1.1" 200 1477 "http://www.buttercupgames.com/product.screen?productId=SC-MG-G10" "Mozilla/5.0 (Windows NT 6.1; WOW64) AppleWebKit/536.5 (KHTML, like Gecko) Chrome/19.0.1084.46 Safari/536.5" 239
59.99.230.91 - - [18/Mar/2022:09:48:20] "GET /product.screen?productId=MB-AG-G07&JSESSIONID=SD3SL9FF3ADFF4964 HTTP 1.1" 200 519 "http://www.buttercupgames.com/product.screen?productId=MB-AG-G07" "Mozilla/5.0 (Windows NT 6.1; WOW64) AppleWebKit/536.5 (KHTML, like Gecko) Chrome/19.0.1084.46 Safari/536.5" 873
59.99.230.91 - - [18/Mar/2022:09:48:37] "GET /category.screen?categoryId=ARCADE&JSESSIONID=SD3SL9FF3ADFF4964 HTTP 1.1" 200 1825 "http://www.buttercupgames.com/category.screen?categoryId=ARCADE" "Mozilla/5.0 (Windows NT 6.1; WOW64) AppleWebKit/536.5 (KHTML, like Gecko) Chrome/19.0.1084.46 Safari/536.5" 681
59.99.230.91 - - [18/Mar/2022:09:48:45] "GET /category.screen?categoryId=NULL&JSESSIONID=SD3SL9FF3ADFF4964 HTTP 1.1" 403 729 "http://www.buttercupgames.com/cart.do?action=view&" "Mozilla/5.0 (Windows NT 6.1; WOW64) AppleWebKit/536.5 (KHTML, like Gecko) Chrome/19.0.1084.46 Safari/536.5" 232
195.216.243.24 - - [18/Mar/2022:09:51:31] "POST /product.screen?productId=SF-BVS-01&JSESSIONID=SD2SL7FF9ADFF4965 HTTP 1.1" 500 2821 "http://www.google.com" "Mozilla/5.0 (Windows; U; Windows NT 5.1; en-US; rv:1.9.2.28) Gecko/20120306 YFF3 Firefox/3.6.28 ( .NET CLR 3.5.30729; .NET4.0C)" 938
195.216.243.24 - - [18/Mar/2022:09:51:39] "GET /oldlink?&JSESSIONID=SD2SL7FF9ADFF4965 HTTP 1.1" 505 2515 "http://www.buttercupgames.com/category.screen?categoryId=NULL" "Mozilla/5.0 (Windows; U; Windows NT 5.1; en-US; rv:1.9.2.28) Gecko/20120306 YFF3 Firefox/3.6.28 ( .NET CLR 3.5.30729; .NET4.0C)" 789
195.216.243.24 - - [18/Mar/2022:09:51:52] "GET /oldlink?&JSESSIONID=SD2SL7FF9ADFF4965 HTTP 1.1" 200 1111 "http://www.buttercupgames.com/oldlink" "Mozilla/5.0 (Windows; U; Windows NT 5.1; en-US; rv:1.9.2.28) Gecko/20120306 YFF3 Firefox/3.6.28 ( .NET CLR 3.5.30729; .NET4.0C)" 873
173.192.201.242 - - [18/Mar/2022:09:55:01] "GET /product.screen?productId=WC-SH-T02&JSESSIONID=SD7SL1FF9ADFF4950 HTTP 1.1" 200 2179 "http://www.google.com" "Mozilla/4.0 (compatible; MSIE 6.0; Windows NT 5.1; SV1)" 965
173.192.201.242 - - [18/Mar/2022:09:55:22] "GET /oldlink?&JSESSIONID=SD7SL1FF9ADFF4950 HTTP 1.1" 200 3522 "http://www.buttercupgames.com/category.screen?categoryId=ACCESSORIES" "Mozilla/4.0 (compatible; MSIE 6.0; Windows NT 5.1; SV1)" 950
173.192.201.242 - - [18/Mar/2022:09:55:33] "GET /product.screen?productId=FI-AG-G08&JSESSIONID=SD7SL1FF9ADFF4950 HTTP 1.1" 200 2774 "http://www.buttercupgames.com/oldlink" "Mozilla/4.0 (compatible; MSIE 6.0; Windows NT 5.1; SV1)" 616
173.192.201.242 - - [18/Mar/2022:09:55:49] "GET /category.screen?categoryId=ACCESSORIES&JSESSIONID=SD7SL1FF9ADFF4950 HTTP 1.1" 200 3103 "http://www.buttercupgames.com/category.screen?categoryId=ACCESSORIES" "Mozilla/4.0 (compatible; MSIE 6.0; Windows NT 5.1; SV1)" 629
173.192.201.242 - - [18/Mar/2022:09:55:54] "POST /product.screen?productId=WC-SH-G04&JSESSIONID=SD7SL1FF9ADFF4950 HTTP 1.1" 200 2479 "http://www.buttercupgames.com/product.screen?productId=WC-SH-G04" "Mozilla/4.0 (compatible; MSIE 6.0; Windows NT 5.1; SV1)" 999
173.192.201.242 - - [18/Mar/2022:09:56:01] "GET /category.screen?categoryId=ARCADE&JSESSIONID=SD7SL1FF9ADFF4950 HTTP 1.1" 200 511 "http://www.buttercupgames.com/oldlink" "Mozilla/4.0 (compatible; MSIE 6.0; Windows NT 5.1; SV1)" 974
27.35.11.11 - - [18/Mar/2022:09:56:21] "GET /oldlink?&JSESSIONID=SD6SL10FF10ADFF4955 HTTP 1.1" 200 805 "http://www.google.com" "Mozilla/5.0 (Macintosh; Intel Mac OS X 10_6_8) AppleWebKit/534.55.3 (KHTML, like Gecko) Version/5.1.5 Safari/534.55.3" 283
173.192.201.242 - - [18/Mar/2022:09:56:24] "POST /oldlink?&JSESSIONID=SD7SL1FF9ADFF4950 HTTP 1.1" 200 3778 "http://www.buttercupgames.com/oldlink" "Mozilla/4.0 (compatible; MSIE 6.0; Windows NT 5.1; SV1)" 899
173.192.201.242 - - [18/Mar/2022:09:56:33] "GET /oldlink?&JSESSIONID=SD7SL1FF9ADFF4950 HTTP 1.1" 200 1779 "http://www.buttercupgames.com/cart.do?action=view&productId=MB-AG-G07" "Mozilla/4.0 (compatible; MSIE 6.0; Windows NT 5.1; SV1)" 427
27.35.11.11 - - [18/Mar/2022:09:56:39] "POST /product.screen?productId=WC-SH-G04&JSESSIONID=SD6SL10FF10ADFF4955 HTTP 1.1" 200 2183 "http://www.buttercupgames.com/category.screen?categoryId=SHOOTER" "Mozilla/5.0 (Macintosh; Intel Mac OS X 10_6_8) AppleWebKit/534.55.3 (KHTML, like Gecko) Version/5.1.5 Safari/534.55.3" 212
27.35.11.11 - - [18/Mar/2022:09:56:41] "POST /cart.do?action=addtocart&productId=WC-SH-G04&JSESSIONID=SD6SL10FF10ADFF4955 HTTP 1.1" 200 1563 "http://www.buttercupgames.com/product.screen?productId=WC-SH-G04" "Mozilla/5.0 (Macintosh; Intel Mac OS X 10_6_8) AppleWebKit/534.55.3 (KHTML, like Gecko) Version/5.1.5 Safari/534.55.3" 141
27.35.11.11 - - [18/Mar/2022:09:56:47] "POST /success.do?action=purchase&categoryId=SHOOTER&productId=WC-SH-G04&JSESSIONID=SD6SL10FF10ADFF4955 HTTP 1.1" 200 452 "http://www.buttercupgames.com/cart.do?action=addtocart&categoryId=SHOOTER&productId=WC-SH-G04" "Mozilla/5.0 (Macintosh; Intel Mac OS X 10_6_8) AppleWebKit/534.55.3 (KHTML, like Gecko) Version/5.1.5 Safari/534.55.3" 667
27.35.11.11 - - [18/Mar/2022:09:56:47] "POST /cart/success.do?JSESSIONID=SD6SL10FF10ADFF4955&productId=WC-SH-A01 HTTP 1.1" 200 1937 "http://www.buttercupgames.com/cart.do?action=purchase&" "Mozilla/5.0 (Macintosh; Intel Mac OS X 10_6_8) AppleWebKit/534.55.3 (KHTML, like Gecko) Version/5.1.5 Safari/534.55.3" 708
27.35.11.11 - - [18/Mar/2022:09:57:05] "GET /oldlink?&JSESSIONID=SD6SL10FF10ADFF4955 HTTP 1.1" 200 2045 "http://www.buttercupgames.com/product.screen?productId=MB-AG-T01" "Mozilla/5.0 (Macintosh; Intel Mac OS X 10_6_8) AppleWebKit/534.55.3 (KHTML, like Gecko) Version/5.1.5 Safari/534.55.3" 680
27.35.11.11 - - [18/Mar/2022:09:57:22] "GET /cart.do?action=addtocart&productId=WC-SH-T02&JSESSIONID=SD6SL10FF10ADFF4955 HTTP 1.1" 200 2732 "http://www.buttercupgames.com/product.screen?productId=WC-SH-T02" "Mozilla/5.0 (Macintosh; Intel Mac OS X 10_6_8) AppleWebKit/534.55.3 (KHTML, like Gecko) Version/5.1.5 Safari/534.55.3" 785
27.35.11.11 - - [18/Mar/2022:09:57:38] "GET /oldlink?&JSESSIONID=SD6SL10FF10ADFF4955 HTTP 1.1" 200 3531 "http://www.buttercupgames.com/cart.do?action=remove&productId=DC-SG-G02" "Mozilla/5.0 (Macintosh; Intel Mac OS X 10_6_8) AppleWebKit/534.55.3 (KHTML, like Gecko) Version/5.1.5 Safari/534.55.3" 405
27.35.11.11 - - [18/Mar/2022:09:57:52] "GET /product.screen?productId=WC-SH-A01&JSESSIONID=SD6SL10FF10ADFF4955 HTTP 1.1" 200 1994 "http://www.buttercupgames.com/category.screen?categoryId=ACCESSORIES" "Mozilla/5.0 (Macintosh; Intel Mac OS X 10_6_8) AppleWebKit/534.55.3 (KHTML, like Gecko) Version/5.1.5 Safari/534.55.3" 726
27.35.11.11 - - [18/Mar/2022:09:57:53] "POST /cart.do?action=addtocart&productId=WC-SH-A01&JSESSIONID=SD6SL10FF10ADFF4955 HTTP 1.1" 200 1135 "http://www.buttercupgames.com/product.screen?productId=WC-SH-A01" "Mozilla/5.0 (Macintosh; Intel Mac OS X 10_6_8) AppleWebKit/534.55.3 (KHTML, like Gecko) Version/5.1.5 Safari/534.55.3" 613
27.35.11.11 - - [18/Mar/2022:09:57:57] "POST /success.do?action=purchase&categoryId=ACCESSORIES&productId=WC-SH-A01&JSESSIONID=SD6SL10FF10ADFF4955 HTTP 1.1" 200 2383 "http://www.buttercupgames.com/cart.do?action=addtocart&categoryId=ACCESSORIES&productId=WC-SH-A01" "Mozilla/5.0 (Macintosh; Intel Mac OS X 10_6_8) AppleWebKit/534.55.3 (KHTML, like Gecko) Version/5.1.5 Safari/534.55.3" 393
27.35.11.11 - - [18/Mar/2022:09:57:57] "POST /cart/success.do?JSESSIONID=SD6SL10FF10ADFF4955&productId=CU-PG-G06 HTTP 1.1" 200 1425 "http://www.buttercupgames.com/cart.do?action=purchase&" "Mozilla/5.0 (Macintosh; Intel Mac OS X 10_6_8) AppleWebKit/534.55.3 (KHTML, like Gecko) Version/5.1.5 Safari/534.55.3" 942
27.35.11.11 - - [18/Mar/2022:09:58:12] "GET /oldlink?&JSESSIONID=SD6SL10FF10ADFF4955 HTTP 1.1" 200 2863 "http://www.buttercupgames.com/oldlink" "Mozilla/5.0 (Macintosh; Intel Mac OS X 10_6_8) AppleWebKit/534.55.3 (KHTML, like Gecko) Version/5.1.5 Safari/534.55.3" 283
201.42.223.29 - - [18/Mar/2022:09:58:19] "GET /category.screen?categoryId=STRATEGY&JSESSIONID=SD1SL4FF5ADFF4960 HTTP 1.1" 200 3268 "http://www.buttercupgames.com" "Mozilla/4.0 (compatible; MSIE 7.0; Windows NT 5.2; .NET CLR 1.1.4322; InfoPath.1; MS-RTC LM 8)" 191
27.35.11.11 - - [18/Mar/2022:09:58:31] "GET /oldlink?&JSESSIONID=SD6SL10FF10ADFF4955 HTTP 1.1" 200 3400 "http://www.buttercupgames.com/product.screen?productId=CU-PG-G06" "Mozilla/5.0 (Macintosh; Intel Mac OS X 10_6_8) AppleWebKit/534.55.3 (KHTML, like Gecko) Version/5.1.5 Safari/534.55.3" 773
201.42.223.29 - - [18/Mar/2022:09:58:34] "GET /category.screen?categoryId=ACCESSORIES&JSESSIONID=SD1SL4FF5ADFF4960 HTTP 1.1" 200 2493 "http://www.buttercupgames.com/cart.do?action=addtocart&productId=WC-SH-A01" "Mozilla/4.0 (compatible; MSIE 7.0; Windows NT 5.2; .NET CLR 1.1.4322; InfoPath.1; MS-RTC LM 8)" 595
27.35.11.11 - - [18/Mar/2022:09:58:40] "POST /cart.do?action=view&productId=MB-AG-G07&JSESSIONID=SD6SL10FF10ADFF4955 HTTP 1.1" 200 2726 "http://www.buttercupgames.com/product.screen?productId=MB-AG-G07" "Mozilla/5.0 (Macintosh; Intel Mac OS X 10_6_8) AppleWebKit/534.55.3 (KHTML, like Gecko) Version/5.1.5 Safari/534.55.3" 828
27.35.11.11 - - [18/Mar/2022:09:58:48] "GET /oldlink?&JSESSIONID=SD6SL10FF10ADFF4955 HTTP 1.1" 200 2999 "http://www.buttercupgames.com/oldlink" "Mozilla/5.0 (Macintosh; Intel Mac OS X 10_6_8) AppleWebKit/534.55.3 (KHTML, like Gecko) Version/5.1.5 Safari/534.55.3" 217
27.35.11.11 - - [18/Mar/2022:09:58:56] "GET /product.screen?productId=WC-SH-G04&JSESSIONID=SD6SL10FF10ADFF4955 HTTP 1.1" 200 1814 "http://www.buttercupgames.com/cart.do?action=view&productId=WC-SH-G04" "Mozilla/5.0 (Macintosh; Intel Mac OS X 10_6_8) AppleWebKit/534.55.3 (KHTML, like Gecko) Version/5.1.5 Safari/534.55.3" 420
27.35.11.11 - - [18/Mar/2022:09:59:01] "GET /product.screen?productId=WC-SH-A01&JSESSIONID=SD6SL10FF10ADFF4955 HTTP 1.1" 200 1567 "http://www.buttercupgames.com/category.screen?categoryId=ACCESSORIES" "Mozilla/5.0 (Macintosh; Intel Mac OS X 10_6_8) AppleWebKit/534.55.3 (KHTML, like Gecko) Version/5.1.5 Safari/534.55.3" 424
121.254.179.199 - - [18/Mar/2022:10:03:04] "POST /oldlink?&JSESSIONID=SD6SL6FF8ADFF4964 HTTP 1.1" 200 418 "http://www.buttercupgames.com" "Mozilla/5.0 (Macintosh; U; Intel Mac OS X 10_6_3; en-US) AppleWebKit/533.4 (KHTML, like Gecko) Chrome/5.0.375.38 Safari/533.4" 616
121.254.179.199 - - [18/Mar/2022:10:03:23] "GET /cart.do?action=view&productId=WC-SH-T02&JSESSIONID=SD6SL6FF8ADFF4964 HTTP 1.1" 200 3398 "http://www.buttercupgames.com/product.screen?productId=WC-SH-T02" "Mozilla/5.0 (Macintosh; U; Intel Mac OS X 10_6_3; en-US) AppleWebKit/533.4 (KHTML, like Gecko) Chrome/5.0.375.38 Safari/533.4" 404
121.254.179.199 - - [18/Mar/2022:10:03:47] "GET /oldlink?&JSESSIONID=SD6SL6FF8ADFF4964 HTTP 1.1" 200 410 "http://www.buttercupgames.com/cart.do?action=view&productId=DB-SG-G01" "Mozilla/5.0 (Macintosh; U; Intel Mac OS X 10_6_3; en-US) AppleWebKit/533.4 (KHTML, like Gecko) Chrome/5.0.375.38 Safari/533.4" 599
121.254.179.199 - - [18/Mar/2022:10:03:58] "POST /oldlink?&JSESSIONID=SD6SL6FF8ADFF4964 HTTP 1.1" 200 1805 "http://www.buttercupgames.com/oldlink" "Mozilla/5.0 (Macintosh; U; Intel Mac OS X 10_6_3; en-US) AppleWebKit/533.4 (KHTML, like Gecko) Chrome/5.0.375.38 Safari/533.4" 672
121.254.179.199 - - [18/Mar/2022:10:04:06] "POST /oldlink?&JSESSIONID=SD6SL6FF8ADFF4964 HTTP 1.1" 200 1810 "http://www.buttercupgames.com/category.screen?categoryId=ACCESSORIES" "Mozilla/5.0 (Macintosh; U; Intel Mac OS X 10_6_3; en-US) AppleWebKit/533.4 (KHTML, like Gecko) Chrome/5.0.375.38 Safari/533.4" 819
121.254.179.199 - - [18/Mar/2022:10:04:14] "GET /product.screen?productId=WC-SH-A02&JSESSIONID=SD6SL6FF8ADFF4964 HTTP 1.1" 200 295 "http://www.buttercupgames.com/cart.do?action=view&productId=WC-SH-A02" "Mozilla/5.0 (Macintosh; U; Intel Mac OS X 10_6_3; en-US) AppleWebKit/533.4 (KHTML, like Gecko) Chrome/5.0.375.38 Safari/533.4" 210
121.254.179.199 - - [18/Mar/2022:10:04:24] "GET /product.screen?productId=PZ-SG-G05&JSESSIONID=SD6SL6FF8ADFF4964 HTTP 1.1" 200 2990 "http://www.buttercupgames.com/cart.do?action=view&productId=PZ-SG-G05" "Mozilla/5.0 (Macintosh; U; Intel Mac OS X 10_6_3; en-US) AppleWebKit/533.4 (KHTML, like Gecko) Chrome/5.0.375.38 Safari/533.4" 904
121.254.179.199 - - [18/Mar/2022:10:04:47] "POST /product.screen?productId=DB-SG-G01&JSESSIONID=SD6SL6FF8ADFF4964 HTTP 1.1" 200 2216 "http://www.buttercupgames.com/category.screen?categoryId=STRATEGY" "Mozilla/5.0 (Macintosh; U; Intel Mac OS X 10_6_3; en-US) AppleWebKit/533.4 (KHTML, like Gecko) Chrome/5.0.375.38 Safari/533.4" 141
121.254.179.199 - - [18/Mar/2022:10:04:54] "POST /oldlink?&JSESSIONID=SD6SL6FF8ADFF4964 HTTP 1.1" 200 572 "http://www.buttercupgames.com/cart.do?action=view&productId=MB-AG-G07" "Mozilla/5.0 (Macintosh; U; Intel Mac OS X 10_6_3; en-US) AppleWebKit/533.4 (KHTML, like Gecko) Chrome/5.0.375.38 Safari/533.4" 431
121.254.179.199 - - [18/Mar/2022:10:05:01] "POST /oldlink?&JSESSIONID=SD6SL6FF8ADFF4964 HTTP 1.1" 200 333 "http://www.buttercupgames.com/oldlink" "Mozilla/5.0 (Macintosh; U; Intel Mac OS X 10_6_3; en-US) AppleWebKit/533.4 (KHTML, like Gecko) Chrome/5.0.375.38 Safari/533.4" 505
27.1.11.11 - - [18/Mar/2022:10:06:13] "GET /product.screen?productId=WC-SH-G04&JSESSIONID=SD1SL1FF3ADFF4957 HTTP 1.1" 200 3199 "http://www.yahoo.com" "Mozilla/4.0 (compatible; MSIE 7.0; Windows NT 5.2; .NET CLR 1.1.4322; InfoPath.1; MS-RTC LM 8)" 591
27.1.11.11 - - [18/Mar/2022:10:06:33] "POST /oldlink?&JSESSIONID=SD1SL1FF3ADFF4957 HTTP 1.1" 200 3856 "http://www.buttercupgames.com/cart.do?action=view&productId=WC-SH-A01" "Mozilla/4.0 (compatible; MSIE 7.0; Windows NT 5.2; .NET CLR 1.1.4322; InfoPath.1; MS-RTC LM 8)" 739
27.1.11.11 - - [18/Mar/2022:10:06:50] "GET /oldlink?&JSESSIONID=SD1SL1FF3ADFF4957 HTTP 1.1" 200 1351 "http://www.buttercupgames.com/product.screen?productId=CU-PG-G06" "Mozilla/4.0 (compatible; MSIE 7.0; Windows NT 5.2; .NET CLR 1.1.4322; InfoPath.1; MS-RTC LM 8)" 639
27.1.11.11 - - [18/Mar/2022:10:07:06] "GET /product.screen?productId=MB-AG-G07&JSESSIONID=SD1SL1FF3ADFF4957 HTTP 1.1" 200 1066 "http://www.buttercupgames.com/category.screen?categoryId=ARCADE" "Mozilla/4.0 (compatible; MSIE 7.0; Windows NT 5.2; .NET CLR 1.1.4322; InfoPath.1; MS-RTC LM 8)" 216
27.1.11.11 - - [18/Mar/2022:10:07:12] "POST /cart.do?action=addtocart&productId=MB-AG-G07&JSESSIONID=SD1SL1FF3ADFF4957 HTTP 1.1" 200 3978 "http://www.buttercupgames.com/product.screen?productId=MB-AG-G07" "Mozilla/4.0 (compatible; MSIE 7.0; Windows NT 5.2; .NET CLR 1.1.4322; InfoPath.1; MS-RTC LM 8)" 963
27.1.11.11 - - [18/Mar/2022:10:07:18] "POST /success.do?action=purchase&categoryId=ARCADE&productId=MB-AG-G07&JSESSIONID=SD1SL1FF3ADFF4957 HTTP 1.1" 200 387 "http://www.buttercupgames.com/cart.do?action=addtocart&categoryId=ARCADE&productId=MB-AG-G07" "Mozilla/4.0 (compatible; MSIE 7.0; Windows NT 5.2; .NET CLR 1.1.4322; InfoPath.1; MS-RTC LM 8)" 342
27.1.11.11 - - [18/Mar/2022:10:07:18] "POST /cart/success.do?JSESSIONID=SD1SL1FF3ADFF4957&productId=FS-SG-G03 HTTP 1.1" 200 300 "http://www.buttercupgames.com/cart.do?action=purchase&" "Mozilla/4.0 (compatible; MSIE 7.0; Windows NT 5.2; .NET CLR 1.1.4322; InfoPath.1; MS-RTC LM 8)" 516
27.1.11.11 - - [18/Mar/2022:10:07:42] "GET /category.screen?categoryId=TEE&JSESSIONID=SD1SL1FF3ADFF4957 HTTP 1.1" 200 1989 "http://www.buttercupgames.com/product.screen?productId=MB-AG-T01" "Mozilla/4.0 (compatible; MSIE 7.0; Windows NT 5.2; .NET CLR 1.1.4322; InfoPath.1; MS-RTC LM 8)" 336
27.1.11.11 - - [18/Mar/2022:10:07:53] "GET /oldlink?&JSESSIONID=SD1SL1FF3ADFF4957 HTTP 1.1" 200 2913 "http://www.buttercupgames.com/cart.do?action=addtocart&productId=FS-SG-G03" "Mozilla/4.0 (compatible; MSIE 7.0; Windows NT 5.2; .NET CLR 1.1.4322; InfoPath.1; MS-RTC LM 8)" 117
95.130.170.231 - - [18/Mar/2022:10:08:00] "POST /oldlink?&JSESSIONID=SD9SL2FF6ADFF4963 HTTP 1.1" 200 1300 "http://www.yahoo.com" "Mozilla/5.0 (Windows NT 6.1; WOW64) AppleWebKit/536.5 (KHTML, like Gecko) Chrome/19.0.1084.46 Safari/536.5" 448
27.1.11.11 - - [18/Mar/2022:10:08:02] "GET /oldlink?&JSESSIONID=SD1SL1FF3ADFF4957 HTTP 1.1" 200 474 "http://www.buttercupgames.com/category.screen?categoryId=TEE" "Mozilla/4.0 (compatible; MSIE 7.0; Windows NT 5.2; .NET CLR 1.1.4322; InfoPath.1; MS-RTC LM 8)" 452
27.1.11.11 - - [18/Mar/2022:10:08:18] "POST /category.screen?categoryId=ARCADE&JSESSIONID=SD1SL1FF3ADFF4957 HTTP 1.1" 200 1956 "http://www.buttercupgames.com/category.screen?categoryId=ARCADE" "Mozilla/4.0 (compatible; MSIE 7.0; Windows NT 5.2; .NET CLR 1.1.4322; InfoPath.1; MS-RTC LM 8)" 435
95.130.170.231 - - [18/Mar/2022:10:08:23] "GET /category.screen?categoryId=SHOOTER&JSESSIONID=SD9SL2FF6ADFF4963 HTTP 1.1" 200 837 "http://www.buttercupgames.com/oldlink" "Mozilla/5.0 (Windows NT 6.1; WOW64) AppleWebKit/536.5 (KHTML, like Gecko) Chrome/19.0.1084.46 Safari/536.5" 580
27.1.11.11 - - [18/Mar/2022:10:08:27] "GET /product.screen?productId=BS-AG-G09&JSESSIONID=SD1SL1FF3ADFF4957 HTTP 1.1" 200 3818 "http://www.buttercupgames.com/oldlink" "Mozilla/4.0 (compatible; MSIE 7.0; Windows NT 5.2; .NET CLR 1.1.4322; InfoPath.1; MS-RTC LM 8)" 753
27.1.11.11 - - [18/Mar/2022:10:08:48] "GET /product.screen?productId=WC-SH-G04&JSESSIONID=SD1SL1FF3ADFF4957 HTTP 1.1" 200 1407 "http://www.buttercupgames.com/cart.do?action=view&productId=WC-SH-G04" "Mozilla/4.0 (compatible; MSIE 7.0; Windows NT 5.2; .NET CLR 1.1.4322; InfoPath.1; MS-RTC LM 8)" 395
198.35.2.120 - - [18/Mar/2022:10:12:53] "POST /product.screen?productId=WC-SH-A02&JSESSIONID=SD2SL6FF6ADFF4955 HTTP 1.1" 200 3686 "http://www.google.com" "Mozilla/4.0 (compatible; MSIE 7.0; Windows NT 5.1; Trident/4.0; .NET CLR 2.0.50727; MS-RTC LM 8; InfoPath.2)" 509
220.225.12.171 - - [18/Mar/2022:10:13:00] "POST /cart.do?action=changequantity&productId=BS-AG-G09&JSESSIONID=SD9SL8FF7ADFF4959 HTTP 1.1" 200 2707 "http://www.bing.com" "Googlebot/2.1 ( http://www.googlebot.com/bot.html)" 102
198.35.2.120 - - [18/Mar/2022:10:13:08] "POST /oldlink?&JSESSIONID=SD2SL6FF6ADFF4955 HTTP 1.1" 200 3576 "http://www.buttercupgames.com/cart.do?action=addtocart&productId=BS-AG-G09" "Mozilla/4.0 (compatible; MSIE 7.0; Windows NT 5.1; Trident/4.0; .NET CLR 2.0.50727; MS-RTC LM 8; InfoPath.2)" 900
220.225.12.171 - - [18/Mar/2022:10:13:17] "GET /cart.do?action=view&JSESSIONID=SD9SL8FF7ADFF4959 HTTP 1.1" 500 3542 "http://www.buttercupgames.com/product.screen?productId=SF-BVS-01" "Googlebot/2.1 ( http://www.googlebot.com/bot.html)" 444
220.225.12.171 - - [18/Mar/2022:10:13:26] "GET /product.screen?productId=WC-SH-T02&JSESSIONID=SD9SL8FF7ADFF4959 HTTP 1.1" 200 2340 "http://www.buttercupgames.com/oldlink" "Googlebot/2.1 ( http://www.googlebot.com/bot.html)" 539
198.35.2.120 - - [18/Mar/2022:10:13:28] "GET /category.screen?categoryId=NULL&JSESSIONID=SD2SL6FF6ADFF4955 HTTP 1.1" 505 1918 "http://www.buttercupgames.com/product.screen?productId=SF-BVS-01" "Mozilla/4.0 (compatible; MSIE 7.0; Windows NT 5.1; Trident/4.0; .NET CLR 2.0.50727; MS-RTC LM 8; InfoPath.2)" 581
220.225.12.171 - - [18/Mar/2022:10:13:36] "GET /category.screen?categoryId=STRATEGY&JSESSIONID=SD9SL8FF7ADFF4959 HTTP 1.1" 200 3659 "http://www.buttercupgames.com/oldlink" "Googlebot/2.1 ( http://www.googlebot.com/bot.html)" 182
198.35.2.120 - - [18/Mar/2022:10:13:42] "GET /product.screen?productId=SF-BVS-01&JSESSIONID=SD2SL6FF6ADFF4955 HTTP 1.1" 408 768 "http://www.buttercupgames.com/product.screen?productId=SF-BVS-01" "Mozilla/4.0 (compatible; MSIE 7.0; Windows NT 5.1; Trident/4.0; .NET CLR 2.0.50727; MS-RTC LM 8; InfoPath.2)" 467
220.225.12.171 - - [18/Mar/2022:10:13:47] "POST /cart.do?action=changequantity&productId=WC-SH-T02&JSESSIONID=SD9SL8FF7ADFF4959 HTTP 1.1" 200 2209 "http://www.buttercupgames.com/oldlink" "Googlebot/2.1 ( http://www.googlebot.com/bot.html)" 950
198.35.2.120 - - [18/Mar/2022:10:13:57] "GET /product.screen?productId=WC-SH-T02&JSESSIONID=SD2SL6FF6ADFF4955 HTTP 1.1" 200 1930 "http://www.buttercupgames.com/cart.do?action=view&productId=WC-SH-T02" "Mozilla/4.0 (compatible; MSIE 7.0; Windows NT 5.1; Trident/4.0; .NET CLR 2.0.50727; MS-RTC LM 8; InfoPath.2)" 398
220.225.12.171 - - [18/Mar/2022:10:14:07] "GET show.do?productId=SF-BVS-01&JSESSIONID=SD9SL8FF7ADFF4959 HTTP 1.1" 404 1383 "http://www.buttercupgames.com/oldlink" "Googlebot/2.1 ( http://www.googlebot.com/bot.html)" 899
198.35.2.120 - - [18/Mar/2022:10:14:11] "POST /category.screen?categoryId=ACCESSORIES&JSESSIONID=SD2SL6FF6ADFF4955 HTTP 1.1" 200 1708 "http://www.buttercupgames.com/cart.do?action=remove&productId=WC-SH-A02" "Mozilla/4.0 (compatible; MSIE 7.0; Windows NT 5.1; Trident/4.0; .NET CLR 2.0.50727; MS-RTC LM 8; InfoPath.2)" 416
198.35.2.120 - - [18/Mar/2022:10:14:25] "POST /product.screen?productId=FI-AG-G08&JSESSIONID=SD2SL6FF6ADFF4955 HTTP 1.1" 200 1394 "http://www.buttercupgames.com/product.screen?productId=FI-AG-G08" "Mozilla/4.0 (compatible; MSIE 7.0; Windows NT 5.1; Trident/4.0; .NET CLR 2.0.50727; MS-RTC LM 8; InfoPath.2)" 559
198.35.2.120 - - [18/Mar/2022:10:14:45] "GET /product.screen?productId=DB-SG-G01&JSESSIONID=SD2SL6FF6ADFF4955 HTTP 1.1" 200 3537 "http://www.buttercupgames.com/cart.do?action=addtocart&productId=DB-SG-G01" "Mozilla/4.0 (compatible; MSIE 7.0; Windows NT 5.1; Trident/4.0; .NET CLR 2.0.50727; MS-RTC LM 8; InfoPath.2)" 191
198.35.2.120 - - [18/Mar/2022:10:14:59] "GET /oldlink?&JSESSIONID=SD2SL6FF6ADFF4955 HTTP 1.1" 200 3840 "http://www.buttercupgames.com/cart.do?action=view&productId=MB-AG-G07" "Mozilla/4.0 (compatible; MSIE 7.0; Windows NT 5.1; Trident/4.0; .NET CLR 2.0.50727; MS-RTC LM 8; InfoPath.2)" 177
198.35.2.120 - - [18/Mar/2022:10:15:05] "GET /cart.do?action=addtocart&productId=SC-MG-G10&JSESSIONID=SD2SL6FF6ADFF4955 HTTP 1.1" 200 3941 "http://www.buttercupgames.com/oldlink" "Mozilla/4.0 (compatible; MSIE 7.0; Windows NT 5.1; Trident/4.0; .NET CLR 2.0.50727; MS-RTC LM 8; InfoPath.2)" 224
198.35.2.120 - - [18/Mar/2022:10:15:22] "GET /category.screen?categoryId=STRATEGY&JSESSIONID=SD2SL6FF6ADFF4955 HTTP 1.1" 200 442 "http://www.buttercupgames.com/cart.do?action=remove&productId=DC-SG-G02" "Mozilla/4.0 (compatible; MSIE 7.0; Windows NT 5.1; Trident/4.0; .NET CLR 2.0.50727; MS-RTC LM 8; InfoPath.2)" 939
198.35.2.120 - - [18/Mar/2022:10:15:29] "GET /oldlink?&JSESSIONID=SD2SL6FF6ADFF4955 HTTP 1.1" 200 1172 "http://www.buttercupgames.com/cart.do?action=view&productId=SC-MG-G10" "Mozilla/4.0 (compatible; MSIE 7.0; Windows NT 5.1; Trident/4.0; .NET CLR 2.0.50727; MS-RTC LM 8; InfoPath.2)" 976
203.45.206.135 - - [18/Mar/2022:10:17:50] "GET /product.screen?productId=FI-AG-G08&JSESSIONID=SD3SL10FF7ADFF4952 HTTP 1.1" 200 2552 "http://www.buttercupgames.com/category.screen?categoryId=ARCADE" "Mozilla/4.0 (compatible; MSIE 7.0; Windows NT 5.1; Trident/4.0; .NET CLR 2.0.50727; MS-RTC LM 8; InfoPath.2)" 727
203.45.206.135 - - [18/Mar/2022:10:17:51] "POST /cart.do?action=addtocart&productId=FI-AG-G08&JSESSIONID=SD3SL10FF7ADFF4952 HTTP 1.1" 200 1735 "http://www.buttercupgames.com/product.screen?productId=FI-AG-G08" "Mozilla/4.0 (compatible; MSIE 7.0; Windows NT 5.1; Trident/4.0; .NET CLR 2.0.50727; MS-RTC LM 8; InfoPath.2)" 943
203.45.206.135 - - [18/Mar/2022:10:17:56] "POST /success.do?action=purchase&categoryId=ARCADE&productId=FI-AG-G08&JSESSIONID=SD3SL10FF7ADFF4952 HTTP 1.1" 200 2829 "http://www.buttercupgames.com/cart.do?action=addtocart&categoryId=ARCADE&productId=FI-AG-G08" "Mozilla/4.0 (compatible; MSIE 7.0; Windows NT 5.1; Trident/4.0; .NET CLR 2.0.50727; MS-RTC LM 8; InfoPath.2)" 651
203.45.206.135 - - [18/Mar/2022:10:17:56] "POST /cart/success.do?JSESSIONID=SD3SL10FF7ADFF4952&productId=CU-PG-G06 HTTP 1.1" 200 1888 "http://www.buttercupgames.com/cart.do?action=purchase&" "Mozilla/4.0 (compatible; MSIE 7.0; Windows NT 5.1; Trident/4.0; .NET CLR 2.0.50727; MS-RTC LM 8; InfoPath.2)" 210
87.194.216.51 - - [18/Mar/2022:10:18:05] "GET /oldlink?&JSESSIONID=SD7SL5FF4ADFF4960 HTTP 1.1" 200 2404 "http://www.google.com" "Opera/9.01 (Windows NT 5.1; U; en)" 159
203.45.206.135 - - [18/Mar/2022:10:18:06] "GET /category.screen?categoryId=NULL&JSESSIONID=SD3SL10FF7ADFF4952 HTTP 1.1" 400 947 "http://www.buttercupgames.com/cart.do?action=addtocart&" "Mozilla/4.0 (compatible; MSIE 7.0; Windows NT 5.1; Trident/4.0; .NET CLR 2.0.50727; MS-RTC LM 8; InfoPath.2)" 580
203.45.206.135 - - [18/Mar/2022:10:18:15] "GET /category.screen?categoryId=TEE&JSESSIONID=SD3SL10FF7ADFF4952 HTTP 1.1" 200 3294 "http://www.buttercupgames.com/cart.do?action=view&productId=MB-AG-T01" "Mozilla/4.0 (compatible; MSIE 7.0; Windows NT 5.1; Trident/4.0; .NET CLR 2.0.50727; MS-RTC LM 8; InfoPath.2)" 876
203.45.206.135 - - [18/Mar/2022:10:18:25] "POST /product.screen?productId=WC-SH-A01&JSESSIONID=SD3SL10FF7ADFF4952 HTTP 1.1" 200 1418 "http://www.buttercupgames.com/product.screen?productId=WC-SH-A01" "Mozilla/4.0 (compatible; MSIE 7.0; Windows NT 5.1; Trident/4.0; .NET CLR 2.0.50727; MS-RTC LM 8; InfoPath.2)" 371
203.45.206.135 - - [18/Mar/2022:10:18:31] "GET /product.screen?productId=SF-BVS-01&JSESSIONID=SD3SL10FF7ADFF4952 HTTP 1.1" 505 3849 "http://www.buttercupgames.com/category.screen?categoryId=NULL" "Mozilla/4.0 (compatible; MSIE 7.0; Windows NT 5.1; Trident/4.0; .NET CLR 2.0.50727; MS-RTC LM 8; InfoPath.2)" 770
203.45.206.135 - - [18/Mar/2022:10:18:41] "GET /cart.do?action=view&productId=DB-SG-G01&JSESSIONID=SD3SL10FF7ADFF4952 HTTP 1.1" 200 1234 "http://www.buttercupgames.com/cart.do?action=view&productId=DB-SG-G01" "Mozilla/4.0 (compatible; MSIE 7.0; Windows NT 5.1; Trident/4.0; .NET CLR 2.0.50727; MS-RTC LM 8; InfoPath.2)" 844
203.45.206.135 - - [18/Mar/2022:10:18:58] "GET /cart.do?action=changequantity&productId=WC-SH-T02&JSESSIONID=SD3SL10FF7ADFF4952 HTTP 1.1" 200 827 "http://www.buttercupgames.com/cart.do?action=changequantity&productId=WC-SH-T02" "Mozilla/4.0 (compatible; MSIE 7.0; Windows NT 5.1; Trident/4.0; .NET CLR 2.0.50727; MS-RTC LM 8; InfoPath.2)" 937
203.45.206.135 - - [18/Mar/2022:10:19:10] "GET /oldlink?&JSESSIONID=SD3SL10FF7ADFF4952 HTTP 1.1" 200 566 "http://www.buttercupgames.com/category.screen?categoryId=SIMULATION" "Mozilla/4.0 (compatible; MSIE 7.0; Windows NT 5.1; Trident/4.0; .NET CLR 2.0.50727; MS-RTC LM 8; InfoPath.2)" 915
203.45.206.135 - - [18/Mar/2022:10:19:34] "POST /category.screen?categoryId=SIMULATION&JSESSIONID=SD3SL10FF7ADFF4952 HTTP 1.1" 200 1580 "http://www.buttercupgames.com/cart.do?action=view&productId=SC-MG-G10" "Mozilla/4.0 (compatible; MSIE 7.0; Windows NT 5.1; Trident/4.0; .NET CLR 2.0.50727; MS-RTC LM 8; InfoPath.2)" 606
211.166.11.101 - - [18/Mar/2022:10:24:21] "GET /category.screen?categoryId=STRATEGY&JSESSIONID=SD3SL8FF9ADFF4958 HTTP 1.1" 200 2741 "http://www.bing.com" "Mozilla/4.0 (compatible; MSIE 6.0; Windows NT 5.1; SV1)" 403
211.166.11.101 - - [18/Mar/2022:10:24:41] "GET /cart.do?action=view&JSESSIONID=SD3SL8FF9ADFF4958 HTTP 1.1" 408 2415 "http://www.buttercupgames.com/product.screen?productId=SF-BVS-01" "Mozilla/4.0 (compatible; MSIE 6.0; Windows NT 5.1; SV1)" 357
