86.51.1.2 - - [20/Mar/2022:13:36:35] "GET /oldlink?&JSESSIONID=SD2SL1FF8ADFF4959 HTTP 1.1" 400 3609 "http://www.buttercupgames.com/oldlink" "Mozilla/5.0 (Windows; U; Windows NT 5.1; en-US; rv:1.9.2.28) Gecko/20120306 YFF3 Firefox/3.6.28 ( .NET CLR 3.5.30729; .NET4.0C)" 420
86.51.1.2 - - [20/Mar/2022:13:36:52] "GET /cart.do?action=view&productId=FI-AG-G08&JSESSIONID=SD2SL1FF8ADFF4959 HTTP 1.1" 200 1413 "http://www.buttercupgames.com/category.screen?categoryId=ARCADE" "Mozilla/5.0 (Windows; U; Windows NT 5.1; en-US; rv:1.9.2.28) Gecko/20120306 YFF3 Firefox/3.6.28 ( .NET CLR 3.5.30729; .NET4.0C)" 986
86.51.1.2 - - [20/Mar/2022:13:37:01] "GET /product.screen?productId=WC-SH-A01&JSESSIONID=SD2SL1FF8ADFF4959 HTTP 1.1" 200 3947 "http://www.buttercupgames.com/oldlink" "Mozilla/5.0 (Windows; U; Windows NT 5.1; en-US; rv:1.9.2.28) Gecko/20120306 YFF3 Firefox/3.6.28 ( .NET CLR 3.5.30729; .NET4.0C)" 384
86.51.1.2 - - [20/Mar/2022:13:37:17] "POST /product.screen?productId=PZ-SG-G05&JSESSIONID=SD2SL1FF8ADFF4959 HTTP 1.1" 200 2874 "http://www.buttercupgames.com/oldlink" "Mozilla/5.0 (Windows; U; Windows NT 5.1; en-US; rv:1.9.2.28) Gecko/20120306 YFF3 Firefox/3.6.28 ( .NET CLR 3.5.30729; .NET4.0C)" 889
86.51.1.2 - - [20/Mar/2022:13:37:28] "POST /category.screen?categoryId=ARCADE&JSESSIONID=SD2SL1FF8ADFF4959 HTTP 1.1" 200 1712 "http://www.buttercupgames.com/product.screen?productId=FI-AG-G08" "Mozilla/5.0 (Windows; U; Windows NT 5.1; en-US; rv:1.9.2.28) Gecko/20120306 YFF3 Firefox/3.6.28 ( .NET CLR 3.5.30729; .NET4.0C)" 895
198.35.3.23 - - [20/Mar/2022:13:37:40] "GET /product.screen?productId=MB-AG-G07&JSESSIONID=SD7SL10FF6ADFF4961 HTTP 1.1" 200 2737 "http://www.google.com" "Mozilla/5.0 (iPad; U; CPU OS 4_3_5 like Mac OS X; en-us) AppleWebKit/533.17.9 (KHTML, like Gecko) Version/5.0.2 Mobile/8L1 Safari/6533.18.5" 926
86.51.1.2 - - [20/Mar/2022:13:37:49] "GET /product.screen?productId=BS-AG-G09&JSESSIONID=SD2SL1FF8ADFF4959 HTTP 1.1" 200 313 "http://www.buttercupgames.com/cart.do?action=view&productId=BS-AG-G09" "Mozilla/5.0 (Windows; U; Windows NT 5.1; en-US; rv:1.9.2.28) Gecko/20120306 YFF3 Firefox/3.6.28 ( .NET CLR 3.5.30729; .NET4.0C)" 209
86.51.1.2 - - [20/Mar/2022:13:37:56] "GET /product.screen?productId=WC-SH-T02&JSESSIONID=SD2SL1FF8ADFF4959 HTTP 1.1" 200 3440 "http://www.buttercupgames.com/category.screen?categoryId=TEE" "Mozilla/5.0 (Windows; U; Windows NT 5.1; en-US; rv:1.9.2.28) Gecko/20120306 YFF3 Firefox/3.6.28 ( .NET CLR 3.5.30729; .NET4.0C)" 557
198.35.3.23 - - [20/Mar/2022:13:38:02] "GET /oldlink?&JSESSIONID=SD7SL10FF6ADFF4961 HTTP 1.1" 200 3769 "http://www.buttercupgames.com/category.screen?categoryId=TEE" "Mozilla/5.0 (iPad; U; CPU OS 4_3_5 like Mac OS X; en-us) AppleWebKit/533.17.9 (KHTML, like Gecko) Version/5.0.2 Mobile/8L1 Safari/6533.18.5" 291
86.51.1.2 - - [20/Mar/2022:13:38:12] "GET /product.screen?productId=WC-SH-A02&JSESSIONID=SD2SL1FF8ADFF4959 HTTP 1.1" 200 2632 "http://www.buttercupgames.com/product.screen?productId=WC-SH-A02" "Mozilla/5.0 (Windows; U; Windows NT 5.1; en-US; rv:1.9.2.28) Gecko/20120306 YFF3 Firefox/3.6.28 ( .NET CLR 3.5.30729; .NET4.0C)" 624
198.35.3.23 - - [20/Mar/2022:13:38:15] "GET /product.screen?productId=DB-SG-G01&JSESSIONID=SD7SL10FF6ADFF4961 HTTP 1.1" 200 3671 "http://www.buttercupgames.com/category.screen?categoryId=STRATEGY" "Mozilla/5.0 (iPad; U; CPU OS 4_3_5 like Mac OS X; en-us) AppleWebKit/533.17.9 (KHTML, like Gecko) Version/5.0.2 Mobile/8L1 Safari/6533.18.5" 209
198.35.3.23 - - [20/Mar/2022:13:38:16] "POST /cart.do?action=addtocart&productId=DB-SG-G01&JSESSIONID=SD7SL10FF6ADFF4961 HTTP 1.1" 200 3866 "http://www.buttercupgames.com/product.screen?productId=DB-SG-G01" "Mozilla/5.0 (iPad; U; CPU OS 4_3_5 like Mac OS X; en-us) AppleWebKit/533.17.9 (KHTML, like Gecko) Version/5.0.2 Mobile/8L1 Safari/6533.18.5" 600
86.51.1.2 - - [20/Mar/2022:13:38:19] "POST /product.screen?productId=BS-AG-G09&JSESSIONID=SD2SL1FF8ADFF4959 HTTP 1.1" 200 982 "http://www.buttercupgames.com/cart.do?action=view&productId=BS-AG-G09" "Mozilla/5.0 (Windows; U; Windows NT 5.1; en-US; rv:1.9.2.28) Gecko/20120306 YFF3 Firefox/3.6.28 ( .NET CLR 3.5.30729; .NET4.0C)" 458
198.35.3.23 - - [20/Mar/2022:13:38:21] "POST /success.do?action=purchase&categoryId=STRATEGY&productId=DB-SG-G01&JSESSIONID=SD7SL10FF6ADFF4961 HTTP 1.1" 200 2244 "http://www.buttercupgames.com/cart.do?action=addtocart&categoryId=STRATEGY&productId=DB-SG-G01" "Mozilla/5.0 (iPad; U; CPU OS 4_3_5 like Mac OS X; en-us) AppleWebKit/533.17.9 (KHTML, like Gecko) Version/5.0.2 Mobile/8L1 Safari/6533.18.5" 156
198.35.3.23 - - [20/Mar/2022:13:38:21] "POST /cart/success.do?JSESSIONID=SD7SL10FF6ADFF4961&productId=WC-SH-G04 HTTP 1.1" 200 3852 "http://www.buttercupgames.com/cart.do?action=purchase&" "Mozilla/5.0 (iPad; U; CPU OS 4_3_5 like Mac OS X; en-us) AppleWebKit/533.17.9 (KHTML, like Gecko) Version/5.0.2 Mobile/8L1 Safari/6533.18.5" 292
86.51.1.2 - - [20/Mar/2022:13:38:25] "POST /product.screen?productId=SF-BVS-01&JSESSIONID=SD2SL1FF8ADFF4959 HTTP 1.1" 500 2000 "http://www.buttercupgames.com/cart.do?action=view&" "Mozilla/5.0 (Windows; U; Windows NT 5.1; en-US; rv:1.9.2.28) Gecko/20120306 YFF3 Firefox/3.6.28 ( .NET CLR 3.5.30729; .NET4.0C)" 838
198.35.3.23 - - [20/Mar/2022:13:38:41] "POST /cart.do?action=remove&productId=WC-SH-A01&JSESSIONID=SD7SL10FF6ADFF4961 HTTP 1.1" 200 3622 "http://www.buttercupgames.com/oldlink" "Mozilla/5.0 (iPad; U; CPU OS 4_3_5 like Mac OS X; en-us) AppleWebKit/533.17.9 (KHTML, like Gecko) Version/5.0.2 Mobile/8L1 Safari/6533.18.5" 251
198.35.3.23 - - [20/Mar/2022:13:39:00] "POST /oldlink?&JSESSIONID=SD7SL10FF6ADFF4961 HTTP 1.1" 200 3231 "http://www.buttercupgames.com/product.screen?productId=DB-SG-G01" "Mozilla/5.0 (iPad; U; CPU OS 4_3_5 like Mac OS X; en-us) AppleWebKit/533.17.9 (KHTML, like Gecko) Version/5.0.2 Mobile/8L1 Safari/6533.18.5" 759
198.35.3.23 - - [20/Mar/2022:13:39:21] "GET /product.screen?productId=WC-SH-A02&JSESSIONID=SD7SL10FF6ADFF4961 HTTP 1.1" 200 2547 "http://www.buttercupgames.com/cart.do?action=view&productId=WC-SH-A02" "Mozilla/5.0 (iPad; U; CPU OS 4_3_5 like Mac OS X; en-us) AppleWebKit/533.17.9 (KHTML, like Gecko) Version/5.0.2 Mobile/8L1 Safari/6533.18.5" 991
198.35.3.23 - - [20/Mar/2022:13:39:38] "POST /product.screen?productId=WC-SH-A01&JSESSIONID=SD7SL10FF6ADFF4961 HTTP 1.1" 200 3763 "http://www.buttercupgames.com/category.screen?categoryId=ACCESSORIES" "Mozilla/5.0 (iPad; U; CPU OS 4_3_5 like Mac OS X; en-us) AppleWebKit/533.17.9 (KHTML, like Gecko) Version/5.0.2 Mobile/8L1 Safari/6533.18.5" 206
198.35.3.23 - - [20/Mar/2022:13:39:39] "POST /cart.do?action=addtocart&productId=WC-SH-A01&JSESSIONID=SD7SL10FF6ADFF4961 HTTP 1.1" 200 692 "http://www.buttercupgames.com/product.screen?productId=WC-SH-A01" "Mozilla/5.0 (iPad; U; CPU OS 4_3_5 like Mac OS X; en-us) AppleWebKit/533.17.9 (KHTML, like Gecko) Version/5.0.2 Mobile/8L1 Safari/6533.18.5" 121
198.35.3.23 - - [20/Mar/2022:13:39:43] "POST /success.do?action=purchase&categoryId=ACCESSORIES&productId=WC-SH-A01&JSESSIONID=SD7SL10FF6ADFF4961 HTTP 1.1" 200 861 "http://www.buttercupgames.com/cart.do?action=addtocart&categoryId=ACCESSORIES&productId=WC-SH-A01" "Mozilla/5.0 (iPad; U; CPU OS 4_3_5 like Mac OS X; en-us) AppleWebKit/533.17.9 (KHTML, like Gecko) Version/5.0.2 Mobile/8L1 Safari/6533.18.5" 504
198.35.3.23 - - [20/Mar/2022:13:39:43] "POST /cart/error.do?msg=CreditNotAccepted&JSESSIONID=SD7SL10FF6ADFF4961 HTTP 1.1" 200 1395 "http://www.buttercupgames.com/cart.do?action=purchase&" "Mozilla/5.0 (iPad; U; CPU OS 4_3_5 like Mac OS X; en-us) AppleWebKit/533.17.9 (KHTML, like Gecko) Version/5.0.2 Mobile/8L1 Safari/6533.18.5" 269
198.35.3.23 - - [20/Mar/2022:13:40:04] "POST /product.screen?productId=SC-MG-G10&JSESSIONID=SD7SL10FF6ADFF4961 HTTP 1.1" 200 2085 "http://www.buttercupgames.com/category.screen?categoryId=SIMULATION" "Mozilla/5.0 (iPad; U; CPU OS 4_3_5 like Mac OS X; en-us) AppleWebKit/533.17.9 (KHTML, like Gecko) Version/5.0.2 Mobile/8L1 Safari/6533.18.5" 715
198.35.3.23 - - [20/Mar/2022:13:40:10] "POST /cart.do?action=addtocart&productId=SC-MG-G10&JSESSIONID=SD7SL10FF6ADFF4961 HTTP 1.1" 200 712 "http://www.buttercupgames.com/product.screen?productId=SC-MG-G10" "Mozilla/5.0 (iPad; U; CPU OS 4_3_5 like Mac OS X; en-us) AppleWebKit/533.17.9 (KHTML, like Gecko) Version/5.0.2 Mobile/8L1 Safari/6533.18.5" 771
198.35.3.23 - - [20/Mar/2022:13:40:13] "POST /success.do?action=purchase&categoryId=SIMULATION&productId=SC-MG-G10&JSESSIONID=SD7SL10FF6ADFF4961 HTTP 1.1" 200 2672 "http://www.buttercupgames.com/cart.do?action=addtocart&categoryId=SIMULATION&productId=SC-MG-G10" "Mozilla/5.0 (iPad; U; CPU OS 4_3_5 like Mac OS X; en-us) AppleWebKit/533.17.9 (KHTML, like Gecko) Version/5.0.2 Mobile/8L1 Safari/6533.18.5" 412
198.35.3.23 - - [20/Mar/2022:13:40:13] "POST /cart/error.do?msg=FormError&JSESSIONID=SD7SL10FF6ADFF4961 HTTP 1.1" 200 2374 "http://www.buttercupgames.com/cart.do?action=purchase&" "Mozilla/5.0 (iPad; U; CPU OS 4_3_5 like Mac OS X; en-us) AppleWebKit/533.17.9 (KHTML, like Gecko) Version/5.0.2 Mobile/8L1 Safari/6533.18.5" 975
198.35.3.23 - - [20/Mar/2022:13:40:26] "GET /product.screen?productId=CU-PG-G06&JSESSIONID=SD7SL10FF6ADFF4961 HTTP 1.1" 200 2538 "http://www.buttercupgames.com/category.screen?categoryId=SPORTS" "Mozilla/5.0 (iPad; U; CPU OS 4_3_5 like Mac OS X; en-us) AppleWebKit/533.17.9 (KHTML, like Gecko) Version/5.0.2 Mobile/8L1 Safari/6533.18.5" 833
198.35.3.23 - - [20/Mar/2022:13:40:30] "POST /cart.do?action=addtocart&productId=CU-PG-G06&JSESSIONID=SD7SL10FF6ADFF4961 HTTP 1.1" 200 2623 "http://www.buttercupgames.com/product.screen?productId=CU-PG-G06" "Mozilla/5.0 (iPad; U; CPU OS 4_3_5 like Mac OS X; en-us) AppleWebKit/533.17.9 (KHTML, like Gecko) Version/5.0.2 Mobile/8L1 Safari/6533.18.5" 218
198.35.3.23 - - [20/Mar/2022:13:40:33] "POST /success.do?action=purchase&categoryId=SPORTS&productId=CU-PG-G06&JSESSIONID=SD7SL10FF6ADFF4961 HTTP 1.1" 200 735 "http://www.buttercupgames.com/cart.do?action=addtocart&categoryId=SPORTS&productId=CU-PG-G06" "Mozilla/5.0 (iPad; U; CPU OS 4_3_5 like Mac OS X; en-us) AppleWebKit/533.17.9 (KHTML, like Gecko) Version/5.0.2 Mobile/8L1 Safari/6533.18.5" 344
198.35.3.23 - - [20/Mar/2022:13:40:33] "POST /cart/success.do?JSESSIONID=SD7SL10FF6ADFF4961&productId=FS-SG-G03 HTTP 1.1" 200 3171 "http://www.buttercupgames.com/cart.do?action=purchase&" "Mozilla/5.0 (iPad; U; CPU OS 4_3_5 like Mac OS X; en-us) AppleWebKit/533.17.9 (KHTML, like Gecko) Version/5.0.2 Mobile/8L1 Safari/6533.18.5" 880
198.35.3.23 - - [20/Mar/2022:13:40:51] "GET /oldlink?&JSESSIONID=SD7SL10FF6ADFF4961 HTTP 1.1" 200 2077 "http://www.buttercupgames.com/product.screen?productId=BS-AG-G09" "Mozilla/5.0 (iPad; U; CPU OS 4_3_5 like Mac OS X; en-us) AppleWebKit/533.17.9 (KHTML, like Gecko) Version/5.0.2 Mobile/8L1 Safari/6533.18.5" 571
198.35.3.23 - - [20/Mar/2022:13:41:00] "POST /oldlink?&JSESSIONID=SD7SL10FF6ADFF4961 HTTP 1.1" 400 3325 "http://www.buttercupgames.com/cart.do?action=view&" "Mozilla/5.0 (iPad; U; CPU OS 4_3_5 like Mac OS X; en-us) AppleWebKit/533.17.9 (KHTML, like Gecko) Version/5.0.2 Mobile/8L1 Safari/6533.18.5" 442
198.35.3.23 - - [20/Mar/2022:13:41:07] "POST /product.screen?productId=WC-SH-A02&JSESSIONID=SD7SL10FF6ADFF4961 HTTP 1.1" 200 3195 "http://www.buttercupgames.com/category.screen?categoryId=ACCESSORIES" "Mozilla/5.0 (iPad; U; CPU OS 4_3_5 like Mac OS X; en-us) AppleWebKit/533.17.9 (KHTML, like Gecko) Version/5.0.2 Mobile/8L1 Safari/6533.18.5" 783
198.35.3.23 - - [20/Mar/2022:13:41:08] "POST /cart.do?action=addtocart&productId=WC-SH-A02&JSESSIONID=SD7SL10FF6ADFF4961 HTTP 1.1" 200 2866 "http://www.buttercupgames.com/product.screen?productId=WC-SH-A02" "Mozilla/5.0 (iPad; U; CPU OS 4_3_5 like Mac OS X; en-us) AppleWebKit/533.17.9 (KHTML, like Gecko) Version/5.0.2 Mobile/8L1 Safari/6533.18.5" 115
198.35.3.23 - - [20/Mar/2022:13:41:10] "POST /success.do?action=purchase&categoryId=ACCESSORIES&productId=WC-SH-A02&JSESSIONID=SD7SL10FF6ADFF4961 HTTP 1.1" 200 1085 "http://www.buttercupgames.com/cart.do?action=addtocart&categoryId=ACCESSORIES&productId=WC-SH-A02" "Mozilla/5.0 (iPad; U; CPU OS 4_3_5 like Mac OS X; en-us) AppleWebKit/533.17.9 (KHTML, like Gecko) Version/5.0.2 Mobile/8L1 Safari/6533.18.5" 948
198.35.3.23 - - [20/Mar/2022:13:41:10] "POST /cart/success.do?JSESSIONID=SD7SL10FF6ADFF4961&productId=PZ-SG-G05 HTTP 1.1" 200 2290 "http://www.buttercupgames.com/cart.do?action=purchase&" "Mozilla/5.0 (iPad; U; CPU OS 4_3_5 like Mac OS X; en-us) AppleWebKit/533.17.9 (KHTML, like Gecko) Version/5.0.2 Mobile/8L1 Safari/6533.18.5" 312
107.3.146.207 - - [20/Mar/2022:13:45:33] "GET /category.screen?categoryId=NULL&JSESSIONID=SD6SL4FF7ADFF4966 HTTP 1.1" 500 359 "http://www.yahoo.com" "Mozilla/4.0 (compatible; MSIE 7.0; Windows NT 5.2; .NET CLR 1.1.4322; InfoPath.1; MS-RTC LM 8)" 218
202.164.25.24 - - [20/Mar/2022:13:46:57] "GET /oldlink?&JSESSIONID=SD0SL6FF1ADFF4961 HTTP 1.1" 200 616 "http://www.google.com" "Mozilla/5.0 (Windows; U; Windows NT 5.1; en-US; rv:1.9.2.28) Gecko/20120306 YFF3 Firefox/3.6.28 ( .NET CLR 3.5.30729; .NET4.0C)" 733
202.164.25.24 - - [20/Mar/2022:13:47:11] "GET /product.screen?productId=CU-PG-G06&JSESSIONID=SD0SL6FF1ADFF4961 HTTP 1.1" 200 427 "http://www.buttercupgames.com/category.screen?categoryId=SPORTS" "Mozilla/5.0 (Windows; U; Windows NT 5.1; en-US; rv:1.9.2.28) Gecko/20120306 YFF3 Firefox/3.6.28 ( .NET CLR 3.5.30729; .NET4.0C)" 181
202.164.25.24 - - [20/Mar/2022:13:47:12] "POST /cart.do?action=addtocart&productId=CU-PG-G06&JSESSIONID=SD0SL6FF1ADFF4961 HTTP 1.1" 200 1175 "http://www.buttercupgames.com/product.screen?productId=CU-PG-G06" "Mozilla/5.0 (Windows; U; Windows NT 5.1; en-US; rv:1.9.2.28) Gecko/20120306 YFF3 Firefox/3.6.28 ( .NET CLR 3.5.30729; .NET4.0C)" 183
202.164.25.24 - - [20/Mar/2022:13:47:13] "POST /success.do?action=purchase&categoryId=SPORTS&productId=CU-PG-G06&JSESSIONID=SD0SL6FF1ADFF4961 HTTP 1.1" 200 601 "http://www.buttercupgames.com/cart.do?action=addtocart&categoryId=SPORTS&productId=CU-PG-G06" "Mozilla/5.0 (Windows; U; Windows NT 5.1; en-US; rv:1.9.2.28) Gecko/20120306 YFF3 Firefox/3.6.28 ( .NET CLR 3.5.30729; .NET4.0C)" 175
202.164.25.24 - - [20/Mar/2022:13:47:13] "POST /cart/success.do?productId=GT-SC-G01&JSESSIONID=SD0SL6FF1ADFF4961 HTTP 1.1" 200 3906 "http://www.buttercupgames.com/cart.do?action=purchase&productId=GT-SC-G01" "Mozilla/5.0 (Windows; U; Windows NT 5.1; en-US; rv:1.9.2.28) Gecko/20120306 YFF3 Firefox/3.6.28 ( .NET CLR 3.5.30729; .NET4.0C)" 491
202.164.25.24 - - [20/Mar/2022:13:47:21] "GET /product.screen?productId=WC-SH-A02&JSESSIONID=SD0SL6FF1ADFF4961 HTTP 1.1" 200 3174 "http://www.buttercupgames.com/category.screen?categoryId=ACCESSORIES" "Mozilla/5.0 (Windows; U; Windows NT 5.1; en-US; rv:1.9.2.28) Gecko/20120306 YFF3 Firefox/3.6.28 ( .NET CLR 3.5.30729; .NET4.0C)" 689
202.164.25.24 - - [20/Mar/2022:13:47:23] "POST /cart.do?action=addtocart&productId=WC-SH-A02&JSESSIONID=SD0SL6FF1ADFF4961 HTTP 1.1" 200 239 "http://www.buttercupgames.com/product.screen?productId=WC-SH-A02" "Mozilla/5.0 (Windows; U; Windows NT 5.1; en-US; rv:1.9.2.28) Gecko/20120306 YFF3 Firefox/3.6.28 ( .NET CLR 3.5.30729; .NET4.0C)" 931
202.164.25.24 - - [20/Mar/2022:13:47:28] "POST /success.do?action=purchase&categoryId=ACCESSORIES&productId=WC-SH-A02&JSESSIONID=SD0SL6FF1ADFF4961 HTTP 1.1" 200 690 "http://www.buttercupgames.com/cart.do?action=addtocart&categoryId=ACCESSORIES&productId=WC-SH-A02" "Mozilla/5.0 (Windows; U; Windows NT 5.1; en-US; rv:1.9.2.28) Gecko/20120306 YFF3 Firefox/3.6.28 ( .NET CLR 3.5.30729; .NET4.0C)" 939
202.164.25.24 - - [20/Mar/2022:13:47:28] "POST /cart/success.do?JSESSIONID=SD0SL6FF1ADFF4961&productId=CU-PG-G06 HTTP 1.1" 200 311 "http://www.buttercupgames.com/cart.do?action=purchase&" "Mozilla/5.0 (Windows; U; Windows NT 5.1; en-US; rv:1.9.2.28) Gecko/20120306 YFF3 Firefox/3.6.28 ( .NET CLR 3.5.30729; .NET4.0C)" 570
202.164.25.24 - - [20/Mar/2022:13:47:39] "GET /category.screen?categoryId=ARCADE&JSESSIONID=SD0SL6FF1ADFF4961 HTTP 1.1" 200 2499 "http://www.buttercupgames.com/cart.do?action=changequantity&productId=FI-AG-G08" "Mozilla/5.0 (Windows; U; Windows NT 5.1; en-US; rv:1.9.2.28) Gecko/20120306 YFF3 Firefox/3.6.28 ( .NET CLR 3.5.30729; .NET4.0C)" 361
202.164.25.24 - - [20/Mar/2022:13:47:45] "POST /cart.do?action=changequantity&productId=MB-AG-T01&JSESSIONID=SD0SL6FF1ADFF4961 HTTP 1.1" 200 2544 "http://www.buttercupgames.com/product.screen?productId=MB-AG-T01" "Mozilla/5.0 (Windows; U; Windows NT 5.1; en-US; rv:1.9.2.28) Gecko/20120306 YFF3 Firefox/3.6.28 ( .NET CLR 3.5.30729; .NET4.0C)" 797
107.3.146.207 - - [20/Mar/2022:13:48:02] "GET /category.screen?categoryId=ACCESSORIES&JSESSIONID=SD10SL4FF2ADFF4960 HTTP 1.1" 200 1267 "http://www.yahoo.com" "Mozilla/5.0 (compatible; MSIE 9.0; Windows NT 6.1; WOW64; Trident/5.0; BOIE9;ENUS)" 885
202.164.25.24 - - [20/Mar/2022:13:48:05] "GET /oldlink?&JSESSIONID=SD0SL6FF1ADFF4961 HTTP 1.1" 200 2374 "http://www.buttercupgames.com/cart.do?action=addtocart&productId=WC-SH-G04" "Mozilla/5.0 (Windows; U; Windows NT 5.1; en-US; rv:1.9.2.28) Gecko/20120306 YFF3 Firefox/3.6.28 ( .NET CLR 3.5.30729; .NET4.0C)" 788
202.164.25.24 - - [20/Mar/2022:13:48:15] "GET /category.screen?categoryId=NULL&JSESSIONID=SD0SL6FF1ADFF4961 HTTP 1.1" 406 2279 "http://www.buttercupgames.com/category.screen?categoryId=NULL" "Mozilla/5.0 (Windows; U; Windows NT 5.1; en-US; rv:1.9.2.28) Gecko/20120306 YFF3 Firefox/3.6.28 ( .NET CLR 3.5.30729; .NET4.0C)" 870
87.194.216.51 - - [20/Mar/2022:13:55:01] "POST /category.screen?categoryId=ARCADE&JSESSIONID=SD2SL6FF3ADFF4951 HTTP 1.1" 200 1849 "http://www.buttercupgames.com" "Mozilla/5.0 (Macintosh; Intel Mac OS X 10_6_8) AppleWebKit/534.55.3 (KHTML, like Gecko) Version/5.1.5 Safari/534.55.3" 732
87.194.216.51 - - [20/Mar/2022:13:55:15] "GET /cart.do?action=view&productId=DB-SG-G01&JSESSIONID=SD2SL6FF3ADFF4951 HTTP 1.1" 200 380 "http://www.buttercupgames.com/oldlink" "Mozilla/5.0 (Macintosh; Intel Mac OS X 10_6_8) AppleWebKit/534.55.3 (KHTML, like Gecko) Version/5.1.5 Safari/534.55.3" 634
87.194.216.51 - - [20/Mar/2022:13:55:36] "GET /product.screen?productId=MB-AG-T01&JSESSIONID=SD2SL6FF3ADFF4951 HTTP 1.1" 200 1827 "http://www.buttercupgames.com/oldlink" "Mozilla/5.0 (Macintosh; Intel Mac OS X 10_6_8) AppleWebKit/534.55.3 (KHTML, like Gecko) Version/5.1.5 Safari/534.55.3" 976
87.194.216.51 - - [20/Mar/2022:13:55:41] "GET /cart.do?action=view&productId=WC-SH-G04&JSESSIONID=SD2SL6FF3ADFF4951 HTTP 1.1" 200 2698 "http://www.buttercupgames.com/oldlink" "Mozilla/5.0 (Macintosh; Intel Mac OS X 10_6_8) AppleWebKit/534.55.3 (KHTML, like Gecko) Version/5.1.5 Safari/534.55.3" 439
87.194.216.51 - - [20/Mar/2022:13:55:52] "GET /oldlink?&JSESSIONID=SD2SL6FF3ADFF4951 HTTP 1.1" 200 3119 "http://www.buttercupgames.com/oldlink" "Mozilla/5.0 (Macintosh; Intel Mac OS X 10_6_8) AppleWebKit/534.55.3 (KHTML, like Gecko) Version/5.1.5 Safari/534.55.3" 981
87.194.216.51 - - [20/Mar/2022:13:56:04] "GET /product.screen?productId=WC-SH-G04&JSESSIONID=SD2SL6FF3ADFF4951 HTTP 1.1" 200 921 "http://www.buttercupgames.com/product.screen?productId=WC-SH-G04" "Mozilla/5.0 (Macintosh; Intel Mac OS X 10_6_8) AppleWebKit/534.55.3 (KHTML, like Gecko) Version/5.1.5 Safari/534.55.3" 345
211.166.11.101 - - [20/Mar/2022:13:56:15] "GET /cart.do?action=view&JSESSIONID=SD4SL3FF2ADFF4963 HTTP 1.1" 500 1863 "http://www.google.com" "Mozilla/5.0 (Windows NT 6.1; WOW64) AppleWebKit/536.5 (KHTML, like Gecko) Chrome/19.0.1084.46 Safari/536.5" 999
211.166.11.101 - - [20/Mar/2022:13:56:22] "GET /product.screen?productId=WC-SH-A02&JSESSIONID=SD4SL3FF2ADFF4963 HTTP 1.1" 200 1564 "http://www.buttercupgames.com/category.screen?categoryId=ACCESSORIES" "Mozilla/5.0 (Windows NT 6.1; WOW64) AppleWebKit/536.5 (KHTML, like Gecko) Chrome/19.0.1084.46 Safari/536.5" 1000
87.194.216.51 - - [20/Mar/2022:13:56:26] "GET /category.screen?categoryId=STRATEGY&JSESSIONID=SD2SL6FF3ADFF4951 HTTP 1.1" 200 801 "http://www.buttercupgames.com/oldlink" "Mozilla/5.0 (Macintosh; Intel Mac OS X 10_6_8) AppleWebKit/534.55.3 (KHTML, like Gecko) Version/5.1.5 Safari/534.55.3" 295
211.166.11.101 - - [20/Mar/2022:13:56:33] "GET /category.screen?categoryId=ARCADE&JSESSIONID=SD4SL3FF2ADFF4963 HTTP 1.1" 200 3374 "http://www.buttercupgames.com/oldlink" "Mozilla/5.0 (Windows NT 6.1; WOW64) AppleWebKit/536.5 (KHTML, like Gecko) Chrome/19.0.1084.46 Safari/536.5" 540
87.194.216.51 - - [20/Mar/2022:13:56:41] "GET /oldlink?&JSESSIONID=SD2SL6FF3ADFF4951 HTTP 1.1" 200 2127 "http://www.buttercupgames.com/product.screen?productId=DB-SG-G01" "Mozilla/5.0 (Macintosh; Intel Mac OS X 10_6_8) AppleWebKit/534.55.3 (KHTML, like Gecko) Version/5.1.5 Safari/534.55.3" 873
211.166.11.101 - - [20/Mar/2022:13:56:47] "GET /product.screen?productId=DB-SG-G01&JSESSIONID=SD4SL3FF2ADFF4963 HTTP 1.1" 200 1223 "http://www.buttercupgames.com/oldlink" "Mozilla/5.0 (Windows NT 6.1; WOW64) AppleWebKit/536.5 (KHTML, like Gecko) Chrome/19.0.1084.46 Safari/536.5" 708
87.194.216.51 - - [20/Mar/2022:13:56:59] "GET /product.screen?productId=WC-SH-G04&JSESSIONID=SD2SL6FF3ADFF4951 HTTP 1.1" 200 2742 "http://www.buttercupgames.com/oldlink" "Mozilla/5.0 (Macintosh; Intel Mac OS X 10_6_8) AppleWebKit/534.55.3 (KHTML, like Gecko) Version/5.1.5 Safari/534.55.3" 580
211.166.11.101 - - [20/Mar/2022:13:57:06] "GET /category.screen?categoryId=NULL&JSESSIONID=SD4SL3FF2ADFF4963 HTTP 1.1" 500 2907 "http://www.buttercupgames.com/cart.do?action=view&" "Mozilla/5.0 (Windows NT 6.1; WOW64) AppleWebKit/536.5 (KHTML, like Gecko) Chrome/19.0.1084.46 Safari/536.5" 926
211.166.11.101 - - [20/Mar/2022:13:57:15] "GET /product.screen?productId=WC-SH-T02&JSESSIONID=SD4SL3FF2ADFF4963 HTTP 1.1" 200 3002 "http://www.buttercupgames.com/category.screen?categoryId=TEE" "Mozilla/5.0 (Windows NT 6.1; WOW64) AppleWebKit/536.5 (KHTML, like Gecko) Chrome/19.0.1084.46 Safari/536.5" 309
211.166.11.101 - - [20/Mar/2022:13:57:17] "POST /cart.do?action=addtocart&productId=WC-SH-T02&JSESSIONID=SD4SL3FF2ADFF4963 HTTP 1.1" 200 2934 "http://www.buttercupgames.com/product.screen?productId=WC-SH-T02" "Mozilla/5.0 (Windows NT 6.1; WOW64) AppleWebKit/536.5 (KHTML, like Gecko) Chrome/19.0.1084.46 Safari/536.5" 875
211.166.11.101 - - [20/Mar/2022:13:57:21] "POST /success.do?action=purchase&categoryId=TEE&productId=WC-SH-T02&JSESSIONID=SD4SL3FF2ADFF4963 HTTP 1.1" 200 3226 "http://www.buttercupgames.com/cart.do?action=addtocart&categoryId=TEE&productId=WC-SH-T02" "Mozilla/5.0 (Windows NT 6.1; WOW64) AppleWebKit/536.5 (KHTML, like Gecko) Chrome/19.0.1084.46 Safari/536.5" 550
211.166.11.101 - - [20/Mar/2022:13:57:21] "POST /cart/success.do?productId=GT-SC-G01&JSESSIONID=SD4SL3FF2ADFF4963 HTTP 1.1" 200 2991 "http://www.buttercupgames.com/cart.do?action=purchase&productId=GT-SC-G01" "Mozilla/5.0 (Windows NT 6.1; WOW64) AppleWebKit/536.5 (KHTML, like Gecko) Chrome/19.0.1084.46 Safari/536.5" 807
87.194.216.51 - - [20/Mar/2022:13:57:22] "GET /cart.do?action=view&productId=WC-SH-T02&JSESSIONID=SD2SL6FF3ADFF4951 HTTP 1.1" 200 1606 "http://www.buttercupgames.com/category.screen?categoryId=TEE" "Mozilla/5.0 (Macintosh; Intel Mac OS X 10_6_8) AppleWebKit/534.55.3 (KHTML, like Gecko) Version/5.1.5 Safari/534.55.3" 626
211.166.11.101 - - [20/Mar/2022:13:57:34] "GET /productscreen.html?t=ou812&JSESSIONID=SD4SL3FF2ADFF4963 HTTP 1.1" 404 2640 "http://www.buttercupgames.com/oldlink" "Mozilla/5.0 (Windows NT 6.1; WOW64) AppleWebKit/536.5 (KHTML, like Gecko) Chrome/19.0.1084.46 Safari/536.5" 373
87.194.216.51 - - [20/Mar/2022:13:57:41] "GET /product.screen?productId=WC-SH-A01&JSESSIONID=SD2SL6FF3ADFF4951 HTTP 1.1" 200 684 "http://www.buttercupgames.com/oldlink" "Mozilla/5.0 (Macintosh; Intel Mac OS X 10_6_8) AppleWebKit/534.55.3 (KHTML, like Gecko) Version/5.1.5 Safari/534.55.3" 702
211.166.11.101 - - [20/Mar/2022:13:57:45] "GET /cart.do?action=view&productId=MB-AG-G07&JSESSIONID=SD4SL3FF2ADFF4963 HTTP 1.1" 200 692 "http://www.buttercupgames.com/cart.do?action=view&productId=MB-AG-G07" "Mozilla/5.0 (Windows NT 6.1; WOW64) AppleWebKit/536.5 (KHTML, like Gecko) Chrome/19.0.1084.46 Safari/536.5" 731
87.194.216.51 - - [20/Mar/2022:13:57:50] "GET /cart.do?action=view&productId=DB-SG-G01&JSESSIONID=SD2SL6FF3ADFF4951 HTTP 1.1" 200 3001 "http://www.buttercupgames.com/product.screen?productId=DB-SG-G01" "Mozilla/5.0 (Macintosh; Intel Mac OS X 10_6_8) AppleWebKit/534.55.3 (KHTML, like Gecko) Version/5.1.5 Safari/534.55.3" 357
89.167.143.32 - - [20/Mar/2022:14:01:36] "GET /cart.do?action=view&productId=BS-AG-G09&JSESSIONID=SD5SL10FF6ADFF4951 HTTP 1.1" 200 3183 "http://www.google.com" "Mozilla/5.0 (Windows NT 6.1; WOW64) AppleWebKit/536.5 (KHTML, like Gecko) Chrome/19.0.1084.52 Safari/536.5" 245
89.167.143.32 - - [20/Mar/2022:14:01:47] "GET /product.screen?productId=DB-SG-G01&JSESSIONID=SD5SL10FF6ADFF4951 HTTP 1.1" 200 2177 "http://www.buttercupgames.com/category.screen?categoryId=STRATEGY" "Mozilla/5.0 (Windows NT 6.1; WOW64) AppleWebKit/536.5 (KHTML, like Gecko) Chrome/19.0.1084.52 Safari/536.5" 279
89.167.143.32 - - [20/Mar/2022:14:01:48] "POST /cart.do?action=addtocart&productId=DB-SG-G01&JSESSIONID=SD5SL10FF6ADFF4951 HTTP 1.1" 200 1318 "http://www.buttercupgames.com/product.screen?productId=DB-SG-G01" "Mozilla/5.0 (Windows NT 6.1; WOW64) AppleWebKit/536.5 (KHTML, like Gecko) Chrome/19.0.1084.52 Safari/536.5" 773
89.167.143.32 - - [20/Mar/2022:14:01:49] "POST /success.do?action=purchase&categoryId=STRATEGY&productId=DB-SG-G01&JSESSIONID=SD5SL10FF6ADFF4951 HTTP 1.1" 200 3012 "http://www.buttercupgames.com/cart.do?action=addtocart&categoryId=STRATEGY&productId=DB-SG-G01" "Mozilla/5.0 (Windows NT 6.1; WOW64) AppleWebKit/536.5 (KHTML, like Gecko) Chrome/19.0.1084.52 Safari/536.5" 150
89.167.143.32 - - [20/Mar/2022:14:01:49] "POST /cart/success.do?JSESSIONID=SD5SL10FF6ADFF4951&productId=WC-SH-A02 HTTP 1.1" 200 378 "http://www.buttercupgames.com/cart.do?action=purchase&" "Mozilla/5.0 (Windows NT 6.1; WOW64) AppleWebKit/536.5 (KHTML, like Gecko) Chrome/19.0.1084.52 Safari/536.5" 514
89.167.143.32 - - [20/Mar/2022:14:01:59] "GET /cart.do?action=addtocart&productId=MB-AG-G07&JSESSIONID=SD5SL10FF6ADFF4951 HTTP 1.1" 200 3477 "http://www.buttercupgames.com/oldlink" "Mozilla/5.0 (Windows NT 6.1; WOW64) AppleWebKit/536.5 (KHTML, like Gecko) Chrome/19.0.1084.52 Safari/536.5" 574
89.167.143.32 - - [20/Mar/2022:14:02:19] "GET /oldlink?&JSESSIONID=SD5SL10FF6ADFF4951 HTTP 1.1" 403 519 "http://www.buttercupgames.com/oldlink" "Mozilla/5.0 (Windows NT 6.1; WOW64) AppleWebKit/536.5 (KHTML, like Gecko) Chrome/19.0.1084.52 Safari/536.5" 755
206.225.11.127 - - [20/Mar/2022:14:02:28] "GET /product.screen?productId=SC-MG-G10&JSESSIONID=SD0SL6FF4ADFF4956 HTTP 1.1" 200 709 "http://www.google.com" "Mozilla/5.0 (Macintosh; Intel Mac OS X 10_7_4) AppleWebKit/536.5 (KHTML, like Gecko) Chrome/19.0.1084.46 Safari/536.5" 804
89.167.143.32 - - [20/Mar/2022:14:02:30] "POST /category.screen?categoryId=TEE&JSESSIONID=SD5SL10FF6ADFF4951 HTTP 1.1" 200 3995 "http://www.buttercupgames.com/category.screen?categoryId=TEE" "Mozilla/5.0 (Windows NT 6.1; WOW64) AppleWebKit/536.5 (KHTML, like Gecko) Chrome/19.0.1084.52 Safari/536.5" 288
206.225.11.127 - - [20/Mar/2022:14:02:34] "GET /product.screen?productId=PZ-SG-G05&JSESSIONID=SD0SL6FF4ADFF4956 HTTP 1.1" 200 1963 "http://www.buttercupgames.com/category.screen?categoryId=STRATEGY" "Mozilla/5.0 (Macintosh; Intel Mac OS X 10_7_4) AppleWebKit/536.5 (KHTML, like Gecko) Chrome/19.0.1084.46 Safari/536.5" 652
206.225.11.127 - - [20/Mar/2022:14:02:37] "POST /cart.do?action=addtocart&productId=PZ-SG-G05&JSESSIONID=SD0SL6FF4ADFF4956 HTTP 1.1" 200 818 "http://www.buttercupgames.com/product.screen?productId=PZ-SG-G05" "Mozilla/5.0 (Macintosh; Intel Mac OS X 10_7_4) AppleWebKit/536.5 (KHTML, like Gecko) Chrome/19.0.1084.46 Safari/536.5" 335
206.225.11.127 - - [20/Mar/2022:14:02:38] "POST /success.do?action=purchase&categoryId=STRATEGY&productId=PZ-SG-G05&JSESSIONID=SD0SL6FF4ADFF4956 HTTP 1.1" 503 2037 "http://www.buttercupgames.com/cart.do?action=addtocart&categoryId=STRATEGY&productId=PZ-SG-G05" "Mozilla/5.0 (Macintosh; Intel Mac OS X 10_7_4) AppleWebKit/536.5 (KHTML, like Gecko) Chrome/19.0.1084.46 Safari/536.5" 819
89.167.143.32 - - [20/Mar/2022:14:02:44] "GET /oldlink?&JSESSIONID=SD5SL10FF6ADFF4951 HTTP 1.1" 200 457 "http://www.buttercupgames.com/category.screen?categoryId=STRATEGY" "Mozilla/5.0 (Windows NT 6.1; WOW64) AppleWebKit/536.5 (KHTML, like Gecko) Chrome/19.0.1084.52 Safari/536.5" 395
89.167.143.32 - - [20/Mar/2022:14:03:05] "GET /product.screen?productId=FS-SG-G03&JSESSIONID=SD5SL10FF6ADFF4951 HTTP 1.1" 200 2645 "http://www.buttercupgames.com/cart.do?action=view&productId=FS-SG-G03" "Mozilla/5.0 (Windows NT 6.1; WOW64) AppleWebKit/536.5 (KHTML, like Gecko) Chrome/19.0.1084.52 Safari/536.5" 796
89.167.143.32 - - [20/Mar/2022:14:03:14] "POST /category.screen?categoryId=ARCADE&JSESSIONID=SD5SL10FF6ADFF4951 HTTP 1.1" 200 723 "http://www.buttercupgames.com/category.screen?categoryId=ARCADE" "Mozilla/5.0 (Windows NT 6.1; WOW64) AppleWebKit/536.5 (KHTML, like Gecko) Chrome/19.0.1084.52 Safari/536.5" 476
89.167.143.32 - - [20/Mar/2022:14:03:21] "GET /category.screen?categoryId=STRATEGY&JSESSIONID=SD5SL10FF6ADFF4951 HTTP 1.1" 200 773 "http://www.buttercupgames.com/cart.do?action=view&productId=DB-SG-G01" "Mozilla/5.0 (Windows NT 6.1; WOW64) AppleWebKit/536.5 (KHTML, like Gecko) Chrome/19.0.1084.52 Safari/536.5" 144
89.167.143.32 - - [20/Mar/2022:14:03:31] "GET /product.screen?productId=DC-SG-G02&JSESSIONID=SD5SL10FF6ADFF4951 HTTP 1.1" 200 1850 "http://www.buttercupgames.com/category.screen?categoryId=STRATEGY" "Mozilla/5.0 (Windows NT 6.1; WOW64) AppleWebKit/536.5 (KHTML, like Gecko) Chrome/19.0.1084.52 Safari/536.5" 771
99.61.68.230 - - [20/Mar/2022:14:05:43] "GET /category.screen?categoryId=TEE&JSESSIONID=SD9SL4FF1ADFF4951 HTTP 1.1" 200 3855 "http://www.google.com" "Mozilla/5.0 (Windows; U; Windows NT 5.1; en-US; rv:1.9.2.28) Gecko/20120306 YFF3 Firefox/3.6.28 ( .NET CLR 3.5.30729; .NET4.0C)" 852
99.61.68.230 - - [20/Mar/2022:14:05:55] "POST /product.screen?productId=WC-SH-T02&JSESSIONID=SD9SL4FF1ADFF4951 HTTP 1.1" 200 1661 "http://www.buttercupgames.com/oldlink" "Mozilla/5.0 (Windows; U; Windows NT 5.1; en-US; rv:1.9.2.28) Gecko/20120306 YFF3 Firefox/3.6.28 ( .NET CLR 3.5.30729; .NET4.0C)" 464
222.41.213.238 - - [20/Mar/2022:14:11:01] "GET /cart.do?action=view&productId=WC-SH-A02&JSESSIONID=SD7SL8FF3ADFF4960 HTTP 1.1" 200 3974 "http://www.buttercupgames.com" "Mozilla/5.0 (Windows; U; Windows NT 5.1; en-US; rv:1.9.2.28) Gecko/20120306 YFF3 Firefox/3.6.28 ( .NET CLR 3.5.30729; .NET4.0C)" 321
222.41.213.238 - - [20/Mar/2022:14:11:07] "POST /product.screen?productId=MB-AG-G07&JSESSIONID=SD7SL8FF3ADFF4960 HTTP 1.1" 200 2595 "http://www.buttercupgames.com/category.screen?categoryId=ARCADE" "Mozilla/5.0 (Windows; U; Windows NT 5.1; en-US; rv:1.9.2.28) Gecko/20120306 YFF3 Firefox/3.6.28 ( .NET CLR 3.5.30729; .NET4.0C)" 919
222.41.213.238 - - [20/Mar/2022:14:11:11] "POST /cart.do?action=addtocart&productId=MB-AG-G07&JSESSIONID=SD7SL8FF3ADFF4960 HTTP 1.1" 200 3746 "http://www.buttercupgames.com/product.screen?productId=MB-AG-G07" "Mozilla/5.0 (Windows; U; Windows NT 5.1; en-US; rv:1.9.2.28) Gecko/20120306 YFF3 Firefox/3.6.28 ( .NET CLR 3.5.30729; .NET4.0C)" 926
222.41.213.238 - - [20/Mar/2022:14:11:12] "POST /success.do?action=purchase&categoryId=ARCADE&productId=MB-AG-G07&JSESSIONID=SD7SL8FF3ADFF4960 HTTP 1.1" 200 2479 "http://www.buttercupgames.com/cart.do?action=addtocart&categoryId=ARCADE&productId=MB-AG-G07" "Mozilla/5.0 (Windows; U; Windows NT 5.1; en-US; rv:1.9.2.28) Gecko/20120306 YFF3 Firefox/3.6.28 ( .NET CLR 3.5.30729; .NET4.0C)" 946
222.41.213.238 - - [20/Mar/2022:14:11:12] "POST /cart/success.do?JSESSIONID=SD7SL8FF3ADFF4960&productId=MB-AG-T01 HTTP 1.1" 200 2220 "http://www.buttercupgames.com/cart.do?action=purchase&" "Mozilla/5.0 (Windows; U; Windows NT 5.1; en-US; rv:1.9.2.28) Gecko/20120306 YFF3 Firefox/3.6.28 ( .NET CLR 3.5.30729; .NET4.0C)" 385
222.41.213.238 - - [20/Mar/2022:14:11:23] "GET /product.screen?productId=WC-SH-G04&JSESSIONID=SD7SL8FF3ADFF4960 HTTP 1.1" 200 3562 "http://www.buttercupgames.com/cart.do?action=addtocart&productId=WC-SH-G04" "Mozilla/5.0 (Windows; U; Windows NT 5.1; en-US; rv:1.9.2.28) Gecko/20120306 YFF3 Firefox/3.6.28 ( .NET CLR 3.5.30729; .NET4.0C)" 694
182.236.164.11 - - [20/Mar/2022:14:11:25] "GET /cart.do?action=addtocart&productId=SC-MG-G10&JSESSIONID=SD3SL2FF10ADFF4953 HTTP 1.1" 200 787 "http://www.buttercupgames.com" "Mozilla/5.0 (compatible; NetcraftSurveyAgent/1.0/cc-prepass-https; +info@netcraft.com)" 917
222.41.213.238 - - [20/Mar/2022:14:11:38] "GET /oldlink?&JSESSIONID=SD7SL8FF3ADFF4960 HTTP 1.1" 200 2736 "http://www.buttercupgames.com/product.screen?productId=SC-MG-G10" "Mozilla/5.0 (Windows; U; Windows NT 5.1; en-US; rv:1.9.2.28) Gecko/20120306 YFF3 Firefox/3.6.28 ( .NET CLR 3.5.30729; .NET4.0C)" 427
182.236.164.11 - - [20/Mar/2022:14:11:39] "GET /oldlink?&JSESSIONID=SD3SL2FF10ADFF4953 HTTP 1.1" 200 3706 "http://www.buttercupgames.com/product.screen?productId=SC-MG-G10" "Mozilla/5.0 (compatible; NetcraftSurveyAgent/1.0/cc-prepass-https; +info@netcraft.com)" 250
182.236.164.11 - - [20/Mar/2022:14:11:44] "POST /category.screen?categoryId=STRATEGY&JSESSIONID=SD3SL2FF10ADFF4953 HTTP 1.1" 200 3214 "http://www.buttercupgames.com/oldlink" "Mozilla/5.0 (compatible; NetcraftSurveyAgent/1.0/cc-prepass-https; +info@netcraft.com)" 688
222.41.213.238 - - [20/Mar/2022:14:11:52] "GET /category.screen?categoryId=SHOOTER&JSESSIONID=SD7SL8FF3ADFF4960 HTTP 1.1" 200 2055 "http://www.buttercupgames.com/oldlink" "Mozilla/5.0 (Windows; U; Windows NT 5.1; en-US; rv:1.9.2.28) Gecko/20120306 YFF3 Firefox/3.6.28 ( .NET CLR 3.5.30729; .NET4.0C)" 499
182.236.164.11 - - [20/Mar/2022:14:11:52] "GET /product.screen?productId=MB-AG-G07&JSESSIONID=SD3SL2FF10ADFF4953 HTTP 1.1" 200 3879 "http://www.buttercupgames.com/oldlink" "Mozilla/5.0 (compatible; NetcraftSurveyAgent/1.0/cc-prepass-https; +info@netcraft.com)" 207
182.236.164.11 - - [20/Mar/2022:14:12:02] "GET /category.screen?categoryId=STRATEGY&JSESSIONID=SD3SL2FF10ADFF4953 HTTP 1.1" 200 570 "http://www.buttercupgames.com/oldlink" "Mozilla/5.0 (compatible; NetcraftSurveyAgent/1.0/cc-prepass-https; +info@netcraft.com)" 260
222.41.213.238 - - [20/Mar/2022:14:12:07] "GET /oldlink?&JSESSIONID=SD7SL8FF3ADFF4960 HTTP 1.1" 200 645 "http://www.buttercupgames.com/product.screen?productId=MB-AG-T01" "Mozilla/5.0 (Windows; U; Windows NT 5.1; en-US; rv:1.9.2.28) Gecko/20120306 YFF3 Firefox/3.6.28 ( .NET CLR 3.5.30729; .NET4.0C)" 383
222.41.213.238 - - [20/Mar/2022:14:12:15] "GET /category.screen?categoryId=STRATEGY&JSESSIONID=SD7SL8FF3ADFF4960 HTTP 1.1" 200 932 "http://www.buttercupgames.com/category.screen?categoryId=STRATEGY" "Mozilla/5.0 (Windows; U; Windows NT 5.1; en-US; rv:1.9.2.28) Gecko/20120306 YFF3 Firefox/3.6.28 ( .NET CLR 3.5.30729; .NET4.0C)" 118
182.236.164.11 - - [20/Mar/2022:14:12:19] "GET /oldlink?&JSESSIONID=SD3SL2FF10ADFF4953 HTTP 1.1" 200 1821 "http://www.buttercupgames.com/oldlink" "Mozilla/5.0 (compatible; NetcraftSurveyAgent/1.0/cc-prepass-https; +info@netcraft.com)" 503
222.41.213.238 - - [20/Mar/2022:14:12:27] "GET /product.screen?productId=WC-SH-A01&JSESSIONID=SD7SL8FF3ADFF4960 HTTP 1.1" 200 3780 "http://www.buttercupgames.com/product.screen?productId=WC-SH-A01" "Mozilla/5.0 (Windows; U; Windows NT 5.1; en-US; rv:1.9.2.28) Gecko/20120306 YFF3 Firefox/3.6.28 ( .NET CLR 3.5.30729; .NET4.0C)" 223
222.41.213.238 - - [20/Mar/2022:14:12:33] "GET /category.screen?categoryId=STRATEGY&JSESSIONID=SD7SL8FF3ADFF4960 HTTP 1.1" 200 1658 "http://www.buttercupgames.com/oldlink" "Mozilla/5.0 (Windows; U; Windows NT 5.1; en-US; rv:1.9.2.28) Gecko/20120306 YFF3 Firefox/3.6.28 ( .NET CLR 3.5.30729; .NET4.0C)" 170
131.178.233.243 - - [20/Mar/2022:14:19:18] "POST /cart.do?action=addtocart&productId=DC-SG-G02&JSESSIONID=SD5SL4FF2ADFF4957 HTTP 1.1" 200 972 "http://www.yahoo.com" "Mozilla/5.0 (Macintosh; Intel Mac OS X 10_6_8) AppleWebKit/534.55.3 (KHTML, like Gecko) Version/5.1.5 Safari/534.55.3" 777
131.178.233.243 - - [20/Mar/2022:14:19:34] "GET /oldlink?&JSESSIONID=SD5SL4FF2ADFF4957 HTTP 1.1" 200 2352 "http://www.buttercupgames.com/category.screen?categoryId=SHOOTER" "Mozilla/5.0 (Macintosh; Intel Mac OS X 10_6_8) AppleWebKit/534.55.3 (KHTML, like Gecko) Version/5.1.5 Safari/534.55.3" 308
89.106.20.218 - - [20/Mar/2022:14:19:39] "POST /product.screen?productId=MB-AG-G07&JSESSIONID=SD2SL3FF7ADFF4962 HTTP 1.1" 200 804 "http://www.google.com" "Opera/9.20 (Windows NT 6.0; U; en)" 877
131.178.233.243 - - [20/Mar/2022:14:19:49] "GET /product.screen?productId=WC-SH-G04&JSESSIONID=SD5SL4FF2ADFF4957 HTTP 1.1" 200 2521 "http://www.buttercupgames.com/category.screen?categoryId=SHOOTER" "Mozilla/5.0 (Macintosh; Intel Mac OS X 10_6_8) AppleWebKit/534.55.3 (KHTML, like Gecko) Version/5.1.5 Safari/534.55.3" 237
89.106.20.218 - - [20/Mar/2022:14:19:59] "GET /product.screen?productId=MB-AG-G07&JSESSIONID=SD2SL3FF7ADFF4962 HTTP 1.1" 200 743 "http://www.buttercupgames.com/category.screen?categoryId=ARCADE" "Opera/9.20 (Windows NT 6.0; U; en)" 560
89.106.20.218 - - [20/Mar/2022:14:20:00] "POST /cart.do?action=addtocart&productId=MB-AG-G07&JSESSIONID=SD2SL3FF7ADFF4962 HTTP 1.1" 200 1739 "http://www.buttercupgames.com/product.screen?productId=MB-AG-G07" "Opera/9.20 (Windows NT 6.0; U; en)" 102
89.106.20.218 - - [20/Mar/2022:14:20:03] "POST /success.do?action=purchase&categoryId=ARCADE&productId=MB-AG-G07&JSESSIONID=SD2SL3FF7ADFF4962 HTTP 1.1" 200 3171 "http://www.buttercupgames.com/cart.do?action=addtocart&categoryId=ARCADE&productId=MB-AG-G07" "Opera/9.20 (Windows NT 6.0; U; en)" 240
89.106.20.218 - - [20/Mar/2022:14:20:03] "POST /cart/success.do?JSESSIONID=SD2SL3FF7ADFF4962&productId=FI-AG-G08 HTTP 1.1" 200 3541 "http://www.buttercupgames.com/cart.do?action=purchase&" "Opera/9.20 (Windows NT 6.0; U; en)" 954
131.178.233.243 - - [20/Mar/2022:14:20:09] "POST /category.screen?categoryId=TEE&JSESSIONID=SD5SL4FF2ADFF4957 HTTP 1.1" 200 541 "http://www.buttercupgames.com/oldlink" "Mozilla/5.0 (Macintosh; Intel Mac OS X 10_6_8) AppleWebKit/534.55.3 (KHTML, like Gecko) Version/5.1.5 Safari/534.55.3" 578
89.106.20.218 - - [20/Mar/2022:14:20:16] "GET /category.screen?categoryId=STRATEGY&JSESSIONID=SD2SL3FF7ADFF4962 HTTP 1.1" 200 2175 "http://www.buttercupgames.com/category.screen?categoryId=STRATEGY" "Opera/9.20 (Windows NT 6.0; U; en)" 418
89.106.20.218 - - [20/Mar/2022:14:20:27] "GET /oldlink?&JSESSIONID=SD2SL3FF7ADFF4962 HTTP 1.1" 200 3927 "http://www.buttercupgames.com/oldlink" "Opera/9.20 (Windows NT 6.0; U; en)" 689
89.106.20.218 - - [20/Mar/2022:14:20:41] "GET /product.screen?productId=SC-MG-G10&JSESSIONID=SD2SL3FF7ADFF4962 HTTP 1.1" 200 1940 "http://www.buttercupgames.com/product.screen?productId=SC-MG-G10" "Opera/9.20 (Windows NT 6.0; U; en)" 778
89.106.20.218 - - [20/Mar/2022:14:20:54] "GET /oldlink?&JSESSIONID=SD2SL3FF7ADFF4962 HTTP 1.1" 200 2673 "http://www.buttercupgames.com/product.screen?productId=DC-SG-G02" "Opera/9.20 (Windows NT 6.0; U; en)" 434
89.106.20.218 - - [20/Mar/2022:14:20:59] "POST /product.screen?productId=WC-SH-T02&JSESSIONID=SD2SL3FF7ADFF4962 HTTP 1.1" 200 3906 "http://www.buttercupgames.com/category.screen?categoryId=TEE" "Opera/9.20 (Windows NT 6.0; U; en)" 827
89.106.20.218 - - [20/Mar/2022:14:21:16] "POST /category.screen?categoryId=NULL&JSESSIONID=SD2SL3FF7ADFF4962 HTTP 1.1" 400 1684 "http://www.buttercupgames.com/cart.do?action=view&" "Opera/9.20 (Windows NT 6.0; U; en)" 396
223.205.219.198 - - [20/Mar/2022:14:23:47] "GET /cart.do?action=addtocart&productId=CU-PG-G06&JSESSIONID=SD4SL1FF3ADFF4954 HTTP 1.1" 200 1914 "http://www.google.com" "Mozilla/5.0 (Macintosh; Intel Mac OS X 10_6_8) AppleWebKit/534.55.3 (KHTML, like Gecko) Version/5.1.5 Safari/534.55.3" 589
91.205.189.27 - - [20/Mar/2022:14:26:24] "GET /cart.do?action=view&productId=WC-SH-A01&JSESSIONID=SD6SL10FF2ADFF4955 HTTP 1.1" 200 2306 "http://www.buttercupgames.com" "Mozilla/4.0 (compatible; MSIE 7.0; Windows NT 5.1; .NET CLR 2.0.50727; .NET CLR 3.0.4506.2152; .NET CLR 3.5.30729; .NET4.0C; .NET4.0E; MS-RTC LM 8; InfoPath.1)" 455
91.205.189.27 - - [20/Mar/2022:14:26:30] "GET /oldlink?&JSESSIONID=SD6SL10FF2ADFF4955 HTTP 1.1" 406 2395 "http://www.buttercupgames.com/product.screen?productId=SF-BVS-01" "Mozilla/4.0 (compatible; MSIE 7.0; Windows NT 5.1; .NET CLR 2.0.50727; .NET CLR 3.0.4506.2152; .NET CLR 3.5.30729; .NET4.0C; .NET4.0E; MS-RTC LM 8; InfoPath.1)" 887
27.1.11.11 - - [20/Mar/2022:14:27:38] "GET /product.screen?productId=DB-SG-G01&JSESSIONID=SD0SL3FF6ADFF4952 HTTP 1.1" 200 3448 "http://www.bing.com" "Mozilla/5.0 (Windows NT 6.1; WOW64) AppleWebKit/536.5 (KHTML, like Gecko) Chrome/19.0.1084.46 Safari/536.5" 907
27.1.11.11 - - [20/Mar/2022:14:27:42] "POST /cart.do?action=remove&productId=WC-SH-A01&JSESSIONID=SD0SL3FF6ADFF4952 HTTP 1.1" 200 219 "http://www.buttercupgames.com/category.screen?categoryId=ACCESSORIES" "Mozilla/5.0 (Windows NT 6.1; WOW64) AppleWebKit/536.5 (KHTML, like Gecko) Chrome/19.0.1084.46 Safari/536.5" 408
27.1.11.11 - - [20/Mar/2022:14:27:56] "GET /cart.do?action=view&productId=DB-SG-G01&JSESSIONID=SD0SL3FF6ADFF4952 HTTP 1.1" 200 599 "http://www.buttercupgames.com/product.screen?productId=DB-SG-G01" "Mozilla/5.0 (Windows NT 6.1; WOW64) AppleWebKit/536.5 (KHTML, like Gecko) Chrome/19.0.1084.46 Safari/536.5" 124
27.1.11.11 - - [20/Mar/2022:14:28:06] "GET /product.screen?productId=WC-SH-A02&JSESSIONID=SD0SL3FF6ADFF4952 HTTP 1.1" 200 323 "http://www.buttercupgames.com/category.screen?categoryId=ACCESSORIES" "Mozilla/5.0 (Windows NT 6.1; WOW64) AppleWebKit/536.5 (KHTML, like Gecko) Chrome/19.0.1084.46 Safari/536.5" 476
27.1.11.11 - - [20/Mar/2022:14:28:10] "POST /cart.do?action=addtocart&productId=WC-SH-A02&JSESSIONID=SD0SL3FF6ADFF4952 HTTP 1.1" 200 1785 "http://www.buttercupgames.com/product.screen?productId=WC-SH-A02" "Mozilla/5.0 (Windows NT 6.1; WOW64) AppleWebKit/536.5 (KHTML, like Gecko) Chrome/19.0.1084.46 Safari/536.5" 669
27.1.11.11 - - [20/Mar/2022:14:28:13] "POST /success.do?action=purchase&categoryId=ACCESSORIES&productId=WC-SH-A02&JSESSIONID=SD0SL3FF6ADFF4952 HTTP 1.1" 200 3579 "http://www.buttercupgames.com/cart.do?action=addtocart&categoryId=ACCESSORIES&productId=WC-SH-A02" "Mozilla/5.0 (Windows NT 6.1; WOW64) AppleWebKit/536.5 (KHTML, like Gecko) Chrome/19.0.1084.46 Safari/536.5" 439
27.1.11.11 - - [20/Mar/2022:14:28:13] "POST /cart/success.do?JSESSIONID=SD0SL3FF6ADFF4952&productId=WC-SH-A01 HTTP 1.1" 200 2406 "http://www.buttercupgames.com/cart.do?action=purchase&" "Mozilla/5.0 (Windows NT 6.1; WOW64) AppleWebKit/536.5 (KHTML, like Gecko) Chrome/19.0.1084.46 Safari/536.5" 395
27.1.11.11 - - [20/Mar/2022:14:28:22] "GET /oldlink?&JSESSIONID=SD0SL3FF6ADFF4952 HTTP 1.1" 200 1897 "http://www.buttercupgames.com/category.screen?categoryId=ARCADE" "Mozilla/5.0 (Windows NT 6.1; WOW64) AppleWebKit/536.5 (KHTML, like Gecko) Chrome/19.0.1084.46 Safari/536.5" 790
27.1.11.11 - - [20/Mar/2022:14:28:35] "GET /cart.do?action=view&productId=DC-SG-G02&JSESSIONID=SD0SL3FF6ADFF4952 HTTP 1.1" 200 3699 "http://www.buttercupgames.com/oldlink" "Mozilla/5.0 (Windows NT 6.1; WOW64) AppleWebKit/536.5 (KHTML, like Gecko) Chrome/19.0.1084.46 Safari/536.5" 706
27.1.11.11 - - [20/Mar/2022:14:28:43] "GET /product.screen?productId=DB-SG-G01&JSESSIONID=SD0SL3FF6ADFF4952 HTTP 1.1" 200 1747 "http://www.buttercupgames.com/cart.do?action=addtocart&productId=DB-SG-G01" "Mozilla/5.0 (Windows NT 6.1; WOW64) AppleWebKit/536.5 (KHTML, like Gecko) Chrome/19.0.1084.46 Safari/536.5" 463
27.1.11.11 - - [20/Mar/2022:14:29:04] "GET /product.screen?productId=WC-SH-G04&JSESSIONID=SD0SL3FF6ADFF4952 HTTP 1.1" 200 3048 "http://www.buttercupgames.com/product.screen?productId=WC-SH-G04" "Mozilla/5.0 (Windows NT 6.1; WOW64) AppleWebKit/536.5 (KHTML, like Gecko) Chrome/19.0.1084.46 Safari/536.5" 416
27.1.11.11 - - [20/Mar/2022:14:29:10] "GET /oldlink?&JSESSIONID=SD0SL3FF6ADFF4952 HTTP 1.1" 200 3683 "http://www.buttercupgames.com/category.screen?categoryId=ACCESSORIES" "Mozilla/5.0 (Windows NT 6.1; WOW64) AppleWebKit/536.5 (KHTML, like Gecko) Chrome/19.0.1084.46 Safari/536.5" 492
27.1.11.11 - - [20/Mar/2022:14:29:31] "POST /product.screen?productId=WC-SH-A01&JSESSIONID=SD0SL3FF6ADFF4952 HTTP 1.1" 200 481 "http://www.buttercupgames.com/category.screen?categoryId=ACCESSORIES" "Mozilla/5.0 (Windows NT 6.1; WOW64) AppleWebKit/536.5 (KHTML, like Gecko) Chrome/19.0.1084.46 Safari/536.5" 798
27.1.11.11 - - [20/Mar/2022:14:29:33] "POST /cart.do?action=addtocart&productId=WC-SH-A01&JSESSIONID=SD0SL3FF6ADFF4952 HTTP 1.1" 200 872 "http://www.buttercupgames.com/product.screen?productId=WC-SH-A01" "Mozilla/5.0 (Windows NT 6.1; WOW64) AppleWebKit/536.5 (KHTML, like Gecko) Chrome/19.0.1084.46 Safari/536.5" 310
27.1.11.11 - - [20/Mar/2022:14:29:39] "POST /success.do?action=purchase&categoryId=ACCESSORIES&productId=WC-SH-A01&JSESSIONID=SD0SL3FF6ADFF4952 HTTP 1.1" 200 3916 "http://www.buttercupgames.com/cart.do?action=addtocart&categoryId=ACCESSORIES&productId=WC-SH-A01" "Mozilla/5.0 (Windows NT 6.1; WOW64) AppleWebKit/536.5 (KHTML, like Gecko) Chrome/19.0.1084.46 Safari/536.5" 572
27.1.11.11 - - [20/Mar/2022:14:29:39] "POST /cart/success.do?JSESSIONID=SD0SL3FF6ADFF4952&productId=DC-SG-G02 HTTP 1.1" 200 1139 "http://www.buttercupgames.com/cart.do?action=purchase&" "Mozilla/5.0 (Windows NT 6.1; WOW64) AppleWebKit/536.5 (KHTML, like Gecko) Chrome/19.0.1084.46 Safari/536.5" 258
217.15.20.146 - - [20/Mar/2022:14:30:37] "POST /oldlink?&JSESSIONID=SD7SL9FF10ADFF4964 HTTP 1.1" 400 2051 "http://www.bing.com" "Mozilla/5.0 (Windows; U; Windows NT 5.1; en-US; rv:1.9.2.28) Gecko/20120306 YFF3 Firefox/3.6.28 ( .NET CLR 3.5.30729; .NET4.0C)" 589
217.15.20.146 - - [20/Mar/2022:14:30:45] "GET /category.screen?categoryId=NULL&JSESSIONID=SD7SL9FF10ADFF4964 HTTP 1.1" 503 3237 "http://www.buttercupgames.com/category.screen?categoryId=NULL" "Mozilla/5.0 (Windows; U; Windows NT 5.1; en-US; rv:1.9.2.28) Gecko/20120306 YFF3 Firefox/3.6.28 ( .NET CLR 3.5.30729; .NET4.0C)" 688
217.197.192.20 - - [20/Mar/2022:14:32:22] "GET /cart.do?action=remove&JSESSIONID=SD3SL10FF3ADFF4964 HTTP 1.1" 503 3513 "http://www.google.com" "Googlebot/2.1 ( http://www.googlebot.com/bot.html)" 880
198.35.1.75 - - [20/Mar/2022:14:34:08] "GET /oldlink?&JSESSIONID=SD8SL8FF5ADFF4953 HTTP 1.1" 200 557 "http://www.buttercupgames.com" "Mozilla/5.0 (compatible; MSIE 9.0; Windows NT 6.1; WOW64; Trident/5.0; BOIE9;ENUS)" 704
198.35.1.75 - - [20/Mar/2022:14:34:21] "GET /product.screen?productId=FS-SG-G03&JSESSIONID=SD8SL8FF5ADFF4953 HTTP 1.1" 200 3380 "http://www.buttercupgames.com/cart.do?action=changequantity&productId=FS-SG-G03" "Mozilla/5.0 (compatible; MSIE 9.0; Windows NT 6.1; WOW64; Trident/5.0; BOIE9;ENUS)" 919
198.35.1.75 - - [20/Mar/2022:14:34:39] "GET /category.screen?categoryId=ACCESSORIES&JSESSIONID=SD8SL8FF5ADFF4953 HTTP 1.1" 200 3666 "http://www.buttercupgames.com/category.screen?categoryId=ACCESSORIES" "Mozilla/5.0 (compatible; MSIE 9.0; Windows NT 6.1; WOW64; Trident/5.0; BOIE9;ENUS)" 600
198.35.1.75 - - [20/Mar/2022:14:34:46] "GET /cart.do?action=view&productId=DB-SG-G01&JSESSIONID=SD8SL8FF5ADFF4953 HTTP 1.1" 200 1427 "http://www.buttercupgames.com/oldlink" "Mozilla/5.0 (compatible; MSIE 9.0; Windows NT 6.1; WOW64; Trident/5.0; BOIE9;ENUS)" 294
198.35.1.75 - - [20/Mar/2022:14:34:58] "POST /cart.do?action=addtocart&productId=WC-SH-A02&JSESSIONID=SD8SL8FF5ADFF4953 HTTP 1.1" 200 1472 "http://www.buttercupgames.com/oldlink" "Mozilla/5.0 (compatible; MSIE 9.0; Windows NT 6.1; WOW64; Trident/5.0; BOIE9;ENUS)" 445
198.35.1.75 - - [20/Mar/2022:14:35:06] "GET /product.screen?productId=WC-SH-A02&JSESSIONID=SD8SL8FF5ADFF4953 HTTP 1.1" 200 1817 "http://www.buttercupgames.com/oldlink" "Mozilla/5.0 (compatible; MSIE 9.0; Windows NT 6.1; WOW64; Trident/5.0; BOIE9;ENUS)" 304
198.35.1.75 - - [20/Mar/2022:14:35:16] "POST /oldlink?&JSESSIONID=SD8SL8FF5ADFF4953 HTTP 1.1" 200 2977 "http://www.buttercupgames.com/category.screen?categoryId=STRATEGY" "Mozilla/5.0 (compatible; MSIE 9.0; Windows NT 6.1; WOW64; Trident/5.0; BOIE9;ENUS)" 566
195.80.144.22 - - [20/Mar/2022:14:37:37] "GET /cart.do?action=addtocart&productId=CU-PG-G06&JSESSIONID=SD3SL9FF4ADFF4953 HTTP 1.1" 200 3588 "http://www.google.com" "Mozilla/5.0 (Windows NT 6.1; WOW64) AppleWebKit/536.5 (KHTML, like Gecko) Chrome/19.0.1084.52 Safari/536.5" 596
195.80.144.22 - - [20/Mar/2022:14:37:52] "GET /cart.do?action=addtocart&productId=MB-AG-G07&JSESSIONID=SD3SL9FF4ADFF4953 HTTP 1.1" 200 1907 "http://www.buttercupgames.com/cart.do?action=addtocart&productId=MB-AG-G07" "Mozilla/5.0 (Windows NT 6.1; WOW64) AppleWebKit/536.5 (KHTML, like Gecko) Chrome/19.0.1084.52 Safari/536.5" 989
195.80.144.22 - - [20/Mar/2022:14:38:10] "POST /product.screen?productId=WC-SH-A02&JSESSIONID=SD3SL9FF4ADFF4953 HTTP 1.1" 200 3311 "http://www.buttercupgames.com/category.screen?categoryId=ACCESSORIES" "Mozilla/5.0 (Windows NT 6.1; WOW64) AppleWebKit/536.5 (KHTML, like Gecko) Chrome/19.0.1084.52 Safari/536.5" 979
195.80.144.22 - - [20/Mar/2022:14:38:14] "POST /cart.do?action=addtocart&productId=WC-SH-A02&JSESSIONID=SD3SL9FF4ADFF4953 HTTP 1.1" 200 303 "http://www.buttercupgames.com/product.screen?productId=WC-SH-A02" "Mozilla/5.0 (Windows NT 6.1; WOW64) AppleWebKit/536.5 (KHTML, like Gecko) Chrome/19.0.1084.52 Safari/536.5" 902
195.80.144.22 - - [20/Mar/2022:14:38:15] "POST /success.do?action=purchase&categoryId=ACCESSORIES&productId=WC-SH-A02&JSESSIONID=SD3SL9FF4ADFF4953 HTTP 1.1" 200 3004 "http://www.buttercupgames.com/cart.do?action=addtocart&categoryId=ACCESSORIES&productId=WC-SH-A02" "Mozilla/5.0 (Windows NT 6.1; WOW64) AppleWebKit/536.5 (KHTML, like Gecko) Chrome/19.0.1084.52 Safari/536.5" 156
195.80.144.22 - - [20/Mar/2022:14:38:15] "POST /cart/success.do?JSESSIONID=SD3SL9FF4ADFF4953&productId=WC-SH-T02 HTTP 1.1" 200 1094 "http://www.buttercupgames.com/cart.do?action=purchase&" "Mozilla/5.0 (Windows NT 6.1; WOW64) AppleWebKit/536.5 (KHTML, like Gecko) Chrome/19.0.1084.52 Safari/536.5" 276
