59.5.100.202 - - [20/Mar/2022:12:29:58] "GET /cart.do?action=view&productId=CU-PG-G06&JSESSIONID=SD3SL2FF9ADFF4955 HTTP 1.1" 200 2248 "http://www.yahoo.com" "Mozilla/5.0 (Windows; U; Windows NT 5.1; en-US; rv:1.9.2.28) Gecko/20120306 YFF3 Firefox/3.6.28 ( .NET CLR 3.5.30729; .NET4.0C)" 276
59.5.100.202 - - [20/Mar/2022:12:30:18] "GET /oldlink?&JSESSIONID=SD3SL2FF9ADFF4955 HTTP 1.1" 200 2001 "http://www.buttercupgames.com/cart.do?action=addtocart&productId=MB-AG-G07" "Mozilla/5.0 (Windows; U; Windows NT 5.1; en-US; rv:1.9.2.28) Gecko/20120306 YFF3 Firefox/3.6.28 ( .NET CLR 3.5.30729; .NET4.0C)" 131
59.5.100.202 - - [20/Mar/2022:12:30:32] "GET /product.screen?productId=MB-AG-T01&JSESSIONID=SD3SL2FF9ADFF4955 HTTP 1.1" 200 2524 "http://www.buttercupgames.com/oldlink" "Mozilla/5.0 (Windows; U; Windows NT 5.1; en-US; rv:1.9.2.28) Gecko/20120306 YFF3 Firefox/3.6.28 ( .NET CLR 3.5.30729; .NET4.0C)" 358
59.5.100.202 - - [20/Mar/2022:12:30:42] "GET /product.screen?productId=FS-SG-G03&JSESSIONID=SD3SL2FF9ADFF4955 HTTP 1.1" 200 2795 "http://www.buttercupgames.com/product.screen?productId=FS-SG-G03" "Mozilla/5.0 (Windows; U; Windows NT 5.1; en-US; rv:1.9.2.28) Gecko/20120306 YFF3 Firefox/3.6.28 ( .NET CLR 3.5.30729; .NET4.0C)" 147
91.217.178.210 - - [20/Mar/2022:12:30:45] "POST /category.screen?categoryId=SPORTS&JSESSIONID=SD3SL6FF2ADFF4959 HTTP 1.1" 200 701 "http://www.buttercupgames.com" "Opera/9.01 (Windows NT 5.1; U; en)" 325
59.5.100.202 - - [20/Mar/2022:12:30:58] "GET /category.screen?categoryId=SPORTS&JSESSIONID=SD3SL2FF9ADFF4955 HTTP 1.1" 200 230 "http://www.buttercupgames.com/oldlink" "Mozilla/5.0 (Windows; U; Windows NT 5.1; en-US; rv:1.9.2.28) Gecko/20120306 YFF3 Firefox/3.6.28 ( .NET CLR 3.5.30729; .NET4.0C)" 582
91.217.178.210 - - [20/Mar/2022:12:31:00] "POST /product.screen?productId=SF-BVS-01&JSESSIONID=SD3SL6FF2ADFF4959 HTTP 1.1" 403 3627 "http://www.buttercupgames.com/oldlink" "Opera/9.01 (Windows NT 5.1; U; en)" 660
59.5.100.202 - - [20/Mar/2022:12:31:07] "POST /cart.do?action=view&productId=SC-MG-G10&JSESSIONID=SD3SL2FF9ADFF4955 HTTP 1.1" 200 1840 "http://www.buttercupgames.com/oldlink" "Mozilla/5.0 (Windows; U; Windows NT 5.1; en-US; rv:1.9.2.28) Gecko/20120306 YFF3 Firefox/3.6.28 ( .NET CLR 3.5.30729; .NET4.0C)" 344
91.217.178.210 - - [20/Mar/2022:12:31:11] "GET /category.screen?categoryId=ACCESSORIES&JSESSIONID=SD3SL6FF2ADFF4959 HTTP 1.1" 200 625 "http://www.buttercupgames.com/cart.do?action=view&productId=WC-SH-A01" "Opera/9.01 (Windows NT 5.1; U; en)" 306
91.217.178.210 - - [20/Mar/2022:12:31:18] "POST /cart.do?action=addtocart&productId=WC-SH-G04&JSESSIONID=SD3SL6FF2ADFF4959 HTTP 1.1" 200 985 "http://www.buttercupgames.com/oldlink" "Opera/9.01 (Windows NT 5.1; U; en)" 274
59.5.100.202 - - [20/Mar/2022:12:31:26] "POST /category.screen?categoryId=NULL&JSESSIONID=SD3SL2FF9ADFF4955 HTTP 1.1" 505 1053 "http://www.buttercupgames.com/oldlink" "Mozilla/5.0 (Windows; U; Windows NT 5.1; en-US; rv:1.9.2.28) Gecko/20120306 YFF3 Firefox/3.6.28 ( .NET CLR 3.5.30729; .NET4.0C)" 233
59.5.100.202 - - [20/Mar/2022:12:31:34] "GET /oldlink?&JSESSIONID=SD3SL2FF9ADFF4955 HTTP 1.1" 503 3758 "http://www.buttercupgames.com/cart.do?action=addtocart&" "Mozilla/5.0 (Windows; U; Windows NT 5.1; en-US; rv:1.9.2.28) Gecko/20120306 YFF3 Firefox/3.6.28 ( .NET CLR 3.5.30729; .NET4.0C)" 127
88.191.145.142 - - [20/Mar/2022:12:38:47] "GET /category.screen?categoryId=STRATEGY&JSESSIONID=SD1SL7FF6ADFF4952 HTTP 1.1" 200 2881 "http://www.buttercupgames.com" "Mozilla/4.0 (compatible; MSIE 7.0; Windows NT 5.1; Trident/4.0; .NET CLR 2.0.50727; MS-RTC LM 8; InfoPath.2)" 500
88.191.145.142 - - [20/Mar/2022:12:39:08] "GET /oldlink?&JSESSIONID=SD1SL7FF6ADFF4952 HTTP 1.1" 200 319 "http://www.buttercupgames.com/oldlink" "Mozilla/4.0 (compatible; MSIE 7.0; Windows NT 5.1; Trident/4.0; .NET CLR 2.0.50727; MS-RTC LM 8; InfoPath.2)" 595
59.162.167.100 - - [20/Mar/2022:12:39:20] "GET /category.screen?categoryId=STRATEGY&JSESSIONID=SD7SL10FF10ADFF4960 HTTP 1.1" 200 2430 "http://www.google.com" "Mozilla/5.0 (Macintosh; Intel Mac OS X 10_6_8) AppleWebKit/534.55.3 (KHTML, like Gecko) Version/5.1.5 Safari/534.55.3" 575
88.191.145.142 - - [20/Mar/2022:12:39:24] "GET /oldlink?&JSESSIONID=SD1SL7FF6ADFF4952 HTTP 1.1" 200 779 "http://www.buttercupgames.com/oldlink" "Mozilla/4.0 (compatible; MSIE 7.0; Windows NT 5.1; Trident/4.0; .NET CLR 2.0.50727; MS-RTC LM 8; InfoPath.2)" 527
59.162.167.100 - - [20/Mar/2022:12:39:37] "GET /cart.do?action=view&productId=WC-SH-A01&JSESSIONID=SD7SL10FF10ADFF4960 HTTP 1.1" 200 3906 "http://www.buttercupgames.com/category.screen?categoryId=ACCESSORIES" "Mozilla/5.0 (Macintosh; Intel Mac OS X 10_6_8) AppleWebKit/534.55.3 (KHTML, like Gecko) Version/5.1.5 Safari/534.55.3" 237
88.191.145.142 - - [20/Mar/2022:12:39:40] "GET /category.screen?categoryId=SHOOTER&JSESSIONID=SD1SL7FF6ADFF4952 HTTP 1.1" 200 338 "http://www.buttercupgames.com/category.screen?categoryId=SHOOTER" "Mozilla/4.0 (compatible; MSIE 7.0; Windows NT 5.1; Trident/4.0; .NET CLR 2.0.50727; MS-RTC LM 8; InfoPath.2)" 120
59.162.167.100 - - [20/Mar/2022:12:39:43] "GET /product.screen?productId=MB-AG-T01&JSESSIONID=SD7SL10FF10ADFF4960 HTTP 1.1" 200 466 "http://www.buttercupgames.com/category.screen?categoryId=TEE" "Mozilla/5.0 (Macintosh; Intel Mac OS X 10_6_8) AppleWebKit/534.55.3 (KHTML, like Gecko) Version/5.1.5 Safari/534.55.3" 282
88.191.145.142 - - [20/Mar/2022:12:39:44] "GET /oldlink?&JSESSIONID=SD1SL7FF6ADFF4952 HTTP 1.1" 200 3546 "http://www.buttercupgames.com/cart.do?action=view&productId=MB-AG-T01" "Mozilla/4.0 (compatible; MSIE 7.0; Windows NT 5.1; Trident/4.0; .NET CLR 2.0.50727; MS-RTC LM 8; InfoPath.2)" 889
59.162.167.100 - - [20/Mar/2022:12:39:49] "POST /cart.do?action=addtocart&productId=MB-AG-T01&JSESSIONID=SD7SL10FF10ADFF4960 HTTP 1.1" 200 2218 "http://www.buttercupgames.com/product.screen?productId=MB-AG-T01" "Mozilla/5.0 (Macintosh; Intel Mac OS X 10_6_8) AppleWebKit/534.55.3 (KHTML, like Gecko) Version/5.1.5 Safari/534.55.3" 701
59.162.167.100 - - [20/Mar/2022:12:39:54] "POST /success.do?action=purchase&categoryId=TEE&productId=MB-AG-T01&JSESSIONID=SD7SL10FF10ADFF4960 HTTP 1.1" 200 1219 "http://www.buttercupgames.com/cart.do?action=addtocart&categoryId=TEE&productId=MB-AG-T01" "Mozilla/5.0 (Macintosh; Intel Mac OS X 10_6_8) AppleWebKit/534.55.3 (KHTML, like Gecko) Version/5.1.5 Safari/534.55.3" 557
59.162.167.100 - - [20/Mar/2022:12:39:54] "POST /cart/success.do?JSESSIONID=SD7SL10FF10ADFF4960&productId=WC-SH-G04 HTTP 1.1" 200 3363 "http://www.buttercupgames.com/cart.do?action=purchase&" "Mozilla/5.0 (Macintosh; Intel Mac OS X 10_6_8) AppleWebKit/534.55.3 (KHTML, like Gecko) Version/5.1.5 Safari/534.55.3" 256
59.162.167.100 - - [20/Mar/2022:12:40:00] "GET /cart.do?action=addtocart&productId=WC-SH-A01&JSESSIONID=SD7SL10FF10ADFF4960 HTTP 1.1" 200 2098 "http://www.buttercupgames.com/oldlink" "Mozilla/5.0 (Macintosh; Intel Mac OS X 10_6_8) AppleWebKit/534.55.3 (KHTML, like Gecko) Version/5.1.5 Safari/534.55.3" 461
88.191.145.142 - - [20/Mar/2022:12:40:06] "GET /oldlink?&JSESSIONID=SD1SL7FF6ADFF4952 HTTP 1.1" 200 536 "http://www.buttercupgames.com/category.screen?categoryId=ARCADE" "Mozilla/4.0 (compatible; MSIE 7.0; Windows NT 5.1; Trident/4.0; .NET CLR 2.0.50727; MS-RTC LM 8; InfoPath.2)" 533
59.162.167.100 - - [20/Mar/2022:12:40:15] "POST /search.do?items=2112&JSESSIONID=SD7SL10FF10ADFF4960 HTTP 1.1" 404 904 "http://www.buttercupgames.com/cart.do?action=view&" "Mozilla/5.0 (Macintosh; Intel Mac OS X 10_6_8) AppleWebKit/534.55.3 (KHTML, like Gecko) Version/5.1.5 Safari/534.55.3" 861
59.162.167.100 - - [20/Mar/2022:12:40:21] "GET /cart.do?action=changequantity&productId=WC-SH-A01&JSESSIONID=SD7SL10FF10ADFF4960 HTTP 1.1" 200 3335 "http://www.buttercupgames.com/oldlink" "Mozilla/5.0 (Macintosh; Intel Mac OS X 10_6_8) AppleWebKit/534.55.3 (KHTML, like Gecko) Version/5.1.5 Safari/534.55.3" 320
88.191.145.142 - - [20/Mar/2022:12:40:25] "GET /product.screen?productId=MB-AG-G07&JSESSIONID=SD1SL7FF6ADFF4952 HTTP 1.1" 200 544 "http://www.buttercupgames.com/category.screen?categoryId=ARCADE" "Mozilla/4.0 (compatible; MSIE 7.0; Windows NT 5.1; Trident/4.0; .NET CLR 2.0.50727; MS-RTC LM 8; InfoPath.2)" 657
59.162.167.100 - - [20/Mar/2022:12:40:26] "GET /oldlink?&JSESSIONID=SD7SL10FF10ADFF4960 HTTP 1.1" 200 1184 "http://www.buttercupgames.com/product.screen?productId=CU-PG-G06" "Mozilla/5.0 (Macintosh; Intel Mac OS X 10_6_8) AppleWebKit/534.55.3 (KHTML, like Gecko) Version/5.1.5 Safari/534.55.3" 217
88.191.145.142 - - [20/Mar/2022:12:40:28] "POST /cart.do?action=addtocart&productId=MB-AG-G07&JSESSIONID=SD1SL7FF6ADFF4952 HTTP 1.1" 200 1265 "http://www.buttercupgames.com/product.screen?productId=MB-AG-G07" "Mozilla/4.0 (compatible; MSIE 7.0; Windows NT 5.1; Trident/4.0; .NET CLR 2.0.50727; MS-RTC LM 8; InfoPath.2)" 941
88.191.145.142 - - [20/Mar/2022:12:40:31] "POST /success.do?action=purchase&categoryId=ARCADE&productId=MB-AG-G07&JSESSIONID=SD1SL7FF6ADFF4952 HTTP 1.1" 200 2133 "http://www.buttercupgames.com/cart.do?action=addtocart&categoryId=ARCADE&productId=MB-AG-G07" "Mozilla/4.0 (compatible; MSIE 7.0; Windows NT 5.1; Trident/4.0; .NET CLR 2.0.50727; MS-RTC LM 8; InfoPath.2)" 301
88.191.145.142 - - [20/Mar/2022:12:40:31] "POST /cart/success.do?JSESSIONID=SD1SL7FF6ADFF4952&productId=FS-SG-G03 HTTP 1.1" 200 770 "http://www.buttercupgames.com/cart.do?action=purchase&" "Mozilla/4.0 (compatible; MSIE 7.0; Windows NT 5.1; Trident/4.0; .NET CLR 2.0.50727; MS-RTC LM 8; InfoPath.2)" 259
59.162.167.100 - - [20/Mar/2022:12:40:36] "GET /product.screen?productId=FI-AG-G08&JSESSIONID=SD7SL10FF10ADFF4960 HTTP 1.1" 200 2490 "http://www.buttercupgames.com/oldlink" "Mozilla/5.0 (Macintosh; Intel Mac OS X 10_6_8) AppleWebKit/534.55.3 (KHTML, like Gecko) Version/5.1.5 Safari/534.55.3" 747
88.191.145.142 - - [20/Mar/2022:12:40:46] "GET /category.screen?categoryId=STRATEGY&JSESSIONID=SD1SL7FF6ADFF4952 HTTP 1.1" 200 2215 "http://www.buttercupgames.com/cart.do?action=view&productId=DC-SG-G02" "Mozilla/4.0 (compatible; MSIE 7.0; Windows NT 5.1; Trident/4.0; .NET CLR 2.0.50727; MS-RTC LM 8; InfoPath.2)" 253
88.191.145.142 - - [20/Mar/2022:12:41:07] "POST /category.screen?categoryId=SHOOTER&JSESSIONID=SD1SL7FF6ADFF4952 HTTP 1.1" 200 3935 "http://www.buttercupgames.com/cart.do?action=view&productId=WC-SH-G04" "Mozilla/4.0 (compatible; MSIE 7.0; Windows NT 5.1; Trident/4.0; .NET CLR 2.0.50727; MS-RTC LM 8; InfoPath.2)" 452
88.191.145.142 - - [20/Mar/2022:12:41:27] "GET /category.screen?categoryId=STRATEGY&JSESSIONID=SD1SL7FF6ADFF4952 HTTP 1.1" 200 3036 "http://www.buttercupgames.com/category.screen?categoryId=STRATEGY" "Mozilla/4.0 (compatible; MSIE 7.0; Windows NT 5.1; Trident/4.0; .NET CLR 2.0.50727; MS-RTC LM 8; InfoPath.2)" 136
128.241.220.82 - - [20/Mar/2022:12:44:13] "POST /category.screen?categoryId=ARCADE&JSESSIONID=SD8SL6FF1ADFF4960 HTTP 1.1" 200 3149 "http://www.buttercupgames.com" "Mozilla/5.0 (Macintosh; Intel Mac OS X 10_6_8) AppleWebKit/534.55.3 (KHTML, like Gecko) Version/5.1.5 Safari/534.55.3" 990
128.241.220.82 - - [20/Mar/2022:12:44:25] "POST /cart.do?action=view&productId=SC-MG-G10&JSESSIONID=SD8SL6FF1ADFF4960 HTTP 1.1" 200 2566 "http://www.buttercupgames.com/cart.do?action=view&productId=SC-MG-G10" "Mozilla/5.0 (Macintosh; Intel Mac OS X 10_6_8) AppleWebKit/534.55.3 (KHTML, like Gecko) Version/5.1.5 Safari/534.55.3" 915
128.241.220.82 - - [20/Mar/2022:12:44:38] "GET /oldlink?&JSESSIONID=SD8SL6FF1ADFF4960 HTTP 1.1" 200 1989 "http://www.buttercupgames.com/cart.do?action=remove&productId=FI-AG-G08" "Mozilla/5.0 (Macintosh; Intel Mac OS X 10_6_8) AppleWebKit/534.55.3 (KHTML, like Gecko) Version/5.1.5 Safari/534.55.3" 455
128.241.220.82 - - [20/Mar/2022:12:45:01] "GET /category.screen?categoryId=NULL&JSESSIONID=SD8SL6FF1ADFF4960 HTTP 1.1" 406 1920 "http://www.buttercupgames.com/product.screen?productId=SF-BVS-01" "Mozilla/5.0 (Macintosh; Intel Mac OS X 10_6_8) AppleWebKit/534.55.3 (KHTML, like Gecko) Version/5.1.5 Safari/534.55.3" 495
128.241.220.82 - - [20/Mar/2022:12:45:20] "GET /product.screen?productId=DB-SG-G01&JSESSIONID=SD8SL6FF1ADFF4960 HTTP 1.1" 200 3582 "http://www.buttercupgames.com/category.screen?categoryId=STRATEGY" "Mozilla/5.0 (Macintosh; Intel Mac OS X 10_6_8) AppleWebKit/534.55.3 (KHTML, like Gecko) Version/5.1.5 Safari/534.55.3" 174
128.241.220.82 - - [20/Mar/2022:12:45:22] "POST /cart.do?action=addtocart&productId=DB-SG-G01&JSESSIONID=SD8SL6FF1ADFF4960 HTTP 1.1" 200 1942 "http://www.buttercupgames.com/product.screen?productId=DB-SG-G01" "Mozilla/5.0 (Macintosh; Intel Mac OS X 10_6_8) AppleWebKit/534.55.3 (KHTML, like Gecko) Version/5.1.5 Safari/534.55.3" 640
128.241.220.82 - - [20/Mar/2022:12:45:26] "POST /success.do?action=purchase&categoryId=STRATEGY&productId=DB-SG-G01&JSESSIONID=SD8SL6FF1ADFF4960 HTTP 1.1" 200 2224 "http://www.buttercupgames.com/cart.do?action=addtocart&categoryId=STRATEGY&productId=DB-SG-G01" "Mozilla/5.0 (Macintosh; Intel Mac OS X 10_6_8) AppleWebKit/534.55.3 (KHTML, like Gecko) Version/5.1.5 Safari/534.55.3" 791
128.241.220.82 - - [20/Mar/2022:12:45:26] "POST /cart/success.do?JSESSIONID=SD8SL6FF1ADFF4960&productId=BS-AG-G09 HTTP 1.1" 200 2186 "http://www.buttercupgames.com/cart.do?action=purchase&" "Mozilla/5.0 (Macintosh; Intel Mac OS X 10_6_8) AppleWebKit/534.55.3 (KHTML, like Gecko) Version/5.1.5 Safari/534.55.3" 850
128.241.220.82 - - [20/Mar/2022:12:45:37] "GET /cart.do?action=changequantity&productId=DC-SG-G02&JSESSIONID=SD8SL6FF1ADFF4960 HTTP 1.1" 200 1379 "http://www.buttercupgames.com/category.screen?categoryId=STRATEGY" "Mozilla/5.0 (Macintosh; Intel Mac OS X 10_6_8) AppleWebKit/534.55.3 (KHTML, like Gecko) Version/5.1.5 Safari/534.55.3" 547
128.241.220.82 - - [20/Mar/2022:12:45:43] "POST /oldlink?&JSESSIONID=SD8SL6FF1ADFF4960 HTTP 1.1" 200 1173 "http://www.buttercupgames.com/product.screen?productId=WC-SH-A01" "Mozilla/5.0 (Macintosh; Intel Mac OS X 10_6_8) AppleWebKit/534.55.3 (KHTML, like Gecko) Version/5.1.5 Safari/534.55.3" 827
128.241.220.82 - - [20/Mar/2022:12:45:52] "GET /oldlink?&JSESSIONID=SD8SL6FF1ADFF4960 HTTP 1.1" 400 852 "http://www.buttercupgames.com/product.screen?productId=SF-BVS-01" "Mozilla/5.0 (Macintosh; Intel Mac OS X 10_6_8) AppleWebKit/534.55.3 (KHTML, like Gecko) Version/5.1.5 Safari/534.55.3" 766
128.241.220.82 - - [20/Mar/2022:12:46:00] "GET /cart.do?action=changequantity&JSESSIONID=SD8SL6FF1ADFF4960 HTTP 1.1" 503 1352 "http://www.buttercupgames.com/oldlink" "Mozilla/5.0 (Macintosh; Intel Mac OS X 10_6_8) AppleWebKit/534.55.3 (KHTML, like Gecko) Version/5.1.5 Safari/534.55.3" 315
67.133.102.54 - - [20/Mar/2022:12:46:42] "GET /oldlink?&JSESSIONID=SD8SL10FF1ADFF4954 HTTP 1.1" 200 1995 "http://www.google.com" "Mozilla/5.0 (Windows; U; Windows NT 5.1; en-US; rv:1.9.2.28) Gecko/20120306 YFF3 Firefox/3.6.28 ( .NET CLR 3.5.30729; .NET4.0C)" 574
67.133.102.54 - - [20/Mar/2022:12:46:48] "GET /product.screen?productId=WC-SH-T02&JSESSIONID=SD8SL10FF1ADFF4954 HTTP 1.1" 200 2887 "http://www.buttercupgames.com/category.screen?categoryId=TEE" "Mozilla/5.0 (Windows; U; Windows NT 5.1; en-US; rv:1.9.2.28) Gecko/20120306 YFF3 Firefox/3.6.28 ( .NET CLR 3.5.30729; .NET4.0C)" 212
67.133.102.54 - - [20/Mar/2022:12:46:53] "GET /cart.do?action=view&productId=BS-AG-G09&JSESSIONID=SD8SL10FF1ADFF4954 HTTP 1.1" 200 277 "http://www.buttercupgames.com/cart.do?action=view&productId=BS-AG-G09" "Mozilla/5.0 (Windows; U; Windows NT 5.1; en-US; rv:1.9.2.28) Gecko/20120306 YFF3 Firefox/3.6.28 ( .NET CLR 3.5.30729; .NET4.0C)" 669
67.133.102.54 - - [20/Mar/2022:12:47:12] "GET /product.screen?productId=MB-AG-G07&JSESSIONID=SD8SL10FF1ADFF4954 HTTP 1.1" 200 1143 "http://www.buttercupgames.com/category.screen?categoryId=ARCADE" "Mozilla/5.0 (Windows; U; Windows NT 5.1; en-US; rv:1.9.2.28) Gecko/20120306 YFF3 Firefox/3.6.28 ( .NET CLR 3.5.30729; .NET4.0C)" 903
67.133.102.54 - - [20/Mar/2022:12:47:17] "POST /cart.do?action=addtocart&productId=MB-AG-G07&JSESSIONID=SD8SL10FF1ADFF4954 HTTP 1.1" 200 3582 "http://www.buttercupgames.com/product.screen?productId=MB-AG-G07" "Mozilla/5.0 (Windows; U; Windows NT 5.1; en-US; rv:1.9.2.28) Gecko/20120306 YFF3 Firefox/3.6.28 ( .NET CLR 3.5.30729; .NET4.0C)" 221
67.133.102.54 - - [20/Mar/2022:12:47:20] "POST /success.do?action=purchase&categoryId=ARCADE&productId=MB-AG-G07&JSESSIONID=SD8SL10FF1ADFF4954 HTTP 1.1" 200 1023 "http://www.buttercupgames.com/cart.do?action=addtocart&categoryId=ARCADE&productId=MB-AG-G07" "Mozilla/5.0 (Windows; U; Windows NT 5.1; en-US; rv:1.9.2.28) Gecko/20120306 YFF3 Firefox/3.6.28 ( .NET CLR 3.5.30729; .NET4.0C)" 846
67.133.102.54 - - [20/Mar/2022:12:47:20] "POST /cart/success.do?JSESSIONID=SD8SL10FF1ADFF4954&productId=WC-SH-A02 HTTP 1.1" 200 3057 "http://www.buttercupgames.com/cart.do?action=purchase&" "Mozilla/5.0 (Windows; U; Windows NT 5.1; en-US; rv:1.9.2.28) Gecko/20120306 YFF3 Firefox/3.6.28 ( .NET CLR 3.5.30729; .NET4.0C)" 764
67.133.102.54 - - [20/Mar/2022:12:47:24] "GET /product.screen?productId=WC-SH-A02&JSESSIONID=SD8SL10FF1ADFF4954 HTTP 1.1" 200 2352 "http://www.buttercupgames.com/product.screen?productId=WC-SH-A02" "Mozilla/5.0 (Windows; U; Windows NT 5.1; en-US; rv:1.9.2.28) Gecko/20120306 YFF3 Firefox/3.6.28 ( .NET CLR 3.5.30729; .NET4.0C)" 795
67.133.102.54 - - [20/Mar/2022:12:47:41] "POST /oldlink?&JSESSIONID=SD8SL10FF1ADFF4954 HTTP 1.1" 200 2858 "http://www.buttercupgames.com/oldlink" "Mozilla/5.0 (Windows; U; Windows NT 5.1; en-US; rv:1.9.2.28) Gecko/20120306 YFF3 Firefox/3.6.28 ( .NET CLR 3.5.30729; .NET4.0C)" 987
203.45.206.135 - - [20/Mar/2022:12:49:34] "GET /oldlink?&JSESSIONID=SD6SL2FF7ADFF4952 HTTP 1.1" 200 296 "http://www.google.com" "Mozilla/5.0 (Windows NT 6.1; WOW64) AppleWebKit/536.5 (KHTML, like Gecko) Chrome/19.0.1084.46 Safari/536.5" 655
203.45.206.135 - - [20/Mar/2022:12:49:51] "POST /cart.do?action=addtocart&productId=MB-AG-T01&JSESSIONID=SD6SL2FF7ADFF4952 HTTP 1.1" 200 2749 "http://www.buttercupgames.com/product.screen?productId=MB-AG-T01" "Mozilla/5.0 (Windows NT 6.1; WOW64) AppleWebKit/536.5 (KHTML, like Gecko) Chrome/19.0.1084.46 Safari/536.5" 957
203.45.206.135 - - [20/Mar/2022:12:50:00] "GET /product.screen?productId=DC-SG-G02&JSESSIONID=SD6SL2FF7ADFF4952 HTTP 1.1" 200 1747 "http://www.buttercupgames.com/product.screen?productId=DC-SG-G02" "Mozilla/5.0 (Windows NT 6.1; WOW64) AppleWebKit/536.5 (KHTML, like Gecko) Chrome/19.0.1084.46 Safari/536.5" 614
203.45.206.135 - - [20/Mar/2022:12:50:16] "GET /productscreen.html?t=ou812&JSESSIONID=SD6SL2FF7ADFF4952 HTTP 1.1" 404 262 "http://www.buttercupgames.com/category.screen?categoryId=NULL" "Mozilla/5.0 (Windows NT 6.1; WOW64) AppleWebKit/536.5 (KHTML, like Gecko) Chrome/19.0.1084.46 Safari/536.5" 513
203.45.206.135 - - [20/Mar/2022:12:50:26] "GET /product.screen?productId=DC-SG-G02&JSESSIONID=SD6SL2FF7ADFF4952 HTTP 1.1" 200 708 "http://www.buttercupgames.com/category.screen?categoryId=STRATEGY" "Mozilla/5.0 (Windows NT 6.1; WOW64) AppleWebKit/536.5 (KHTML, like Gecko) Chrome/19.0.1084.46 Safari/536.5" 415
203.45.206.135 - - [20/Mar/2022:12:50:29] "POST /cart.do?action=addtocart&productId=DC-SG-G02&JSESSIONID=SD6SL2FF7ADFF4952 HTTP 1.1" 200 1131 "http://www.buttercupgames.com/product.screen?productId=DC-SG-G02" "Mozilla/5.0 (Windows NT 6.1; WOW64) AppleWebKit/536.5 (KHTML, like Gecko) Chrome/19.0.1084.46 Safari/536.5" 939
203.45.206.135 - - [20/Mar/2022:12:50:35] "POST /success.do?action=purchase&categoryId=STRATEGY&productId=DC-SG-G02&JSESSIONID=SD6SL2FF7ADFF4952 HTTP 1.1" 200 779 "http://www.buttercupgames.com/cart.do?action=addtocart&categoryId=STRATEGY&productId=DC-SG-G02" "Mozilla/5.0 (Windows NT 6.1; WOW64) AppleWebKit/536.5 (KHTML, like Gecko) Chrome/19.0.1084.46 Safari/536.5" 657
203.45.206.135 - - [20/Mar/2022:12:50:35] "POST /cart/success.do?productId=GT-SC-G01&JSESSIONID=SD6SL2FF7ADFF4952 HTTP 1.1" 200 3806 "http://www.buttercupgames.com/cart.do?action=purchase&productId=GT-SC-G01" "Mozilla/5.0 (Windows NT 6.1; WOW64) AppleWebKit/536.5 (KHTML, like Gecko) Chrome/19.0.1084.46 Safari/536.5" 281
203.45.206.135 - - [20/Mar/2022:12:50:45] "GET /oldlink?&JSESSIONID=SD6SL2FF7ADFF4952 HTTP 1.1" 200 477 "http://www.buttercupgames.com/oldlink" "Mozilla/5.0 (Windows NT 6.1; WOW64) AppleWebKit/536.5 (KHTML, like Gecko) Chrome/19.0.1084.46 Safari/536.5" 520
203.45.206.135 - - [20/Mar/2022:12:50:59] "GET /product.screen?productId=WC-SH-T02&JSESSIONID=SD6SL2FF7ADFF4952 HTTP 1.1" 200 699 "http://www.buttercupgames.com/category.screen?categoryId=TEE" "Mozilla/5.0 (Windows NT 6.1; WOW64) AppleWebKit/536.5 (KHTML, like Gecko) Chrome/19.0.1084.46 Safari/536.5" 569
203.45.206.135 - - [20/Mar/2022:12:51:16] "POST /cart.do?action=view&productId=SC-MG-G10&JSESSIONID=SD6SL2FF7ADFF4952 HTTP 1.1" 200 477 "http://www.buttercupgames.com/cart.do?action=view&productId=SC-MG-G10" "Mozilla/5.0 (Windows NT 6.1; WOW64) AppleWebKit/536.5 (KHTML, like Gecko) Chrome/19.0.1084.46 Safari/536.5" 755
195.80.144.22 - - [20/Mar/2022:12:51:18] "POST /product.screen?productId=MB-AG-T01&JSESSIONID=SD1SL10FF2ADFF4961 HTTP 1.1" 200 3287 "http://www.buttercupgames.com" "Mozilla/5.0 (Windows; U; Windows NT 5.1; en-US; rv:1.9.2.28) Gecko/20120306 YFF3 Firefox/3.6.28 ( .NET CLR 3.5.30729; .NET4.0C)" 684
203.45.206.135 - - [20/Mar/2022:12:51:34] "GET /category.screen?categoryId=ARCADE&JSESSIONID=SD6SL2FF7ADFF4952 HTTP 1.1" 200 1406 "http://www.buttercupgames.com/product.screen?productId=FI-AG-G08" "Mozilla/5.0 (Windows NT 6.1; WOW64) AppleWebKit/536.5 (KHTML, like Gecko) Chrome/19.0.1084.46 Safari/536.5" 571
203.45.206.135 - - [20/Mar/2022:12:51:39] "GET /category.screen?categoryId=STRATEGY&JSESSIONID=SD6SL2FF7ADFF4952 HTTP 1.1" 200 1217 "http://www.buttercupgames.com/category.screen?categoryId=STRATEGY" "Mozilla/5.0 (Windows NT 6.1; WOW64) AppleWebKit/536.5 (KHTML, like Gecko) Chrome/19.0.1084.46 Safari/536.5" 329
87.194.216.51 - - [20/Mar/2022:12:56:51] "GET /product.screen?productId=WC-SH-T02&JSESSIONID=SD2SL1FF9ADFF4965 HTTP 1.1" 200 1362 "http://www.buttercupgames.com" "Mozilla/5.0 (Windows NT 6.1; WOW64) AppleWebKit/536.5 (KHTML, like Gecko) Chrome/19.0.1084.46 Safari/536.5" 906
87.194.216.51 - - [20/Mar/2022:12:57:05] "GET /category.screen?categoryId=STRATEGY&JSESSIONID=SD2SL1FF9ADFF4965 HTTP 1.1" 200 2139 "http://www.buttercupgames.com/oldlink" "Mozilla/5.0 (Windows NT 6.1; WOW64) AppleWebKit/536.5 (KHTML, like Gecko) Chrome/19.0.1084.46 Safari/536.5" 137
87.194.216.51 - - [20/Mar/2022:12:57:26] "GET /product.screen?productId=SC-MG-G10&JSESSIONID=SD2SL1FF9ADFF4965 HTTP 1.1" 200 3106 "http://www.buttercupgames.com/product.screen?productId=SC-MG-G10" "Mozilla/5.0 (Windows NT 6.1; WOW64) AppleWebKit/536.5 (KHTML, like Gecko) Chrome/19.0.1084.46 Safari/536.5" 684
87.194.216.51 - - [20/Mar/2022:12:57:45] "POST /category.screen?categoryId=STRATEGY&JSESSIONID=SD2SL1FF9ADFF4965 HTTP 1.1" 200 3720 "http://www.buttercupgames.com/cart.do?action=changequantity&productId=DC-SG-G02" "Mozilla/5.0 (Windows NT 6.1; WOW64) AppleWebKit/536.5 (KHTML, like Gecko) Chrome/19.0.1084.46 Safari/536.5" 960
87.194.216.51 - - [20/Mar/2022:12:57:55] "GET /cart.do?action=addtocart&productId=FS-SG-G03&JSESSIONID=SD2SL1FF9ADFF4965 HTTP 1.1" 200 335 "http://www.buttercupgames.com/product.screen?productId=FS-SG-G03" "Mozilla/5.0 (Windows NT 6.1; WOW64) AppleWebKit/536.5 (KHTML, like Gecko) Chrome/19.0.1084.46 Safari/536.5" 546
87.194.216.51 - - [20/Mar/2022:12:58:10] "GET /stuff/logo.ico?JSESSIONID=SD2SL1FF9ADFF4965 HTTP 1.1" 404 893 "http://www.buttercupgames.com/cart.do?action=changequantity&" "Mozilla/5.0 (Windows NT 6.1; WOW64) AppleWebKit/536.5 (KHTML, like Gecko) Chrome/19.0.1084.46 Safari/536.5" 593
87.194.216.51 - - [20/Mar/2022:12:58:20] "GET /oldlink?&JSESSIONID=SD2SL1FF9ADFF4965 HTTP 1.1" 200 3129 "http://www.buttercupgames.com/product.screen?productId=DC-SG-G02" "Mozilla/5.0 (Windows NT 6.1; WOW64) AppleWebKit/536.5 (KHTML, like Gecko) Chrome/19.0.1084.46 Safari/536.5" 115
87.194.216.51 - - [20/Mar/2022:12:58:32] "GET /oldlink?&JSESSIONID=SD2SL1FF9ADFF4965 HTTP 1.1" 200 2123 "http://www.buttercupgames.com/product.screen?productId=WC-SH-A01" "Mozilla/5.0 (Windows NT 6.1; WOW64) AppleWebKit/536.5 (KHTML, like Gecko) Chrome/19.0.1084.46 Safari/536.5" 873
87.194.216.51 - - [20/Mar/2022:12:58:50] "GET /oldlink?&JSESSIONID=SD2SL1FF9ADFF4965 HTTP 1.1" 200 1084 "http://www.buttercupgames.com/cart.do?action=remove&productId=PZ-SG-G05" "Mozilla/5.0 (Windows NT 6.1; WOW64) AppleWebKit/536.5 (KHTML, like Gecko) Chrome/19.0.1084.46 Safari/536.5" 787
94.230.166.185 - - [20/Mar/2022:12:59:22] "GET /cart.do?action=addtocart&productId=WC-SH-A02&JSESSIONID=SD0SL5FF2ADFF4958 HTTP 1.1" 200 3811 "http://www.buttercupgames.com" "Mozilla/5.0 (compatible; Googlebot/2.1; +http://www.google.com/bot.html)" 132
94.230.166.185 - - [20/Mar/2022:12:59:33] "GET /oldlink?&JSESSIONID=SD0SL5FF2ADFF4958 HTTP 1.1" 200 2869 "http://www.buttercupgames.com/category.screen?categoryId=SPORTS" "Mozilla/5.0 (compatible; Googlebot/2.1; +http://www.google.com/bot.html)" 466
94.230.166.185 - - [20/Mar/2022:12:59:41] "POST /cart.do?action=view&productId=SC-MG-G10&JSESSIONID=SD0SL5FF2ADFF4958 HTTP 1.1" 200 560 "http://www.buttercupgames.com/oldlink" "Mozilla/5.0 (compatible; Googlebot/2.1; +http://www.google.com/bot.html)" 983
89.167.143.32 - - [20/Mar/2022:13:01:16] "GET /oldlink?&JSESSIONID=SD9SL1FF3ADFF4964 HTTP 1.1" 200 2787 "http://www.buttercupgames.com" "Mozilla/5.0 (Windows; U; Windows NT 5.1; en-US; rv:1.9.2.28) Gecko/20120306 YFF3 Firefox/3.6.28 ( .NET CLR 3.5.30729; .NET4.0C)" 537
89.167.143.32 - - [20/Mar/2022:13:01:30] "GET /cart.do?action=view&productId=FI-AG-G08&JSESSIONID=SD9SL1FF3ADFF4964 HTTP 1.1" 200 1388 "http://www.buttercupgames.com/product.screen?productId=FI-AG-G08" "Mozilla/5.0 (Windows; U; Windows NT 5.1; en-US; rv:1.9.2.28) Gecko/20120306 YFF3 Firefox/3.6.28 ( .NET CLR 3.5.30729; .NET4.0C)" 705
89.167.143.32 - - [20/Mar/2022:13:01:39] "GET /cart.do?action=remove&productId=CU-PG-G06&JSESSIONID=SD9SL1FF3ADFF4964 HTTP 1.1" 200 3660 "http://www.buttercupgames.com/category.screen?categoryId=SPORTS" "Mozilla/5.0 (Windows; U; Windows NT 5.1; en-US; rv:1.9.2.28) Gecko/20120306 YFF3 Firefox/3.6.28 ( .NET CLR 3.5.30729; .NET4.0C)" 404
89.167.143.32 - - [20/Mar/2022:13:01:48] "POST /oldlink?&JSESSIONID=SD9SL1FF3ADFF4964 HTTP 1.1" 200 1385 "http://www.buttercupgames.com/category.screen?categoryId=SPORTS" "Mozilla/5.0 (Windows; U; Windows NT 5.1; en-US; rv:1.9.2.28) Gecko/20120306 YFF3 Firefox/3.6.28 ( .NET CLR 3.5.30729; .NET4.0C)" 970
89.167.143.32 - - [20/Mar/2022:13:02:03] "GET /oldlink?&JSESSIONID=SD9SL1FF3ADFF4964 HTTP 1.1" 200 3358 "http://www.buttercupgames.com/product.screen?productId=WC-SH-A02" "Mozilla/5.0 (Windows; U; Windows NT 5.1; en-US; rv:1.9.2.28) Gecko/20120306 YFF3 Firefox/3.6.28 ( .NET CLR 3.5.30729; .NET4.0C)" 310
89.167.143.32 - - [20/Mar/2022:13:02:22] "GET /category.screen?categoryId=TEE&JSESSIONID=SD9SL1FF3ADFF4964 HTTP 1.1" 200 579 "http://www.buttercupgames.com/category.screen?categoryId=TEE" "Mozilla/5.0 (Windows; U; Windows NT 5.1; en-US; rv:1.9.2.28) Gecko/20120306 YFF3 Firefox/3.6.28 ( .NET CLR 3.5.30729; .NET4.0C)" 791
89.167.143.32 - - [20/Mar/2022:13:02:30] "POST /product.screen?productId=SF-BVS-01&JSESSIONID=SD9SL1FF3ADFF4964 HTTP 1.1" 406 3921 "http://www.buttercupgames.com/oldlink" "Mozilla/5.0 (Windows; U; Windows NT 5.1; en-US; rv:1.9.2.28) Gecko/20120306 YFF3 Firefox/3.6.28 ( .NET CLR 3.5.30729; .NET4.0C)" 555
89.167.143.32 - - [20/Mar/2022:13:02:44] "POST /cart.do?action=view&JSESSIONID=SD9SL1FF3ADFF4964 HTTP 1.1" 403 691 "http://www.buttercupgames.com/category.screen?categoryId=NULL" "Mozilla/5.0 (Windows; U; Windows NT 5.1; en-US; rv:1.9.2.28) Gecko/20120306 YFF3 Firefox/3.6.28 ( .NET CLR 3.5.30729; .NET4.0C)" 604
65.19.167.94 - - [20/Mar/2022:13:02:55] "GET /oldlink?&JSESSIONID=SD1SL9FF1ADFF4957 HTTP 1.1" 200 2969 "http://www.buttercupgames.com" "Mozilla/5.0 (Macintosh; Intel Mac OS X 10_6_8) AppleWebKit/534.55.3 (KHTML, like Gecko) Version/5.1.5 Safari/534.55.3" 858
89.167.143.32 - - [20/Mar/2022:13:02:57] "GET /oldlink?&JSESSIONID=SD9SL1FF3ADFF4964 HTTP 1.1" 200 3340 "http://www.buttercupgames.com/oldlink" "Mozilla/5.0 (Windows; U; Windows NT 5.1; en-US; rv:1.9.2.28) Gecko/20120306 YFF3 Firefox/3.6.28 ( .NET CLR 3.5.30729; .NET4.0C)" 503
65.19.167.94 - - [20/Mar/2022:13:03:08] "GET /product.screen?productId=CU-PG-G06&JSESSIONID=SD1SL9FF1ADFF4957 HTTP 1.1" 200 3562 "http://www.buttercupgames.com/oldlink" "Mozilla/5.0 (Macintosh; Intel Mac OS X 10_6_8) AppleWebKit/534.55.3 (KHTML, like Gecko) Version/5.1.5 Safari/534.55.3" 830
89.167.143.32 - - [20/Mar/2022:13:03:09] "GET /product.screen?productId=FS-SG-G03&JSESSIONID=SD9SL1FF3ADFF4964 HTTP 1.1" 200 3863 "http://www.buttercupgames.com/category.screen?categoryId=STRATEGY" "Mozilla/5.0 (Windows; U; Windows NT 5.1; en-US; rv:1.9.2.28) Gecko/20120306 YFF3 Firefox/3.6.28 ( .NET CLR 3.5.30729; .NET4.0C)" 319
65.19.167.94 - - [20/Mar/2022:13:03:15] "GET /cart.do?action=view&JSESSIONID=SD1SL9FF1ADFF4957 HTTP 1.1" 406 721 "http://www.buttercupgames.com/oldlink" "Mozilla/5.0 (Macintosh; Intel Mac OS X 10_6_8) AppleWebKit/534.55.3 (KHTML, like Gecko) Version/5.1.5 Safari/534.55.3" 784
89.167.143.32 - - [20/Mar/2022:13:03:17] "GET /cart.do?action=changequantity&JSESSIONID=SD9SL1FF3ADFF4964 HTTP 1.1" 403 1695 "http://www.buttercupgames.com/cart.do?action=changequantity&" "Mozilla/5.0 (Windows; U; Windows NT 5.1; en-US; rv:1.9.2.28) Gecko/20120306 YFF3 Firefox/3.6.28 ( .NET CLR 3.5.30729; .NET4.0C)" 927
65.19.167.94 - - [20/Mar/2022:13:03:26] "POST /numa/numa.html?JSESSIONID=SD1SL9FF1ADFF4957 HTTP 1.1" 404 796 "http://www.buttercupgames.com/product.screen?productId=SF-BVS-01" "Mozilla/5.0 (Macintosh; Intel Mac OS X 10_6_8) AppleWebKit/534.55.3 (KHTML, like Gecko) Version/5.1.5 Safari/534.55.3" 753
89.167.143.32 - - [20/Mar/2022:13:03:27] "GET /oldlink?&JSESSIONID=SD9SL1FF3ADFF4964 HTTP 1.1" 200 2375 "http://www.buttercupgames.com/product.screen?productId=CU-PG-G06" "Mozilla/5.0 (Windows; U; Windows NT 5.1; en-US; rv:1.9.2.28) Gecko/20120306 YFF3 Firefox/3.6.28 ( .NET CLR 3.5.30729; .NET4.0C)" 373
65.19.167.94 - - [20/Mar/2022:13:03:45] "GET /cart.do?action=view&productId=WC-SH-A02&JSESSIONID=SD1SL9FF1ADFF4957 HTTP 1.1" 200 788 "http://www.buttercupgames.com/category.screen?categoryId=ACCESSORIES" "Mozilla/5.0 (Macintosh; Intel Mac OS X 10_6_8) AppleWebKit/534.55.3 (KHTML, like Gecko) Version/5.1.5 Safari/534.55.3" 848
206.225.11.127 - - [20/Mar/2022:13:08:01] "GET /oldlink?&JSESSIONID=SD2SL3FF1ADFF4964 HTTP 1.1" 406 1345 "http://www.bing.com" "Mozilla/5.0 (Windows NT 6.1; WOW64) AppleWebKit/536.5 (KHTML, like Gecko) Chrome/19.0.1084.46 Safari/536.5" 197
123.118.73.155 - - [20/Mar/2022:13:09:11] "GET /product.screen?productId=PZ-SG-G05&JSESSIONID=SD0SL5FF8ADFF4954 HTTP 1.1" 200 1155 "http://www.buttercupgames.com" "Mozilla/5.0 (iPad; CPU OS 5_1_1 like Mac OS X) AppleWebKit/534.46 (KHTML, like Gecko) Version/5.1 Mobile/9B206 Safari/7534.48.3" 246
123.118.73.155 - - [20/Mar/2022:13:09:33] "GET /product.screen?productId=SC-MG-G10&JSESSIONID=SD0SL5FF8ADFF4954 HTTP 1.1" 200 644 "http://www.buttercupgames.com/category.screen?categoryId=SIMULATION" "Mozilla/5.0 (iPad; CPU OS 5_1_1 like Mac OS X) AppleWebKit/534.46 (KHTML, like Gecko) Version/5.1 Mobile/9B206 Safari/7534.48.3" 620
123.118.73.155 - - [20/Mar/2022:13:09:34] "POST /cart.do?action=addtocart&productId=SC-MG-G10&JSESSIONID=SD0SL5FF8ADFF4954 HTTP 1.1" 200 305 "http://www.buttercupgames.com/product.screen?productId=SC-MG-G10" "Mozilla/5.0 (iPad; CPU OS 5_1_1 like Mac OS X) AppleWebKit/534.46 (KHTML, like Gecko) Version/5.1 Mobile/9B206 Safari/7534.48.3" 477
123.118.73.155 - - [20/Mar/2022:13:09:40] "POST /success.do?action=purchase&categoryId=SIMULATION&productId=SC-MG-G10&JSESSIONID=SD0SL5FF8ADFF4954 HTTP 1.1" 200 3080 "http://www.buttercupgames.com/cart.do?action=addtocart&categoryId=SIMULATION&productId=SC-MG-G10" "Mozilla/5.0 (iPad; CPU OS 5_1_1 like Mac OS X) AppleWebKit/534.46 (KHTML, like Gecko) Version/5.1 Mobile/9B206 Safari/7534.48.3" 101
123.118.73.155 - - [20/Mar/2022:13:09:40] "POST /cart/error.do?msg=CreditDoesNotMatch&JSESSIONID=SD0SL5FF8ADFF4954 HTTP 1.1" 200 299 "http://www.buttercupgames.com/cart.do?action=purchase&" "Mozilla/5.0 (iPad; CPU OS 5_1_1 like Mac OS X) AppleWebKit/534.46 (KHTML, like Gecko) Version/5.1 Mobile/9B206 Safari/7534.48.3" 633
123.118.73.155 - - [20/Mar/2022:13:09:52] "GET /cart.do?action=view&productId=DC-SG-G02&JSESSIONID=SD0SL5FF8ADFF4954 HTTP 1.1" 200 3071 "http://www.buttercupgames.com/product.screen?productId=DC-SG-G02" "Mozilla/5.0 (iPad; CPU OS 5_1_1 like Mac OS X) AppleWebKit/534.46 (KHTML, like Gecko) Version/5.1 Mobile/9B206 Safari/7534.48.3" 637
123.118.73.155 - - [20/Mar/2022:13:10:11] "GET /category.screen?categoryId=TEE&JSESSIONID=SD0SL5FF8ADFF4954 HTTP 1.1" 200 3043 "http://www.buttercupgames.com/product.screen?productId=WC-SH-T02" "Mozilla/5.0 (iPad; CPU OS 5_1_1 like Mac OS X) AppleWebKit/534.46 (KHTML, like Gecko) Version/5.1 Mobile/9B206 Safari/7534.48.3" 650
123.118.73.155 - - [20/Mar/2022:13:10:16] "GET /cart.do?action=remove&productId=WC-SH-A01&JSESSIONID=SD0SL5FF8ADFF4954 HTTP 1.1" 200 1095 "http://www.buttercupgames.com/cart.do?action=remove&productId=WC-SH-A01" "Mozilla/5.0 (iPad; CPU OS 5_1_1 like Mac OS X) AppleWebKit/534.46 (KHTML, like Gecko) Version/5.1 Mobile/9B206 Safari/7534.48.3" 909
123.118.73.155 - - [20/Mar/2022:13:10:21] "GET /category.screen?categoryId=ACCESSORIES&JSESSIONID=SD0SL5FF8ADFF4954 HTTP 1.1" 200 3272 "http://www.buttercupgames.com/oldlink" "Mozilla/5.0 (iPad; CPU OS 5_1_1 like Mac OS X) AppleWebKit/534.46 (KHTML, like Gecko) Version/5.1 Mobile/9B206 Safari/7534.48.3" 804
123.118.73.155 - - [20/Mar/2022:13:10:32] "GET /product.screen?productId=MB-AG-T01&JSESSIONID=SD0SL5FF8ADFF4954 HTTP 1.1" 200 1598 "http://www.buttercupgames.com/category.screen?categoryId=TEE" "Mozilla/5.0 (iPad; CPU OS 5_1_1 like Mac OS X) AppleWebKit/534.46 (KHTML, like Gecko) Version/5.1 Mobile/9B206 Safari/7534.48.3" 853
123.118.73.155 - - [20/Mar/2022:13:10:38] "POST /cart.do?action=addtocart&productId=MB-AG-T01&JSESSIONID=SD0SL5FF8ADFF4954 HTTP 1.1" 200 2120 "http://www.buttercupgames.com/product.screen?productId=MB-AG-T01" "Mozilla/5.0 (iPad; CPU OS 5_1_1 like Mac OS X) AppleWebKit/534.46 (KHTML, like Gecko) Version/5.1 Mobile/9B206 Safari/7534.48.3" 409
123.118.73.155 - - [20/Mar/2022:13:10:41] "POST /success.do?action=purchase&categoryId=TEE&productId=MB-AG-T01&JSESSIONID=SD0SL5FF8ADFF4954 HTTP 1.1" 200 1950 "http://www.buttercupgames.com/cart.do?action=addtocart&categoryId=TEE&productId=MB-AG-T01" "Mozilla/5.0 (iPad; CPU OS 5_1_1 like Mac OS X) AppleWebKit/534.46 (KHTML, like Gecko) Version/5.1 Mobile/9B206 Safari/7534.48.3" 810
123.118.73.155 - - [20/Mar/2022:13:10:41] "POST /cart/success.do?JSESSIONID=SD0SL5FF8ADFF4954&productId=MB-AG-T01 HTTP 1.1" 200 3757 "http://www.buttercupgames.com/cart.do?action=purchase&" "Mozilla/5.0 (iPad; CPU OS 5_1_1 like Mac OS X) AppleWebKit/534.46 (KHTML, like Gecko) Version/5.1 Mobile/9B206 Safari/7534.48.3" 724
123.118.73.155 - - [20/Mar/2022:13:11:01] "POST /category.screen?categoryId=STRATEGY&JSESSIONID=SD0SL5FF8ADFF4954 HTTP 1.1" 200 2956 "http://www.buttercupgames.com/oldlink" "Mozilla/5.0 (iPad; CPU OS 5_1_1 like Mac OS X) AppleWebKit/534.46 (KHTML, like Gecko) Version/5.1 Mobile/9B206 Safari/7534.48.3" 561
12.130.60.5 - - [20/Mar/2022:13:14:22] "GET /cart.do?action=remove&productId=WC-SH-G04&JSESSIONID=SD2SL10FF4ADFF4963 HTTP 1.1" 200 1291 "http://www.yahoo.com" "Mozilla/5.0 (Windows; U; Windows NT 5.1; en-US; rv:1.9.2.28) Gecko/20120306 YFF3 Firefox/3.6.28 ( .NET CLR 3.5.30729; .NET4.0C)" 107
12.130.60.5 - - [20/Mar/2022:13:14:30] "GET /oldlink?&JSESSIONID=SD2SL10FF4ADFF4963 HTTP 1.1" 200 2644 "http://www.buttercupgames.com/product.screen?productId=CU-PG-G06" "Mozilla/5.0 (Windows; U; Windows NT 5.1; en-US; rv:1.9.2.28) Gecko/20120306 YFF3 Firefox/3.6.28 ( .NET CLR 3.5.30729; .NET4.0C)" 285
12.130.60.5 - - [20/Mar/2022:13:14:41] "GET /cart.do?action=view&productId=PZ-SG-G05&JSESSIONID=SD2SL10FF4ADFF4963 HTTP 1.1" 200 1573 "http://www.buttercupgames.com/product.screen?productId=PZ-SG-G05" "Mozilla/5.0 (Windows; U; Windows NT 5.1; en-US; rv:1.9.2.28) Gecko/20120306 YFF3 Firefox/3.6.28 ( .NET CLR 3.5.30729; .NET4.0C)" 688
12.130.60.5 - - [20/Mar/2022:13:14:50] "GET /product.screen?productId=DC-SG-G02&JSESSIONID=SD2SL10FF4ADFF4963 HTTP 1.1" 200 1712 "http://www.buttercupgames.com/category.screen?categoryId=STRATEGY" "Mozilla/5.0 (Windows; U; Windows NT 5.1; en-US; rv:1.9.2.28) Gecko/20120306 YFF3 Firefox/3.6.28 ( .NET CLR 3.5.30729; .NET4.0C)" 849
12.130.60.5 - - [20/Mar/2022:13:15:07] "GET /product.screen?productId=BS-AG-G09&JSESSIONID=SD2SL10FF4ADFF4963 HTTP 1.1" 200 3648 "http://www.buttercupgames.com/category.screen?categoryId=ARCADE" "Mozilla/5.0 (Windows; U; Windows NT 5.1; en-US; rv:1.9.2.28) Gecko/20120306 YFF3 Firefox/3.6.28 ( .NET CLR 3.5.30729; .NET4.0C)" 144
12.130.60.5 - - [20/Mar/2022:13:15:13] "POST /cart.do?action=addtocart&productId=BS-AG-G09&JSESSIONID=SD2SL10FF4ADFF4963 HTTP 1.1" 200 1167 "http://www.buttercupgames.com/product.screen?productId=BS-AG-G09" "Mozilla/5.0 (Windows; U; Windows NT 5.1; en-US; rv:1.9.2.28) Gecko/20120306 YFF3 Firefox/3.6.28 ( .NET CLR 3.5.30729; .NET4.0C)" 179
12.130.60.5 - - [20/Mar/2022:13:15:17] "POST /success.do?action=purchase&categoryId=ARCADE&productId=BS-AG-G09&JSESSIONID=SD2SL10FF4ADFF4963 HTTP 1.1" 200 709 "http://www.buttercupgames.com/cart.do?action=addtocart&categoryId=ARCADE&productId=BS-AG-G09" "Mozilla/5.0 (Windows; U; Windows NT 5.1; en-US; rv:1.9.2.28) Gecko/20120306 YFF3 Firefox/3.6.28 ( .NET CLR 3.5.30729; .NET4.0C)" 178
12.130.60.5 - - [20/Mar/2022:13:15:17] "POST /cart/error.do?msg=CreditDoesNotMatch&JSESSIONID=SD2SL10FF4ADFF4963 HTTP 1.1" 200 3952 "http://www.buttercupgames.com/cart.do?action=purchase&" "Mozilla/5.0 (Windows; U; Windows NT 5.1; en-US; rv:1.9.2.28) Gecko/20120306 YFF3 Firefox/3.6.28 ( .NET CLR 3.5.30729; .NET4.0C)" 998
85.62.218.82 - - [20/Mar/2022:13:18:56] "POST /category.screen?categoryId=STRATEGY&JSESSIONID=SD0SL7FF8ADFF4960 HTTP 1.1" 200 2175 "http://www.yahoo.com" "Mozilla/5.0 (Windows NT 6.1; WOW64) AppleWebKit/536.5 (KHTML, like Gecko) Chrome/19.0.1084.46 Safari/536.5" 418
85.62.218.82 - - [20/Mar/2022:13:19:14] "GET /product.screen?productId=WC-SH-G04&JSESSIONID=SD0SL7FF8ADFF4960 HTTP 1.1" 200 1931 "http://www.buttercupgames.com/product.screen?productId=WC-SH-G04" "Mozilla/5.0 (Windows NT 6.1; WOW64) AppleWebKit/536.5 (KHTML, like Gecko) Chrome/19.0.1084.46 Safari/536.5" 817
85.62.218.82 - - [20/Mar/2022:13:19:25] "POST /cart.do?action=addtocart&productId=WC-SH-A01&JSESSIONID=SD0SL7FF8ADFF4960 HTTP 1.1" 200 909 "http://www.buttercupgames.com/category.screen?categoryId=ACCESSORIES" "Mozilla/5.0 (Windows NT 6.1; WOW64) AppleWebKit/536.5 (KHTML, like Gecko) Chrome/19.0.1084.46 Safari/536.5" 582
85.62.218.82 - - [20/Mar/2022:13:19:44] "GET /oldlink?&JSESSIONID=SD0SL7FF8ADFF4960 HTTP 1.1" 200 1757 "http://www.buttercupgames.com/oldlink" "Mozilla/5.0 (Windows NT 6.1; WOW64) AppleWebKit/536.5 (KHTML, like Gecko) Chrome/19.0.1084.46 Safari/536.5" 774
85.62.218.82 - - [20/Mar/2022:13:20:04] "GET /cart.do?action=addtocart&productId=DC-SG-G02&JSESSIONID=SD0SL7FF8ADFF4960 HTTP 1.1" 200 2985 "http://www.buttercupgames.com/oldlink" "Mozilla/5.0 (Windows NT 6.1; WOW64) AppleWebKit/536.5 (KHTML, like Gecko) Chrome/19.0.1084.46 Safari/536.5" 454
85.62.218.82 - - [20/Mar/2022:13:20:18] "GET /category.screen?categoryId=SHOOTER&JSESSIONID=SD0SL7FF8ADFF4960 HTTP 1.1" 200 3531 "http://www.buttercupgames.com/oldlink" "Mozilla/5.0 (Windows NT 6.1; WOW64) AppleWebKit/536.5 (KHTML, like Gecko) Chrome/19.0.1084.46 Safari/536.5" 116
85.62.218.82 - - [20/Mar/2022:13:20:25] "GET /cart.do?action=view&productId=FS-SG-G03&JSESSIONID=SD0SL7FF8ADFF4960 HTTP 1.1" 200 3452 "http://www.buttercupgames.com/product.screen?productId=FS-SG-G03" "Mozilla/5.0 (Windows NT 6.1; WOW64) AppleWebKit/536.5 (KHTML, like Gecko) Chrome/19.0.1084.46 Safari/536.5" 716
85.62.218.82 - - [20/Mar/2022:13:20:33] "GET /category.screen?categoryId=SPORTS&JSESSIONID=SD0SL7FF8ADFF4960 HTTP 1.1" 200 2052 "http://www.buttercupgames.com/product.screen?productId=CU-PG-G06" "Mozilla/5.0 (Windows NT 6.1; WOW64) AppleWebKit/536.5 (KHTML, like Gecko) Chrome/19.0.1084.46 Safari/536.5" 643
85.62.218.82 - - [20/Mar/2022:13:20:45] "GET /oldlink?&JSESSIONID=SD0SL7FF8ADFF4960 HTTP 1.1" 200 2780 "http://www.buttercupgames.com/category.screen?categoryId=SIMULATION" "Mozilla/5.0 (Windows NT 6.1; WOW64) AppleWebKit/536.5 (KHTML, like Gecko) Chrome/19.0.1084.46 Safari/536.5" 225
85.62.218.82 - - [20/Mar/2022:13:21:06] "POST /oldlink?&JSESSIONID=SD0SL7FF8ADFF4960 HTTP 1.1" 200 3775 "http://www.buttercupgames.com/product.screen?productId=BS-AG-G09" "Mozilla/5.0 (Windows NT 6.1; WOW64) AppleWebKit/536.5 (KHTML, like Gecko) Chrome/19.0.1084.46 Safari/536.5" 941
194.215.205.19 - - [20/Mar/2022:13:23:24] "GET /product.screen?productId=WC-SH-A01&JSESSIONID=SD3SL6FF3ADFF4952 HTTP 1.1" 200 1738 "http://www.buttercupgames.com/category.screen?categoryId=ACCESSORIES" "Mozilla/4.0 (compatible; MSIE 7.0; Windows NT 5.1; .NET CLR 2.0.50727; .NET CLR 3.0.4506.2152; .NET CLR 3.5.30729; .NET4.0C; .NET4.0E; MS-RTC LM 8; InfoPath.1)" 366
194.215.205.19 - - [20/Mar/2022:13:23:29] "POST /cart.do?action=addtocart&productId=WC-SH-A01&JSESSIONID=SD3SL6FF3ADFF4952 HTTP 1.1" 200 337 "http://www.buttercupgames.com/product.screen?productId=WC-SH-A01" "Mozilla/4.0 (compatible; MSIE 7.0; Windows NT 5.1; .NET CLR 2.0.50727; .NET CLR 3.0.4506.2152; .NET CLR 3.5.30729; .NET4.0C; .NET4.0E; MS-RTC LM 8; InfoPath.1)" 354
194.215.205.19 - - [20/Mar/2022:13:23:33] "POST /success.do?action=purchase&categoryId=ACCESSORIES&productId=WC-SH-A01&JSESSIONID=SD3SL6FF3ADFF4952 HTTP 1.1" 200 1217 "http://www.buttercupgames.com/cart.do?action=addtocart&categoryId=ACCESSORIES&productId=WC-SH-A01" "Mozilla/4.0 (compatible; MSIE 7.0; Windows NT 5.1; .NET CLR 2.0.50727; .NET CLR 3.0.4506.2152; .NET CLR 3.5.30729; .NET4.0C; .NET4.0E; MS-RTC LM 8; InfoPath.1)" 627
194.215.205.19 - - [20/Mar/2022:13:23:33] "POST /cart/success.do?JSESSIONID=SD3SL6FF3ADFF4952&productId=WSC-MG-G10 HTTP 1.1" 200 2517 "http://www.buttercupgames.com/cart.do?action=purchase&" "Mozilla/4.0 (compatible; MSIE 7.0; Windows NT 5.1; .NET CLR 2.0.50727; .NET CLR 3.0.4506.2152; .NET CLR 3.5.30729; .NET4.0C; .NET4.0E; MS-RTC LM 8; InfoPath.1)" 923
124.160.192.241 - - [20/Mar/2022:13:25:16] "GET /cart.do?action=changequantity&productId=FI-AG-G08&JSESSIONID=SD8SL3FF7ADFF4952 HTTP 1.1" 200 3739 "http://www.buttercupgames.com" "Mozilla/4.0 (compatible; MSIE 7.0; Windows NT 5.2; .NET CLR 1.1.4322; InfoPath.1; MS-RTC LM 8)" 496
124.160.192.241 - - [20/Mar/2022:13:25:36] "GET /product.screen?productId=SC-MG-G10&JSESSIONID=SD8SL3FF7ADFF4952 HTTP 1.1" 200 2809 "http://www.buttercupgames.com/category.screen?categoryId=SIMULATION" "Mozilla/4.0 (compatible; MSIE 7.0; Windows NT 5.2; .NET CLR 1.1.4322; InfoPath.1; MS-RTC LM 8)" 183
124.160.192.241 - - [20/Mar/2022:13:25:39] "POST /cart.do?action=addtocart&productId=SC-MG-G10&JSESSIONID=SD8SL3FF7ADFF4952 HTTP 1.1" 200 3606 "http://www.buttercupgames.com/product.screen?productId=SC-MG-G10" "Mozilla/4.0 (compatible; MSIE 7.0; Windows NT 5.2; .NET CLR 1.1.4322; InfoPath.1; MS-RTC LM 8)" 217
124.160.192.241 - - [20/Mar/2022:13:25:40] "POST /success.do?action=purchase&categoryId=SIMULATION&productId=SC-MG-G10&JSESSIONID=SD8SL3FF7ADFF4952 HTTP 1.1" 200 2235 "http://www.buttercupgames.com/cart.do?action=addtocart&categoryId=SIMULATION&productId=SC-MG-G10" "Mozilla/4.0 (compatible; MSIE 7.0; Windows NT 5.2; .NET CLR 1.1.4322; InfoPath.1; MS-RTC LM 8)" 616
124.160.192.241 - - [20/Mar/2022:13:25:40] "POST /cart/success.do?JSESSIONID=SD8SL3FF7ADFF4952&productId=WC-SH-G04 HTTP 1.1" 200 1969 "http://www.buttercupgames.com/cart.do?action=purchase&" "Mozilla/4.0 (compatible; MSIE 7.0; Windows NT 5.2; .NET CLR 1.1.4322; InfoPath.1; MS-RTC LM 8)" 646
124.160.192.241 - - [20/Mar/2022:13:25:55] "GET /cart.do?action=view&productId=CU-PG-G06&JSESSIONID=SD8SL3FF7ADFF4952 HTTP 1.1" 200 1735 "http://www.buttercupgames.com/product.screen?productId=CU-PG-G06" "Mozilla/4.0 (compatible; MSIE 7.0; Windows NT 5.2; .NET CLR 1.1.4322; InfoPath.1; MS-RTC LM 8)" 357
124.160.192.241 - - [20/Mar/2022:13:26:11] "GET /cart.do?action=addtocart&productId=MB-AG-T01&JSESSIONID=SD8SL3FF7ADFF4952 HTTP 1.1" 200 3337 "http://www.buttercupgames.com/cart.do?action=addtocart&productId=MB-AG-T01" "Mozilla/4.0 (compatible; MSIE 7.0; Windows NT 5.2; .NET CLR 1.1.4322; InfoPath.1; MS-RTC LM 8)" 477
124.160.192.241 - - [20/Mar/2022:13:26:18] "GET /cart.do?action=view&productId=BS-AG-G09&JSESSIONID=SD8SL3FF7ADFF4952 HTTP 1.1" 200 2575 "http://www.buttercupgames.com/cart.do?action=view&productId=BS-AG-G09" "Mozilla/4.0 (compatible; MSIE 7.0; Windows NT 5.2; .NET CLR 1.1.4322; InfoPath.1; MS-RTC LM 8)" 530
124.160.192.241 - - [20/Mar/2022:13:26:26] "POST /category.screen?categoryId=STRATEGY&JSESSIONID=SD8SL3FF7ADFF4952 HTTP 1.1" 200 3126 "http://www.buttercupgames.com/cart.do?action=remove&productId=PZ-SG-G05" "Mozilla/4.0 (compatible; MSIE 7.0; Windows NT 5.2; .NET CLR 1.1.4322; InfoPath.1; MS-RTC LM 8)" 262
99.61.68.230 - - [20/Mar/2022:13:29:01] "GET /category.screen?categoryId=ACCESSORIES&JSESSIONID=SD7SL8FF10ADFF4953 HTTP 1.1" 200 3939 "http://www.buttercupgames.com" "Mozilla/5.0 (Windows NT 6.1; WOW64) AppleWebKit/536.5 (KHTML, like Gecko) Chrome/19.0.1084.46 Safari/536.5" 235
99.61.68.230 - - [20/Mar/2022:13:29:14] "GET /oldlink?&JSESSIONID=SD7SL8FF10ADFF4953 HTTP 1.1" 200 2555 "http://www.buttercupgames.com/product.screen?productId=WC-SH-G04" "Mozilla/5.0 (Windows NT 6.1; WOW64) AppleWebKit/536.5 (KHTML, like Gecko) Chrome/19.0.1084.46 Safari/536.5" 855
99.61.68.230 - - [20/Mar/2022:13:29:20] "GET /cart.do?action=remove&productId=WC-SH-G04&JSESSIONID=SD7SL8FF10ADFF4953 HTTP 1.1" 200 2142 "http://www.buttercupgames.com/cart.do?action=remove&productId=WC-SH-G04" "Mozilla/5.0 (Windows NT 6.1; WOW64) AppleWebKit/536.5 (KHTML, like Gecko) Chrome/19.0.1084.46 Safari/536.5" 129
212.235.92.150 - - [20/Mar/2022:13:32:12] "GET /oldlink?&JSESSIONID=SD10SL9FF4ADFF4954 HTTP 1.1" 406 1521 "http://www.bing.com" "Mozilla/5.0 (compatible; MSIE 9.0; Windows NT 6.1; WOW64; Trident/5.0; BOIE9;ENUS)" 341
212.235.92.150 - - [20/Mar/2022:13:32:18] "GET /passwords.pdf HTTP 1.1" 200 47251 "https://www.google.com/#q=filetype:pdf+passwords&start=90" "Mozilla/5.0 (compatible; MSIE 9.0; Windows NT 6.1; WOW64; Trident/5.0; BOIE9;ENUS)" 605
212.235.92.150 - - [20/Mar/2022:13:32:33] "GET /category.screen?categoryId=SHOOTER&JSESSIONID=SD10SL9FF4ADFF4954 HTTP 1.1" 200 1726 "http://www.buttercupgames.com/oldlink" "Mozilla/5.0 (compatible; MSIE 9.0; Windows NT 6.1; WOW64; Trident/5.0; BOIE9;ENUS)" 379
212.235.92.150 - - [20/Mar/2022:13:32:48] "POST /product.screen?productId=FS-SG-G03&JSESSIONID=SD10SL9FF4ADFF4954 HTTP 1.1" 200 527 "http://www.buttercupgames.com/product.screen?productId=FS-SG-G03" "Mozilla/5.0 (compatible; MSIE 9.0; Windows NT 6.1; WOW64; Trident/5.0; BOIE9;ENUS)" 277
212.235.92.150 - - [20/Mar/2022:13:33:08] "GET /category.screen?categoryId=NULL&JSESSIONID=SD10SL9FF4ADFF4954 HTTP 1.1" 500 3744 "http://www.buttercupgames.com/category.screen?categoryId=NULL" "Mozilla/5.0 (compatible; MSIE 9.0; Windows NT 6.1; WOW64; Trident/5.0; BOIE9;ENUS)" 494
212.235.92.150 - - [20/Mar/2022:13:33:15] "GET /category.screen?categoryId=ARCADE&JSESSIONID=SD10SL9FF4ADFF4954 HTTP 1.1" 200 2582 "http://www.buttercupgames.com/cart.do?action=view&productId=BS-AG-G09" "Mozilla/5.0 (compatible; MSIE 9.0; Windows NT 6.1; WOW64; Trident/5.0; BOIE9;ENUS)" 980
212.235.92.150 - - [20/Mar/2022:13:33:28] "GET /category.screen?categoryId=SIMULATION&JSESSIONID=SD10SL9FF4ADFF4954 HTTP 1.1" 200 1105 "http://www.buttercupgames.com/oldlink" "Mozilla/5.0 (compatible; MSIE 9.0; Windows NT 6.1; WOW64; Trident/5.0; BOIE9;ENUS)" 308
212.235.92.150 - - [20/Mar/2022:13:33:40] "GET /oldlink?&JSESSIONID=SD10SL9FF4ADFF4954 HTTP 1.1" 200 2954 "http://www.buttercupgames.com/category.screen?categoryId=ARCADE" "Mozilla/5.0 (compatible; MSIE 9.0; Windows NT 6.1; WOW64; Trident/5.0; BOIE9;ENUS)" 322
212.235.92.150 - - [20/Mar/2022:13:33:46] "POST /product.screen?productId=WC-SH-T02&JSESSIONID=SD10SL9FF4ADFF4954 HTTP 1.1" 200 482 "http://www.buttercupgames.com/cart.do?action=view&productId=WC-SH-T02" "Mozilla/5.0 (compatible; MSIE 9.0; Windows NT 6.1; WOW64; Trident/5.0; BOIE9;ENUS)" 963
212.235.92.150 - - [20/Mar/2022:13:33:53] "GET /cart.do?action=view&productId=BS-AG-G09&JSESSIONID=SD10SL9FF4ADFF4954 HTTP 1.1" 200 2553 "http://www.buttercupgames.com/oldlink" "Mozilla/5.0 (compatible; MSIE 9.0; Windows NT 6.1; WOW64; Trident/5.0; BOIE9;ENUS)" 225
212.235.92.150 - - [20/Mar/2022:13:34:03] "GET /category.screen?categoryId=ACCESSORIES&JSESSIONID=SD10SL9FF4ADFF4954 HTTP 1.1" 200 1121 "http://www.buttercupgames.com/oldlink" "Mozilla/5.0 (compatible; MSIE 9.0; Windows NT 6.1; WOW64; Trident/5.0; BOIE9;ENUS)" 290
212.235.92.150 - - [20/Mar/2022:13:34:19] "GET /category.screen?categoryId=SPORTS&JSESSIONID=SD10SL9FF4ADFF4954 HTTP 1.1" 200 2497 "http://www.buttercupgames.com/category.screen?categoryId=SPORTS" "Mozilla/5.0 (compatible; MSIE 9.0; Windows NT 6.1; WOW64; Trident/5.0; BOIE9;ENUS)" 815
86.51.1.2 - - [20/Mar/2022:13:36:00] "POST /category.screen?categoryId=NULL&JSESSIONID=SD2SL1FF8ADFF4959 HTTP 1.1" 406 2881 "http://www.google.com" "Mozilla/5.0 (Windows; U; Windows NT 5.1; en-US; rv:1.9.2.28) Gecko/20120306 YFF3 Firefox/3.6.28 ( .NET CLR 3.5.30729; .NET4.0C)" 936
86.51.1.2 - - [20/Mar/2022:13:36:20] "GET /category.screen?categoryId=STRATEGY&JSESSIONID=SD2SL1FF8ADFF4959 HTTP 1.1" 200 2130 "http://www.buttercupgames.com/cart.do?action=addtocart&productId=PZ-SG-G05" "Mozilla/5.0 (Windows; U; Windows NT 5.1; en-US; rv:1.9.2.28) Gecko/20120306 YFF3 Firefox/3.6.28 ( .NET CLR 3.5.30729; .NET4.0C)" 549
