212.235.92.150 - - [19/Mar/2022:23:23:03] "POST /category.screen?categoryId=SIMULATION&JSESSIONID=SD10SL1FF5ADFF4955 HTTP 1.1" 200 983 "http://www.buttercupgames.com/cart.do?action=addtocart&productId=SC-MG-G10" "Mozilla/4.0 (compatible; MSIE 7.0; Windows NT 5.2; .NET CLR 1.1.4322; InfoPath.1; MS-RTC LM 8)" 667
212.235.92.150 - - [19/Mar/2022:23:23:09] "GET /category.screen?categoryId=TEE&JSESSIONID=SD10SL1FF5ADFF4955 HTTP 1.1" 200 387 "http://www.buttercupgames.com/oldlink" "Mozilla/4.0 (compatible; MSIE 7.0; Windows NT 5.2; .NET CLR 1.1.4322; InfoPath.1; MS-RTC LM 8)" 328
212.235.92.150 - - [19/Mar/2022:23:23:20] "GET /oldlink?&JSESSIONID=SD10SL1FF5ADFF4955 HTTP 1.1" 505 2966 "http://www.buttercupgames.com/oldlink" "Mozilla/4.0 (compatible; MSIE 7.0; Windows NT 5.2; .NET CLR 1.1.4322; InfoPath.1; MS-RTC LM 8)" 192
212.235.92.150 - - [19/Mar/2022:23:23:32] "GET /oldlink?&JSESSIONID=SD10SL1FF5ADFF4955 HTTP 1.1" 200 584 "http://www.buttercupgames.com/category.screen?categoryId=SHOOTER" "Mozilla/4.0 (compatible; MSIE 7.0; Windows NT 5.2; .NET CLR 1.1.4322; InfoPath.1; MS-RTC LM 8)" 816
212.235.92.150 - - [19/Mar/2022:23:23:44] "GET /passwords.pdf HTTP 1.1" 200 47251 "https://www.google.com/#q=filetype:pdf+passwords&start=90" "Mozilla/4.0 (compatible; MSIE 7.0; Windows NT 5.2; .NET CLR 1.1.4322; InfoPath.1; MS-RTC LM 8)" 509
27.102.11.11 - - [19/Mar/2022:23:28:27] "POST /product.screen?productId=MB-AG-T01&JSESSIONID=SD6SL10FF9ADFF4961 HTTP 1.1" 200 2688 "http://www.buttercupgames.com" "Mozilla/5.0 (Windows; U; Windows NT 5.1; en-US; rv:1.9.2.28) Gecko/20120306 YFF3 Firefox/3.6.28 ( .NET CLR 3.5.30729; .NET4.0C)" 800
27.102.11.11 - - [19/Mar/2022:23:28:42] "GET /category.screen?categoryId=SIMULATION&JSESSIONID=SD6SL10FF9ADFF4961 HTTP 1.1" 200 2330 "http://www.buttercupgames.com/cart.do?action=view&productId=SC-MG-G10" "Mozilla/5.0 (Windows; U; Windows NT 5.1; en-US; rv:1.9.2.28) Gecko/20120306 YFF3 Firefox/3.6.28 ( .NET CLR 3.5.30729; .NET4.0C)" 591
27.102.11.11 - - [19/Mar/2022:23:29:47] "GET /search.do?items=2112&JSESSIONID=SD7SL3FF9ADFF4951 HTTP 1.1" 404 1211 "http://www.buttercupgames.com" "Mozilla/5.0 (Windows; U; Windows NT 5.1; en-US; rv:1.9.2.28) Gecko/20120306 YFF3 Firefox/3.6.28 ( .NET CLR 3.5.30729; .NET4.0C)" 180
27.102.11.11 - - [19/Mar/2022:23:30:05] "GET /cart.do?action=view&productId=FI-AG-G08&JSESSIONID=SD7SL3FF9ADFF4951 HTTP 1.1" 200 2451 "http://www.buttercupgames.com/category.screen?categoryId=ARCADE" "Mozilla/5.0 (Windows; U; Windows NT 5.1; en-US; rv:1.9.2.28) Gecko/20120306 YFF3 Firefox/3.6.28 ( .NET CLR 3.5.30729; .NET4.0C)" 390
27.102.11.11 - - [19/Mar/2022:23:30:10] "POST /category.screen?categoryId=ACCESSORIES&JSESSIONID=SD7SL3FF9ADFF4951 HTTP 1.1" 200 1136 "http://www.buttercupgames.com/product.screen?productId=WC-SH-A02" "Mozilla/5.0 (Windows; U; Windows NT 5.1; en-US; rv:1.9.2.28) Gecko/20120306 YFF3 Firefox/3.6.28 ( .NET CLR 3.5.30729; .NET4.0C)" 987
27.102.11.11 - - [19/Mar/2022:23:30:14] "GET /category.screen?categoryId=ACCESSORIES&JSESSIONID=SD7SL3FF9ADFF4951 HTTP 1.1" 200 3178 "http://www.buttercupgames.com/category.screen?categoryId=ACCESSORIES" "Mozilla/5.0 (Windows; U; Windows NT 5.1; en-US; rv:1.9.2.28) Gecko/20120306 YFF3 Firefox/3.6.28 ( .NET CLR 3.5.30729; .NET4.0C)" 447
27.102.11.11 - - [19/Mar/2022:23:30:18] "GET /oldlink?&JSESSIONID=SD7SL3FF9ADFF4951 HTTP 1.1" 200 3983 "http://www.buttercupgames.com/product.screen?productId=PZ-SG-G05" "Mozilla/5.0 (Windows; U; Windows NT 5.1; en-US; rv:1.9.2.28) Gecko/20120306 YFF3 Firefox/3.6.28 ( .NET CLR 3.5.30729; .NET4.0C)" 181
27.102.11.11 - - [19/Mar/2022:23:30:35] "GET /category.screen?categoryId=TEE&JSESSIONID=SD7SL3FF9ADFF4951 HTTP 1.1" 200 3225 "http://www.buttercupgames.com/product.screen?productId=MB-AG-T01" "Mozilla/5.0 (Windows; U; Windows NT 5.1; en-US; rv:1.9.2.28) Gecko/20120306 YFF3 Firefox/3.6.28 ( .NET CLR 3.5.30729; .NET4.0C)" 727
27.102.11.11 - - [19/Mar/2022:23:30:44] "GET /product.screen?productId=WC-SH-A02&JSESSIONID=SD7SL3FF9ADFF4951 HTTP 1.1" 200 1774 "http://www.buttercupgames.com/oldlink" "Mozilla/5.0 (Windows; U; Windows NT 5.1; en-US; rv:1.9.2.28) Gecko/20120306 YFF3 Firefox/3.6.28 ( .NET CLR 3.5.30729; .NET4.0C)" 749
123.196.113.11 - - [19/Mar/2022:23:32:32] "GET /cart.do?action=view&productId=DB-SG-G01&JSESSIONID=SD9SL7FF7ADFF4954 HTTP 1.1" 200 2780 "http://www.google.com" "Mozilla/5.0 (iPad; U; CPU OS 4_3_5 like Mac OS X; en-us) AppleWebKit/533.17.9 (KHTML, like Gecko) Version/5.0.2 Mobile/8L1 Safari/6533.18.5" 533
123.196.113.11 - - [19/Mar/2022:23:32:38] "POST /category.screen?categoryId=SHOOTER&JSESSIONID=SD9SL7FF7ADFF4954 HTTP 1.1" 200 1478 "http://www.buttercupgames.com/category.screen?categoryId=SHOOTER" "Mozilla/5.0 (iPad; U; CPU OS 4_3_5 like Mac OS X; en-us) AppleWebKit/533.17.9 (KHTML, like Gecko) Version/5.0.2 Mobile/8L1 Safari/6533.18.5" 238
86.51.1.2 - - [19/Mar/2022:23:33:24] "POST /oldlink?&JSESSIONID=SD3SL9FF6ADFF4957 HTTP 1.1" 200 3544 "http://www.buttercupgames.com" "Mozilla/5.0 (Windows; U; Windows NT 5.1; en-US; rv:1.9.2.28) Gecko/20120306 YFF3 Firefox/3.6.28 ( .NET CLR 3.5.30729; .NET4.0C)" 420
86.51.1.2 - - [19/Mar/2022:23:33:39] "GET /oldlink?&JSESSIONID=SD3SL9FF6ADFF4957 HTTP 1.1" 200 3629 "http://www.buttercupgames.com/category.screen?categoryId=SHOOTER" "Mozilla/5.0 (Windows; U; Windows NT 5.1; en-US; rv:1.9.2.28) Gecko/20120306 YFF3 Firefox/3.6.28 ( .NET CLR 3.5.30729; .NET4.0C)" 626
86.51.1.2 - - [19/Mar/2022:23:33:47] "GET /cart.do?action=addtocart&productId=SC-MG-G10&JSESSIONID=SD3SL9FF6ADFF4957 HTTP 1.1" 200 3992 "http://www.buttercupgames.com/oldlink" "Mozilla/5.0 (Windows; U; Windows NT 5.1; en-US; rv:1.9.2.28) Gecko/20120306 YFF3 Firefox/3.6.28 ( .NET CLR 3.5.30729; .NET4.0C)" 760
86.51.1.2 - - [19/Mar/2022:23:34:02] "GET /product.screen?productId=MB-AG-G07&JSESSIONID=SD3SL9FF6ADFF4957 HTTP 1.1" 200 2810 "http://www.buttercupgames.com/product.screen?productId=MB-AG-G07" "Mozilla/5.0 (Windows; U; Windows NT 5.1; en-US; rv:1.9.2.28) Gecko/20120306 YFF3 Firefox/3.6.28 ( .NET CLR 3.5.30729; .NET4.0C)" 940
86.51.1.2 - - [19/Mar/2022:23:34:07] "POST /product.screen?productId=FS-SG-G03&JSESSIONID=SD3SL9FF6ADFF4957 HTTP 1.1" 200 3645 "http://www.buttercupgames.com/category.screen?categoryId=STRATEGY" "Mozilla/5.0 (Windows; U; Windows NT 5.1; en-US; rv:1.9.2.28) Gecko/20120306 YFF3 Firefox/3.6.28 ( .NET CLR 3.5.30729; .NET4.0C)" 842
86.51.1.2 - - [19/Mar/2022:23:34:14] "GET /oldlink?&JSESSIONID=SD3SL9FF6ADFF4957 HTTP 1.1" 408 2501 "http://www.buttercupgames.com/cart.do?action=view&" "Mozilla/5.0 (Windows; U; Windows NT 5.1; en-US; rv:1.9.2.28) Gecko/20120306 YFF3 Firefox/3.6.28 ( .NET CLR 3.5.30729; .NET4.0C)" 828
86.51.1.2 - - [19/Mar/2022:23:34:21] "GET /category.screen?categoryId=SIMULATION&JSESSIONID=SD3SL9FF6ADFF4957 HTTP 1.1" 200 1386 "http://www.buttercupgames.com/cart.do?action=remove&productId=SC-MG-G10" "Mozilla/5.0 (Windows; U; Windows NT 5.1; en-US; rv:1.9.2.28) Gecko/20120306 YFF3 Firefox/3.6.28 ( .NET CLR 3.5.30729; .NET4.0C)" 117
27.175.11.11 - - [19/Mar/2022:23:36:57] "GET /category.screen?categoryId=STRATEGY&JSESSIONID=SD3SL8FF6ADFF4956 HTTP 1.1" 200 1906 "http://www.buttercupgames.com" "Mozilla/4.0 (compatible; MSIE 7.0; Windows NT 5.1; .NET CLR 2.0.50727; .NET CLR 3.0.4506.2152; .NET CLR 3.5.30729; InfoPath.1; .NET4.0C; .NET4.0E; MS-RTC LM 8)" 255
27.175.11.11 - - [19/Mar/2022:23:37:12] "GET /oldlink?&JSESSIONID=SD3SL8FF6ADFF4956 HTTP 1.1" 406 635 "http://www.buttercupgames.com/category.screen?categoryId=NULL" "Mozilla/4.0 (compatible; MSIE 7.0; Windows NT 5.1; .NET CLR 2.0.50727; .NET CLR 3.0.4506.2152; .NET CLR 3.5.30729; InfoPath.1; .NET4.0C; .NET4.0E; MS-RTC LM 8)" 908
27.175.11.11 - - [19/Mar/2022:23:37:25] "GET /oldlink?&JSESSIONID=SD3SL8FF6ADFF4956 HTTP 1.1" 200 2477 "http://www.buttercupgames.com/oldlink" "Mozilla/4.0 (compatible; MSIE 7.0; Windows NT 5.1; .NET CLR 2.0.50727; .NET CLR 3.0.4506.2152; .NET CLR 3.5.30729; InfoPath.1; .NET4.0C; .NET4.0E; MS-RTC LM 8)" 904
27.175.11.11 - - [19/Mar/2022:23:37:42] "GET /oldlink?&JSESSIONID=SD3SL8FF6ADFF4956 HTTP 1.1" 200 1818 "http://www.buttercupgames.com/product.screen?productId=FS-SG-G03" "Mozilla/4.0 (compatible; MSIE 7.0; Windows NT 5.1; .NET CLR 2.0.50727; .NET CLR 3.0.4506.2152; .NET CLR 3.5.30729; InfoPath.1; .NET4.0C; .NET4.0E; MS-RTC LM 8)" 161
194.215.205.19 - - [19/Mar/2022:23:37:47] "GET /cart.do?action=view&productId=MB-AG-T01&JSESSIONID=SD8SL6FF4ADFF4961 HTTP 1.1" 200 2848 "http://www.bing.com" "Mozilla/5.0 (Windows NT 6.1; WOW64) AppleWebKit/536.5 (KHTML, like Gecko) Chrome/19.0.1084.46 Safari/536.5" 106
194.215.205.19 - - [19/Mar/2022:23:37:55] "GET /category.screen?categoryId=SHOOTER&JSESSIONID=SD8SL6FF4ADFF4961 HTTP 1.1" 200 291 "http://www.buttercupgames.com/cart.do?action=addtocart&productId=WC-SH-G04" "Mozilla/5.0 (Windows NT 6.1; WOW64) AppleWebKit/536.5 (KHTML, like Gecko) Chrome/19.0.1084.46 Safari/536.5" 319
27.175.11.11 - - [19/Mar/2022:23:38:01] "GET /category.screen?categoryId=ARCADE&JSESSIONID=SD3SL8FF6ADFF4956 HTTP 1.1" 200 1436 "http://www.buttercupgames.com/category.screen?categoryId=ARCADE" "Mozilla/4.0 (compatible; MSIE 7.0; Windows NT 5.1; .NET CLR 2.0.50727; .NET CLR 3.0.4506.2152; .NET CLR 3.5.30729; InfoPath.1; .NET4.0C; .NET4.0E; MS-RTC LM 8)" 914
194.215.205.19 - - [19/Mar/2022:23:38:09] "GET /cart.do?action=view&productId=MB-AG-T01&JSESSIONID=SD8SL6FF4ADFF4961 HTTP 1.1" 200 2876 "http://www.buttercupgames.com/product.screen?productId=MB-AG-T01" "Mozilla/5.0 (Windows NT 6.1; WOW64) AppleWebKit/536.5 (KHTML, like Gecko) Chrome/19.0.1084.46 Safari/536.5" 308
194.215.205.19 - - [19/Mar/2022:23:38:16] "POST /category.screen?categoryId=ACCESSORIES&JSESSIONID=SD8SL6FF4ADFF4961 HTTP 1.1" 200 3605 "http://www.buttercupgames.com/cart.do?action=addtocart&productId=WC-SH-A01" "Mozilla/5.0 (Windows NT 6.1; WOW64) AppleWebKit/536.5 (KHTML, like Gecko) Chrome/19.0.1084.46 Safari/536.5" 706
194.215.205.19 - - [19/Mar/2022:23:38:32] "GET /product.screen?productId=SC-MG-G10&JSESSIONID=SD8SL6FF4ADFF4961 HTTP 1.1" 200 2049 "http://www.buttercupgames.com/product.screen?productId=SC-MG-G10" "Mozilla/5.0 (Windows NT 6.1; WOW64) AppleWebKit/536.5 (KHTML, like Gecko) Chrome/19.0.1084.46 Safari/536.5" 258
194.215.205.19 - - [19/Mar/2022:23:38:47] "GET /product.screen?productId=WC-SH-A02&JSESSIONID=SD8SL6FF4ADFF4961 HTTP 1.1" 200 1045 "http://www.buttercupgames.com/category.screen?categoryId=ACCESSORIES" "Mozilla/5.0 (Windows NT 6.1; WOW64) AppleWebKit/536.5 (KHTML, like Gecko) Chrome/19.0.1084.46 Safari/536.5" 797
194.215.205.19 - - [19/Mar/2022:23:38:52] "POST /cart.do?action=addtocart&productId=WC-SH-A02&JSESSIONID=SD8SL6FF4ADFF4961 HTTP 1.1" 200 1604 "http://www.buttercupgames.com/product.screen?productId=WC-SH-A02" "Mozilla/5.0 (Windows NT 6.1; WOW64) AppleWebKit/536.5 (KHTML, like Gecko) Chrome/19.0.1084.46 Safari/536.5" 933
194.215.205.19 - - [19/Mar/2022:23:38:53] "POST /success.do?action=purchase&categoryId=ACCESSORIES&productId=WC-SH-A02&JSESSIONID=SD8SL6FF4ADFF4961 HTTP 1.1" 503 3089 "http://www.buttercupgames.com/cart.do?action=addtocart&categoryId=ACCESSORIES&productId=WC-SH-A02" "Mozilla/5.0 (Windows NT 6.1; WOW64) AppleWebKit/536.5 (KHTML, like Gecko) Chrome/19.0.1084.46 Safari/536.5" 386
86.9.190.90 - - [19/Mar/2022:23:41:13] "POST /cart.do?action=addtocart&JSESSIONID=SD8SL2FF3ADFF4961 HTTP 1.1" 406 1872 "http://www.google.com" "Mozilla/5.0 (iPad; CPU OS 5_1_1 like Mac OS X) AppleWebKit/534.46 (KHTML, like Gecko) Version/5.1 Mobile/9B206 Safari/7534.48.3" 314
86.9.190.90 - - [19/Mar/2022:23:41:28] "POST /product.screen?productId=CU-PG-G06&JSESSIONID=SD8SL2FF3ADFF4961 HTTP 1.1" 200 2360 "http://www.buttercupgames.com/oldlink" "Mozilla/5.0 (iPad; CPU OS 5_1_1 like Mac OS X) AppleWebKit/534.46 (KHTML, like Gecko) Version/5.1 Mobile/9B206 Safari/7534.48.3" 837
86.9.190.90 - - [19/Mar/2022:23:41:46] "POST /hidden/anna_nicole.html?JSESSIONID=SD8SL2FF3ADFF4961 HTTP 1.1" 404 1672 "http://www.buttercupgames.com/product.screen?productId=SF-BVS-01" "Mozilla/5.0 (iPad; CPU OS 5_1_1 like Mac OS X) AppleWebKit/534.46 (KHTML, like Gecko) Version/5.1 Mobile/9B206 Safari/7534.48.3" 336
86.9.190.90 - - [19/Mar/2022:23:42:05] "GET /oldlink?&JSESSIONID=SD8SL2FF3ADFF4961 HTTP 1.1" 200 496 "http://www.buttercupgames.com/oldlink" "Mozilla/5.0 (iPad; CPU OS 5_1_1 like Mac OS X) AppleWebKit/534.46 (KHTML, like Gecko) Version/5.1 Mobile/9B206 Safari/7534.48.3" 159
86.9.190.90 - - [19/Mar/2022:23:42:22] "GET /category.screen?categoryId=STRATEGY&JSESSIONID=SD8SL2FF3ADFF4961 HTTP 1.1" 200 3220 "http://www.buttercupgames.com/oldlink" "Mozilla/5.0 (iPad; CPU OS 5_1_1 like Mac OS X) AppleWebKit/534.46 (KHTML, like Gecko) Version/5.1 Mobile/9B206 Safari/7534.48.3" 802
86.9.190.90 - - [19/Mar/2022:23:42:38] "GET /cart.do?action=view&JSESSIONID=SD8SL2FF3ADFF4961 HTTP 1.1" 406 3551 "http://www.buttercupgames.com/oldlink" "Mozilla/5.0 (iPad; CPU OS 5_1_1 like Mac OS X) AppleWebKit/534.46 (KHTML, like Gecko) Version/5.1 Mobile/9B206 Safari/7534.48.3" 617
86.9.190.90 - - [19/Mar/2022:23:42:50] "POST /cart.do?action=remove&productId=PZ-SG-G05&JSESSIONID=SD8SL2FF3ADFF4961 HTTP 1.1" 200 1628 "http://www.buttercupgames.com/oldlink" "Mozilla/5.0 (iPad; CPU OS 5_1_1 like Mac OS X) AppleWebKit/534.46 (KHTML, like Gecko) Version/5.1 Mobile/9B206 Safari/7534.48.3" 208
211.166.11.101 - - [19/Mar/2022:23:45:18] "GET /product.screen?productId=SF-BVS-01&JSESSIONID=SD5SL1FF10ADFF4963 HTTP 1.1" 500 1361 "http://www.google.com" "Mozilla/5.0 (Windows; U; Windows NT 5.1; en-US; rv:1.9.2.28) Gecko/20120306 YFF3 Firefox/3.6.28 ( .NET CLR 3.5.30729; .NET4.0C)" 145
211.166.11.101 - - [19/Mar/2022:23:45:31] "POST /category.screen?categoryId=ACCESSORIES&JSESSIONID=SD5SL1FF10ADFF4963 HTTP 1.1" 200 1039 "http://www.buttercupgames.com/category.screen?categoryId=ACCESSORIES" "Mozilla/5.0 (Windows; U; Windows NT 5.1; en-US; rv:1.9.2.28) Gecko/20120306 YFF3 Firefox/3.6.28 ( .NET CLR 3.5.30729; .NET4.0C)" 553
65.19.167.94 - - [19/Mar/2022:23:47:07] "POST /category.screen?categoryId=SIMULATION&JSESSIONID=SD5SL3FF5ADFF4962 HTTP 1.1" 200 381 "http://www.google.com" "Mozilla/5.0 (Windows NT 6.1; WOW64) AppleWebKit/536.5 (KHTML, like Gecko) Chrome/19.0.1084.46 Safari/536.5" 810
65.19.167.94 - - [19/Mar/2022:23:47:21] "GET /product.screen?productId=SC-MG-G10&JSESSIONID=SD5SL3FF5ADFF4962 HTTP 1.1" 200 3797 "http://www.buttercupgames.com/cart.do?action=changequantity&productId=SC-MG-G10" "Mozilla/5.0 (Windows NT 6.1; WOW64) AppleWebKit/536.5 (KHTML, like Gecko) Chrome/19.0.1084.46 Safari/536.5" 752
65.19.167.94 - - [19/Mar/2022:23:47:28] "GET /oldlink?&JSESSIONID=SD5SL3FF5ADFF4962 HTTP 1.1" 200 1690 "http://www.buttercupgames.com/cart.do?action=remove&productId=MB-AG-T01" "Mozilla/5.0 (Windows NT 6.1; WOW64) AppleWebKit/536.5 (KHTML, like Gecko) Chrome/19.0.1084.46 Safari/536.5" 815
65.19.167.94 - - [19/Mar/2022:23:47:41] "GET /product.screen?productId=WC-SH-A01&JSESSIONID=SD5SL3FF5ADFF4962 HTTP 1.1" 200 1799 "http://www.buttercupgames.com/oldlink" "Mozilla/5.0 (Windows NT 6.1; WOW64) AppleWebKit/536.5 (KHTML, like Gecko) Chrome/19.0.1084.46 Safari/536.5" 800
65.19.167.94 - - [19/Mar/2022:23:47:58] "GET /product.screen?productId=WC-SH-A01&JSESSIONID=SD5SL3FF5ADFF4962 HTTP 1.1" 200 3670 "http://www.buttercupgames.com/cart.do?action=addtocart&productId=WC-SH-A01" "Mozilla/5.0 (Windows NT 6.1; WOW64) AppleWebKit/536.5 (KHTML, like Gecko) Chrome/19.0.1084.46 Safari/536.5" 988
65.19.167.94 - - [19/Mar/2022:23:48:12] "POST /category.screen?categoryId=STRATEGY&JSESSIONID=SD5SL3FF5ADFF4962 HTTP 1.1" 200 2921 "http://www.buttercupgames.com/category.screen?categoryId=STRATEGY" "Mozilla/5.0 (Windows NT 6.1; WOW64) AppleWebKit/536.5 (KHTML, like Gecko) Chrome/19.0.1084.46 Safari/536.5" 383
65.19.167.94 - - [19/Mar/2022:23:48:19] "GET /oldlink?&JSESSIONID=SD5SL3FF5ADFF4962 HTTP 1.1" 200 957 "http://www.buttercupgames.com/cart.do?action=view&productId=MB-AG-T01" "Mozilla/5.0 (Windows NT 6.1; WOW64) AppleWebKit/536.5 (KHTML, like Gecko) Chrome/19.0.1084.46 Safari/536.5" 262
65.19.167.94 - - [19/Mar/2022:23:48:37] "GET /cart.do?action=view&productId=FS-SG-G03&JSESSIONID=SD5SL3FF5ADFF4962 HTTP 1.1" 200 2874 "http://www.buttercupgames.com/product.screen?productId=FS-SG-G03" "Mozilla/5.0 (Windows NT 6.1; WOW64) AppleWebKit/536.5 (KHTML, like Gecko) Chrome/19.0.1084.46 Safari/536.5" 612
65.19.167.94 - - [19/Mar/2022:23:48:54] "GET /category.screen?categoryId=TEE&JSESSIONID=SD5SL3FF5ADFF4962 HTTP 1.1" 200 1077 "http://www.buttercupgames.com/product.screen?productId=MB-AG-T01" "Mozilla/5.0 (Windows NT 6.1; WOW64) AppleWebKit/536.5 (KHTML, like Gecko) Chrome/19.0.1084.46 Safari/536.5" 799
65.19.167.94 - - [19/Mar/2022:23:49:10] "GET /category.screen?categoryId=ACCESSORIES&JSESSIONID=SD5SL3FF5ADFF4962 HTTP 1.1" 200 552 "http://www.buttercupgames.com/oldlink" "Mozilla/5.0 (Windows NT 6.1; WOW64) AppleWebKit/536.5 (KHTML, like Gecko) Chrome/19.0.1084.46 Safari/536.5" 749
65.19.167.94 - - [19/Mar/2022:23:49:29] "GET /product.screen?productId=DB-SG-G01&JSESSIONID=SD5SL3FF5ADFF4962 HTTP 1.1" 200 470 "http://www.buttercupgames.com/category.screen?categoryId=STRATEGY" "Mozilla/5.0 (Windows NT 6.1; WOW64) AppleWebKit/536.5 (KHTML, like Gecko) Chrome/19.0.1084.46 Safari/536.5" 663
65.19.167.94 - - [19/Mar/2022:23:49:31] "POST /cart.do?action=addtocart&productId=DB-SG-G01&JSESSIONID=SD5SL3FF5ADFF4962 HTTP 1.1" 200 3400 "http://www.buttercupgames.com/product.screen?productId=DB-SG-G01" "Mozilla/5.0 (Windows NT 6.1; WOW64) AppleWebKit/536.5 (KHTML, like Gecko) Chrome/19.0.1084.46 Safari/536.5" 646
65.19.167.94 - - [19/Mar/2022:23:49:32] "POST /success.do?action=purchase&categoryId=STRATEGY&productId=DB-SG-G01&JSESSIONID=SD5SL3FF5ADFF4962 HTTP 1.1" 503 3836 "http://www.buttercupgames.com/cart.do?action=addtocart&categoryId=STRATEGY&productId=DB-SG-G01" "Mozilla/5.0 (Windows NT 6.1; WOW64) AppleWebKit/536.5 (KHTML, like Gecko) Chrome/19.0.1084.46 Safari/536.5" 970
91.214.92.22 - - [19/Mar/2022:23:50:52] "GET /oldlink?&JSESSIONID=SD1SL4FF6ADFF4950 HTTP 1.1" 200 2179 "http://www.google.com" "Mozilla/5.0 (Macintosh; Intel Mac OS X 10_7_4) AppleWebKit/536.5 (KHTML, like Gecko) Chrome/19.0.1084.46 Safari/536.5" 491
111.161.27.20 - - [19/Mar/2022:23:51:06] "GET /product.screen?productId=PZ-SG-G05&JSESSIONID=SD3SL4FF4ADFF4956 HTTP 1.1" 200 1426 "http://www.google.com" "Mozilla/5.0 (Windows; U; Windows NT 5.1; en-US; rv:1.9.2.28) Gecko/20120306 YFF3 Firefox/3.6.28 ( .NET CLR 3.5.30729; .NET4.0C)" 722
111.161.27.20 - - [19/Mar/2022:23:51:24] "POST /product.screen?productId=WC-SH-A01&JSESSIONID=SD3SL4FF4ADFF4956 HTTP 1.1" 200 2967 "http://www.buttercupgames.com/oldlink" "Mozilla/5.0 (Windows; U; Windows NT 5.1; en-US; rv:1.9.2.28) Gecko/20120306 YFF3 Firefox/3.6.28 ( .NET CLR 3.5.30729; .NET4.0C)" 257
111.161.27.20 - - [19/Mar/2022:23:51:41] "GET /cart.do?action=view&productId=PZ-SG-G05&JSESSIONID=SD3SL4FF4ADFF4956 HTTP 1.1" 200 1659 "http://www.buttercupgames.com/oldlink" "Mozilla/5.0 (Windows; U; Windows NT 5.1; en-US; rv:1.9.2.28) Gecko/20120306 YFF3 Firefox/3.6.28 ( .NET CLR 3.5.30729; .NET4.0C)" 670
111.161.27.20 - - [19/Mar/2022:23:51:50] "POST /category.screen?categoryId=TEE&JSESSIONID=SD3SL4FF4ADFF4956 HTTP 1.1" 200 2433 "http://www.buttercupgames.com/product.screen?productId=MB-AG-T01" "Mozilla/5.0 (Windows; U; Windows NT 5.1; en-US; rv:1.9.2.28) Gecko/20120306 YFF3 Firefox/3.6.28 ( .NET CLR 3.5.30729; .NET4.0C)" 637
128.241.220.82 - - [19/Mar/2022:23:56:18] "GET /category.screen?categoryId=STRATEGY&JSESSIONID=SD10SL9FF5ADFF4964 HTTP 1.1" 200 3789 "http://www.google.com" "Mozilla/5.0 (Macintosh; Intel Mac OS X 10_6_8) AppleWebKit/534.55.3 (KHTML, like Gecko) Version/5.1.5 Safari/534.55.3" 301
64.66.0.20 - - [19/Mar/2022:23:57:18] "POST /product.screen?productId=WC-SH-A02&JSESSIONID=SD6SL2FF7ADFF4950 HTTP 1.1" 200 1219 "http://www.buttercupgames.com" "Mozilla/5.0 (compatible; YandexBot/3.0; +http://yandex.com/bots)" 952
64.66.0.20 - - [19/Mar/2022:23:57:29] "GET /cart.do?action=addtocart&productId=WC-SH-A01&JSESSIONID=SD6SL2FF7ADFF4950 HTTP 1.1" 200 3836 "http://www.buttercupgames.com/product.screen?productId=WC-SH-A01" "Mozilla/5.0 (compatible; YandexBot/3.0; +http://yandex.com/bots)" 658
59.36.99.70 - - [19/Mar/2022:00:01:46] "POST /oldlink?&JSESSIONID=SD8SL3FF5ADFF4958 HTTP 1.1" 200 2119 "http://www.buttercupgames.com" "Mozilla/4.0 (compatible; MSIE 7.0; Windows NT 5.1; Trident/4.0; .NET CLR 2.0.50727; MS-RTC LM 8; InfoPath.2)" 850
59.36.99.70 - - [19/Mar/2022:00:01:55] "POST /oldlink?&JSESSIONID=SD8SL3FF5ADFF4958 HTTP 1.1" 200 3626 "http://www.buttercupgames.com/oldlink" "Mozilla/4.0 (compatible; MSIE 7.0; Windows NT 5.1; Trident/4.0; .NET CLR 2.0.50727; MS-RTC LM 8; InfoPath.2)" 535
74.208.173.14 - - [19/Mar/2022:00:02:01] "GET /cart.do?action=changequantity&productId=FS-SG-G03&JSESSIONID=SD2SL6FF5ADFF4958 HTTP 1.1" 200 2773 "http://www.buttercupgames.com" "Mozilla/5.0 (Windows NT 6.1; WOW64) AppleWebKit/536.5 (KHTML, like Gecko) Chrome/19.0.1084.46 Safari/536.5" 808
59.36.99.70 - - [19/Mar/2022:00:02:09] "GET /product.screen?productId=WC-SH-A02&JSESSIONID=SD8SL3FF5ADFF4958 HTTP 1.1" 200 2399 "http://www.buttercupgames.com/oldlink" "Mozilla/4.0 (compatible; MSIE 7.0; Windows NT 5.1; Trident/4.0; .NET CLR 2.0.50727; MS-RTC LM 8; InfoPath.2)" 359
74.208.173.14 - - [19/Mar/2022:00:02:11] "POST /category.screen?categoryId=STRATEGY&JSESSIONID=SD2SL6FF5ADFF4958 HTTP 1.1" 200 1018 "http://www.buttercupgames.com/product.screen?productId=FS-SG-G03" "Mozilla/5.0 (Windows NT 6.1; WOW64) AppleWebKit/536.5 (KHTML, like Gecko) Chrome/19.0.1084.46 Safari/536.5" 836
59.36.99.70 - - [19/Mar/2022:00:02:14] "GET /product.screen?productId=MB-AG-T01&JSESSIONID=SD8SL3FF5ADFF4958 HTTP 1.1" 200 2134 "http://www.buttercupgames.com/category.screen?categoryId=TEE" "Mozilla/4.0 (compatible; MSIE 7.0; Windows NT 5.1; Trident/4.0; .NET CLR 2.0.50727; MS-RTC LM 8; InfoPath.2)" 527
74.208.173.14 - - [19/Mar/2022:00:02:16] "GET /oldlink?&JSESSIONID=SD2SL6FF5ADFF4958 HTTP 1.1" 503 3550 "http://www.buttercupgames.com/cart.do?action=purchase&" "Mozilla/5.0 (Windows NT 6.1; WOW64) AppleWebKit/536.5 (KHTML, like Gecko) Chrome/19.0.1084.46 Safari/536.5" 395
59.36.99.70 - - [19/Mar/2022:00:02:19] "POST /cart.do?action=addtocart&productId=MB-AG-T01&JSESSIONID=SD8SL3FF5ADFF4958 HTTP 1.1" 200 3493 "http://www.buttercupgames.com/product.screen?productId=MB-AG-T01" "Mozilla/4.0 (compatible; MSIE 7.0; Windows NT 5.1; Trident/4.0; .NET CLR 2.0.50727; MS-RTC LM 8; InfoPath.2)" 695
59.36.99.70 - - [19/Mar/2022:00:02:23] "POST /success.do?action=purchase&categoryId=TEE&productId=MB-AG-T01&JSESSIONID=SD8SL3FF5ADFF4958 HTTP 1.1" 200 3690 "http://www.buttercupgames.com/cart.do?action=addtocart&categoryId=TEE&productId=MB-AG-T01" "Mozilla/4.0 (compatible; MSIE 7.0; Windows NT 5.1; Trident/4.0; .NET CLR 2.0.50727; MS-RTC LM 8; InfoPath.2)" 103
59.36.99.70 - - [19/Mar/2022:00:02:23] "POST /cart/success.do?JSESSIONID=SD8SL3FF5ADFF4958&productId=WC-SH-A02 HTTP 1.1" 200 1224 "http://www.buttercupgames.com/cart.do?action=purchase&" "Mozilla/4.0 (compatible; MSIE 7.0; Windows NT 5.1; Trident/4.0; .NET CLR 2.0.50727; MS-RTC LM 8; InfoPath.2)" 200
59.36.99.70 - - [19/Mar/2022:00:02:29] "POST /product.screen?productId=SF-BVS-01&JSESSIONID=SD8SL3FF5ADFF4958 HTTP 1.1" 500 3649 "http://www.buttercupgames.com/cart.do?action=view&" "Mozilla/4.0 (compatible; MSIE 7.0; Windows NT 5.1; Trident/4.0; .NET CLR 2.0.50727; MS-RTC LM 8; InfoPath.2)" 173
69.80.0.18 - - [19/Mar/2022:00:07:29] "GET /numa/numa.html?JSESSIONID=SD3SL4FF2ADFF4966 HTTP 1.1" 404 3560 "http://www.yahoo.com" "Mozilla/4.0 (compatible; MSIE 7.0; Windows NT 5.2; .NET CLR 1.1.4322; InfoPath.1; MS-RTC LM 8)" 286
69.80.0.18 - - [19/Mar/2022:00:07:41] "GET /product.screen?productId=FS-SG-G03&JSESSIONID=SD3SL4FF2ADFF4966 HTTP 1.1" 200 1576 "http://www.buttercupgames.com/cart.do?action=addtocart&productId=FS-SG-G03" "Mozilla/4.0 (compatible; MSIE 7.0; Windows NT 5.2; .NET CLR 1.1.4322; InfoPath.1; MS-RTC LM 8)" 780
69.80.0.18 - - [19/Mar/2022:00:07:55] "GET /cart.do?action=addtocart&productId=DC-SG-G02&JSESSIONID=SD3SL4FF2ADFF4966 HTTP 1.1" 200 278 "http://www.buttercupgames.com/category.screen?categoryId=STRATEGY" "Mozilla/4.0 (compatible; MSIE 7.0; Windows NT 5.2; .NET CLR 1.1.4322; InfoPath.1; MS-RTC LM 8)" 899
69.80.0.18 - - [19/Mar/2022:00:08:11] "GET /product.screen?productId=DB-SG-G01&JSESSIONID=SD3SL4FF2ADFF4966 HTTP 1.1" 200 2676 "http://www.buttercupgames.com/category.screen?categoryId=STRATEGY" "Mozilla/4.0 (compatible; MSIE 7.0; Windows NT 5.2; .NET CLR 1.1.4322; InfoPath.1; MS-RTC LM 8)" 923
69.80.0.18 - - [19/Mar/2022:00:08:12] "POST /cart.do?action=addtocart&productId=DB-SG-G01&JSESSIONID=SD3SL4FF2ADFF4966 HTTP 1.1" 200 731 "http://www.buttercupgames.com/product.screen?productId=DB-SG-G01" "Mozilla/4.0 (compatible; MSIE 7.0; Windows NT 5.2; .NET CLR 1.1.4322; InfoPath.1; MS-RTC LM 8)" 323
69.80.0.18 - - [19/Mar/2022:00:08:16] "POST /success.do?action=purchase&categoryId=STRATEGY&productId=DB-SG-G01&JSESSIONID=SD3SL4FF2ADFF4966 HTTP 1.1" 200 2495 "http://www.buttercupgames.com/cart.do?action=addtocart&categoryId=STRATEGY&productId=DB-SG-G01" "Mozilla/4.0 (compatible; MSIE 7.0; Windows NT 5.2; .NET CLR 1.1.4322; InfoPath.1; MS-RTC LM 8)" 815
69.80.0.18 - - [19/Mar/2022:00:08:16] "POST /cart/success.do?JSESSIONID=SD3SL4FF2ADFF4966&productId=WC-SH-A02 HTTP 1.1" 200 2133 "http://www.buttercupgames.com/cart.do?action=purchase&" "Mozilla/4.0 (compatible; MSIE 7.0; Windows NT 5.2; .NET CLR 1.1.4322; InfoPath.1; MS-RTC LM 8)" 390
69.80.0.18 - - [19/Mar/2022:00:08:23] "GET /product.screen?productId=SF-BVS-01&JSESSIONID=SD3SL4FF2ADFF4966 HTTP 1.1" 404 2022 "http://www.buttercupgames.com/product.screen?productId=SF-BVS-01" "Mozilla/4.0 (compatible; MSIE 7.0; Windows NT 5.2; .NET CLR 1.1.4322; InfoPath.1; MS-RTC LM 8)" 754
222.41.213.238 - - [19/Mar/2022:00:08:24] "GET /category.screen?categoryId=ARCADE&JSESSIONID=SD8SL10FF6ADFF4965 HTTP 1.1" 200 2977 "http://www.buttercupgames.com" "Mozilla/5.0 (Windows; U; Windows NT 5.1; en-US; rv:1.9.2.28) Gecko/20120306 YFF3 Firefox/3.6.28 ( .NET CLR 3.5.30729; .NET4.0C)" 965
222.41.213.238 - - [19/Mar/2022:00:08:35] "GET /product.screen?productId=FI-AG-G08&JSESSIONID=SD8SL10FF6ADFF4965 HTTP 1.1" 200 2702 "http://www.buttercupgames.com/oldlink" "Mozilla/5.0 (Windows; U; Windows NT 5.1; en-US; rv:1.9.2.28) Gecko/20120306 YFF3 Firefox/3.6.28 ( .NET CLR 3.5.30729; .NET4.0C)" 225
69.80.0.18 - - [19/Mar/2022:00:08:37] "POST /category.screen?categoryId=ARCADE&JSESSIONID=SD3SL4FF2ADFF4966 HTTP 1.1" 200 2108 "http://www.buttercupgames.com/cart.do?action=addtocart&productId=MB-AG-G07" "Mozilla/4.0 (compatible; MSIE 7.0; Windows NT 5.2; .NET CLR 1.1.4322; InfoPath.1; MS-RTC LM 8)" 868
222.41.213.238 - - [19/Mar/2022:00:08:48] "GET /oldlink?&JSESSIONID=SD8SL10FF6ADFF4965 HTTP 1.1" 200 3898 "http://www.buttercupgames.com/cart.do?action=addtocart&productId=MB-AG-T01" "Mozilla/5.0 (Windows; U; Windows NT 5.1; en-US; rv:1.9.2.28) Gecko/20120306 YFF3 Firefox/3.6.28 ( .NET CLR 3.5.30729; .NET4.0C)" 464
222.41.213.238 - - [19/Mar/2022:00:08:51] "GET /product.screen?productId=CU-PG-G06&JSESSIONID=SD8SL10FF6ADFF4965 HTTP 1.1" 200 1906 "http://www.buttercupgames.com/oldlink" "Mozilla/5.0 (Windows; U; Windows NT 5.1; en-US; rv:1.9.2.28) Gecko/20120306 YFF3 Firefox/3.6.28 ( .NET CLR 3.5.30729; .NET4.0C)" 869
69.80.0.18 - - [19/Mar/2022:00:08:53] "GET /oldlink?&JSESSIONID=SD3SL4FF2ADFF4966 HTTP 1.1" 200 3426 "http://www.buttercupgames.com/oldlink" "Mozilla/4.0 (compatible; MSIE 7.0; Windows NT 5.2; .NET CLR 1.1.4322; InfoPath.1; MS-RTC LM 8)" 772
69.80.0.18 - - [19/Mar/2022:00:09:05] "GET /oldlink?&JSESSIONID=SD3SL4FF2ADFF4966 HTTP 1.1" 200 3956 "http://www.buttercupgames.com/category.screen?categoryId=ARCADE" "Mozilla/4.0 (compatible; MSIE 7.0; Windows NT 5.2; .NET CLR 1.1.4322; InfoPath.1; MS-RTC LM 8)" 318
222.41.213.238 - - [19/Mar/2022:00:09:06] "GET /oldlink?&JSESSIONID=SD8SL10FF6ADFF4965 HTTP 1.1" 200 1458 "http://www.buttercupgames.com/category.screen?categoryId=ACCESSORIES" "Mozilla/5.0 (Windows; U; Windows NT 5.1; en-US; rv:1.9.2.28) Gecko/20120306 YFF3 Firefox/3.6.28 ( .NET CLR 3.5.30729; .NET4.0C)" 391
69.80.0.18 - - [19/Mar/2022:00:09:11] "GET /cart.do?action=view&productId=WC-SH-G04&JSESSIONID=SD3SL4FF2ADFF4966 HTTP 1.1" 200 1295 "http://www.buttercupgames.com/cart.do?action=view&productId=WC-SH-G04" "Mozilla/4.0 (compatible; MSIE 7.0; Windows NT 5.2; .NET CLR 1.1.4322; InfoPath.1; MS-RTC LM 8)" 255
222.41.213.238 - - [19/Mar/2022:00:09:24] "GET /oldlink?&JSESSIONID=SD8SL10FF6ADFF4965 HTTP 1.1" 200 2063 "http://www.buttercupgames.com/product.screen?productId=WC-SH-G04" "Mozilla/5.0 (Windows; U; Windows NT 5.1; en-US; rv:1.9.2.28) Gecko/20120306 YFF3 Firefox/3.6.28 ( .NET CLR 3.5.30729; .NET4.0C)" 412
69.80.0.18 - - [19/Mar/2022:00:09:25] "GET /oldlink?&JSESSIONID=SD3SL4FF2ADFF4966 HTTP 1.1" 200 935 "http://www.buttercupgames.com/product.screen?productId=DC-SG-G02" "Mozilla/4.0 (compatible; MSIE 7.0; Windows NT 5.2; .NET CLR 1.1.4322; InfoPath.1; MS-RTC LM 8)" 414
222.41.213.238 - - [19/Mar/2022:00:09:39] "GET /product.screen?productId=CU-PG-G06&JSESSIONID=SD8SL10FF6ADFF4965 HTTP 1.1" 200 1101 "http://www.buttercupgames.com/category.screen?categoryId=SPORTS" "Mozilla/5.0 (Windows; U; Windows NT 5.1; en-US; rv:1.9.2.28) Gecko/20120306 YFF3 Firefox/3.6.28 ( .NET CLR 3.5.30729; .NET4.0C)" 272
69.80.0.18 - - [19/Mar/2022:00:09:42] "GET /product.screen?productId=WC-SH-G04&JSESSIONID=SD3SL4FF2ADFF4966 HTTP 1.1" 200 2176 "http://www.buttercupgames.com/cart.do?action=addtocart&productId=WC-SH-G04" "Mozilla/4.0 (compatible; MSIE 7.0; Windows NT 5.2; .NET CLR 1.1.4322; InfoPath.1; MS-RTC LM 8)" 825
69.80.0.18 - - [19/Mar/2022:00:09:50] "GET /category.screen?categoryId=TEE&JSESSIONID=SD3SL4FF2ADFF4966 HTTP 1.1" 200 1777 "http://www.buttercupgames.com/product.screen?productId=MB-AG-T01" "Mozilla/4.0 (compatible; MSIE 7.0; Windows NT 5.2; .NET CLR 1.1.4322; InfoPath.1; MS-RTC LM 8)" 387
222.41.213.238 - - [19/Mar/2022:00:09:56] "GET /oldlink?&JSESSIONID=SD8SL10FF6ADFF4965 HTTP 1.1" 200 1880 "http://www.buttercupgames.com/cart.do?action=view&productId=MB-AG-G07" "Mozilla/5.0 (Windows; U; Windows NT 5.1; en-US; rv:1.9.2.28) Gecko/20120306 YFF3 Firefox/3.6.28 ( .NET CLR 3.5.30729; .NET4.0C)" 603
222.41.213.238 - - [19/Mar/2022:00:10:10] "GET /category.screen?categoryId=SHOOTER&JSESSIONID=SD8SL10FF6ADFF4965 HTTP 1.1" 200 609 "http://www.buttercupgames.com/cart.do?action=changequantity&productId=WC-SH-G04" "Mozilla/5.0 (Windows; U; Windows NT 5.1; en-US; rv:1.9.2.28) Gecko/20120306 YFF3 Firefox/3.6.28 ( .NET CLR 3.5.30729; .NET4.0C)" 404
222.41.213.238 - - [19/Mar/2022:00:10:22] "GET /cart.do?action=view&productId=CU-PG-G06&JSESSIONID=SD8SL10FF6ADFF4965 HTTP 1.1" 200 1252 "http://www.buttercupgames.com/cart.do?action=view&productId=CU-PG-G06" "Mozilla/5.0 (Windows; U; Windows NT 5.1; en-US; rv:1.9.2.28) Gecko/20120306 YFF3 Firefox/3.6.28 ( .NET CLR 3.5.30729; .NET4.0C)" 127
222.41.213.238 - - [19/Mar/2022:00:10:39] "GET /product.screen?productId=CU-PG-G06&JSESSIONID=SD8SL10FF6ADFF4965 HTTP 1.1" 200 3657 "http://www.buttercupgames.com/cart.do?action=remove&productId=CU-PG-G06" "Mozilla/5.0 (Windows; U; Windows NT 5.1; en-US; rv:1.9.2.28) Gecko/20120306 YFF3 Firefox/3.6.28 ( .NET CLR 3.5.30729; .NET4.0C)" 848
222.41.213.238 - - [19/Mar/2022:00:10:46] "GET /oldlink?&JSESSIONID=SD8SL10FF6ADFF4965 HTTP 1.1" 200 1227 "http://www.buttercupgames.com/cart.do?action=changequantity&productId=FS-SG-G03" "Mozilla/5.0 (Windows; U; Windows NT 5.1; en-US; rv:1.9.2.28) Gecko/20120306 YFF3 Firefox/3.6.28 ( .NET CLR 3.5.30729; .NET4.0C)" 844
12.130.60.5 - - [19/Mar/2022:00:13:32] "POST /category.screen?categoryId=ARCADE&JSESSIONID=SD3SL1FF5ADFF4965 HTTP 1.1" 200 2119 "http://www.bing.com" "Mozilla/5.0 (Macintosh; Intel Mac OS X 10_7_4) AppleWebKit/536.5 (KHTML, like Gecko) Chrome/19.0.1084.46 Safari/536.5" 668
12.130.60.5 - - [19/Mar/2022:00:13:47] "GET /cart.do?action=view&productId=FI-AG-G08&JSESSIONID=SD3SL1FF5ADFF4965 HTTP 1.1" 200 3630 "http://www.buttercupgames.com/product.screen?productId=FI-AG-G08" "Mozilla/5.0 (Macintosh; Intel Mac OS X 10_7_4) AppleWebKit/536.5 (KHTML, like Gecko) Chrome/19.0.1084.46 Safari/536.5" 256
216.221.226.11 - - [19/Mar/2022:00:14:43] "GET /product.screen?productId=SC-MG-G10&JSESSIONID=SD7SL8FF5ADFF4957 HTTP 1.1" 200 1047 "http://www.buttercupgames.com/category.screen?categoryId=SIMULATION" "Mozilla/5.0 (Macintosh; U; Intel Mac OS X 10_6_3; en-US) AppleWebKit/533.4 (KHTML, like Gecko) Chrome/5.0.375.38 Safari/533.4" 787
216.221.226.11 - - [19/Mar/2022:00:14:43] "POST /cart.do?action=addtocart&productId=SC-MG-G10&JSESSIONID=SD7SL8FF5ADFF4957 HTTP 1.1" 200 3974 "http://www.buttercupgames.com/product.screen?productId=SC-MG-G10" "Mozilla/5.0 (Macintosh; U; Intel Mac OS X 10_6_3; en-US) AppleWebKit/533.4 (KHTML, like Gecko) Chrome/5.0.375.38 Safari/533.4" 738
216.221.226.11 - - [19/Mar/2022:00:14:48] "POST /success.do?action=purchase&categoryId=SIMULATION&productId=SC-MG-G10&JSESSIONID=SD7SL8FF5ADFF4957 HTTP 1.1" 200 1503 "http://www.buttercupgames.com/cart.do?action=addtocart&categoryId=SIMULATION&productId=SC-MG-G10" "Mozilla/5.0 (Macintosh; U; Intel Mac OS X 10_6_3; en-US) AppleWebKit/533.4 (KHTML, like Gecko) Chrome/5.0.375.38 Safari/533.4" 851
216.221.226.11 - - [19/Mar/2022:00:14:48] "POST /cart/success.do?JSESSIONID=SD7SL8FF5ADFF4957&productId=MB-AG-G07 HTTP 1.1" 200 3090 "http://www.buttercupgames.com/cart.do?action=purchase&" "Mozilla/5.0 (Macintosh; U; Intel Mac OS X 10_6_3; en-US) AppleWebKit/533.4 (KHTML, like Gecko) Chrome/5.0.375.38 Safari/533.4" 646
216.221.226.11 - - [19/Mar/2022:00:14:52] "GET /oldlink?&JSESSIONID=SD7SL8FF5ADFF4957 HTTP 1.1" 200 1990 "http://www.buttercupgames.com/cart.do?action=view&productId=WC-SH-G04" "Mozilla/5.0 (Macintosh; U; Intel Mac OS X 10_6_3; en-US) AppleWebKit/533.4 (KHTML, like Gecko) Chrome/5.0.375.38 Safari/533.4" 888
216.221.226.11 - - [19/Mar/2022:00:15:08] "GET /category.screen?categoryId=NULL&JSESSIONID=SD7SL8FF5ADFF4957 HTTP 1.1" 503 2460 "http://www.buttercupgames.com/cart.do?action=changequantity&" "Mozilla/5.0 (Macintosh; U; Intel Mac OS X 10_6_3; en-US) AppleWebKit/533.4 (KHTML, like Gecko) Chrome/5.0.375.38 Safari/533.4" 214
87.194.216.51 - - [19/Mar/2022:00:18:44] "GET /oldlink?&JSESSIONID=SD5SL4FF8ADFF4961 HTTP 1.1" 200 2533 "http://www.yahoo.com" "Mozilla/5.0 (Macintosh; Intel Mac OS X 10_7_4) AppleWebKit/536.5 (KHTML, like Gecko) Chrome/19.0.1084.46 Safari/536.5" 517
87.194.216.51 - - [19/Mar/2022:00:18:50] "GET /product.screen?productId=WC-SH-T02&JSESSIONID=SD5SL4FF8ADFF4961 HTTP 1.1" 200 2405 "http://www.buttercupgames.com/cart.do?action=addtocart&productId=WC-SH-T02" "Mozilla/5.0 (Macintosh; Intel Mac OS X 10_7_4) AppleWebKit/536.5 (KHTML, like Gecko) Chrome/19.0.1084.46 Safari/536.5" 383
87.194.216.51 - - [19/Mar/2022:00:19:05] "POST /cart.do?action=addtocart&JSESSIONID=SD5SL4FF8ADFF4961 HTTP 1.1" 400 1120 "http://www.buttercupgames.com/oldlink" "Mozilla/5.0 (Macintosh; Intel Mac OS X 10_7_4) AppleWebKit/536.5 (KHTML, like Gecko) Chrome/19.0.1084.46 Safari/536.5" 782
87.194.216.51 - - [19/Mar/2022:00:19:22] "GET /category.screen?categoryId=SPORTS&JSESSIONID=SD5SL4FF8ADFF4961 HTTP 1.1" 200 2198 "http://www.buttercupgames.com/category.screen?categoryId=SPORTS" "Mozilla/5.0 (Macintosh; Intel Mac OS X 10_7_4) AppleWebKit/536.5 (KHTML, like Gecko) Chrome/19.0.1084.46 Safari/536.5" 276
87.194.216.51 - - [19/Mar/2022:00:19:25] "GET /cart.do?action=view&productId=SC-MG-G10&JSESSIONID=SD5SL4FF8ADFF4961 HTTP 1.1" 200 2070 "http://www.buttercupgames.com/category.screen?categoryId=SIMULATION" "Mozilla/5.0 (Macintosh; Intel Mac OS X 10_7_4) AppleWebKit/536.5 (KHTML, like Gecko) Chrome/19.0.1084.46 Safari/536.5" 184
87.194.216.51 - - [19/Mar/2022:00:19:34] "GET /product.screen?productId=CU-PG-G06&JSESSIONID=SD5SL4FF8ADFF4961 HTTP 1.1" 200 1216 "http://www.buttercupgames.com/cart.do?action=view&productId=CU-PG-G06" "Mozilla/5.0 (Macintosh; Intel Mac OS X 10_7_4) AppleWebKit/536.5 (KHTML, like Gecko) Chrome/19.0.1084.46 Safari/536.5" 559
87.194.216.51 - - [19/Mar/2022:00:19:50] "GET /oldlink?&JSESSIONID=SD5SL4FF8ADFF4961 HTTP 1.1" 200 3112 "http://www.buttercupgames.com/cart.do?action=view&productId=DC-SG-G02" "Mozilla/5.0 (Macintosh; Intel Mac OS X 10_7_4) AppleWebKit/536.5 (KHTML, like Gecko) Chrome/19.0.1084.46 Safari/536.5" 647
87.194.216.51 - - [19/Mar/2022:00:20:04] "GET /product.screen?productId=WC-SH-T02&JSESSIONID=SD5SL4FF8ADFF4961 HTTP 1.1" 200 2124 "http://www.buttercupgames.com/oldlink" "Mozilla/5.0 (Macintosh; Intel Mac OS X 10_7_4) AppleWebKit/536.5 (KHTML, like Gecko) Chrome/19.0.1084.46 Safari/536.5" 615
87.194.216.51 - - [19/Mar/2022:00:20:16] "GET /passwords.pdf HTTP 1.1" 200 47251 "https://www.google.com/#q=filetype:pdf+passwords&start=90" "Mozilla/5.0 (Macintosh; Intel Mac OS X 10_7_4) AppleWebKit/536.5 (KHTML, like Gecko) Chrome/19.0.1084.46 Safari/536.5" 484
87.194.216.51 - - [19/Mar/2022:00:20:30] "GET /oldlink?&JSESSIONID=SD5SL4FF8ADFF4961 HTTP 1.1" 200 3677 "http://www.buttercupgames.com/category.screen?categoryId=SHOOTER" "Mozilla/5.0 (Macintosh; Intel Mac OS X 10_7_4) AppleWebKit/536.5 (KHTML, like Gecko) Chrome/19.0.1084.46 Safari/536.5" 381
198.35.1.75 - - [19/Mar/2022:00:20:31] "GET /category.screen?categoryId=NULL&JSESSIONID=SD3SL10FF1ADFF4951 HTTP 1.1" 500 1302 "http://www.buttercupgames.com" "Mozilla/4.0 (compatible; MSIE 7.0; Windows NT 5.2; .NET CLR 1.1.4322; InfoPath.1; MS-RTC LM 8)" 164
198.35.1.75 - - [19/Mar/2022:00:20:46] "GET /product.screen?productId=SC-MG-G10&JSESSIONID=SD3SL10FF1ADFF4951 HTTP 1.1" 200 1207 "http://www.buttercupgames.com/category.screen?categoryId=SIMULATION" "Mozilla/4.0 (compatible; MSIE 7.0; Windows NT 5.2; .NET CLR 1.1.4322; InfoPath.1; MS-RTC LM 8)" 594
198.35.1.75 - - [19/Mar/2022:00:21:02] "GET /product.screen?productId=DC-SG-G02&JSESSIONID=SD3SL10FF1ADFF4951 HTTP 1.1" 200 1691 "http://www.buttercupgames.com/product.screen?productId=DC-SG-G02" "Mozilla/4.0 (compatible; MSIE 7.0; Windows NT 5.2; .NET CLR 1.1.4322; InfoPath.1; MS-RTC LM 8)" 835
198.35.1.75 - - [19/Mar/2022:00:21:06] "POST /product.screen?productId=WC-SH-A01&JSESSIONID=SD3SL10FF1ADFF4951 HTTP 1.1" 200 1672 "http://www.buttercupgames.com/product.screen?productId=WC-SH-A01" "Mozilla/4.0 (compatible; MSIE 7.0; Windows NT 5.2; .NET CLR 1.1.4322; InfoPath.1; MS-RTC LM 8)" 770
198.35.1.75 - - [19/Mar/2022:00:21:22] "GET /product.screen?productId=DB-SG-G01&JSESSIONID=SD3SL10FF1ADFF4951 HTTP 1.1" 200 2663 "http://www.buttercupgames.com/category.screen?categoryId=STRATEGY" "Mozilla/4.0 (compatible; MSIE 7.0; Windows NT 5.2; .NET CLR 1.1.4322; InfoPath.1; MS-RTC LM 8)" 845
198.35.1.75 - - [19/Mar/2022:00:21:26] "POST /cart.do?action=addtocart&productId=DB-SG-G01&JSESSIONID=SD3SL10FF1ADFF4951 HTTP 1.1" 200 345 "http://www.buttercupgames.com/product.screen?productId=DB-SG-G01" "Mozilla/4.0 (compatible; MSIE 7.0; Windows NT 5.2; .NET CLR 1.1.4322; InfoPath.1; MS-RTC LM 8)" 996
198.35.1.75 - - [19/Mar/2022:00:21:30] "POST /success.do?action=purchase&categoryId=STRATEGY&productId=DB-SG-G01&JSESSIONID=SD3SL10FF1ADFF4951 HTTP 1.1" 200 1107 "http://www.buttercupgames.com/cart.do?action=addtocart&categoryId=STRATEGY&productId=DB-SG-G01" "Mozilla/4.0 (compatible; MSIE 7.0; Windows NT 5.2; .NET CLR 1.1.4322; InfoPath.1; MS-RTC LM 8)" 308
198.35.1.75 - - [19/Mar/2022:00:21:30] "POST /cart/success.do?JSESSIONID=SD3SL10FF1ADFF4951&productId=WC-SH-G04 HTTP 1.1" 200 532 "http://www.buttercupgames.com/cart.do?action=purchase&" "Mozilla/4.0 (compatible; MSIE 7.0; Windows NT 5.2; .NET CLR 1.1.4322; InfoPath.1; MS-RTC LM 8)" 389
220.225.12.171 - - [19/Mar/2022:00:22:23] "GET /cart.do?action=view&productId=WC-SH-A02&JSESSIONID=SD2SL4FF9ADFF4958 HTTP 1.1" 200 2201 "http://www.google.com" "Mozilla/5.0 (Windows; U; Windows NT 5.1; en-US; rv:1.9.2.28) Gecko/20120306 YFF3 Firefox/3.6.28 ( .NET CLR 3.5.30729; .NET4.0C)" 466
220.225.12.171 - - [19/Mar/2022:00:22:28] "GET /product.screen?productId=CU-PG-G06&JSESSIONID=SD2SL4FF9ADFF4958 HTTP 1.1" 200 1642 "http://www.buttercupgames.com/category.screen?categoryId=SPORTS" "Mozilla/5.0 (Windows; U; Windows NT 5.1; en-US; rv:1.9.2.28) Gecko/20120306 YFF3 Firefox/3.6.28 ( .NET CLR 3.5.30729; .NET4.0C)" 972
220.225.12.171 - - [19/Mar/2022:00:22:33] "POST /cart.do?action=addtocart&productId=CU-PG-G06&JSESSIONID=SD2SL4FF9ADFF4958 HTTP 1.1" 200 3267 "http://www.buttercupgames.com/product.screen?productId=CU-PG-G06" "Mozilla/5.0 (Windows; U; Windows NT 5.1; en-US; rv:1.9.2.28) Gecko/20120306 YFF3 Firefox/3.6.28 ( .NET CLR 3.5.30729; .NET4.0C)" 339
220.225.12.171 - - [19/Mar/2022:00:22:35] "POST /success.do?action=purchase&categoryId=SPORTS&productId=CU-PG-G06&JSESSIONID=SD2SL4FF9ADFF4958 HTTP 1.1" 200 2360 "http://www.buttercupgames.com/cart.do?action=addtocart&categoryId=SPORTS&productId=CU-PG-G06" "Mozilla/5.0 (Windows; U; Windows NT 5.1; en-US; rv:1.9.2.28) Gecko/20120306 YFF3 Firefox/3.6.28 ( .NET CLR 3.5.30729; .NET4.0C)" 192
220.225.12.171 - - [19/Mar/2022:00:22:35] "POST /cart/success.do?JSESSIONID=SD2SL4FF9ADFF4958&productId=BS-AG-G09 HTTP 1.1" 200 2831 "http://www.buttercupgames.com/cart.do?action=purchase&" "Mozilla/5.0 (Windows; U; Windows NT 5.1; en-US; rv:1.9.2.28) Gecko/20120306 YFF3 Firefox/3.6.28 ( .NET CLR 3.5.30729; .NET4.0C)" 796
220.225.12.171 - - [19/Mar/2022:00:22:51] "POST /category.screen?categoryId=TEE&JSESSIONID=SD2SL4FF9ADFF4958 HTTP 1.1" 200 3838 "http://www.buttercupgames.com/category.screen?categoryId=TEE" "Mozilla/5.0 (Windows; U; Windows NT 5.1; en-US; rv:1.9.2.28) Gecko/20120306 YFF3 Firefox/3.6.28 ( .NET CLR 3.5.30729; .NET4.0C)" 177
220.225.12.171 - - [19/Mar/2022:00:23:00] "POST /cart.do?action=remove&productId=FS-SG-G03&JSESSIONID=SD2SL4FF9ADFF4958 HTTP 1.1" 200 1435 "http://www.buttercupgames.com/oldlink" "Mozilla/5.0 (Windows; U; Windows NT 5.1; en-US; rv:1.9.2.28) Gecko/20120306 YFF3 Firefox/3.6.28 ( .NET CLR 3.5.30729; .NET4.0C)" 146
220.225.12.171 - - [19/Mar/2022:00:23:11] "POST /cart.do?action=remove&productId=WC-SH-G04&JSESSIONID=SD2SL4FF9ADFF4958 HTTP 1.1" 200 2995 "http://www.buttercupgames.com/product.screen?productId=WC-SH-G04" "Mozilla/5.0 (Windows; U; Windows NT 5.1; en-US; rv:1.9.2.28) Gecko/20120306 YFF3 Firefox/3.6.28 ( .NET CLR 3.5.30729; .NET4.0C)" 733
220.225.12.171 - - [19/Mar/2022:00:23:18] "GET /cart.do?action=view&productId=BS-AG-G09&JSESSIONID=SD2SL4FF9ADFF4958 HTTP 1.1" 200 2539 "http://www.buttercupgames.com/product.screen?productId=BS-AG-G09" "Mozilla/5.0 (Windows; U; Windows NT 5.1; en-US; rv:1.9.2.28) Gecko/20120306 YFF3 Firefox/3.6.28 ( .NET CLR 3.5.30729; .NET4.0C)" 491
195.69.160.22 - - [19/Mar/2022:00:24:26] "GET /cart.do?action=remove&JSESSIONID=SD7SL6FF2ADFF4958 HTTP 1.1" 400 2357 "http://www.buttercupgames.com" "Mozilla/5.0 (Windows; U; Windows NT 5.1; en-US; rv:1.9.2.28) Gecko/20120306 YFF3 Firefox/3.6.28 ( .NET CLR 3.5.30729; .NET4.0C)" 372
195.69.160.22 - - [19/Mar/2022:00:24:31] "GET /category.screen?categoryId=STRATEGY&JSESSIONID=SD7SL6FF2ADFF4958 HTTP 1.1" 200 1411 "http://www.buttercupgames.com/oldlink" "Mozilla/5.0 (Windows; U; Windows NT 5.1; en-US; rv:1.9.2.28) Gecko/20120306 YFF3 Firefox/3.6.28 ( .NET CLR 3.5.30729; .NET4.0C)" 149
195.69.160.22 - - [19/Mar/2022:00:24:46] "GET /oldlink?&JSESSIONID=SD7SL6FF2ADFF4958 HTTP 1.1" 200 1953 "http://www.buttercupgames.com/oldlink" "Mozilla/5.0 (Windows; U; Windows NT 5.1; en-US; rv:1.9.2.28) Gecko/20120306 YFF3 Firefox/3.6.28 ( .NET CLR 3.5.30729; .NET4.0C)" 214
195.69.160.22 - - [19/Mar/2022:00:25:02] "GET /category.screen?categoryId=STRATEGY&JSESSIONID=SD7SL6FF2ADFF4958 HTTP 1.1" 200 486 "http://www.buttercupgames.com/category.screen?categoryId=STRATEGY" "Mozilla/5.0 (Windows; U; Windows NT 5.1; en-US; rv:1.9.2.28) Gecko/20120306 YFF3 Firefox/3.6.28 ( .NET CLR 3.5.30729; .NET4.0C)" 780
195.69.160.22 - - [19/Mar/2022:00:25:12] "GET /oldlink?&JSESSIONID=SD7SL6FF2ADFF4958 HTTP 1.1" 200 3083 "http://www.buttercupgames.com/cart.do?action=view&productId=MB-AG-G07" "Mozilla/5.0 (Windows; U; Windows NT 5.1; en-US; rv:1.9.2.28) Gecko/20120306 YFF3 Firefox/3.6.28 ( .NET CLR 3.5.30729; .NET4.0C)" 468
195.69.160.22 - - [19/Mar/2022:00:25:18] "GET /cart.do?action=view&productId=DC-SG-G02&JSESSIONID=SD7SL6FF2ADFF4958 HTTP 1.1" 200 895 "http://www.buttercupgames.com/oldlink" "Mozilla/5.0 (Windows; U; Windows NT 5.1; en-US; rv:1.9.2.28) Gecko/20120306 YFF3 Firefox/3.6.28 ( .NET CLR 3.5.30729; .NET4.0C)" 464
195.69.160.22 - - [19/Mar/2022:00:25:25] "GET /product.screen?productId=DB-SG-G01&JSESSIONID=SD7SL6FF2ADFF4958 HTTP 1.1" 200 2967 "http://www.buttercupgames.com/oldlink" "Mozilla/5.0 (Windows; U; Windows NT 5.1; en-US; rv:1.9.2.28) Gecko/20120306 YFF3 Firefox/3.6.28 ( .NET CLR 3.5.30729; .NET4.0C)" 786
175.44.26.139 - - [19/Mar/2022:00:25:45] "GET /product.screen?productId=DB-SG-G01&JSESSIONID=SD5SL1FF3ADFF4954 HTTP 1.1" 200 2216 "http://www.google.com" "Mozilla/5.0 (compatible; MSIE 9.0; Windows NT 6.1; WOW64; Trident/5.0; BOIE9;ENUS)" 526
175.44.26.139 - - [19/Mar/2022:00:25:55] "GET /product.screen?productId=WC-SH-A02&JSESSIONID=SD5SL1FF3ADFF4954 HTTP 1.1" 200 441 "http://www.buttercupgames.com/category.screen?categoryId=ACCESSORIES" "Mozilla/5.0 (compatible; MSIE 9.0; Windows NT 6.1; WOW64; Trident/5.0; BOIE9;ENUS)" 992
170.192.178.10 - - [19/Mar/2022:00:27:22] "GET /cart.do?action=remove&productId=WC-SH-G04&JSESSIONID=SD4SL10FF7ADFF4959 HTTP 1.1" 200 3469 "http://www.buttercupgames.com" "Mozilla/5.0 (compatible; MSIE 9.0; Windows NT 6.1; WOW64; Trident/5.0; BOIE9;ENUS)" 720
170.192.178.10 - - [19/Mar/2022:00:27:39] "GET /product.screen?productId=SF-BVS-01&JSESSIONID=SD4SL10FF7ADFF4959 HTTP 1.1" 505 855 "http://www.buttercupgames.com/product.screen?productId=SF-BVS-01" "Mozilla/5.0 (compatible; MSIE 9.0; Windows NT 6.1; WOW64; Trident/5.0; BOIE9;ENUS)" 609
170.192.178.10 - - [19/Mar/2022:00:27:53] "GET /product.screen?productId=DB-SG-G01&JSESSIONID=SD4SL10FF7ADFF4959 HTTP 1.1" 200 2574 "http://www.buttercupgames.com/cart.do?action=view&productId=DB-SG-G01" "Mozilla/5.0 (compatible; MSIE 9.0; Windows NT 6.1; WOW64; Trident/5.0; BOIE9;ENUS)" 100
170.192.178.10 - - [19/Mar/2022:00:28:00] "GET /product.screen?productId=WC-SH-A02&JSESSIONID=SD4SL10FF7ADFF4959 HTTP 1.1" 200 2572 "http://www.buttercupgames.com/cart.do?action=view&productId=WC-SH-A02" "Mozilla/5.0 (compatible; MSIE 9.0; Windows NT 6.1; WOW64; Trident/5.0; BOIE9;ENUS)" 391
170.192.178.10 - - [19/Mar/2022:00:28:09] "GET /product.screen?productId=MB-AG-G07&JSESSIONID=SD4SL10FF7ADFF4959 HTTP 1.1" 200 490 "http://www.buttercupgames.com/oldlink" "Mozilla/5.0 (compatible; MSIE 9.0; Windows NT 6.1; WOW64; Trident/5.0; BOIE9;ENUS)" 888
170.192.178.10 - - [19/Mar/2022:00:28:22] "POST /cart.do?action=view&productId=SC-MG-G10&JSESSIONID=SD4SL10FF7ADFF4959 HTTP 1.1" 200 763 "http://www.buttercupgames.com/product.screen?productId=SC-MG-G10" "Mozilla/5.0 (compatible; MSIE 9.0; Windows NT 6.1; WOW64; Trident/5.0; BOIE9;ENUS)" 731
170.192.178.10 - - [19/Mar/2022:00:28:26] "POST /category.screen?categoryId=NULL&JSESSIONID=SD4SL10FF7ADFF4959 HTTP 1.1" 505 1631 "http://www.buttercupgames.com/cart.do?action=addtocart&" "Mozilla/5.0 (compatible; MSIE 9.0; Windows NT 6.1; WOW64; Trident/5.0; BOIE9;ENUS)" 806
170.192.178.10 - - [19/Mar/2022:00:28:31] "GET /product.screen?productId=FS-SG-G03&JSESSIONID=SD4SL10FF7ADFF4959 HTTP 1.1" 200 300 "http://www.buttercupgames.com/category.screen?categoryId=STRATEGY" "Mozilla/5.0 (compatible; MSIE 9.0; Windows NT 6.1; WOW64; Trident/5.0; BOIE9;ENUS)" 476
170.192.178.10 - - [19/Mar/2022:00:28:42] "GET /oldlink?&JSESSIONID=SD4SL10FF7ADFF4959 HTTP 1.1" 200 1803 "http://www.buttercupgames.com/product.screen?productId=DB-SG-G01" "Mozilla/5.0 (compatible; MSIE 9.0; Windows NT 6.1; WOW64; Trident/5.0; BOIE9;ENUS)" 753
94.229.0.20 - - [19/Mar/2022:00:29:32] "POST /category.screen?categoryId=STRATEGY&JSESSIONID=SD6SL1FF8ADFF4960 HTTP 1.1" 200 3174 "http://www.buttercupgames.com" "Mozilla/4.0 (compatible; MSIE 7.0; Windows NT 5.1; Trident/4.0; .NET CLR 2.0.50727; MS-RTC LM 8; InfoPath.2)" 182
94.229.0.20 - - [19/Mar/2022:00:29:42] "POST /cart.do?action=addtocart&productId=MB-AG-G07&JSESSIONID=SD6SL1FF8ADFF4960 HTTP 1.1" 200 1573 "http://www.buttercupgames.com/product.screen?productId=MB-AG-G07" "Mozilla/4.0 (compatible; MSIE 7.0; Windows NT 5.1; Trident/4.0; .NET CLR 2.0.50727; MS-RTC LM 8; InfoPath.2)" 117
94.229.0.20 - - [19/Mar/2022:00:29:53] "GET /product.screen?productId=WC-SH-T02&JSESSIONID=SD6SL1FF8ADFF4960 HTTP 1.1" 200 2126 "http://www.buttercupgames.com/category.screen?categoryId=TEE" "Mozilla/4.0 (compatible; MSIE 7.0; Windows NT 5.1; Trident/4.0; .NET CLR 2.0.50727; MS-RTC LM 8; InfoPath.2)" 660
94.229.0.20 - - [19/Mar/2022:00:29:56] "POST /cart.do?action=addtocart&productId=WC-SH-T02&JSESSIONID=SD6SL1FF8ADFF4960 HTTP 1.1" 200 2092 "http://www.buttercupgames.com/product.screen?productId=WC-SH-T02" "Mozilla/4.0 (compatible; MSIE 7.0; Windows NT 5.1; Trident/4.0; .NET CLR 2.0.50727; MS-RTC LM 8; InfoPath.2)" 992
94.229.0.20 - - [19/Mar/2022:00:29:57] "POST /success.do?action=purchase&categoryId=TEE&productId=WC-SH-T02&JSESSIONID=SD6SL1FF8ADFF4960 HTTP 1.1" 200 2454 "http://www.buttercupgames.com/cart.do?action=addtocart&categoryId=TEE&productId=WC-SH-T02" "Mozilla/4.0 (compatible; MSIE 7.0; Windows NT 5.1; Trident/4.0; .NET CLR 2.0.50727; MS-RTC LM 8; InfoPath.2)" 489
94.229.0.20 - - [19/Mar/2022:00:29:57] "POST /cart/success.do?JSESSIONID=SD6SL1FF8ADFF4960&productId=FI-AG-G08 HTTP 1.1" 200 632 "http://www.buttercupgames.com/cart.do?action=purchase&" "Mozilla/4.0 (compatible; MSIE 7.0; Windows NT 5.1; Trident/4.0; .NET CLR 2.0.50727; MS-RTC LM 8; InfoPath.2)" 812
