195.80.144.22 - - [20/Mar/2022:14:38:25] "POST /hidden/anna_nicole.html?JSESSIONID=SD3SL9FF4ADFF4953 HTTP 1.1" 404 407 "http://www.buttercupgames.com/cart.do?action=view&" "Mozilla/5.0 (Windows NT 6.1; WOW64) AppleWebKit/536.5 (KHTML, like Gecko) Chrome/19.0.1084.52 Safari/536.5" 804
195.80.144.22 - - [20/Mar/2022:14:38:36] "GET /category.screen?categoryId=ARCADE&JSESSIONID=SD3SL9FF4ADFF4953 HTTP 1.1" 200 2190 "http://www.buttercupgames.com/cart.do?action=addtocart&productId=MB-AG-G07" "Mozilla/5.0 (Windows NT 6.1; WOW64) AppleWebKit/536.5 (KHTML, like Gecko) Chrome/19.0.1084.52 Safari/536.5" 952
195.80.144.22 - - [20/Mar/2022:14:38:48] "POST /oldlink?&JSESSIONID=SD3SL9FF4ADFF4953 HTTP 1.1" 200 3320 "http://www.buttercupgames.com/category.screen?categoryId=ARCADE" "Mozilla/5.0 (Windows NT 6.1; WOW64) AppleWebKit/536.5 (KHTML, like Gecko) Chrome/19.0.1084.52 Safari/536.5" 626
195.80.144.22 - - [20/Mar/2022:14:38:55] "GET /category.screen?categoryId=ACCESSORIES&JSESSIONID=SD3SL9FF4ADFF4953 HTTP 1.1" 200 1087 "http://www.buttercupgames.com/oldlink" "Mozilla/5.0 (Windows NT 6.1; WOW64) AppleWebKit/536.5 (KHTML, like Gecko) Chrome/19.0.1084.52 Safari/536.5" 869
195.80.144.22 - - [20/Mar/2022:14:39:16] "GET /category.screen?categoryId=STRATEGY&JSESSIONID=SD3SL9FF4ADFF4953 HTTP 1.1" 200 2127 "http://www.buttercupgames.com/oldlink" "Mozilla/5.0 (Windows NT 6.1; WOW64) AppleWebKit/536.5 (KHTML, like Gecko) Chrome/19.0.1084.52 Safari/536.5" 768
195.80.144.22 - - [20/Mar/2022:14:39:28] "GET /cart.do?action=changequantity&productId=SC-MG-G10&JSESSIONID=SD3SL9FF4ADFF4953 HTTP 1.1" 200 3912 "http://www.buttercupgames.com/cart.do?action=changequantity&productId=SC-MG-G10" "Mozilla/5.0 (Windows NT 6.1; WOW64) AppleWebKit/536.5 (KHTML, like Gecko) Chrome/19.0.1084.52 Safari/536.5" 745
201.28.109.162 - - [20/Mar/2022:14:40:28] "POST /category.screen?categoryId=SIMULATION&JSESSIONID=SD4SL7FF4ADFF4961 HTTP 1.1" 200 2768 "http://www.bing.com" "Mozilla/5.0 (Windows NT 6.1; WOW64) AppleWebKit/536.5 (KHTML, like Gecko) Chrome/19.0.1084.46 Safari/536.5" 906
201.28.109.162 - - [20/Mar/2022:14:40:48] "GET /category.screen?categoryId=ARCADE&JSESSIONID=SD4SL7FF4ADFF4961 HTTP 1.1" 200 3539 "http://www.buttercupgames.com/category.screen?categoryId=ARCADE" "Mozilla/5.0 (Windows NT 6.1; WOW64) AppleWebKit/536.5 (KHTML, like Gecko) Chrome/19.0.1084.46 Safari/536.5" 888
201.28.109.162 - - [20/Mar/2022:14:40:59] "GET /cart.do?action=view&productId=WC-SH-A02&JSESSIONID=SD4SL7FF4ADFF4961 HTTP 1.1" 200 3506 "http://www.buttercupgames.com/product.screen?productId=WC-SH-A02" "Mozilla/5.0 (Windows NT 6.1; WOW64) AppleWebKit/536.5 (KHTML, like Gecko) Chrome/19.0.1084.46 Safari/536.5" 664
201.28.109.162 - - [20/Mar/2022:14:41:13] "GET /cart.do?action=changequantity&productId=PZ-SG-G05&JSESSIONID=SD4SL7FF4ADFF4961 HTTP 1.1" 200 3246 "http://www.buttercupgames.com/product.screen?productId=PZ-SG-G05" "Mozilla/5.0 (Windows NT 6.1; WOW64) AppleWebKit/536.5 (KHTML, like Gecko) Chrome/19.0.1084.46 Safari/536.5" 844
201.28.109.162 - - [20/Mar/2022:14:41:26] "GET /oldlink?&JSESSIONID=SD4SL7FF4ADFF4961 HTTP 1.1" 200 850 "http://www.buttercupgames.com/product.screen?productId=DC-SG-G02" "Mozilla/5.0 (Windows NT 6.1; WOW64) AppleWebKit/536.5 (KHTML, like Gecko) Chrome/19.0.1084.46 Safari/536.5" 298
194.8.74.23 - - [20/Mar/2022:14:41:32] "GET /product.screen?productId=WC-SH-G04&JSESSIONID=SD10SL7FF6ADFF4957 HTTP 1.1" 200 2686 "http://www.buttercupgames.com/category.screen?categoryId=SHOOTER" "Mozilla/5.0 (Macintosh; Intel Mac OS X 10_6_8) AppleWebKit/534.55.3 (KHTML, like Gecko) Version/5.1.5 Safari/534.55.3" 403
194.8.74.23 - - [20/Mar/2022:14:41:36] "POST /cart.do?action=addtocart&productId=WC-SH-G04&JSESSIONID=SD10SL7FF6ADFF4957 HTTP 1.1" 200 2944 "http://www.buttercupgames.com/product.screen?productId=WC-SH-G04" "Mozilla/5.0 (Macintosh; Intel Mac OS X 10_6_8) AppleWebKit/534.55.3 (KHTML, like Gecko) Version/5.1.5 Safari/534.55.3" 795
201.28.109.162 - - [20/Mar/2022:14:41:37] "POST /product.screen?productId=SF-BVS-01&JSESSIONID=SD4SL7FF4ADFF4961 HTTP 1.1" 505 3546 "http://www.buttercupgames.com/oldlink" "Mozilla/5.0 (Windows NT 6.1; WOW64) AppleWebKit/536.5 (KHTML, like Gecko) Chrome/19.0.1084.46 Safari/536.5" 623
194.8.74.23 - - [20/Mar/2022:14:41:40] "POST /success.do?action=purchase&categoryId=SHOOTER&productId=WC-SH-G04&JSESSIONID=SD10SL7FF6ADFF4957 HTTP 1.1" 200 838 "http://www.buttercupgames.com/cart.do?action=addtocart&categoryId=SHOOTER&productId=WC-SH-G04" "Mozilla/5.0 (Macintosh; Intel Mac OS X 10_6_8) AppleWebKit/534.55.3 (KHTML, like Gecko) Version/5.1.5 Safari/534.55.3" 415
194.8.74.23 - - [20/Mar/2022:14:41:40] "POST /cart/success.do?JSESSIONID=SD10SL7FF6ADFF4957&productId=WC-SH-A02 HTTP 1.1" 200 518 "http://www.buttercupgames.com/cart.do?action=purchase&" "Mozilla/5.0 (Macintosh; Intel Mac OS X 10_6_8) AppleWebKit/534.55.3 (KHTML, like Gecko) Version/5.1.5 Safari/534.55.3" 844
201.28.109.162 - - [20/Mar/2022:14:41:56] "GET /product.screen?productId=MB-AG-T01&JSESSIONID=SD4SL7FF4ADFF4961 HTTP 1.1" 200 1256 "http://www.buttercupgames.com/cart.do?action=view&productId=MB-AG-T01" "Mozilla/5.0 (Windows NT 6.1; WOW64) AppleWebKit/536.5 (KHTML, like Gecko) Chrome/19.0.1084.46 Safari/536.5" 579
194.8.74.23 - - [20/Mar/2022:14:41:59] "POST /cart.do?action=view&productId=MB-AG-T01&JSESSIONID=SD10SL7FF6ADFF4957 HTTP 1.1" 200 1446 "http://www.buttercupgames.com/product.screen?productId=MB-AG-T01" "Mozilla/5.0 (Macintosh; Intel Mac OS X 10_6_8) AppleWebKit/534.55.3 (KHTML, like Gecko) Version/5.1.5 Safari/534.55.3" 812
201.28.109.162 - - [20/Mar/2022:14:42:16] "GET /product.screen?productId=DB-SG-G01&JSESSIONID=SD4SL7FF4ADFF4961 HTTP 1.1" 200 737 "http://www.buttercupgames.com/product.screen?productId=DB-SG-G01" "Mozilla/5.0 (Windows NT 6.1; WOW64) AppleWebKit/536.5 (KHTML, like Gecko) Chrome/19.0.1084.46 Safari/536.5" 162
194.8.74.23 - - [20/Mar/2022:14:42:19] "GET /category.screen?categoryId=ACCESSORIES&JSESSIONID=SD10SL7FF6ADFF4957 HTTP 1.1" 200 2271 "http://www.buttercupgames.com/category.screen?categoryId=ACCESSORIES" "Mozilla/5.0 (Macintosh; Intel Mac OS X 10_6_8) AppleWebKit/534.55.3 (KHTML, like Gecko) Version/5.1.5 Safari/534.55.3" 167
194.8.74.23 - - [20/Mar/2022:14:42:35] "GET /product.screen?productId=SF-BVS-01&JSESSIONID=SD10SL7FF6ADFF4957 HTTP 1.1" 408 3379 "http://www.buttercupgames.com/product.screen?productId=SF-BVS-01" "Mozilla/5.0 (Macintosh; Intel Mac OS X 10_6_8) AppleWebKit/534.55.3 (KHTML, like Gecko) Version/5.1.5 Safari/534.55.3" 990
201.28.109.162 - - [20/Mar/2022:14:42:37] "POST /product.screen?productId=SF-BVS-01&JSESSIONID=SD4SL7FF4ADFF4961 HTTP 1.1" 404 1577 "http://www.buttercupgames.com/oldlink" "Mozilla/5.0 (Windows NT 6.1; WOW64) AppleWebKit/536.5 (KHTML, like Gecko) Chrome/19.0.1084.46 Safari/536.5" 428
194.8.74.23 - - [20/Mar/2022:14:42:47] "GET /oldlink?&JSESSIONID=SD10SL7FF6ADFF4957 HTTP 1.1" 200 502 "http://www.buttercupgames.com/product.screen?productId=FI-AG-G08" "Mozilla/5.0 (Macintosh; Intel Mac OS X 10_6_8) AppleWebKit/534.55.3 (KHTML, like Gecko) Version/5.1.5 Safari/534.55.3" 746
194.8.74.23 - - [20/Mar/2022:14:43:07] "GET /oldlink?&JSESSIONID=SD10SL7FF6ADFF4957 HTTP 1.1" 200 1025 "http://www.buttercupgames.com/category.screen?categoryId=SPORTS" "Mozilla/5.0 (Macintosh; Intel Mac OS X 10_6_8) AppleWebKit/534.55.3 (KHTML, like Gecko) Version/5.1.5 Safari/534.55.3" 945
194.8.74.23 - - [20/Mar/2022:14:43:16] "POST /category.screen?categoryId=STRATEGY&JSESSIONID=SD10SL7FF6ADFF4957 HTTP 1.1" 200 3428 "http://www.buttercupgames.com/oldlink" "Mozilla/5.0 (Macintosh; Intel Mac OS X 10_6_8) AppleWebKit/534.55.3 (KHTML, like Gecko) Version/5.1.5 Safari/534.55.3" 247
194.8.74.23 - - [20/Mar/2022:14:43:25] "GET /cart.do?action=addtocart&productId=PZ-SG-G05&JSESSIONID=SD10SL7FF6ADFF4957 HTTP 1.1" 200 2866 "http://www.buttercupgames.com/category.screen?categoryId=STRATEGY" "Mozilla/5.0 (Macintosh; Intel Mac OS X 10_6_8) AppleWebKit/534.55.3 (KHTML, like Gecko) Version/5.1.5 Safari/534.55.3" 783
194.8.74.23 - - [20/Mar/2022:14:43:40] "GET /product.screen?productId=SF-BVS-01&JSESSIONID=SD10SL7FF6ADFF4957 HTTP 1.1" 400 739 "http://www.buttercupgames.com/category.screen?categoryId=NULL" "Mozilla/5.0 (Macintosh; Intel Mac OS X 10_6_8) AppleWebKit/534.55.3 (KHTML, like Gecko) Version/5.1.5 Safari/534.55.3" 357
194.8.74.23 - - [20/Mar/2022:14:43:48] "POST /product.screen?productId=DB-SG-G01&JSESSIONID=SD10SL7FF6ADFF4957 HTTP 1.1" 200 710 "http://www.buttercupgames.com/category.screen?categoryId=STRATEGY" "Mozilla/5.0 (Macintosh; Intel Mac OS X 10_6_8) AppleWebKit/534.55.3 (KHTML, like Gecko) Version/5.1.5 Safari/534.55.3" 838
194.8.74.23 - - [20/Mar/2022:14:43:49] "POST /cart.do?action=addtocart&productId=DB-SG-G01&JSESSIONID=SD10SL7FF6ADFF4957 HTTP 1.1" 200 746 "http://www.buttercupgames.com/product.screen?productId=DB-SG-G01" "Mozilla/5.0 (Macintosh; Intel Mac OS X 10_6_8) AppleWebKit/534.55.3 (KHTML, like Gecko) Version/5.1.5 Safari/534.55.3" 225
194.8.74.23 - - [20/Mar/2022:14:43:53] "POST /success.do?action=purchase&categoryId=STRATEGY&productId=DB-SG-G01&JSESSIONID=SD10SL7FF6ADFF4957 HTTP 1.1" 200 618 "http://www.buttercupgames.com/cart.do?action=addtocart&categoryId=STRATEGY&productId=DB-SG-G01" "Mozilla/5.0 (Macintosh; Intel Mac OS X 10_6_8) AppleWebKit/534.55.3 (KHTML, like Gecko) Version/5.1.5 Safari/534.55.3" 910
194.8.74.23 - - [20/Mar/2022:14:43:53] "POST /cart/success.do?JSESSIONID=SD10SL7FF6ADFF4957&productId=FI-AG-G08 HTTP 1.1" 200 3129 "http://www.buttercupgames.com/cart.do?action=purchase&" "Mozilla/5.0 (Macintosh; Intel Mac OS X 10_6_8) AppleWebKit/534.55.3 (KHTML, like Gecko) Version/5.1.5 Safari/534.55.3" 848
194.8.74.23 - - [20/Mar/2022:14:44:03] "GET /category.screen?categoryId=NULL&JSESSIONID=SD10SL7FF6ADFF4957 HTTP 1.1" 406 1991 "http://www.buttercupgames.com/oldlink" "Mozilla/5.0 (Macintosh; Intel Mac OS X 10_6_8) AppleWebKit/534.55.3 (KHTML, like Gecko) Version/5.1.5 Safari/534.55.3" 498
194.8.74.23 - - [20/Mar/2022:14:44:22] "POST /oldlink?&JSESSIONID=SD10SL7FF6ADFF4957 HTTP 1.1" 200 3396 "http://www.buttercupgames.com/category.screen?categoryId=ACCESSORIES" "Mozilla/5.0 (Macintosh; Intel Mac OS X 10_6_8) AppleWebKit/534.55.3 (KHTML, like Gecko) Version/5.1.5 Safari/534.55.3" 147
60.18.93.11 - - [20/Mar/2022:14:45:12] "GET /category.screen?categoryId=SHOOTER&JSESSIONID=SD3SL8FF10ADFF4956 HTTP 1.1" 200 2831 "http://www.google.com" "Mozilla/5.0 (Windows; U; Windows NT 5.1; en-US; rv:1.9.2.28) Gecko/20120306 YFF3 Firefox/3.6.28 ( .NET CLR 3.5.30729; .NET4.0C)" 207
60.18.93.11 - - [20/Mar/2022:14:45:29] "POST /product.screen?productId=DB-SG-G01&JSESSIONID=SD3SL8FF10ADFF4956 HTTP 1.1" 200 248 "http://www.buttercupgames.com/cart.do?action=view&productId=DB-SG-G01" "Mozilla/5.0 (Windows; U; Windows NT 5.1; en-US; rv:1.9.2.28) Gecko/20120306 YFF3 Firefox/3.6.28 ( .NET CLR 3.5.30729; .NET4.0C)" 519
60.18.93.11 - - [20/Mar/2022:14:45:50] "POST /category.screen?categoryId=ACCESSORIES&JSESSIONID=SD3SL8FF10ADFF4956 HTTP 1.1" 200 2593 "http://www.buttercupgames.com/cart.do?action=view&productId=WC-SH-A01" "Mozilla/5.0 (Windows; U; Windows NT 5.1; en-US; rv:1.9.2.28) Gecko/20120306 YFF3 Firefox/3.6.28 ( .NET CLR 3.5.30729; .NET4.0C)" 990
62.216.64.19 - - [20/Mar/2022:14:45:55] "GET /category.screen?categoryId=ARCADE&JSESSIONID=SD3SL1FF10ADFF4951 HTTP 1.1" 200 670 "http://www.bing.com" "Opera/9.20 (Windows NT 6.0; U; en)" 708
60.18.93.11 - - [20/Mar/2022:14:46:03] "GET /product.screen?productId=MB-AG-G07&JSESSIONID=SD3SL8FF10ADFF4956 HTTP 1.1" 200 1921 "http://www.buttercupgames.com/category.screen?categoryId=ARCADE" "Mozilla/5.0 (Windows; U; Windows NT 5.1; en-US; rv:1.9.2.28) Gecko/20120306 YFF3 Firefox/3.6.28 ( .NET CLR 3.5.30729; .NET4.0C)" 876
60.18.93.11 - - [20/Mar/2022:14:46:05] "POST /cart.do?action=addtocart&productId=MB-AG-G07&JSESSIONID=SD3SL8FF10ADFF4956 HTTP 1.1" 200 1176 "http://www.buttercupgames.com/product.screen?productId=MB-AG-G07" "Mozilla/5.0 (Windows; U; Windows NT 5.1; en-US; rv:1.9.2.28) Gecko/20120306 YFF3 Firefox/3.6.28 ( .NET CLR 3.5.30729; .NET4.0C)" 259
60.18.93.11 - - [20/Mar/2022:14:46:10] "POST /success.do?action=purchase&categoryId=ARCADE&productId=MB-AG-G07&JSESSIONID=SD3SL8FF10ADFF4956 HTTP 1.1" 200 1988 "http://www.buttercupgames.com/cart.do?action=addtocart&categoryId=ARCADE&productId=MB-AG-G07" "Mozilla/5.0 (Windows; U; Windows NT 5.1; en-US; rv:1.9.2.28) Gecko/20120306 YFF3 Firefox/3.6.28 ( .NET CLR 3.5.30729; .NET4.0C)" 246
60.18.93.11 - - [20/Mar/2022:14:46:10] "POST /cart/success.do?JSESSIONID=SD3SL8FF10ADFF4956&productId=MB-AG-G07 HTTP 1.1" 200 229 "http://www.buttercupgames.com/cart.do?action=purchase&" "Mozilla/5.0 (Windows; U; Windows NT 5.1; en-US; rv:1.9.2.28) Gecko/20120306 YFF3 Firefox/3.6.28 ( .NET CLR 3.5.30729; .NET4.0C)" 651
62.216.64.19 - - [20/Mar/2022:14:46:16] "GET /product.screen?productId=MB-AG-T01&JSESSIONID=SD3SL1FF10ADFF4951 HTTP 1.1" 200 1376 "http://www.buttercupgames.com/cart.do?action=addtocart&productId=MB-AG-T01" "Opera/9.20 (Windows NT 6.0; U; en)" 990
62.216.64.19 - - [20/Mar/2022:14:46:22] "GET /category.screen?categoryId=STRATEGY&JSESSIONID=SD3SL1FF10ADFF4951 HTTP 1.1" 200 2105 "http://www.buttercupgames.com/category.screen?categoryId=STRATEGY" "Opera/9.20 (Windows NT 6.0; U; en)" 145
60.18.93.11 - - [20/Mar/2022:14:46:29] "GET /oldlink?&JSESSIONID=SD3SL8FF10ADFF4956 HTTP 1.1" 200 3881 "http://www.buttercupgames.com/product.screen?productId=WC-SH-G04" "Mozilla/5.0 (Windows; U; Windows NT 5.1; en-US; rv:1.9.2.28) Gecko/20120306 YFF3 Firefox/3.6.28 ( .NET CLR 3.5.30729; .NET4.0C)" 935
62.216.64.19 - - [20/Mar/2022:14:46:33] "GET /category.screen?categoryId=ACCESSORIES&JSESSIONID=SD3SL1FF10ADFF4951 HTTP 1.1" 200 3746 "http://www.buttercupgames.com/cart.do?action=changequantity&productId=WC-SH-A02" "Opera/9.20 (Windows NT 6.0; U; en)" 431
62.216.64.19 - - [20/Mar/2022:14:46:43] "GET /product.screen?productId=FS-SG-G03&JSESSIONID=SD3SL1FF10ADFF4951 HTTP 1.1" 200 2719 "http://www.buttercupgames.com/oldlink" "Opera/9.20 (Windows NT 6.0; U; en)" 243
62.216.64.19 - - [20/Mar/2022:14:46:50] "POST /category.screen?categoryId=SIMULATION&JSESSIONID=SD3SL1FF10ADFF4951 HTTP 1.1" 200 3671 "http://www.buttercupgames.com/cart.do?action=remove&productId=SC-MG-G10" "Opera/9.20 (Windows NT 6.0; U; en)" 407
62.216.64.19 - - [20/Mar/2022:14:46:55] "GET /category.screen?categoryId=NULL&JSESSIONID=SD3SL1FF10ADFF4951 HTTP 1.1" 503 3693 "http://www.buttercupgames.com/cart.do?action=purchase&" "Opera/9.20 (Windows NT 6.0; U; en)" 939
69.72.161.186 - - [20/Mar/2022:14:50:09] "POST /cart.do?action=view&productId=SC-MG-G10&JSESSIONID=SD10SL4FF8ADFF4961 HTTP 1.1" 200 3833 "http://www.google.com" "Mozilla/4.0 (compatible; MSIE 7.0; Windows NT 5.1; Trident/4.0; .NET CLR 2.0.50727; MS-RTC LM 8; InfoPath.2)" 687
69.72.161.186 - - [20/Mar/2022:14:50:15] "POST /cart.do?action=view&JSESSIONID=SD10SL4FF8ADFF4961 HTTP 1.1" 505 2880 "http://www.buttercupgames.com/product.screen?productId=SF-BVS-01" "Mozilla/4.0 (compatible; MSIE 7.0; Windows NT 5.1; Trident/4.0; .NET CLR 2.0.50727; MS-RTC LM 8; InfoPath.2)" 994
69.72.161.186 - - [20/Mar/2022:14:50:21] "GET /cart.do?action=view&productId=WC-SH-A01&JSESSIONID=SD10SL4FF8ADFF4961 HTTP 1.1" 200 1338 "http://www.buttercupgames.com/product.screen?productId=WC-SH-A01" "Mozilla/4.0 (compatible; MSIE 7.0; Windows NT 5.1; Trident/4.0; .NET CLR 2.0.50727; MS-RTC LM 8; InfoPath.2)" 230
69.72.161.186 - - [20/Mar/2022:14:50:38] "GET /cart.do?action=addtocart&JSESSIONID=SD10SL4FF8ADFF4961 HTTP 1.1" 408 1864 "http://www.buttercupgames.com/category.screen?categoryId=NULL" "Mozilla/4.0 (compatible; MSIE 7.0; Windows NT 5.1; Trident/4.0; .NET CLR 2.0.50727; MS-RTC LM 8; InfoPath.2)" 631
69.72.161.186 - - [20/Mar/2022:14:50:54] "GET /product.screen?productId=CU-PG-G06&JSESSIONID=SD10SL4FF8ADFF4961 HTTP 1.1" 200 1496 "http://www.buttercupgames.com/category.screen?categoryId=SPORTS" "Mozilla/4.0 (compatible; MSIE 7.0; Windows NT 5.1; Trident/4.0; .NET CLR 2.0.50727; MS-RTC LM 8; InfoPath.2)" 272
69.72.161.186 - - [20/Mar/2022:14:50:56] "POST /cart.do?action=addtocart&productId=CU-PG-G06&JSESSIONID=SD10SL4FF8ADFF4961 HTTP 1.1" 200 3322 "http://www.buttercupgames.com/product.screen?productId=CU-PG-G06" "Mozilla/4.0 (compatible; MSIE 7.0; Windows NT 5.1; Trident/4.0; .NET CLR 2.0.50727; MS-RTC LM 8; InfoPath.2)" 504
69.72.161.186 - - [20/Mar/2022:14:51:00] "POST /success.do?action=purchase&categoryId=SPORTS&productId=CU-PG-G06&JSESSIONID=SD10SL4FF8ADFF4961 HTTP 1.1" 200 2612 "http://www.buttercupgames.com/cart.do?action=addtocart&categoryId=SPORTS&productId=CU-PG-G06" "Mozilla/4.0 (compatible; MSIE 7.0; Windows NT 5.1; Trident/4.0; .NET CLR 2.0.50727; MS-RTC LM 8; InfoPath.2)" 540
69.72.161.186 - - [20/Mar/2022:14:51:00] "POST /cart/success.do?JSESSIONID=SD10SL4FF8ADFF4961&productId=WC-SH-A02 HTTP 1.1" 200 3417 "http://www.buttercupgames.com/cart.do?action=purchase&" "Mozilla/4.0 (compatible; MSIE 7.0; Windows NT 5.1; Trident/4.0; .NET CLR 2.0.50727; MS-RTC LM 8; InfoPath.2)" 480
69.72.161.186 - - [20/Mar/2022:14:51:15] "GET /category.screen?categoryId=TEE&JSESSIONID=SD10SL4FF8ADFF4961 HTTP 1.1" 200 1338 "http://www.buttercupgames.com/product.screen?productId=MB-AG-T01" "Mozilla/4.0 (compatible; MSIE 7.0; Windows NT 5.1; Trident/4.0; .NET CLR 2.0.50727; MS-RTC LM 8; InfoPath.2)" 547
69.72.161.186 - - [20/Mar/2022:14:51:30] "POST /product.screen?productId=SF-BVS-01&JSESSIONID=SD10SL4FF8ADFF4961 HTTP 1.1" 500 899 "http://www.buttercupgames.com/product.screen?productId=SF-BVS-01" "Mozilla/4.0 (compatible; MSIE 7.0; Windows NT 5.1; Trident/4.0; .NET CLR 2.0.50727; MS-RTC LM 8; InfoPath.2)" 890
69.72.161.186 - - [20/Mar/2022:14:51:44] "GET /product.screen?productId=WC-SH-A01&JSESSIONID=SD10SL4FF8ADFF4961 HTTP 1.1" 200 3639 "http://www.buttercupgames.com/cart.do?action=addtocart&productId=WC-SH-A01" "Mozilla/4.0 (compatible; MSIE 7.0; Windows NT 5.1; Trident/4.0; .NET CLR 2.0.50727; MS-RTC LM 8; InfoPath.2)" 972
69.72.161.186 - - [20/Mar/2022:14:51:49] "GET /cart.do?action=view&JSESSIONID=SD10SL4FF8ADFF4961 HTTP 1.1" 503 776 "http://www.buttercupgames.com/oldlink" "Mozilla/4.0 (compatible; MSIE 7.0; Windows NT 5.1; Trident/4.0; .NET CLR 2.0.50727; MS-RTC LM 8; InfoPath.2)" 481
212.27.63.151 - - [20/Mar/2022:14:52:28] "POST /product.screen?productId=WC-SH-G04&JSESSIONID=SD4SL5FF10ADFF4957 HTTP 1.1" 200 1379 "http://www.buttercupgames.com/category.screen?categoryId=SHOOTER" "Mozilla/4.0 (compatible; MSIE 7.0; Windows NT 5.1; Trident/4.0; .NET CLR 2.0.50727; MS-RTC LM 8; InfoPath.2)" 833
212.27.63.151 - - [20/Mar/2022:14:52:33] "POST /cart.do?action=addtocart&productId=WC-SH-G04&JSESSIONID=SD4SL5FF10ADFF4957 HTTP 1.1" 200 1736 "http://www.buttercupgames.com/product.screen?productId=WC-SH-G04" "Mozilla/4.0 (compatible; MSIE 7.0; Windows NT 5.1; Trident/4.0; .NET CLR 2.0.50727; MS-RTC LM 8; InfoPath.2)" 726
212.27.63.151 - - [20/Mar/2022:14:52:35] "POST /success.do?action=purchase&categoryId=SHOOTER&productId=WC-SH-G04&JSESSIONID=SD4SL5FF10ADFF4957 HTTP 1.1" 200 2919 "http://www.buttercupgames.com/cart.do?action=addtocart&categoryId=SHOOTER&productId=WC-SH-G04" "Mozilla/4.0 (compatible; MSIE 7.0; Windows NT 5.1; Trident/4.0; .NET CLR 2.0.50727; MS-RTC LM 8; InfoPath.2)" 221
212.27.63.151 - - [20/Mar/2022:14:52:35] "POST /cart/success.do?JSESSIONID=SD4SL5FF10ADFF4957&productId=DB-SG-G01 HTTP 1.1" 200 759 "http://www.buttercupgames.com/cart.do?action=purchase&" "Mozilla/4.0 (compatible; MSIE 7.0; Windows NT 5.1; Trident/4.0; .NET CLR 2.0.50727; MS-RTC LM 8; InfoPath.2)" 483
212.27.63.151 - - [20/Mar/2022:14:52:41] "POST /category.screen?categoryId=STRATEGY&JSESSIONID=SD4SL5FF10ADFF4957 HTTP 1.1" 200 772 "http://www.buttercupgames.com/category.screen?categoryId=STRATEGY" "Mozilla/4.0 (compatible; MSIE 7.0; Windows NT 5.1; Trident/4.0; .NET CLR 2.0.50727; MS-RTC LM 8; InfoPath.2)" 888
212.27.63.151 - - [20/Mar/2022:14:52:55] "GET /cart.do?action=addtocart&productId=CU-PG-G06&JSESSIONID=SD4SL5FF10ADFF4957 HTTP 1.1" 200 3309 "http://www.buttercupgames.com/cart.do?action=addtocart&productId=CU-PG-G06" "Mozilla/4.0 (compatible; MSIE 7.0; Windows NT 5.1; Trident/4.0; .NET CLR 2.0.50727; MS-RTC LM 8; InfoPath.2)" 560
212.27.63.151 - - [20/Mar/2022:14:53:13] "GET /product.screen?productId=DC-SG-G02&JSESSIONID=SD4SL5FF10ADFF4957 HTTP 1.1" 200 1404 "http://www.buttercupgames.com/category.screen?categoryId=STRATEGY" "Mozilla/4.0 (compatible; MSIE 7.0; Windows NT 5.1; Trident/4.0; .NET CLR 2.0.50727; MS-RTC LM 8; InfoPath.2)" 881
212.27.63.151 - - [20/Mar/2022:14:53:14] "POST /cart.do?action=addtocart&productId=DC-SG-G02&JSESSIONID=SD4SL5FF10ADFF4957 HTTP 1.1" 200 2673 "http://www.buttercupgames.com/product.screen?productId=DC-SG-G02" "Mozilla/4.0 (compatible; MSIE 7.0; Windows NT 5.1; Trident/4.0; .NET CLR 2.0.50727; MS-RTC LM 8; InfoPath.2)" 899
212.27.63.151 - - [20/Mar/2022:14:53:15] "POST /success.do?action=purchase&categoryId=STRATEGY&productId=DC-SG-G02&JSESSIONID=SD4SL5FF10ADFF4957 HTTP 1.1" 200 3784 "http://www.buttercupgames.com/cart.do?action=addtocart&categoryId=STRATEGY&productId=DC-SG-G02" "Mozilla/4.0 (compatible; MSIE 7.0; Windows NT 5.1; Trident/4.0; .NET CLR 2.0.50727; MS-RTC LM 8; InfoPath.2)" 359
212.27.63.151 - - [20/Mar/2022:14:53:15] "POST /cart/success.do?JSESSIONID=SD4SL5FF10ADFF4957&productId=DB-SG-G01 HTTP 1.1" 200 3239 "http://www.buttercupgames.com/cart.do?action=purchase&" "Mozilla/4.0 (compatible; MSIE 7.0; Windows NT 5.1; Trident/4.0; .NET CLR 2.0.50727; MS-RTC LM 8; InfoPath.2)" 860
212.27.63.151 - - [20/Mar/2022:14:53:36] "POST /product.screen?productId=SF-BVS-01&JSESSIONID=SD4SL5FF10ADFF4957 HTTP 1.1" 408 1302 "http://www.buttercupgames.com/oldlink" "Mozilla/4.0 (compatible; MSIE 7.0; Windows NT 5.1; Trident/4.0; .NET CLR 2.0.50727; MS-RTC LM 8; InfoPath.2)" 647
212.27.63.151 - - [20/Mar/2022:14:53:45] "GET /oldlink?&JSESSIONID=SD4SL5FF10ADFF4957 HTTP 1.1" 408 3001 "http://www.buttercupgames.com/category.screen?categoryId=NULL" "Mozilla/4.0 (compatible; MSIE 7.0; Windows NT 5.1; Trident/4.0; .NET CLR 2.0.50727; MS-RTC LM 8; InfoPath.2)" 627
212.27.63.151 - - [20/Mar/2022:14:54:04] "GET /category.screen?categoryId=ARCADE&JSESSIONID=SD4SL5FF10ADFF4957 HTTP 1.1" 200 786 "http://www.buttercupgames.com/oldlink" "Mozilla/4.0 (compatible; MSIE 7.0; Windows NT 5.1; Trident/4.0; .NET CLR 2.0.50727; MS-RTC LM 8; InfoPath.2)" 773
212.27.63.151 - - [20/Mar/2022:14:54:09] "GET /oldlink?&JSESSIONID=SD4SL5FF10ADFF4957 HTTP 1.1" 200 1620 "http://www.buttercupgames.com/oldlink" "Mozilla/4.0 (compatible; MSIE 7.0; Windows NT 5.1; Trident/4.0; .NET CLR 2.0.50727; MS-RTC LM 8; InfoPath.2)" 696
212.27.63.151 - - [20/Mar/2022:14:54:19] "GET /product.screen?productId=WC-SH-A02&JSESSIONID=SD4SL5FF10ADFF4957 HTTP 1.1" 200 3833 "http://www.buttercupgames.com/category.screen?categoryId=ACCESSORIES" "Mozilla/4.0 (compatible; MSIE 7.0; Windows NT 5.1; Trident/4.0; .NET CLR 2.0.50727; MS-RTC LM 8; InfoPath.2)" 135
212.27.63.151 - - [20/Mar/2022:14:54:25] "POST /cart.do?action=addtocart&productId=WC-SH-A02&JSESSIONID=SD4SL5FF10ADFF4957 HTTP 1.1" 200 2143 "http://www.buttercupgames.com/product.screen?productId=WC-SH-A02" "Mozilla/4.0 (compatible; MSIE 7.0; Windows NT 5.1; Trident/4.0; .NET CLR 2.0.50727; MS-RTC LM 8; InfoPath.2)" 179
212.27.63.151 - - [20/Mar/2022:14:54:27] "POST /success.do?action=purchase&categoryId=ACCESSORIES&productId=WC-SH-A02&JSESSIONID=SD4SL5FF10ADFF4957 HTTP 1.1" 200 1398 "http://www.buttercupgames.com/cart.do?action=addtocart&categoryId=ACCESSORIES&productId=WC-SH-A02" "Mozilla/4.0 (compatible; MSIE 7.0; Windows NT 5.1; Trident/4.0; .NET CLR 2.0.50727; MS-RTC LM 8; InfoPath.2)" 303
212.27.63.151 - - [20/Mar/2022:14:54:27] "POST /cart/success.do?JSESSIONID=SD4SL5FF10ADFF4957&productId=BS-AG-G09 HTTP 1.1" 200 2683 "http://www.buttercupgames.com/cart.do?action=purchase&" "Mozilla/4.0 (compatible; MSIE 7.0; Windows NT 5.1; Trident/4.0; .NET CLR 2.0.50727; MS-RTC LM 8; InfoPath.2)" 1000
203.92.58.136 - - [20/Mar/2022:14:57:30] "GET /category.screen?categoryId=ARCADE&JSESSIONID=SD6SL6FF5ADFF4963 HTTP 1.1" 200 264 "http://www.google.com" "Mozilla/5.0 (Windows; U; Windows NT 5.1; en-US; rv:1.9.2.28) Gecko/20120306 YFF3 Firefox/3.6.28 ( .NET CLR 3.5.30729; .NET4.0C)" 922
203.92.58.136 - - [20/Mar/2022:14:57:35] "GET /oldlink?&JSESSIONID=SD6SL6FF5ADFF4963 HTTP 1.1" 200 915 "http://www.buttercupgames.com/cart.do?action=view&productId=FS-SG-G03" "Mozilla/5.0 (Windows; U; Windows NT 5.1; en-US; rv:1.9.2.28) Gecko/20120306 YFF3 Firefox/3.6.28 ( .NET CLR 3.5.30729; .NET4.0C)" 431
203.92.58.136 - - [20/Mar/2022:14:57:42] "POST /product.screen?productId=CU-PG-G06&JSESSIONID=SD6SL6FF5ADFF4963 HTTP 1.1" 200 398 "http://www.buttercupgames.com/category.screen?categoryId=SPORTS" "Mozilla/5.0 (Windows; U; Windows NT 5.1; en-US; rv:1.9.2.28) Gecko/20120306 YFF3 Firefox/3.6.28 ( .NET CLR 3.5.30729; .NET4.0C)" 996
203.92.58.136 - - [20/Mar/2022:14:57:54] "GET /category.screen?categoryId=SIMULATION&JSESSIONID=SD6SL6FF5ADFF4963 HTTP 1.1" 200 1264 "http://www.buttercupgames.com/cart.do?action=remove&productId=SC-MG-G10" "Mozilla/5.0 (Windows; U; Windows NT 5.1; en-US; rv:1.9.2.28) Gecko/20120306 YFF3 Firefox/3.6.28 ( .NET CLR 3.5.30729; .NET4.0C)" 323
203.92.58.136 - - [20/Mar/2022:14:58:04] "POST /product.screen?productId=WC-SH-A01&JSESSIONID=SD6SL6FF5ADFF4963 HTTP 1.1" 200 3607 "http://www.buttercupgames.com/product.screen?productId=WC-SH-A01" "Mozilla/5.0 (Windows; U; Windows NT 5.1; en-US; rv:1.9.2.28) Gecko/20120306 YFF3 Firefox/3.6.28 ( .NET CLR 3.5.30729; .NET4.0C)" 822
211.25.254.234 - - [20/Mar/2022:15:00:34] "POST /oldlink?&JSESSIONID=SD8SL4FF1ADFF4954 HTTP 1.1" 200 2964 "http://www.buttercupgames.com" "Mozilla/5.0 (Windows; U; Windows NT 5.1; en-US; rv:1.9.2.28) Gecko/20120306 YFF3 Firefox/3.6.28 ( .NET CLR 3.5.30729; .NET4.0C)" 616
211.25.254.234 - - [20/Mar/2022:15:00:49] "GET /category.screen?categoryId=NULL&JSESSIONID=SD8SL4FF1ADFF4954 HTTP 1.1" 408 2868 "http://www.buttercupgames.com/product.screen?productId=SF-BVS-01" "Mozilla/5.0 (Windows; U; Windows NT 5.1; en-US; rv:1.9.2.28) Gecko/20120306 YFF3 Firefox/3.6.28 ( .NET CLR 3.5.30729; .NET4.0C)" 887
211.25.254.234 - - [20/Mar/2022:15:00:56] "GET /category.screen?categoryId=STRATEGY&JSESSIONID=SD8SL4FF1ADFF4954 HTTP 1.1" 200 840 "http://www.buttercupgames.com/product.screen?productId=DC-SG-G02" "Mozilla/5.0 (Windows; U; Windows NT 5.1; en-US; rv:1.9.2.28) Gecko/20120306 YFF3 Firefox/3.6.28 ( .NET CLR 3.5.30729; .NET4.0C)" 523
211.25.254.234 - - [20/Mar/2022:15:01:07] "GET /product.screen?productId=WC-SH-G04&JSESSIONID=SD8SL4FF1ADFF4954 HTTP 1.1" 200 3918 "http://www.buttercupgames.com/category.screen?categoryId=SHOOTER" "Mozilla/5.0 (Windows; U; Windows NT 5.1; en-US; rv:1.9.2.28) Gecko/20120306 YFF3 Firefox/3.6.28 ( .NET CLR 3.5.30729; .NET4.0C)" 680
211.25.254.234 - - [20/Mar/2022:15:01:22] "GET /oldlink?&JSESSIONID=SD8SL4FF1ADFF4954 HTTP 1.1" 500 3600 "http://www.buttercupgames.com/oldlink" "Mozilla/5.0 (Windows; U; Windows NT 5.1; en-US; rv:1.9.2.28) Gecko/20120306 YFF3 Firefox/3.6.28 ( .NET CLR 3.5.30729; .NET4.0C)" 984
211.25.254.234 - - [20/Mar/2022:15:01:37] "POST /category.screen?categoryId=STRATEGY&JSESSIONID=SD8SL4FF1ADFF4954 HTTP 1.1" 200 2749 "http://www.buttercupgames.com/oldlink" "Mozilla/5.0 (Windows; U; Windows NT 5.1; en-US; rv:1.9.2.28) Gecko/20120306 YFF3 Firefox/3.6.28 ( .NET CLR 3.5.30729; .NET4.0C)" 307
211.25.254.234 - - [20/Mar/2022:15:01:52] "GET /oldlink?&JSESSIONID=SD8SL4FF1ADFF4954 HTTP 1.1" 200 2493 "http://www.buttercupgames.com/category.screen?categoryId=SHOOTER" "Mozilla/5.0 (Windows; U; Windows NT 5.1; en-US; rv:1.9.2.28) Gecko/20120306 YFF3 Firefox/3.6.28 ( .NET CLR 3.5.30729; .NET4.0C)" 419
211.25.254.234 - - [20/Mar/2022:15:02:07] "POST /oldlink?&JSESSIONID=SD8SL4FF1ADFF4954 HTTP 1.1" 500 2934 "http://www.buttercupgames.com/category.screen?categoryId=NULL" "Mozilla/5.0 (Windows; U; Windows NT 5.1; en-US; rv:1.9.2.28) Gecko/20120306 YFF3 Firefox/3.6.28 ( .NET CLR 3.5.30729; .NET4.0C)" 917
198.35.2.120 - - [20/Mar/2022:15:05:45] "GET /product.screen?productId=WC-SH-A01&JSESSIONID=SD9SL4FF1ADFF4957 HTTP 1.1" 200 2928 "http://www.buttercupgames.com/category.screen?categoryId=ACCESSORIES" "Opera/9.20 (Windows NT 6.0; U; en)" 862
198.35.2.120 - - [20/Mar/2022:15:05:46] "POST /cart.do?action=addtocart&productId=WC-SH-A01&JSESSIONID=SD9SL4FF1ADFF4957 HTTP 1.1" 200 647 "http://www.buttercupgames.com/product.screen?productId=WC-SH-A01" "Opera/9.20 (Windows NT 6.0; U; en)" 357
198.35.2.120 - - [20/Mar/2022:15:05:50] "POST /success.do?action=purchase&categoryId=ACCESSORIES&productId=WC-SH-A01&JSESSIONID=SD9SL4FF1ADFF4957 HTTP 1.1" 200 2613 "http://www.buttercupgames.com/cart.do?action=addtocart&categoryId=ACCESSORIES&productId=WC-SH-A01" "Opera/9.20 (Windows NT 6.0; U; en)" 282
198.35.2.120 - - [20/Mar/2022:15:05:50] "POST /cart/error.do?msg=CreditDoesNotMatch&JSESSIONID=SD9SL4FF1ADFF4957 HTTP 1.1" 200 3607 "http://www.buttercupgames.com/cart.do?action=purchase&" "Opera/9.20 (Windows NT 6.0; U; en)" 594
198.35.2.120 - - [20/Mar/2022:15:06:00] "GET /cart.do?action=addtocart&JSESSIONID=SD9SL4FF1ADFF4957 HTTP 1.1" 406 3491 "http://www.buttercupgames.com/category.screen?categoryId=NULL" "Opera/9.20 (Windows NT 6.0; U; en)" 294
198.35.2.120 - - [20/Mar/2022:15:06:16] "GET /product.screen?productId=MB-AG-T01&JSESSIONID=SD9SL4FF1ADFF4957 HTTP 1.1" 200 2196 "http://www.buttercupgames.com/category.screen?categoryId=TEE" "Opera/9.20 (Windows NT 6.0; U; en)" 510
198.35.2.120 - - [20/Mar/2022:15:06:19] "GET /cart.do?action=view&productId=SC-MG-G10&JSESSIONID=SD9SL4FF1ADFF4957 HTTP 1.1" 200 1559 "http://www.buttercupgames.com/product.screen?productId=SC-MG-G10" "Opera/9.20 (Windows NT 6.0; U; en)" 810
198.35.2.120 - - [20/Mar/2022:15:06:26] "GET /cart.do?action=addtocart&productId=DC-SG-G02&JSESSIONID=SD9SL4FF1ADFF4957 HTTP 1.1" 200 3747 "http://www.buttercupgames.com/oldlink" "Opera/9.20 (Windows NT 6.0; U; en)" 359
198.35.2.120 - - [20/Mar/2022:15:06:39] "GET /product.screen?productId=WC-SH-A01&JSESSIONID=SD9SL4FF1ADFF4957 HTTP 1.1" 200 1492 "http://www.buttercupgames.com/category.screen?categoryId=ACCESSORIES" "Opera/9.20 (Windows NT 6.0; U; en)" 576
198.35.2.120 - - [20/Mar/2022:15:06:43] "POST /cart.do?action=addtocart&productId=WC-SH-A01&JSESSIONID=SD9SL4FF1ADFF4957 HTTP 1.1" 200 964 "http://www.buttercupgames.com/product.screen?productId=WC-SH-A01" "Opera/9.20 (Windows NT 6.0; U; en)" 640
198.35.2.120 - - [20/Mar/2022:15:06:44] "POST /success.do?action=purchase&categoryId=ACCESSORIES&productId=WC-SH-A01&JSESSIONID=SD9SL4FF1ADFF4957 HTTP 1.1" 200 841 "http://www.buttercupgames.com/cart.do?action=addtocart&categoryId=ACCESSORIES&productId=WC-SH-A01" "Opera/9.20 (Windows NT 6.0; U; en)" 306
198.35.2.120 - - [20/Mar/2022:15:06:44] "POST /cart/error.do?msg=FormError&JSESSIONID=SD9SL4FF1ADFF4957 HTTP 1.1" 200 2463 "http://www.buttercupgames.com/cart.do?action=purchase&" "Opera/9.20 (Windows NT 6.0; U; en)" 239
198.35.2.120 - - [20/Mar/2022:15:06:49] "GET /numa/numa.html?JSESSIONID=SD9SL4FF1ADFF4957 HTTP 1.1" 404 555 "http://www.buttercupgames.com/oldlink" "Opera/9.20 (Windows NT 6.0; U; en)" 568
198.35.2.120 - - [20/Mar/2022:15:06:58] "GET /product.screen?productId=MB-AG-G07&JSESSIONID=SD9SL4FF1ADFF4957 HTTP 1.1" 200 3023 "http://www.buttercupgames.com/category.screen?categoryId=ARCADE" "Opera/9.20 (Windows NT 6.0; U; en)" 365
198.35.2.120 - - [20/Mar/2022:15:07:00] "POST /cart.do?action=addtocart&productId=MB-AG-G07&JSESSIONID=SD9SL4FF1ADFF4957 HTTP 1.1" 200 2522 "http://www.buttercupgames.com/product.screen?productId=MB-AG-G07" "Opera/9.20 (Windows NT 6.0; U; en)" 269
198.35.2.120 - - [20/Mar/2022:15:07:03] "POST /success.do?action=purchase&categoryId=ARCADE&productId=MB-AG-G07&JSESSIONID=SD9SL4FF1ADFF4957 HTTP 1.1" 200 2770 "http://www.buttercupgames.com/cart.do?action=addtocart&categoryId=ARCADE&productId=MB-AG-G07" "Opera/9.20 (Windows NT 6.0; U; en)" 159
198.35.2.120 - - [20/Mar/2022:15:07:03] "POST /cart/success.do?JSESSIONID=SD9SL4FF1ADFF4957&productId=WC-SH-A02 HTTP 1.1" 200 3574 "http://www.buttercupgames.com/cart.do?action=purchase&" "Opera/9.20 (Windows NT 6.0; U; en)" 718
198.35.2.120 - - [20/Mar/2022:15:07:13] "GET /oldlink?&JSESSIONID=SD9SL4FF1ADFF4957 HTTP 1.1" 200 1508 "http://www.buttercupgames.com/oldlink" "Opera/9.20 (Windows NT 6.0; U; en)" 630
27.1.11.11 - - [20/Mar/2022:15:07:54] "GET /category.screen?categoryId=NULL&JSESSIONID=SD7SL5FF2ADFF4956 HTTP 1.1" 400 1879 "http://www.google.com" "Mozilla/4.0 (compatible; MSIE 7.0; Windows NT 5.1; Trident/4.0; .NET CLR 2.0.50727; MS-RTC LM 8; InfoPath.2)" 734
27.1.11.11 - - [20/Mar/2022:15:08:05] "GET /category.screen?categoryId=STRATEGY&JSESSIONID=SD7SL5FF2ADFF4956 HTTP 1.1" 200 2212 "http://www.buttercupgames.com/product.screen?productId=DB-SG-G01" "Mozilla/4.0 (compatible; MSIE 7.0; Windows NT 5.1; Trident/4.0; .NET CLR 2.0.50727; MS-RTC LM 8; InfoPath.2)" 214
193.33.170.23 - - [20/Mar/2022:15:09:59] "GET /product.screen?productId=WC-SH-G04&JSESSIONID=SD2SL10FF9ADFF4962 HTTP 1.1" 200 512 "http://www.buttercupgames.com" "Mozilla/5.0 (compatible; YandexBot/3.0; +http://yandex.com/bots)" 946
193.33.170.23 - - [20/Mar/2022:15:10:16] "GET /cart.do?action=view&productId=MB-AG-T01&JSESSIONID=SD2SL10FF9ADFF4962 HTTP 1.1" 200 2758 "http://www.buttercupgames.com/oldlink" "Mozilla/5.0 (compatible; YandexBot/3.0; +http://yandex.com/bots)" 912
193.33.170.23 - - [20/Mar/2022:15:10:20] "GET /product.screen?productId=SC-MG-G10&JSESSIONID=SD2SL10FF9ADFF4962 HTTP 1.1" 200 1725 "http://www.buttercupgames.com/category.screen?categoryId=SIMULATION" "Mozilla/5.0 (compatible; YandexBot/3.0; +http://yandex.com/bots)" 779
193.33.170.23 - - [20/Mar/2022:15:10:26] "GET /cart.do?action=changequantity&productId=WC-SH-A01&JSESSIONID=SD2SL10FF9ADFF4962 HTTP 1.1" 200 1445 "http://www.buttercupgames.com/product.screen?productId=WC-SH-A01" "Mozilla/5.0 (compatible; YandexBot/3.0; +http://yandex.com/bots)" 641
193.33.170.23 - - [20/Mar/2022:15:10:32] "GET /oldlink?&JSESSIONID=SD2SL10FF9ADFF4962 HTTP 1.1" 200 3715 "http://www.buttercupgames.com/category.screen?categoryId=SIMULATION" "Mozilla/5.0 (compatible; YandexBot/3.0; +http://yandex.com/bots)" 784
193.33.170.23 - - [20/Mar/2022:15:10:47] "GET /product.screen?productId=SF-BVS-01&JSESSIONID=SD2SL10FF9ADFF4962 HTTP 1.1" 404 651 "http://www.buttercupgames.com/category.screen?categoryId=NULL" "Mozilla/5.0 (compatible; YandexBot/3.0; +http://yandex.com/bots)" 271
193.33.170.23 - - [20/Mar/2022:15:10:59] "GET /oldlink?&JSESSIONID=SD2SL10FF9ADFF4962 HTTP 1.1" 200 772 "http://www.buttercupgames.com/cart.do?action=view&productId=CU-PG-G06" "Mozilla/5.0 (compatible; YandexBot/3.0; +http://yandex.com/bots)" 561
193.33.170.23 - - [20/Mar/2022:15:11:03] "GET /product.screen?productId=DB-SG-G01&JSESSIONID=SD2SL10FF9ADFF4962 HTTP 1.1" 200 2769 "http://www.buttercupgames.com/oldlink" "Mozilla/5.0 (compatible; YandexBot/3.0; +http://yandex.com/bots)" 935
87.240.128.18 - - [20/Mar/2022:15:12:29] "GET /product.screen?productId=DB-SG-G01&JSESSIONID=SD5SL8FF5ADFF4966 HTTP 1.1" 200 2696 "http://www.google.com" "Mozilla/4.0 (compatible; MSIE 7.0; Windows NT 5.2; .NET CLR 1.1.4322; InfoPath.1; MS-RTC LM 8)" 967
87.240.128.18 - - [20/Mar/2022:15:12:45] "GET /cart.do?action=view&productId=WC-SH-G04&JSESSIONID=SD5SL8FF5ADFF4966 HTTP 1.1" 200 2765 "http://www.buttercupgames.com/product.screen?productId=WC-SH-G04" "Mozilla/4.0 (compatible; MSIE 7.0; Windows NT 5.2; .NET CLR 1.1.4322; InfoPath.1; MS-RTC LM 8)" 641
87.240.128.18 - - [20/Mar/2022:15:12:54] "GET /cart.do?action=view&productId=WC-SH-A02&JSESSIONID=SD5SL8FF5ADFF4966 HTTP 1.1" 200 1962 "http://www.buttercupgames.com/cart.do?action=view&productId=WC-SH-A02" "Mozilla/4.0 (compatible; MSIE 7.0; Windows NT 5.2; .NET CLR 1.1.4322; InfoPath.1; MS-RTC LM 8)" 448
49.212.64.138 - - [20/Mar/2022:15:14:13] "GET /category.screen?categoryId=ACCESSORIES&JSESSIONID=SD0SL9FF5ADFF4963 HTTP 1.1" 200 3078 "http://www.google.com" "Googlebot/2.1 ( http://www.googlebot.com/bot.html)" 422
27.101.11.11 - - [20/Mar/2022:15:15:49] "GET /product.screen?productId=BS-AG-G09&JSESSIONID=SD3SL5FF7ADFF4954 HTTP 1.1" 200 1516 "http://www.google.com" "Mozilla/5.0 (compatible; MSIE 9.0; Windows NT 6.1; WOW64; Trident/5.0; BOIE9;ENUS)" 895
27.101.11.11 - - [20/Mar/2022:15:16:04] "GET /cart.do?action=addtocart&productId=WC-SH-G04&JSESSIONID=SD3SL5FF7ADFF4954 HTTP 1.1" 200 3511 "http://www.buttercupgames.com/cart.do?action=addtocart&productId=WC-SH-G04" "Mozilla/5.0 (compatible; MSIE 9.0; Windows NT 6.1; WOW64; Trident/5.0; BOIE9;ENUS)" 851
200.6.134.23 - - [20/Mar/2022:15:17:44] "POST /cart.do?action=addtocart&productId=MB-AG-G07&JSESSIONID=SD6SL8FF7ADFF4955 HTTP 1.1" 200 3028 "http://www.google.com" "Mozilla/5.0 (Windows; U; Windows NT 5.1; en-US; rv:1.9.2.28) Gecko/20120306 YFF3 Firefox/3.6.28 ( .NET CLR 3.5.30729; .NET4.0C)" 412
208.240.243.170 - - [20/Mar/2022:15:17:46] "GET /product.screen?productId=WC-SH-G04&JSESSIONID=SD7SL2FF5ADFF4956 HTTP 1.1" 200 1586 "http://www.google.com" "Mozilla/5.0 (iPad; U; CPU OS 4_3_5 like Mac OS X; en-us) AppleWebKit/533.17.9 (KHTML, like Gecko) Version/5.0.2 Mobile/8L1 Safari/6533.18.5" 159
208.240.243.170 - - [20/Mar/2022:15:17:53] "GET /oldlink?&JSESSIONID=SD7SL2FF5ADFF4956 HTTP 1.1" 200 2505 "http://www.buttercupgames.com/category.screen?categoryId=ACCESSORIES" "Mozilla/5.0 (iPad; U; CPU OS 4_3_5 like Mac OS X; en-us) AppleWebKit/533.17.9 (KHTML, like Gecko) Version/5.0.2 Mobile/8L1 Safari/6533.18.5" 147
200.6.134.23 - - [20/Mar/2022:15:18:00] "GET /cart.do?action=changequantity&productId=MB-AG-G07&JSESSIONID=SD6SL8FF7ADFF4955 HTTP 1.1" 200 3505 "http://www.buttercupgames.com/product.screen?productId=MB-AG-G07" "Mozilla/5.0 (Windows; U; Windows NT 5.1; en-US; rv:1.9.2.28) Gecko/20120306 YFF3 Firefox/3.6.28 ( .NET CLR 3.5.30729; .NET4.0C)" 654
208.240.243.170 - - [20/Mar/2022:15:18:04] "GET /product.screen?productId=SC-MG-G10&JSESSIONID=SD7SL2FF5ADFF4956 HTTP 1.1" 200 3342 "http://www.buttercupgames.com/product.screen?productId=SC-MG-G10" "Mozilla/5.0 (iPad; U; CPU OS 4_3_5 like Mac OS X; en-us) AppleWebKit/533.17.9 (KHTML, like Gecko) Version/5.0.2 Mobile/8L1 Safari/6533.18.5" 791
200.6.134.23 - - [20/Mar/2022:15:18:13] "GET /product.screen?productId=FS-SG-G03&JSESSIONID=SD6SL8FF7ADFF4955 HTTP 1.1" 200 963 "http://www.buttercupgames.com/category.screen?categoryId=STRATEGY" "Mozilla/5.0 (Windows; U; Windows NT 5.1; en-US; rv:1.9.2.28) Gecko/20120306 YFF3 Firefox/3.6.28 ( .NET CLR 3.5.30729; .NET4.0C)" 933
200.6.134.23 - - [20/Mar/2022:15:18:18] "POST /cart.do?action=addtocart&productId=FS-SG-G03&JSESSIONID=SD6SL8FF7ADFF4955 HTTP 1.1" 200 2540 "http://www.buttercupgames.com/product.screen?productId=FS-SG-G03" "Mozilla/5.0 (Windows; U; Windows NT 5.1; en-US; rv:1.9.2.28) Gecko/20120306 YFF3 Firefox/3.6.28 ( .NET CLR 3.5.30729; .NET4.0C)" 514
200.6.134.23 - - [20/Mar/2022:15:18:20] "POST /success.do?action=purchase&categoryId=STRATEGY&productId=FS-SG-G03&JSESSIONID=SD6SL8FF7ADFF4955 HTTP 1.1" 200 3388 "http://www.buttercupgames.com/cart.do?action=addtocart&categoryId=STRATEGY&productId=FS-SG-G03" "Mozilla/5.0 (Windows; U; Windows NT 5.1; en-US; rv:1.9.2.28) Gecko/20120306 YFF3 Firefox/3.6.28 ( .NET CLR 3.5.30729; .NET4.0C)" 435
200.6.134.23 - - [20/Mar/2022:15:18:20] "POST /cart/success.do?JSESSIONID=SD6SL8FF7ADFF4955&productId=WSC-MG-G10 HTTP 1.1" 200 217 "http://www.buttercupgames.com/cart.do?action=purchase&" "Mozilla/5.0 (Windows; U; Windows NT 5.1; en-US; rv:1.9.2.28) Gecko/20120306 YFF3 Firefox/3.6.28 ( .NET CLR 3.5.30729; .NET4.0C)" 102
208.240.243.170 - - [20/Mar/2022:15:18:21] "GET /cart.do?action=view&productId=DC-SG-G02&JSESSIONID=SD7SL2FF5ADFF4956 HTTP 1.1" 200 1063 "http://www.buttercupgames.com/cart.do?action=view&productId=DC-SG-G02" "Mozilla/5.0 (iPad; U; CPU OS 4_3_5 like Mac OS X; en-us) AppleWebKit/533.17.9 (KHTML, like Gecko) Version/5.0.2 Mobile/8L1 Safari/6533.18.5" 438
208.240.243.170 - - [20/Mar/2022:15:18:25] "GET /product.screen?productId=SF-BVS-01&JSESSIONID=SD7SL2FF5ADFF4956 HTTP 1.1" 406 3826 "http://www.buttercupgames.com/cart.do?action=addtocart&" "Mozilla/5.0 (iPad; U; CPU OS 4_3_5 like Mac OS X; en-us) AppleWebKit/533.17.9 (KHTML, like Gecko) Version/5.0.2 Mobile/8L1 Safari/6533.18.5" 856
200.6.134.23 - - [20/Mar/2022:15:18:27] "GET /cart.do?action=changequantity&productId=WC-SH-T02&JSESSIONID=SD6SL8FF7ADFF4955 HTTP 1.1" 200 2276 "http://www.buttercupgames.com/oldlink" "Mozilla/5.0 (Windows; U; Windows NT 5.1; en-US; rv:1.9.2.28) Gecko/20120306 YFF3 Firefox/3.6.28 ( .NET CLR 3.5.30729; .NET4.0C)" 179
208.240.243.170 - - [20/Mar/2022:15:18:40] "GET /product.screen?productId=WC-SH-T02&JSESSIONID=SD7SL2FF5ADFF4956 HTTP 1.1" 200 3176 "http://www.buttercupgames.com/oldlink" "Mozilla/5.0 (iPad; U; CPU OS 4_3_5 like Mac OS X; en-us) AppleWebKit/533.17.9 (KHTML, like Gecko) Version/5.0.2 Mobile/8L1 Safari/6533.18.5" 129
200.6.134.23 - - [20/Mar/2022:15:18:43] "GET /category.screen?categoryId=NULL&JSESSIONID=SD6SL8FF7ADFF4955 HTTP 1.1" 505 2162 "http://www.buttercupgames.com/product.screen?productId=SF-BVS-01" "Mozilla/5.0 (Windows; U; Windows NT 5.1; en-US; rv:1.9.2.28) Gecko/20120306 YFF3 Firefox/3.6.28 ( .NET CLR 3.5.30729; .NET4.0C)" 319
208.240.243.170 - - [20/Mar/2022:15:18:45] "GET /cart.do?action=addtocart&JSESSIONID=SD7SL2FF5ADFF4956 HTTP 1.1" 505 2737 "http://www.buttercupgames.com/category.screen?categoryId=NULL" "Mozilla/5.0 (iPad; U; CPU OS 4_3_5 like Mac OS X; en-us) AppleWebKit/533.17.9 (KHTML, like Gecko) Version/5.0.2 Mobile/8L1 Safari/6533.18.5" 683
208.240.243.170 - - [20/Mar/2022:15:18:49] "POST /product.screen?productId=MB-AG-T01&JSESSIONID=SD7SL2FF5ADFF4956 HTTP 1.1" 200 3468 "http://www.buttercupgames.com/category.screen?categoryId=TEE" "Mozilla/5.0 (iPad; U; CPU OS 4_3_5 like Mac OS X; en-us) AppleWebKit/533.17.9 (KHTML, like Gecko) Version/5.0.2 Mobile/8L1 Safari/6533.18.5" 942
200.6.134.23 - - [20/Mar/2022:15:18:54] "GET /oldlink?&JSESSIONID=SD6SL8FF7ADFF4955 HTTP 1.1" 200 288 "http://www.buttercupgames.com/product.screen?productId=SC-MG-G10" "Mozilla/5.0 (Windows; U; Windows NT 5.1; en-US; rv:1.9.2.28) Gecko/20120306 YFF3 Firefox/3.6.28 ( .NET CLR 3.5.30729; .NET4.0C)" 477
208.240.243.170 - - [20/Mar/2022:15:18:58] "GET /product.screen?productId=PZ-SG-G05&JSESSIONID=SD7SL2FF5ADFF4956 HTTP 1.1" 200 3260 "http://www.buttercupgames.com/category.screen?categoryId=STRATEGY" "Mozilla/5.0 (iPad; U; CPU OS 4_3_5 like Mac OS X; en-us) AppleWebKit/533.17.9 (KHTML, like Gecko) Version/5.0.2 Mobile/8L1 Safari/6533.18.5" 549
208.240.243.170 - - [20/Mar/2022:15:19:01] "POST /cart.do?action=addtocart&productId=PZ-SG-G05&JSESSIONID=SD7SL2FF5ADFF4956 HTTP 1.1" 200 510 "http://www.buttercupgames.com/product.screen?productId=PZ-SG-G05" "Mozilla/5.0 (iPad; U; CPU OS 4_3_5 like Mac OS X; en-us) AppleWebKit/533.17.9 (KHTML, like Gecko) Version/5.0.2 Mobile/8L1 Safari/6533.18.5" 679
208.240.243.170 - - [20/Mar/2022:15:19:04] "POST /success.do?action=purchase&categoryId=STRATEGY&productId=PZ-SG-G05&JSESSIONID=SD7SL2FF5ADFF4956 HTTP 1.1" 200 2714 "http://www.buttercupgames.com/cart.do?action=addtocart&categoryId=STRATEGY&productId=PZ-SG-G05" "Mozilla/5.0 (iPad; U; CPU OS 4_3_5 like Mac OS X; en-us) AppleWebKit/533.17.9 (KHTML, like Gecko) Version/5.0.2 Mobile/8L1 Safari/6533.18.5" 336
208.240.243.170 - - [20/Mar/2022:15:19:04] "POST /cart/success.do?JSESSIONID=SD7SL2FF5ADFF4956&productId=WC-SH-A02 HTTP 1.1" 200 529 "http://www.buttercupgames.com/cart.do?action=purchase&" "Mozilla/5.0 (iPad; U; CPU OS 4_3_5 like Mac OS X; en-us) AppleWebKit/533.17.9 (KHTML, like Gecko) Version/5.0.2 Mobile/8L1 Safari/6533.18.5" 556
208.240.243.170 - - [20/Mar/2022:15:19:12] "POST /category.screen?categoryId=STRATEGY&JSESSIONID=SD7SL2FF5ADFF4956 HTTP 1.1" 200 269 "http://www.buttercupgames.com/cart.do?action=view&productId=DC-SG-G02" "Mozilla/5.0 (iPad; U; CPU OS 4_3_5 like Mac OS X; en-us) AppleWebKit/533.17.9 (KHTML, like Gecko) Version/5.0.2 Mobile/8L1 Safari/6533.18.5" 850
175.44.1.172 - - [20/Mar/2022:15:23:02] "GET /cart.do?action=view&productId=BS-AG-G09&JSESSIONID=SD7SL3FF8ADFF4960 HTTP 1.1" 200 695 "http://www.buttercupgames.com" "Mozilla/5.0 (iPad; U; CPU OS 4_3_5 like Mac OS X; en-us) AppleWebKit/533.17.9 (KHTML, like Gecko) Version/5.0.2 Mobile/8L1 Safari/6533.18.5" 469
175.44.1.172 - - [20/Mar/2022:15:23:11] "GET /product.screen?productId=DB-SG-G01&JSESSIONID=SD7SL3FF8ADFF4960 HTTP 1.1" 200 3942 "http://www.buttercupgames.com/category.screen?categoryId=STRATEGY" "Mozilla/5.0 (iPad; U; CPU OS 4_3_5 like Mac OS X; en-us) AppleWebKit/533.17.9 (KHTML, like Gecko) Version/5.0.2 Mobile/8L1 Safari/6533.18.5" 355
175.44.1.172 - - [20/Mar/2022:15:23:27] "GET /category.screen?categoryId=ARCADE&JSESSIONID=SD7SL3FF8ADFF4960 HTTP 1.1" 200 1756 "http://www.buttercupgames.com/oldlink" "Mozilla/5.0 (iPad; U; CPU OS 4_3_5 like Mac OS X; en-us) AppleWebKit/533.17.9 (KHTML, like Gecko) Version/5.0.2 Mobile/8L1 Safari/6533.18.5" 611
175.44.1.172 - - [20/Mar/2022:15:23:31] "GET /oldlink?&JSESSIONID=SD7SL3FF8ADFF4960 HTTP 1.1" 200 556 "http://www.buttercupgames.com/cart.do?action=view&productId=WC-SH-A02" "Mozilla/5.0 (iPad; U; CPU OS 4_3_5 like Mac OS X; en-us) AppleWebKit/533.17.9 (KHTML, like Gecko) Version/5.0.2 Mobile/8L1 Safari/6533.18.5" 199
175.44.1.172 - - [20/Mar/2022:15:23:48] "GET /oldlink?&JSESSIONID=SD7SL3FF8ADFF4960 HTTP 1.1" 200 526 "http://www.buttercupgames.com/product.screen?productId=BS-AG-G09" "Mozilla/5.0 (iPad; U; CPU OS 4_3_5 like Mac OS X; en-us) AppleWebKit/533.17.9 (KHTML, like Gecko) Version/5.0.2 Mobile/8L1 Safari/6533.18.5" 798
175.44.1.172 - - [20/Mar/2022:15:23:53] "GET /cart.do?action=view&productId=FI-AG-G08&JSESSIONID=SD7SL3FF8ADFF4960 HTTP 1.1" 200 917 "http://www.buttercupgames.com/category.screen?categoryId=ARCADE" "Mozilla/5.0 (iPad; U; CPU OS 4_3_5 like Mac OS X; en-us) AppleWebKit/533.17.9 (KHTML, like Gecko) Version/5.0.2 Mobile/8L1 Safari/6533.18.5" 722
175.44.1.172 - - [20/Mar/2022:15:24:03] "GET /cart.do?action=addtocart&productId=WC-SH-A01&JSESSIONID=SD7SL3FF8ADFF4960 HTTP 1.1" 200 1691 "http://www.buttercupgames.com/cart.do?action=addtocart&productId=WC-SH-A01" "Mozilla/5.0 (iPad; U; CPU OS 4_3_5 like Mac OS X; en-us) AppleWebKit/533.17.9 (KHTML, like Gecko) Version/5.0.2 Mobile/8L1 Safari/6533.18.5" 531
175.44.1.172 - - [20/Mar/2022:15:24:18] "GET /product.screen?productId=CU-PG-G06&JSESSIONID=SD7SL3FF8ADFF4960 HTTP 1.1" 200 2511 "http://www.buttercupgames.com/category.screen?categoryId=SPORTS" "Mozilla/5.0 (iPad; U; CPU OS 4_3_5 like Mac OS X; en-us) AppleWebKit/533.17.9 (KHTML, like Gecko) Version/5.0.2 Mobile/8L1 Safari/6533.18.5" 485
175.44.1.172 - - [20/Mar/2022:15:24:21] "POST /cart.do?action=addtocart&productId=CU-PG-G06&JSESSIONID=SD7SL3FF8ADFF4960 HTTP 1.1" 200 1254 "http://www.buttercupgames.com/product.screen?productId=CU-PG-G06" "Mozilla/5.0 (iPad; U; CPU OS 4_3_5 like Mac OS X; en-us) AppleWebKit/533.17.9 (KHTML, like Gecko) Version/5.0.2 Mobile/8L1 Safari/6533.18.5" 703
175.44.1.172 - - [20/Mar/2022:15:24:25] "POST /success.do?action=purchase&categoryId=SPORTS&productId=CU-PG-G06&JSESSIONID=SD7SL3FF8ADFF4960 HTTP 1.1" 200 2500 "http://www.buttercupgames.com/cart.do?action=addtocart&categoryId=SPORTS&productId=CU-PG-G06" "Mozilla/5.0 (iPad; U; CPU OS 4_3_5 like Mac OS X; en-us) AppleWebKit/533.17.9 (KHTML, like Gecko) Version/5.0.2 Mobile/8L1 Safari/6533.18.5" 483
175.44.1.172 - - [20/Mar/2022:15:24:25] "POST /cart/success.do?JSESSIONID=SD7SL3FF8ADFF4960&productId=DB-SG-G01 HTTP 1.1" 200 3979 "http://www.buttercupgames.com/cart.do?action=purchase&" "Mozilla/5.0 (iPad; U; CPU OS 4_3_5 like Mac OS X; en-us) AppleWebKit/533.17.9 (KHTML, like Gecko) Version/5.0.2 Mobile/8L1 Safari/6533.18.5" 836
175.44.1.172 - - [20/Mar/2022:15:24:39] "POST /product.screen?productId=SC-MG-G10&JSESSIONID=SD7SL3FF8ADFF4960 HTTP 1.1" 200 2547 "http://www.buttercupgames.com/category.screen?categoryId=SIMULATION" "Mozilla/5.0 (iPad; U; CPU OS 4_3_5 like Mac OS X; en-us) AppleWebKit/533.17.9 (KHTML, like Gecko) Version/5.0.2 Mobile/8L1 Safari/6533.18.5" 234
175.44.1.172 - - [20/Mar/2022:15:24:43] "POST /cart.do?action=addtocart&productId=SC-MG-G10&JSESSIONID=SD7SL3FF8ADFF4960 HTTP 1.1" 200 1051 "http://www.buttercupgames.com/product.screen?productId=SC-MG-G10" "Mozilla/5.0 (iPad; U; CPU OS 4_3_5 like Mac OS X; en-us) AppleWebKit/533.17.9 (KHTML, like Gecko) Version/5.0.2 Mobile/8L1 Safari/6533.18.5" 787
175.44.1.172 - - [20/Mar/2022:15:24:47] "POST /success.do?action=purchase&categoryId=SIMULATION&productId=SC-MG-G10&JSESSIONID=SD7SL3FF8ADFF4960 HTTP 1.1" 200 725 "http://www.buttercupgames.com/cart.do?action=addtocart&categoryId=SIMULATION&productId=SC-MG-G10" "Mozilla/5.0 (iPad; U; CPU OS 4_3_5 like Mac OS X; en-us) AppleWebKit/533.17.9 (KHTML, like Gecko) Version/5.0.2 Mobile/8L1 Safari/6533.18.5" 777
175.44.1.172 - - [20/Mar/2022:15:24:47] "POST /cart/error.do?msg=NothingInCart&JSESSIONID=SD7SL3FF8ADFF4960 HTTP 1.1" 200 3991 "http://www.buttercupgames.com/cart.do?action=purchase&" "Mozilla/5.0 (iPad; U; CPU OS 4_3_5 like Mac OS X; en-us) AppleWebKit/533.17.9 (KHTML, like Gecko) Version/5.0.2 Mobile/8L1 Safari/6533.18.5" 784
198.35.2.120 - - [20/Mar/2022:15:24:50] "GET /cart.do?action=addtocart&productId=FI-AG-G08&JSESSIONID=SD5SL10FF8ADFF4956 HTTP 1.1" 200 1797 "http://www.google.com" "Mozilla/5.0 (Windows; U; Windows NT 5.1; en-GB; rv:1.8.1.6) Gecko/20070725 Firefox/2.0.0.6" 729
175.44.1.172 - - [20/Mar/2022:15:25:01] "GET /category.screen?categoryId=STRATEGY&JSESSIONID=SD7SL3FF8ADFF4960 HTTP 1.1" 200 2287 "http://www.buttercupgames.com/product.screen?productId=DC-SG-G02" "Mozilla/5.0 (iPad; U; CPU OS 4_3_5 like Mac OS X; en-us) AppleWebKit/533.17.9 (KHTML, like Gecko) Version/5.0.2 Mobile/8L1 Safari/6533.18.5" 999
