46.251.224.66 - - [19/Mar/2022:12:35:37] "GET /category.screen?categoryId=STRATEGY&JSESSIONID=SD4SL9FF7ADFF4955 HTTP 1.1" 200 3952 "http://www.buttercupgames.com/cart.do?action=view&productId=DC-SG-G02" "Mozilla/5.0 (Windows; U; Windows NT 5.1; en-US; rv:1.9.2.28) Gecko/20120306 YFF3 Firefox/3.6.28 ( .NET CLR 3.5.30729; .NET4.0C)" 224
46.251.224.66 - - [19/Mar/2022:12:35:53] "GET /product.screen?productId=WC-SH-G04&JSESSIONID=SD4SL9FF7ADFF4955 HTTP 1.1" 200 2480 "http://www.buttercupgames.com/category.screen?categoryId=SHOOTER" "Mozilla/5.0 (Windows; U; Windows NT 5.1; en-US; rv:1.9.2.28) Gecko/20120306 YFF3 Firefox/3.6.28 ( .NET CLR 3.5.30729; .NET4.0C)" 892
46.251.224.66 - - [19/Mar/2022:12:35:59] "POST /cart.do?action=addtocart&productId=WC-SH-G04&JSESSIONID=SD4SL9FF7ADFF4955 HTTP 1.1" 200 3204 "http://www.buttercupgames.com/product.screen?productId=WC-SH-G04" "Mozilla/5.0 (Windows; U; Windows NT 5.1; en-US; rv:1.9.2.28) Gecko/20120306 YFF3 Firefox/3.6.28 ( .NET CLR 3.5.30729; .NET4.0C)" 842
46.251.224.66 - - [19/Mar/2022:12:36:03] "POST /success.do?action=purchase&categoryId=SHOOTER&productId=WC-SH-G04&JSESSIONID=SD4SL9FF7ADFF4955 HTTP 1.1" 200 2895 "http://www.buttercupgames.com/cart.do?action=addtocart&categoryId=SHOOTER&productId=WC-SH-G04" "Mozilla/5.0 (Windows; U; Windows NT 5.1; en-US; rv:1.9.2.28) Gecko/20120306 YFF3 Firefox/3.6.28 ( .NET CLR 3.5.30729; .NET4.0C)" 296
46.251.224.66 - - [19/Mar/2022:12:36:03] "POST /cart/success.do?productId=GT-SC-G01&JSESSIONID=SD4SL9FF7ADFF4955 HTTP 1.1" 200 1043 "http://www.buttercupgames.com/cart.do?action=purchase&productId=GT-SC-G01" "Mozilla/5.0 (Windows; U; Windows NT 5.1; en-US; rv:1.9.2.28) Gecko/20120306 YFF3 Firefox/3.6.28 ( .NET CLR 3.5.30729; .NET4.0C)" 683
91.210.104.143 - - [19/Mar/2022:12:38:27] "GET /category.screen?categoryId=SHOOTER&JSESSIONID=SD9SL4FF10ADFF4950 HTTP 1.1" 200 1135 "http://www.google.com" "Mozilla/5.0 (Macintosh; Intel Mac OS X 10_7_4) AppleWebKit/536.5 (KHTML, like Gecko) Chrome/19.0.1084.46 Safari/536.5" 893
91.210.104.143 - - [19/Mar/2022:12:38:33] "POST /cart.do?action=view&productId=MB-AG-T01&JSESSIONID=SD9SL4FF10ADFF4950 HTTP 1.1" 200 2949 "http://www.buttercupgames.com/product.screen?productId=MB-AG-T01" "Mozilla/5.0 (Macintosh; Intel Mac OS X 10_7_4) AppleWebKit/536.5 (KHTML, like Gecko) Chrome/19.0.1084.46 Safari/536.5" 116
91.210.104.143 - - [19/Mar/2022:12:38:46] "GET /product.screen?productId=DB-SG-G01&JSESSIONID=SD9SL4FF10ADFF4950 HTTP 1.1" 200 417 "http://www.buttercupgames.com/product.screen?productId=DB-SG-G01" "Mozilla/5.0 (Macintosh; Intel Mac OS X 10_7_4) AppleWebKit/536.5 (KHTML, like Gecko) Chrome/19.0.1084.46 Safari/536.5" 252
91.210.104.143 - - [19/Mar/2022:12:39:01] "GET /cart.do?action=view&productId=FI-AG-G08&JSESSIONID=SD9SL4FF10ADFF4950 HTTP 1.1" 200 1554 "http://www.buttercupgames.com/category.screen?categoryId=ARCADE" "Mozilla/5.0 (Macintosh; Intel Mac OS X 10_7_4) AppleWebKit/536.5 (KHTML, like Gecko) Chrome/19.0.1084.46 Safari/536.5" 649
91.210.104.143 - - [19/Mar/2022:12:39:07] "GET /cart.do?action=view&productId=WC-SH-A01&JSESSIONID=SD9SL4FF10ADFF4950 HTTP 1.1" 200 746 "http://www.buttercupgames.com/product.screen?productId=WC-SH-A01" "Mozilla/5.0 (Macintosh; Intel Mac OS X 10_7_4) AppleWebKit/536.5 (KHTML, like Gecko) Chrome/19.0.1084.46 Safari/536.5" 880
91.210.104.143 - - [19/Mar/2022:12:39:25] "POST /product.screen?productId=WC-SH-T02&JSESSIONID=SD9SL4FF10ADFF4950 HTTP 1.1" 200 1542 "http://www.buttercupgames.com/product.screen?productId=WC-SH-T02" "Mozilla/5.0 (Macintosh; Intel Mac OS X 10_7_4) AppleWebKit/536.5 (KHTML, like Gecko) Chrome/19.0.1084.46 Safari/536.5" 795
211.245.24.3 - - [19/Mar/2022:12:44:14] "POST /oldlink?&JSESSIONID=SD5SL3FF3ADFF4964 HTTP 1.1" 200 2978 "http://www.google.com" "Mozilla/5.0 (Windows NT 6.1; WOW64) AppleWebKit/536.5 (KHTML, like Gecko) Chrome/19.0.1084.52 Safari/536.5" 884
211.245.24.3 - - [19/Mar/2022:12:44:31] "GET /category.screen?categoryId=SIMULATION&JSESSIONID=SD5SL3FF3ADFF4964 HTTP 1.1" 200 2099 "http://www.buttercupgames.com/cart.do?action=changequantity&productId=SC-MG-G10" "Mozilla/5.0 (Windows NT 6.1; WOW64) AppleWebKit/536.5 (KHTML, like Gecko) Chrome/19.0.1084.52 Safari/536.5" 814
211.245.24.3 - - [19/Mar/2022:12:44:47] "GET /category.screen?categoryId=ARCADE&JSESSIONID=SD5SL3FF3ADFF4964 HTTP 1.1" 200 2822 "http://www.buttercupgames.com/category.screen?categoryId=ARCADE" "Mozilla/5.0 (Windows NT 6.1; WOW64) AppleWebKit/536.5 (KHTML, like Gecko) Chrome/19.0.1084.52 Safari/536.5" 936
107.3.146.207 - - [19/Mar/2022:12:44:56] "GET /oldlink?&JSESSIONID=SD4SL2FF10ADFF4950 HTTP 1.1" 200 1630 "http://www.buttercupgames.com" "Mozilla/5.0 (Windows; U; Windows NT 5.1; en-US; rv:1.9.2.28) Gecko/20120306 YFF3 Firefox/3.6.28 ( .NET CLR 3.5.30729; .NET4.0C)" 660
211.245.24.3 - - [19/Mar/2022:12:45:00] "GET /cart.do?action=view&productId=PZ-SG-G05&JSESSIONID=SD5SL3FF3ADFF4964 HTTP 1.1" 200 1665 "http://www.buttercupgames.com/cart.do?action=view&productId=PZ-SG-G05" "Mozilla/5.0 (Windows NT 6.1; WOW64) AppleWebKit/536.5 (KHTML, like Gecko) Chrome/19.0.1084.52 Safari/536.5" 568
107.3.146.207 - - [19/Mar/2022:12:45:19] "GET /product.screen?productId=WC-SH-G04&JSESSIONID=SD4SL2FF10ADFF4950 HTTP 1.1" 200 2463 "http://www.buttercupgames.com/cart.do?action=view&productId=WC-SH-G04" "Mozilla/5.0 (Windows; U; Windows NT 5.1; en-US; rv:1.9.2.28) Gecko/20120306 YFF3 Firefox/3.6.28 ( .NET CLR 3.5.30729; .NET4.0C)" 841
211.245.24.3 - - [19/Mar/2022:12:45:19] "GET /cart.do?action=changequantity&productId=DC-SG-G02&JSESSIONID=SD5SL3FF3ADFF4964 HTTP 1.1" 200 3084 "http://www.buttercupgames.com/oldlink" "Mozilla/5.0 (Windows NT 6.1; WOW64) AppleWebKit/536.5 (KHTML, like Gecko) Chrome/19.0.1084.52 Safari/536.5" 563
107.3.146.207 - - [19/Mar/2022:12:45:24] "GET /category.screen?categoryId=NULL&JSESSIONID=SD4SL2FF10ADFF4950 HTTP 1.1" 400 2655 "http://www.buttercupgames.com/category.screen?categoryId=NULL" "Mozilla/5.0 (Windows; U; Windows NT 5.1; en-US; rv:1.9.2.28) Gecko/20120306 YFF3 Firefox/3.6.28 ( .NET CLR 3.5.30729; .NET4.0C)" 935
107.3.146.207 - - [19/Mar/2022:12:45:36] "GET /category.screen?categoryId=STRATEGY&JSESSIONID=SD4SL2FF10ADFF4950 HTTP 1.1" 200 3180 "http://www.buttercupgames.com/cart.do?action=view&productId=DC-SG-G02" "Mozilla/5.0 (Windows; U; Windows NT 5.1; en-US; rv:1.9.2.28) Gecko/20120306 YFF3 Firefox/3.6.28 ( .NET CLR 3.5.30729; .NET4.0C)" 364
211.245.24.3 - - [19/Mar/2022:12:45:37] "GET /product.screen?productId=FI-AG-G08&JSESSIONID=SD5SL3FF3ADFF4964 HTTP 1.1" 200 3345 "http://www.buttercupgames.com/product.screen?productId=FI-AG-G08" "Mozilla/5.0 (Windows NT 6.1; WOW64) AppleWebKit/536.5 (KHTML, like Gecko) Chrome/19.0.1084.52 Safari/536.5" 240
107.3.146.207 - - [19/Mar/2022:12:45:46] "POST /cart.do?action=remove&productId=SC-MG-G10&JSESSIONID=SD4SL2FF10ADFF4950 HTTP 1.1" 200 689 "http://www.buttercupgames.com/category.screen?categoryId=SIMULATION" "Mozilla/5.0 (Windows; U; Windows NT 5.1; en-US; rv:1.9.2.28) Gecko/20120306 YFF3 Firefox/3.6.28 ( .NET CLR 3.5.30729; .NET4.0C)" 892
211.245.24.3 - - [19/Mar/2022:12:45:49] "GET /cart.do?action=view&productId=DB-SG-G01&JSESSIONID=SD5SL3FF3ADFF4964 HTTP 1.1" 200 1802 "http://www.buttercupgames.com/category.screen?categoryId=STRATEGY" "Mozilla/5.0 (Windows NT 6.1; WOW64) AppleWebKit/536.5 (KHTML, like Gecko) Chrome/19.0.1084.52 Safari/536.5" 201
107.3.146.207 - - [19/Mar/2022:12:46:00] "GET /category.screen?categoryId=ARCADE&JSESSIONID=SD4SL2FF10ADFF4950 HTTP 1.1" 200 3926 "http://www.buttercupgames.com/product.screen?productId=MB-AG-G07" "Mozilla/5.0 (Windows; U; Windows NT 5.1; en-US; rv:1.9.2.28) Gecko/20120306 YFF3 Firefox/3.6.28 ( .NET CLR 3.5.30729; .NET4.0C)" 519
211.245.24.3 - - [19/Mar/2022:12:46:01] "GET /cart.do?action=view&productId=FI-AG-G08&JSESSIONID=SD5SL3FF3ADFF4964 HTTP 1.1" 200 372 "http://www.buttercupgames.com/product.screen?productId=FI-AG-G08" "Mozilla/5.0 (Windows NT 6.1; WOW64) AppleWebKit/536.5 (KHTML, like Gecko) Chrome/19.0.1084.52 Safari/536.5" 875
107.3.146.207 - - [19/Mar/2022:12:46:21] "GET /category.screen?categoryId=STRATEGY&JSESSIONID=SD4SL2FF10ADFF4950 HTTP 1.1" 200 451 "http://www.buttercupgames.com/cart.do?action=view&productId=DB-SG-G01" "Mozilla/5.0 (Windows; U; Windows NT 5.1; en-US; rv:1.9.2.28) Gecko/20120306 YFF3 Firefox/3.6.28 ( .NET CLR 3.5.30729; .NET4.0C)" 962
107.3.146.207 - - [19/Mar/2022:12:46:44] "GET /category.screen?categoryId=STRATEGY&JSESSIONID=SD4SL2FF10ADFF4950 HTTP 1.1" 200 2788 "http://www.buttercupgames.com/oldlink" "Mozilla/5.0 (Windows; U; Windows NT 5.1; en-US; rv:1.9.2.28) Gecko/20120306 YFF3 Firefox/3.6.28 ( .NET CLR 3.5.30729; .NET4.0C)" 654
107.3.146.207 - - [19/Mar/2022:12:46:58] "GET /product.screen?productId=BS-AG-G09&JSESSIONID=SD4SL2FF10ADFF4950 HTTP 1.1" 200 1934 "http://www.buttercupgames.com/category.screen?categoryId=ARCADE" "Mozilla/5.0 (Windows; U; Windows NT 5.1; en-US; rv:1.9.2.28) Gecko/20120306 YFF3 Firefox/3.6.28 ( .NET CLR 3.5.30729; .NET4.0C)" 734
107.3.146.207 - - [19/Mar/2022:12:47:04] "POST /cart.do?action=addtocart&productId=BS-AG-G09&JSESSIONID=SD4SL2FF10ADFF4950 HTTP 1.1" 200 631 "http://www.buttercupgames.com/product.screen?productId=BS-AG-G09" "Mozilla/5.0 (Windows; U; Windows NT 5.1; en-US; rv:1.9.2.28) Gecko/20120306 YFF3 Firefox/3.6.28 ( .NET CLR 3.5.30729; .NET4.0C)" 600
107.3.146.207 - - [19/Mar/2022:12:47:06] "POST /success.do?action=purchase&categoryId=ARCADE&productId=BS-AG-G09&JSESSIONID=SD4SL2FF10ADFF4950 HTTP 1.1" 200 1214 "http://www.buttercupgames.com/cart.do?action=addtocart&categoryId=ARCADE&productId=BS-AG-G09" "Mozilla/5.0 (Windows; U; Windows NT 5.1; en-US; rv:1.9.2.28) Gecko/20120306 YFF3 Firefox/3.6.28 ( .NET CLR 3.5.30729; .NET4.0C)" 307
107.3.146.207 - - [19/Mar/2022:12:47:06] "POST /cart/success.do?JSESSIONID=SD4SL2FF10ADFF4950&productId=WSC-MG-G10 HTTP 1.1" 200 3593 "http://www.buttercupgames.com/cart.do?action=purchase&" "Mozilla/5.0 (Windows; U; Windows NT 5.1; en-US; rv:1.9.2.28) Gecko/20120306 YFF3 Firefox/3.6.28 ( .NET CLR 3.5.30729; .NET4.0C)" 531
107.3.146.207 - - [19/Mar/2022:12:47:21] "GET /product.screen?productId=MB-AG-T01&JSESSIONID=SD4SL2FF10ADFF4950 HTTP 1.1" 200 1188 "http://www.buttercupgames.com/category.screen?categoryId=TEE" "Mozilla/5.0 (Windows; U; Windows NT 5.1; en-US; rv:1.9.2.28) Gecko/20120306 YFF3 Firefox/3.6.28 ( .NET CLR 3.5.30729; .NET4.0C)" 420
175.44.3.30 - - [19/Mar/2022:12:50:18] "GET /oldlink?&JSESSIONID=SD10SL3FF7ADFF4965 HTTP 1.1" 200 1543 "http://www.google.com" "Mozilla/5.0 (Macintosh; Intel Mac OS X 10_7_4) AppleWebKit/536.5 (KHTML, like Gecko) Chrome/19.0.1084.46 Safari/536.5" 484
175.44.3.30 - - [19/Mar/2022:12:50:30] "GET /product.screen?productId=MB-AG-G07&JSESSIONID=SD10SL3FF7ADFF4965 HTTP 1.1" 200 3157 "http://www.buttercupgames.com/cart.do?action=addtocart&productId=MB-AG-G07" "Mozilla/5.0 (Macintosh; Intel Mac OS X 10_7_4) AppleWebKit/536.5 (KHTML, like Gecko) Chrome/19.0.1084.46 Safari/536.5" 697
175.44.3.30 - - [19/Mar/2022:12:50:40] "GET /product.screen?productId=WC-SH-T02&JSESSIONID=SD10SL3FF7ADFF4965 HTTP 1.1" 200 3521 "http://www.buttercupgames.com/category.screen?categoryId=TEE" "Mozilla/5.0 (Macintosh; Intel Mac OS X 10_7_4) AppleWebKit/536.5 (KHTML, like Gecko) Chrome/19.0.1084.46 Safari/536.5" 166
175.44.3.30 - - [19/Mar/2022:12:50:43] "POST /cart.do?action=addtocart&productId=WC-SH-T02&JSESSIONID=SD10SL3FF7ADFF4965 HTTP 1.1" 200 2612 "http://www.buttercupgames.com/product.screen?productId=WC-SH-T02" "Mozilla/5.0 (Macintosh; Intel Mac OS X 10_7_4) AppleWebKit/536.5 (KHTML, like Gecko) Chrome/19.0.1084.46 Safari/536.5" 572
175.44.3.30 - - [19/Mar/2022:12:50:49] "POST /success.do?action=purchase&categoryId=TEE&productId=WC-SH-T02&JSESSIONID=SD10SL3FF7ADFF4965 HTTP 1.1" 200 1593 "http://www.buttercupgames.com/cart.do?action=addtocart&categoryId=TEE&productId=WC-SH-T02" "Mozilla/5.0 (Macintosh; Intel Mac OS X 10_7_4) AppleWebKit/536.5 (KHTML, like Gecko) Chrome/19.0.1084.46 Safari/536.5" 607
175.44.3.30 - - [19/Mar/2022:12:50:49] "POST /cart/success.do?JSESSIONID=SD10SL3FF7ADFF4965&productId=WC-SH-T02 HTTP 1.1" 200 1620 "http://www.buttercupgames.com/cart.do?action=purchase&" "Mozilla/5.0 (Macintosh; Intel Mac OS X 10_7_4) AppleWebKit/536.5 (KHTML, like Gecko) Chrome/19.0.1084.46 Safari/536.5" 531
175.44.3.30 - - [19/Mar/2022:12:51:00] "GET /category.screen?categoryId=STRATEGY&JSESSIONID=SD10SL3FF7ADFF4965 HTTP 1.1" 200 2441 "http://www.buttercupgames.com/oldlink" "Mozilla/5.0 (Macintosh; Intel Mac OS X 10_7_4) AppleWebKit/536.5 (KHTML, like Gecko) Chrome/19.0.1084.46 Safari/536.5" 934
175.44.3.30 - - [19/Mar/2022:12:51:18] "POST /category.screen?categoryId=NULL&JSESSIONID=SD10SL3FF7ADFF4965 HTTP 1.1" 408 2569 "http://www.buttercupgames.com/oldlink" "Mozilla/5.0 (Macintosh; Intel Mac OS X 10_7_4) AppleWebKit/536.5 (KHTML, like Gecko) Chrome/19.0.1084.46 Safari/536.5" 485
175.44.3.30 - - [19/Mar/2022:12:51:28] "GET /cart.do?action=view&JSESSIONID=SD10SL3FF7ADFF4965 HTTP 1.1" 406 2976 "http://www.buttercupgames.com/category.screen?categoryId=NULL" "Mozilla/5.0 (Macintosh; Intel Mac OS X 10_7_4) AppleWebKit/536.5 (KHTML, like Gecko) Chrome/19.0.1084.46 Safari/536.5" 341
175.44.3.30 - - [19/Mar/2022:12:51:45] "GET /category.screen?categoryId=ARCADE&JSESSIONID=SD10SL3FF7ADFF4965 HTTP 1.1" 200 1065 "http://www.buttercupgames.com/oldlink" "Mozilla/5.0 (Macintosh; Intel Mac OS X 10_7_4) AppleWebKit/536.5 (KHTML, like Gecko) Chrome/19.0.1084.46 Safari/536.5" 547
175.44.3.30 - - [19/Mar/2022:12:51:58] "GET /category.screen?categoryId=STRATEGY&JSESSIONID=SD10SL3FF7ADFF4965 HTTP 1.1" 200 2605 "http://www.buttercupgames.com/oldlink" "Mozilla/5.0 (Macintosh; Intel Mac OS X 10_7_4) AppleWebKit/536.5 (KHTML, like Gecko) Chrome/19.0.1084.46 Safari/536.5" 789
175.44.1.172 - - [19/Mar/2022:12:52:09] "GET /cart.do?action=view&productId=PZ-SG-G05&JSESSIONID=SD7SL6FF7ADFF4966 HTTP 1.1" 200 687 "http://www.buttercupgames.com" "Mozilla/4.0 (compatible; MSIE 7.0; Windows NT 5.1; Trident/4.0; .NET CLR 2.0.50727; MS-RTC LM 8; InfoPath.2)" 966
175.44.3.30 - - [19/Mar/2022:12:52:11] "GET /oldlink?&JSESSIONID=SD10SL3FF7ADFF4965 HTTP 1.1" 200 3214 "http://www.buttercupgames.com/product.screen?productId=PZ-SG-G05" "Mozilla/5.0 (Macintosh; Intel Mac OS X 10_7_4) AppleWebKit/536.5 (KHTML, like Gecko) Chrome/19.0.1084.46 Safari/536.5" 421
175.44.1.172 - - [19/Mar/2022:12:52:14] "GET /product.screen?productId=MB-AG-G07&JSESSIONID=SD7SL6FF7ADFF4966 HTTP 1.1" 200 2873 "http://www.buttercupgames.com/product.screen?productId=MB-AG-G07" "Mozilla/4.0 (compatible; MSIE 7.0; Windows NT 5.1; Trident/4.0; .NET CLR 2.0.50727; MS-RTC LM 8; InfoPath.2)" 384
175.44.1.172 - - [19/Mar/2022:12:52:31] "GET /category.screen?categoryId=STRATEGY&JSESSIONID=SD7SL6FF7ADFF4966 HTTP 1.1" 200 1266 "http://www.buttercupgames.com/category.screen?categoryId=STRATEGY" "Mozilla/4.0 (compatible; MSIE 7.0; Windows NT 5.1; Trident/4.0; .NET CLR 2.0.50727; MS-RTC LM 8; InfoPath.2)" 724
175.44.3.30 - - [19/Mar/2022:12:52:34] "GET /product.screen?productId=PZ-SG-G05&JSESSIONID=SD10SL3FF7ADFF4965 HTTP 1.1" 200 1192 "http://www.buttercupgames.com/oldlink" "Mozilla/5.0 (Macintosh; Intel Mac OS X 10_7_4) AppleWebKit/536.5 (KHTML, like Gecko) Chrome/19.0.1084.46 Safari/536.5" 292
175.44.3.30 - - [19/Mar/2022:12:52:48] "GET /product.screen?productId=SC-MG-G10&JSESSIONID=SD10SL3FF7ADFF4965 HTTP 1.1" 200 294 "http://www.buttercupgames.com/cart.do?action=view&productId=SC-MG-G10" "Mozilla/5.0 (Macintosh; Intel Mac OS X 10_7_4) AppleWebKit/536.5 (KHTML, like Gecko) Chrome/19.0.1084.46 Safari/536.5" 401
125.17.14.100 - - [19/Mar/2022:12:57:32] "GET /product.screen?productId=SC-MG-G10&JSESSIONID=SD1SL5FF6ADFF4950 HTTP 1.1" 200 865 "http://www.yahoo.com" "Mozilla/5.0 (Windows; U; Windows NT 5.1; en-US; rv:1.9.2.28) Gecko/20120306 YFF3 Firefox/3.6.28 ( .NET CLR 3.5.30729; .NET4.0C)" 771
125.17.14.100 - - [19/Mar/2022:12:57:51] "GET /cart.do?action=addtocart&productId=WC-SH-G04&JSESSIONID=SD1SL5FF6ADFF4950 HTTP 1.1" 200 1822 "http://www.buttercupgames.com/category.screen?categoryId=SHOOTER" "Mozilla/5.0 (Windows; U; Windows NT 5.1; en-US; rv:1.9.2.28) Gecko/20120306 YFF3 Firefox/3.6.28 ( .NET CLR 3.5.30729; .NET4.0C)" 968
89.106.20.218 - - [19/Mar/2022:12:57:53] "POST /category.screen?categoryId=STRATEGY&JSESSIONID=SD4SL5FF3ADFF4963 HTTP 1.1" 200 538 "http://www.yahoo.com" "Mozilla/4.0 (compatible; MSIE 7.0; Windows NT 5.2; .NET CLR 1.1.4322; InfoPath.1; MS-RTC LM 8)" 842
125.17.14.100 - - [19/Mar/2022:12:58:11] "GET /product.screen?productId=SC-MG-G10&JSESSIONID=SD1SL5FF6ADFF4950 HTTP 1.1" 200 2074 "http://www.buttercupgames.com/category.screen?categoryId=SIMULATION" "Mozilla/5.0 (Windows; U; Windows NT 5.1; en-US; rv:1.9.2.28) Gecko/20120306 YFF3 Firefox/3.6.28 ( .NET CLR 3.5.30729; .NET4.0C)" 668
89.106.20.218 - - [19/Mar/2022:12:58:13] "GET /oldlink?&JSESSIONID=SD4SL5FF3ADFF4963 HTTP 1.1" 200 1685 "http://www.buttercupgames.com/category.screen?categoryId=STRATEGY" "Mozilla/4.0 (compatible; MSIE 7.0; Windows NT 5.2; .NET CLR 1.1.4322; InfoPath.1; MS-RTC LM 8)" 705
125.17.14.100 - - [19/Mar/2022:12:58:16] "GET /category.screen?categoryId=STRATEGY&JSESSIONID=SD1SL5FF6ADFF4950 HTTP 1.1" 200 2707 "http://www.buttercupgames.com/oldlink" "Mozilla/5.0 (Windows; U; Windows NT 5.1; en-US; rv:1.9.2.28) Gecko/20120306 YFF3 Firefox/3.6.28 ( .NET CLR 3.5.30729; .NET4.0C)" 523
89.106.20.218 - - [19/Mar/2022:12:58:28] "GET /cart.do?action=view&productId=WC-SH-A02&JSESSIONID=SD4SL5FF3ADFF4963 HTTP 1.1" 200 810 "http://www.buttercupgames.com/category.screen?categoryId=ACCESSORIES" "Mozilla/4.0 (compatible; MSIE 7.0; Windows NT 5.2; .NET CLR 1.1.4322; InfoPath.1; MS-RTC LM 8)" 562
89.106.20.218 - - [19/Mar/2022:12:58:38] "POST /product.screen?productId=FI-AG-G08&JSESSIONID=SD4SL5FF3ADFF4963 HTTP 1.1" 200 2104 "http://www.buttercupgames.com/cart.do?action=view&productId=FI-AG-G08" "Mozilla/4.0 (compatible; MSIE 7.0; Windows NT 5.2; .NET CLR 1.1.4322; InfoPath.1; MS-RTC LM 8)" 141
89.106.20.218 - - [19/Mar/2022:12:58:48] "GET /oldlink?&JSESSIONID=SD4SL5FF3ADFF4963 HTTP 1.1" 200 3626 "http://www.buttercupgames.com/oldlink" "Mozilla/4.0 (compatible; MSIE 7.0; Windows NT 5.2; .NET CLR 1.1.4322; InfoPath.1; MS-RTC LM 8)" 443
109.169.32.135 - - [19/Mar/2022:12:59:57] "GET /oldlink?&JSESSIONID=SD1SL9FF10ADFF4966 HTTP 1.1" 200 2029 "http://www.buttercupgames.com" "Mozilla/5.0 (iPad; CPU OS 5_1_1 like Mac OS X) AppleWebKit/534.46 (KHTML, like Gecko) Version/5.1 Mobile/9B206 Safari/7534.48.3" 626
109.169.32.135 - - [19/Mar/2022:13:00:02] "GET /oldlink?&JSESSIONID=SD1SL9FF10ADFF4966 HTTP 1.1" 200 2812 "http://www.buttercupgames.com/category.screen?categoryId=ARCADE" "Mozilla/5.0 (iPad; CPU OS 5_1_1 like Mac OS X) AppleWebKit/534.46 (KHTML, like Gecko) Version/5.1 Mobile/9B206 Safari/7534.48.3" 359
109.169.32.135 - - [19/Mar/2022:13:00:15] "GET /product.screen?productId=SC-MG-G10&JSESSIONID=SD1SL9FF10ADFF4966 HTTP 1.1" 200 943 "http://www.buttercupgames.com/category.screen?categoryId=SIMULATION" "Mozilla/5.0 (iPad; CPU OS 5_1_1 like Mac OS X) AppleWebKit/534.46 (KHTML, like Gecko) Version/5.1 Mobile/9B206 Safari/7534.48.3" 177
109.169.32.135 - - [19/Mar/2022:13:00:17] "POST /cart.do?action=addtocart&productId=SC-MG-G10&JSESSIONID=SD1SL9FF10ADFF4966 HTTP 1.1" 200 1441 "http://www.buttercupgames.com/product.screen?productId=SC-MG-G10" "Mozilla/5.0 (iPad; CPU OS 5_1_1 like Mac OS X) AppleWebKit/534.46 (KHTML, like Gecko) Version/5.1 Mobile/9B206 Safari/7534.48.3" 427
109.169.32.135 - - [19/Mar/2022:13:00:19] "POST /success.do?action=purchase&categoryId=SIMULATION&productId=SC-MG-G10&JSESSIONID=SD1SL9FF10ADFF4966 HTTP 1.1" 200 1005 "http://www.buttercupgames.com/cart.do?action=addtocart&categoryId=SIMULATION&productId=SC-MG-G10" "Mozilla/5.0 (iPad; CPU OS 5_1_1 like Mac OS X) AppleWebKit/534.46 (KHTML, like Gecko) Version/5.1 Mobile/9B206 Safari/7534.48.3" 506
109.169.32.135 - - [19/Mar/2022:13:00:19] "POST /cart/error.do?msg=NothingInCart&JSESSIONID=SD1SL9FF10ADFF4966 HTTP 1.1" 200 1623 "http://www.buttercupgames.com/cart.do?action=purchase&" "Mozilla/5.0 (iPad; CPU OS 5_1_1 like Mac OS X) AppleWebKit/534.46 (KHTML, like Gecko) Version/5.1 Mobile/9B206 Safari/7534.48.3" 275
109.169.32.135 - - [19/Mar/2022:13:00:23] "POST /oldlink?&JSESSIONID=SD1SL9FF10ADFF4966 HTTP 1.1" 200 3444 "http://www.buttercupgames.com/oldlink" "Mozilla/5.0 (iPad; CPU OS 5_1_1 like Mac OS X) AppleWebKit/534.46 (KHTML, like Gecko) Version/5.1 Mobile/9B206 Safari/7534.48.3" 336
109.169.32.135 - - [19/Mar/2022:13:00:45] "GET /category.screen?categoryId=ARCADE&JSESSIONID=SD1SL9FF10ADFF4966 HTTP 1.1" 200 664 "http://www.buttercupgames.com/product.screen?productId=BS-AG-G09" "Mozilla/5.0 (iPad; CPU OS 5_1_1 like Mac OS X) AppleWebKit/534.46 (KHTML, like Gecko) Version/5.1 Mobile/9B206 Safari/7534.48.3" 323
109.169.32.135 - - [19/Mar/2022:13:01:05] "GET /cart.do?action=remove&productId=CU-PG-G06&JSESSIONID=SD1SL9FF10ADFF4966 HTTP 1.1" 200 712 "http://www.buttercupgames.com/product.screen?productId=CU-PG-G06" "Mozilla/5.0 (iPad; CPU OS 5_1_1 like Mac OS X) AppleWebKit/534.46 (KHTML, like Gecko) Version/5.1 Mobile/9B206 Safari/7534.48.3" 392
109.169.32.135 - - [19/Mar/2022:13:01:16] "GET /cart.do?action=view&productId=MB-AG-T01&JSESSIONID=SD1SL9FF10ADFF4966 HTTP 1.1" 200 722 "http://www.buttercupgames.com/cart.do?action=view&productId=MB-AG-T01" "Mozilla/5.0 (iPad; CPU OS 5_1_1 like Mac OS X) AppleWebKit/534.46 (KHTML, like Gecko) Version/5.1 Mobile/9B206 Safari/7534.48.3" 629
109.169.32.135 - - [19/Mar/2022:13:01:22] "POST /product.screen?productId=DB-SG-G01&JSESSIONID=SD1SL9FF10ADFF4966 HTTP 1.1" 200 2528 "http://www.buttercupgames.com/oldlink" "Mozilla/5.0 (iPad; CPU OS 5_1_1 like Mac OS X) AppleWebKit/534.46 (KHTML, like Gecko) Version/5.1 Mobile/9B206 Safari/7534.48.3" 606
12.130.60.5 - - [19/Mar/2022:13:03:13] "GET /product.screen?productId=SF-BVS-01&JSESSIONID=SD10SL1FF4ADFF4960 HTTP 1.1" 406 2495 "http://www.buttercupgames.com" "Mozilla/5.0 (Windows; U; Windows NT 5.1; en-US; rv:1.9.2.28) Gecko/20120306 YFF3 Firefox/3.6.28 ( .NET CLR 3.5.30729; .NET4.0C)" 325
12.130.60.5 - - [19/Mar/2022:13:03:32] "POST /category.screen?categoryId=ARCADE&JSESSIONID=SD10SL1FF4ADFF4960 HTTP 1.1" 200 3473 "http://www.buttercupgames.com/product.screen?productId=FI-AG-G08" "Mozilla/5.0 (Windows; U; Windows NT 5.1; en-US; rv:1.9.2.28) Gecko/20120306 YFF3 Firefox/3.6.28 ( .NET CLR 3.5.30729; .NET4.0C)" 439
12.130.60.5 - - [19/Mar/2022:13:03:46] "GET /oldlink?&JSESSIONID=SD10SL1FF4ADFF4960 HTTP 1.1" 200 1590 "http://www.buttercupgames.com/cart.do?action=view&productId=FS-SG-G03" "Mozilla/5.0 (Windows; U; Windows NT 5.1; en-US; rv:1.9.2.28) Gecko/20120306 YFF3 Firefox/3.6.28 ( .NET CLR 3.5.30729; .NET4.0C)" 966
12.130.60.5 - - [19/Mar/2022:13:03:52] "GET /cart.do?action=addtocart&JSESSIONID=SD10SL1FF4ADFF4960 HTTP 1.1" 400 599 "http://www.buttercupgames.com/category.screen?categoryId=NULL" "Mozilla/5.0 (Windows; U; Windows NT 5.1; en-US; rv:1.9.2.28) Gecko/20120306 YFF3 Firefox/3.6.28 ( .NET CLR 3.5.30729; .NET4.0C)" 492
12.130.60.5 - - [19/Mar/2022:13:04:04] "GET /cart.do?action=remove&productId=DB-SG-G01&JSESSIONID=SD10SL1FF4ADFF4960 HTTP 1.1" 200 1054 "http://www.buttercupgames.com/product.screen?productId=DB-SG-G01" "Mozilla/5.0 (Windows; U; Windows NT 5.1; en-US; rv:1.9.2.28) Gecko/20120306 YFF3 Firefox/3.6.28 ( .NET CLR 3.5.30729; .NET4.0C)" 207
12.130.60.5 - - [19/Mar/2022:13:04:08] "POST /cart.do?action=changequantity&productId=WC-SH-A02&JSESSIONID=SD10SL1FF4ADFF4960 HTTP 1.1" 200 3724 "http://www.buttercupgames.com/cart.do?action=changequantity&productId=WC-SH-A02" "Mozilla/5.0 (Windows; U; Windows NT 5.1; en-US; rv:1.9.2.28) Gecko/20120306 YFF3 Firefox/3.6.28 ( .NET CLR 3.5.30729; .NET4.0C)" 214
12.130.60.5 - - [19/Mar/2022:13:04:13] "POST /cart.do?action=view&productId=CU-PG-G06&JSESSIONID=SD10SL1FF4ADFF4960 HTTP 1.1" 200 212 "http://www.buttercupgames.com/cart.do?action=view&productId=CU-PG-G06" "Mozilla/5.0 (Windows; U; Windows NT 5.1; en-US; rv:1.9.2.28) Gecko/20120306 YFF3 Firefox/3.6.28 ( .NET CLR 3.5.30729; .NET4.0C)" 179
208.65.153.253 - - [19/Mar/2022:13:04:28] "GET /product.screen?productId=DB-SG-G01&JSESSIONID=SD8SL4FF3ADFF4959 HTTP 1.1" 200 1991 "http://www.google.com" "Mozilla/5.0 (Windows; U; Windows NT 5.1; en-US; rv:1.9.2.28) Gecko/20120306 YFF3 Firefox/3.6.28 ( .NET CLR 3.5.30729; .NET4.0C)" 386
208.65.153.253 - - [19/Mar/2022:13:04:50] "GET /oldlink?&JSESSIONID=SD8SL4FF3ADFF4959 HTTP 1.1" 200 3989 "http://www.buttercupgames.com/cart.do?action=view&productId=WC-SH-A02" "Mozilla/5.0 (Windows; U; Windows NT 5.1; en-US; rv:1.9.2.28) Gecko/20120306 YFF3 Firefox/3.6.28 ( .NET CLR 3.5.30729; .NET4.0C)" 160
208.65.153.253 - - [19/Mar/2022:13:05:09] "GET /cart.do?action=view&productId=WC-SH-G04&JSESSIONID=SD8SL4FF3ADFF4959 HTTP 1.1" 200 1710 "http://www.buttercupgames.com/cart.do?action=view&productId=WC-SH-G04" "Mozilla/5.0 (Windows; U; Windows NT 5.1; en-US; rv:1.9.2.28) Gecko/20120306 YFF3 Firefox/3.6.28 ( .NET CLR 3.5.30729; .NET4.0C)" 521
208.65.153.253 - - [19/Mar/2022:13:05:16] "GET /product.screen?productId=WC-SH-G04&JSESSIONID=SD8SL4FF3ADFF4959 HTTP 1.1" 200 958 "http://www.buttercupgames.com/oldlink" "Mozilla/5.0 (Windows; U; Windows NT 5.1; en-US; rv:1.9.2.28) Gecko/20120306 YFF3 Firefox/3.6.28 ( .NET CLR 3.5.30729; .NET4.0C)" 616
208.65.153.253 - - [19/Mar/2022:13:05:33] "GET /product.screen?productId=CU-PG-G06&JSESSIONID=SD8SL4FF3ADFF4959 HTTP 1.1" 200 297 "http://www.buttercupgames.com/category.screen?categoryId=SPORTS" "Mozilla/5.0 (Windows; U; Windows NT 5.1; en-US; rv:1.9.2.28) Gecko/20120306 YFF3 Firefox/3.6.28 ( .NET CLR 3.5.30729; .NET4.0C)" 312
208.65.153.253 - - [19/Mar/2022:13:05:40] "GET /product.screen?productId=WC-SH-A02&JSESSIONID=SD8SL4FF3ADFF4959 HTTP 1.1" 200 2787 "http://www.buttercupgames.com/cart.do?action=view&productId=WC-SH-A02" "Mozilla/5.0 (Windows; U; Windows NT 5.1; en-US; rv:1.9.2.28) Gecko/20120306 YFF3 Firefox/3.6.28 ( .NET CLR 3.5.30729; .NET4.0C)" 787
208.65.153.253 - - [19/Mar/2022:13:05:56] "GET /cart.do?action=addtocart&productId=MB-AG-G07&JSESSIONID=SD8SL4FF3ADFF4959 HTTP 1.1" 200 2909 "http://www.buttercupgames.com/cart.do?action=addtocart&productId=MB-AG-G07" "Mozilla/5.0 (Windows; U; Windows NT 5.1; en-US; rv:1.9.2.28) Gecko/20120306 YFF3 Firefox/3.6.28 ( .NET CLR 3.5.30729; .NET4.0C)" 602
208.65.153.253 - - [19/Mar/2022:13:06:15] "GET /oldlink?&JSESSIONID=SD8SL4FF3ADFF4959 HTTP 1.1" 200 1900 "http://www.buttercupgames.com/product.screen?productId=CU-PG-G06" "Mozilla/5.0 (Windows; U; Windows NT 5.1; en-US; rv:1.9.2.28) Gecko/20120306 YFF3 Firefox/3.6.28 ( .NET CLR 3.5.30729; .NET4.0C)" 707
208.65.153.253 - - [19/Mar/2022:13:06:31] "GET /cart.do?action=view&productId=SC-MG-G10&JSESSIONID=SD8SL4FF3ADFF4959 HTTP 1.1" 200 661 "http://www.buttercupgames.com/cart.do?action=view&productId=SC-MG-G10" "Mozilla/5.0 (Windows; U; Windows NT 5.1; en-US; rv:1.9.2.28) Gecko/20120306 YFF3 Firefox/3.6.28 ( .NET CLR 3.5.30729; .NET4.0C)" 512
111.161.27.20 - - [19/Mar/2022:13:10:08] "GET /cart.do?action=changequantity&productId=SC-MG-G10&JSESSIONID=SD6SL7FF2ADFF4963 HTTP 1.1" 200 743 "http://www.bing.com" "Mozilla/5.0 (Macintosh; Intel Mac OS X 10_7_4) AppleWebKit/536.5 (KHTML, like Gecko) Chrome/19.0.1084.46 Safari/536.5" 769
111.161.27.20 - - [19/Mar/2022:13:10:25] "GET /category.screen?categoryId=ARCADE&JSESSIONID=SD6SL7FF2ADFF4963 HTTP 1.1" 200 3708 "http://www.buttercupgames.com/oldlink" "Mozilla/5.0 (Macintosh; Intel Mac OS X 10_7_4) AppleWebKit/536.5 (KHTML, like Gecko) Chrome/19.0.1084.46 Safari/536.5" 991
174.123.217.162 - - [19/Mar/2022:13:10:29] "GET /oldlink?&JSESSIONID=SD2SL7FF3ADFF4955 HTTP 1.1" 200 1174 "http://www.buttercupgames.com" "Mozilla/5.0 (Windows NT 6.1; WOW64) AppleWebKit/536.5 (KHTML, like Gecko) Chrome/19.0.1084.52 Safari/536.5" 168
111.161.27.20 - - [19/Mar/2022:13:10:41] "GET /oldlink?&JSESSIONID=SD6SL7FF2ADFF4963 HTTP 1.1" 200 3399 "http://www.buttercupgames.com/category.screen?categoryId=STRATEGY" "Mozilla/5.0 (Macintosh; Intel Mac OS X 10_7_4) AppleWebKit/536.5 (KHTML, like Gecko) Chrome/19.0.1084.46 Safari/536.5" 601
174.123.217.162 - - [19/Mar/2022:13:10:48] "GET /product.screen?productId=MB-AG-T01&JSESSIONID=SD2SL7FF3ADFF4955 HTTP 1.1" 200 2044 "http://www.buttercupgames.com/cart.do?action=remove&productId=MB-AG-T01" "Mozilla/5.0 (Windows NT 6.1; WOW64) AppleWebKit/536.5 (KHTML, like Gecko) Chrome/19.0.1084.52 Safari/536.5" 154
111.161.27.20 - - [19/Mar/2022:13:10:55] "GET /product.screen?productId=FS-SG-G03&JSESSIONID=SD6SL7FF2ADFF4963 HTTP 1.1" 200 812 "http://www.buttercupgames.com/category.screen?categoryId=STRATEGY" "Mozilla/5.0 (Macintosh; Intel Mac OS X 10_7_4) AppleWebKit/536.5 (KHTML, like Gecko) Chrome/19.0.1084.46 Safari/536.5" 362
111.161.27.20 - - [19/Mar/2022:13:11:01] "GET /product.screen?productId=DB-SG-G01&JSESSIONID=SD6SL7FF2ADFF4963 HTTP 1.1" 200 2749 "http://www.buttercupgames.com/product.screen?productId=DB-SG-G01" "Mozilla/5.0 (Macintosh; Intel Mac OS X 10_7_4) AppleWebKit/536.5 (KHTML, like Gecko) Chrome/19.0.1084.46 Safari/536.5" 565
174.123.217.162 - - [19/Mar/2022:13:11:06] "POST /oldlink?&JSESSIONID=SD2SL7FF3ADFF4955 HTTP 1.1" 200 2668 "http://www.buttercupgames.com/oldlink" "Mozilla/5.0 (Windows NT 6.1; WOW64) AppleWebKit/536.5 (KHTML, like Gecko) Chrome/19.0.1084.52 Safari/536.5" 500
111.161.27.20 - - [19/Mar/2022:13:11:07] "GET /product.screen?productId=WC-SH-A01&JSESSIONID=SD6SL7FF2ADFF4963 HTTP 1.1" 200 2899 "http://www.buttercupgames.com/oldlink" "Mozilla/5.0 (Macintosh; Intel Mac OS X 10_7_4) AppleWebKit/536.5 (KHTML, like Gecko) Chrome/19.0.1084.46 Safari/536.5" 870
111.161.27.20 - - [19/Mar/2022:13:11:30] "POST /category.screen?categoryId=SPORTS&JSESSIONID=SD6SL7FF2ADFF4963 HTTP 1.1" 200 766 "http://www.buttercupgames.com/category.screen?categoryId=SPORTS" "Mozilla/5.0 (Macintosh; Intel Mac OS X 10_7_4) AppleWebKit/536.5 (KHTML, like Gecko) Chrome/19.0.1084.46 Safari/536.5" 207
111.161.27.20 - - [19/Mar/2022:13:11:51] "POST /product.screen?productId=SC-MG-G10&JSESSIONID=SD6SL7FF2ADFF4963 HTTP 1.1" 200 459 "http://www.buttercupgames.com/oldlink" "Mozilla/5.0 (Macintosh; Intel Mac OS X 10_7_4) AppleWebKit/536.5 (KHTML, like Gecko) Chrome/19.0.1084.46 Safari/536.5" 957
111.161.27.20 - - [19/Mar/2022:13:12:14] "GET /product.screen?productId=SF-BVS-01&JSESSIONID=SD6SL7FF2ADFF4963 HTTP 1.1" 408 1196 "http://www.buttercupgames.com/cart.do?action=addtocart&" "Mozilla/5.0 (Macintosh; Intel Mac OS X 10_7_4) AppleWebKit/536.5 (KHTML, like Gecko) Chrome/19.0.1084.46 Safari/536.5" 111
202.91.242.117 - - [19/Mar/2022:13:14:17] "POST /category.screen?categoryId=STRATEGY&JSESSIONID=SD8SL2FF7ADFF4956 HTTP 1.1" 200 2437 "http://www.google.com" "Mozilla/4.0 (compatible; MSIE 7.0; Windows NT 5.2; .NET CLR 1.1.4322; InfoPath.1; MS-RTC LM 8)" 264
202.91.242.117 - - [19/Mar/2022:13:14:35] "GET /product.screen?productId=FS-SG-G03&JSESSIONID=SD8SL2FF7ADFF4956 HTTP 1.1" 200 3102 "http://www.buttercupgames.com/category.screen?categoryId=STRATEGY" "Mozilla/4.0 (compatible; MSIE 7.0; Windows NT 5.2; .NET CLR 1.1.4322; InfoPath.1; MS-RTC LM 8)" 364
202.91.242.117 - - [19/Mar/2022:13:14:36] "POST /cart.do?action=addtocart&productId=FS-SG-G03&JSESSIONID=SD8SL2FF7ADFF4956 HTTP 1.1" 200 3488 "http://www.buttercupgames.com/product.screen?productId=FS-SG-G03" "Mozilla/4.0 (compatible; MSIE 7.0; Windows NT 5.2; .NET CLR 1.1.4322; InfoPath.1; MS-RTC LM 8)" 361
202.91.242.117 - - [19/Mar/2022:13:14:42] "POST /success.do?action=purchase&categoryId=STRATEGY&productId=FS-SG-G03&JSESSIONID=SD8SL2FF7ADFF4956 HTTP 1.1" 200 255 "http://www.buttercupgames.com/cart.do?action=addtocart&categoryId=STRATEGY&productId=FS-SG-G03" "Mozilla/4.0 (compatible; MSIE 7.0; Windows NT 5.2; .NET CLR 1.1.4322; InfoPath.1; MS-RTC LM 8)" 936
202.91.242.117 - - [19/Mar/2022:13:14:42] "POST /cart/success.do?JSESSIONID=SD8SL2FF7ADFF4956&productId=WC-SH-A02 HTTP 1.1" 200 3996 "http://www.buttercupgames.com/cart.do?action=purchase&" "Mozilla/4.0 (compatible; MSIE 7.0; Windows NT 5.2; .NET CLR 1.1.4322; InfoPath.1; MS-RTC LM 8)" 823
202.91.242.117 - - [19/Mar/2022:13:14:48] "GET /product.screen?productId=DB-SG-G01&JSESSIONID=SD8SL2FF7ADFF4956 HTTP 1.1" 200 1913 "http://www.buttercupgames.com/cart.do?action=changequantity&productId=DB-SG-G01" "Mozilla/4.0 (compatible; MSIE 7.0; Windows NT 5.2; .NET CLR 1.1.4322; InfoPath.1; MS-RTC LM 8)" 803
202.91.242.117 - - [19/Mar/2022:13:15:04] "GET /product.screen?productId=DC-SG-G02&JSESSIONID=SD8SL2FF7ADFF4956 HTTP 1.1" 200 1096 "http://www.buttercupgames.com/cart.do?action=view&productId=DC-SG-G02" "Mozilla/4.0 (compatible; MSIE 7.0; Windows NT 5.2; .NET CLR 1.1.4322; InfoPath.1; MS-RTC LM 8)" 116
87.240.128.18 - - [19/Mar/2022:13:19:31] "POST /category.screen?categoryId=NULL&JSESSIONID=SD7SL10FF7ADFF4961 HTTP 1.1" 400 3939 "http://www.google.com" "Mozilla/5.0 (Windows; U; Windows NT 5.1; en-US; rv:1.9.2.28) Gecko/20120306 YFF3 Firefox/3.6.28 ( .NET CLR 3.5.30729; .NET4.0C)" 219
87.240.128.18 - - [19/Mar/2022:13:19:46] "POST /product.screen?productId=WC-SH-G04&JSESSIONID=SD7SL10FF7ADFF4961 HTTP 1.1" 200 834 "http://www.buttercupgames.com/category.screen?categoryId=SHOOTER" "Mozilla/5.0 (Windows; U; Windows NT 5.1; en-US; rv:1.9.2.28) Gecko/20120306 YFF3 Firefox/3.6.28 ( .NET CLR 3.5.30729; .NET4.0C)" 199
87.240.128.18 - - [19/Mar/2022:13:19:48] "POST /cart.do?action=addtocart&productId=WC-SH-G04&JSESSIONID=SD7SL10FF7ADFF4961 HTTP 1.1" 200 992 "http://www.buttercupgames.com/product.screen?productId=WC-SH-G04" "Mozilla/5.0 (Windows; U; Windows NT 5.1; en-US; rv:1.9.2.28) Gecko/20120306 YFF3 Firefox/3.6.28 ( .NET CLR 3.5.30729; .NET4.0C)" 656
87.240.128.18 - - [19/Mar/2022:13:19:53] "POST /success.do?action=purchase&categoryId=SHOOTER&productId=WC-SH-G04&JSESSIONID=SD7SL10FF7ADFF4961 HTTP 1.1" 200 2350 "http://www.buttercupgames.com/cart.do?action=addtocart&categoryId=SHOOTER&productId=WC-SH-G04" "Mozilla/5.0 (Windows; U; Windows NT 5.1; en-US; rv:1.9.2.28) Gecko/20120306 YFF3 Firefox/3.6.28 ( .NET CLR 3.5.30729; .NET4.0C)" 741
87.240.128.18 - - [19/Mar/2022:13:19:53] "POST /cart/success.do?JSESSIONID=SD7SL10FF7ADFF4961&productId=FS-SG-G03 HTTP 1.1" 200 520 "http://www.buttercupgames.com/cart.do?action=purchase&" "Mozilla/5.0 (Windows; U; Windows NT 5.1; en-US; rv:1.9.2.28) Gecko/20120306 YFF3 Firefox/3.6.28 ( .NET CLR 3.5.30729; .NET4.0C)" 532
87.240.128.18 - - [19/Mar/2022:13:20:05] "POST /oldlink?&JSESSIONID=SD7SL10FF7ADFF4961 HTTP 1.1" 200 1170 "http://www.buttercupgames.com/oldlink" "Mozilla/5.0 (Windows; U; Windows NT 5.1; en-US; rv:1.9.2.28) Gecko/20120306 YFF3 Firefox/3.6.28 ( .NET CLR 3.5.30729; .NET4.0C)" 378
92.46.53.223 - - [19/Mar/2022:13:22:04] "GET /cart.do?action=view&productId=MB-AG-G07&JSESSIONID=SD9SL5FF5ADFF4966 HTTP 1.1" 200 2447 "http://www.buttercupgames.com" "Mozilla/4.0 (compatible; MSIE 6.0; Windows NT 5.1; SV1)" 699
92.46.53.223 - - [19/Mar/2022:13:22:22] "GET /cart.do?action=addtocart&productId=BS-AG-G09&JSESSIONID=SD9SL5FF5ADFF4966 HTTP 1.1" 200 2369 "http://www.buttercupgames.com/cart.do?action=addtocart&productId=BS-AG-G09" "Mozilla/4.0 (compatible; MSIE 6.0; Windows NT 5.1; SV1)" 114
92.46.53.223 - - [19/Mar/2022:13:22:40] "GET /category.screen?categoryId=STRATEGY&JSESSIONID=SD9SL5FF5ADFF4966 HTTP 1.1" 200 3657 "http://www.buttercupgames.com/category.screen?categoryId=STRATEGY" "Mozilla/4.0 (compatible; MSIE 6.0; Windows NT 5.1; SV1)" 347
108.65.113.83 - - [19/Mar/2022:13:24:30] "POST /oldlink?&JSESSIONID=SD7SL1FF8ADFF4960 HTTP 1.1" 200 3236 "http://www.buttercupgames.com" "Opera/9.01 (Windows NT 5.1; U; en)" 417
27.96.128.0 - - [19/Mar/2022:13:26:03] "GET /product.screen?productId=DB-SG-G01&JSESSIONID=SD9SL5FF4ADFF4961 HTTP 1.1" 200 2745 "http://www.google.com" "Mozilla/4.0 (compatible; MSIE 7.0; Windows NT 5.2; .NET CLR 1.1.4322; InfoPath.1; MS-RTC LM 8)" 755
27.96.128.0 - - [19/Mar/2022:13:26:26] "GET /product.screen?productId=WC-SH-A01&JSESSIONID=SD9SL5FF4ADFF4961 HTTP 1.1" 200 1300 "http://www.buttercupgames.com/category.screen?categoryId=ACCESSORIES" "Mozilla/4.0 (compatible; MSIE 7.0; Windows NT 5.2; .NET CLR 1.1.4322; InfoPath.1; MS-RTC LM 8)" 994
27.96.128.0 - - [19/Mar/2022:13:26:33] "GET /product.screen?productId=PZ-SG-G05&JSESSIONID=SD9SL5FF4ADFF4961 HTTP 1.1" 200 2419 "http://www.buttercupgames.com/oldlink" "Mozilla/4.0 (compatible; MSIE 7.0; Windows NT 5.2; .NET CLR 1.1.4322; InfoPath.1; MS-RTC LM 8)" 598
27.96.128.0 - - [19/Mar/2022:13:26:39] "GET /category.screen?categoryId=SHOOTER&JSESSIONID=SD9SL5FF4ADFF4961 HTTP 1.1" 200 2261 "http://www.buttercupgames.com/category.screen?categoryId=SHOOTER" "Mozilla/4.0 (compatible; MSIE 7.0; Windows NT 5.2; .NET CLR 1.1.4322; InfoPath.1; MS-RTC LM 8)" 478
27.96.128.0 - - [19/Mar/2022:13:26:52] "GET /oldlink?&JSESSIONID=SD9SL5FF4ADFF4961 HTTP 1.1" 200 235 "http://www.buttercupgames.com/oldlink" "Mozilla/4.0 (compatible; MSIE 7.0; Windows NT 5.2; .NET CLR 1.1.4322; InfoPath.1; MS-RTC LM 8)" 242
27.96.128.0 - - [19/Mar/2022:13:27:09] "GET /cart.do?action=view&productId=DB-SG-G01&JSESSIONID=SD9SL5FF4ADFF4961 HTTP 1.1" 200 2322 "http://www.buttercupgames.com/cart.do?action=view&productId=DB-SG-G01" "Mozilla/4.0 (compatible; MSIE 7.0; Windows NT 5.2; .NET CLR 1.1.4322; InfoPath.1; MS-RTC LM 8)" 397
27.96.128.0 - - [19/Mar/2022:13:27:16] "GET /cart.do?action=addtocart&productId=WC-SH-G04&JSESSIONID=SD9SL5FF4ADFF4961 HTTP 1.1" 200 1592 "http://www.buttercupgames.com/cart.do?action=addtocart&productId=WC-SH-G04" "Mozilla/4.0 (compatible; MSIE 7.0; Windows NT 5.2; .NET CLR 1.1.4322; InfoPath.1; MS-RTC LM 8)" 110
27.96.128.0 - - [19/Mar/2022:13:27:25] "GET /cart.do?action=changequantity&productId=FI-AG-G08&JSESSIONID=SD9SL5FF4ADFF4961 HTTP 1.1" 200 3191 "http://www.buttercupgames.com/cart.do?action=changequantity&productId=FI-AG-G08" "Mozilla/4.0 (compatible; MSIE 7.0; Windows NT 5.2; .NET CLR 1.1.4322; InfoPath.1; MS-RTC LM 8)" 562
27.96.128.0 - - [19/Mar/2022:13:27:30] "GET /product.screen?productId=FI-AG-G08&JSESSIONID=SD9SL5FF4ADFF4961 HTTP 1.1" 200 1940 "http://www.buttercupgames.com/oldlink" "Mozilla/4.0 (compatible; MSIE 7.0; Windows NT 5.2; .NET CLR 1.1.4322; InfoPath.1; MS-RTC LM 8)" 210
27.96.128.0 - - [19/Mar/2022:13:27:50] "GET /oldlink?&JSESSIONID=SD9SL5FF4ADFF4961 HTTP 1.1" 200 2501 "http://www.buttercupgames.com/product.screen?productId=WC-SH-G04" "Mozilla/4.0 (compatible; MSIE 7.0; Windows NT 5.2; .NET CLR 1.1.4322; InfoPath.1; MS-RTC LM 8)" 723
183.60.133.18 - - [19/Mar/2022:13:28:58] "GET /oldlink?&JSESSIONID=SD5SL5FF7ADFF4965 HTTP 1.1" 200 2614 "http://www.buttercupgames.com" "Mozilla/5.0 (Windows; U; Windows NT 5.1; en-US; rv:1.9.2.28) Gecko/20120306 YFF3 Firefox/3.6.28 ( .NET CLR 3.5.30729; .NET4.0C)" 785
183.60.133.18 - - [19/Mar/2022:13:29:06] "GET /product.screen?productId=WC-SH-G04&JSESSIONID=SD5SL5FF7ADFF4965 HTTP 1.1" 200 1794 "http://www.buttercupgames.com/oldlink" "Mozilla/5.0 (Windows; U; Windows NT 5.1; en-US; rv:1.9.2.28) Gecko/20120306 YFF3 Firefox/3.6.28 ( .NET CLR 3.5.30729; .NET4.0C)" 217
183.60.133.18 - - [19/Mar/2022:13:29:21] "GET /product.screen?productId=DB-SG-G01&JSESSIONID=SD5SL5FF7ADFF4965 HTTP 1.1" 200 1543 "http://www.buttercupgames.com/oldlink" "Mozilla/5.0 (Windows; U; Windows NT 5.1; en-US; rv:1.9.2.28) Gecko/20120306 YFF3 Firefox/3.6.28 ( .NET CLR 3.5.30729; .NET4.0C)" 835
183.60.133.18 - - [19/Mar/2022:13:29:25] "POST /category.screen?categoryId=STRATEGY&JSESSIONID=SD5SL5FF7ADFF4965 HTTP 1.1" 200 2006 "http://www.buttercupgames.com/product.screen?productId=DB-SG-G01" "Mozilla/5.0 (Windows; U; Windows NT 5.1; en-US; rv:1.9.2.28) Gecko/20120306 YFF3 Firefox/3.6.28 ( .NET CLR 3.5.30729; .NET4.0C)" 505
183.60.133.18 - - [19/Mar/2022:13:29:46] "GET /oldlink?&JSESSIONID=SD5SL5FF7ADFF4965 HTTP 1.1" 200 3981 "http://www.buttercupgames.com/category.screen?categoryId=STRATEGY" "Mozilla/5.0 (Windows; U; Windows NT 5.1; en-US; rv:1.9.2.28) Gecko/20120306 YFF3 Firefox/3.6.28 ( .NET CLR 3.5.30729; .NET4.0C)" 682
183.60.133.18 - - [19/Mar/2022:13:29:57] "GET /product.screen?productId=WC-SH-T02&JSESSIONID=SD5SL5FF7ADFF4965 HTTP 1.1" 200 1673 "http://www.buttercupgames.com/category.screen?categoryId=TEE" "Mozilla/5.0 (Windows; U; Windows NT 5.1; en-US; rv:1.9.2.28) Gecko/20120306 YFF3 Firefox/3.6.28 ( .NET CLR 3.5.30729; .NET4.0C)" 879
183.60.133.18 - - [19/Mar/2022:13:29:59] "POST /cart.do?action=addtocart&productId=WC-SH-T02&JSESSIONID=SD5SL5FF7ADFF4965 HTTP 1.1" 200 2688 "http://www.buttercupgames.com/product.screen?productId=WC-SH-T02" "Mozilla/5.0 (Windows; U; Windows NT 5.1; en-US; rv:1.9.2.28) Gecko/20120306 YFF3 Firefox/3.6.28 ( .NET CLR 3.5.30729; .NET4.0C)" 531
183.60.133.18 - - [19/Mar/2022:13:30:04] "POST /success.do?action=purchase&categoryId=TEE&productId=WC-SH-T02&JSESSIONID=SD5SL5FF7ADFF4965 HTTP 1.1" 200 1809 "http://www.buttercupgames.com/cart.do?action=addtocart&categoryId=TEE&productId=WC-SH-T02" "Mozilla/5.0 (Windows; U; Windows NT 5.1; en-US; rv:1.9.2.28) Gecko/20120306 YFF3 Firefox/3.6.28 ( .NET CLR 3.5.30729; .NET4.0C)" 688
183.60.133.18 - - [19/Mar/2022:13:30:04] "POST /cart/success.do?JSESSIONID=SD5SL5FF7ADFF4965&productId=DB-SG-G01 HTTP 1.1" 200 2145 "http://www.buttercupgames.com/cart.do?action=purchase&" "Mozilla/5.0 (Windows; U; Windows NT 5.1; en-US; rv:1.9.2.28) Gecko/20120306 YFF3 Firefox/3.6.28 ( .NET CLR 3.5.30729; .NET4.0C)" 808
183.60.133.18 - - [19/Mar/2022:13:30:20] "GET /oldlink?&JSESSIONID=SD5SL5FF7ADFF4965 HTTP 1.1" 200 443 "http://www.buttercupgames.com/category.screen?categoryId=STRATEGY" "Mozilla/5.0 (Windows; U; Windows NT 5.1; en-US; rv:1.9.2.28) Gecko/20120306 YFF3 Firefox/3.6.28 ( .NET CLR 3.5.30729; .NET4.0C)" 977
183.60.133.18 - - [19/Mar/2022:13:30:42] "GET /cart.do?action=addtocart&productId=MB-AG-T01&JSESSIONID=SD5SL5FF7ADFF4965 HTTP 1.1" 200 1814 "http://www.buttercupgames.com/category.screen?categoryId=TEE" "Mozilla/5.0 (Windows; U; Windows NT 5.1; en-US; rv:1.9.2.28) Gecko/20120306 YFF3 Firefox/3.6.28 ( .NET CLR 3.5.30729; .NET4.0C)" 138
109.169.32.135 - - [19/Mar/2022:13:30:52] "POST /cart.do?action=remove&JSESSIONID=SD9SL8FF4ADFF4951 HTTP 1.1" 400 3817 "http://www.google.com" "Mozilla/4.0 (compatible; MSIE 7.0; Windows NT 5.2; .NET CLR 1.1.4322; InfoPath.1; MS-RTC LM 8)" 432
183.60.133.18 - - [19/Mar/2022:13:30:54] "GET /product.screen?productId=BS-AG-G09&JSESSIONID=SD5SL5FF7ADFF4965 HTTP 1.1" 200 3927 "http://www.buttercupgames.com/category.screen?categoryId=ARCADE" "Mozilla/5.0 (Windows; U; Windows NT 5.1; en-US; rv:1.9.2.28) Gecko/20120306 YFF3 Firefox/3.6.28 ( .NET CLR 3.5.30729; .NET4.0C)" 988
183.60.133.18 - - [19/Mar/2022:13:30:57] "POST /cart.do?action=addtocart&productId=BS-AG-G09&JSESSIONID=SD5SL5FF7ADFF4965 HTTP 1.1" 200 502 "http://www.buttercupgames.com/product.screen?productId=BS-AG-G09" "Mozilla/5.0 (Windows; U; Windows NT 5.1; en-US; rv:1.9.2.28) Gecko/20120306 YFF3 Firefox/3.6.28 ( .NET CLR 3.5.30729; .NET4.0C)" 590
183.60.133.18 - - [19/Mar/2022:13:30:58] "POST /success.do?action=purchase&categoryId=ARCADE&productId=BS-AG-G09&JSESSIONID=SD5SL5FF7ADFF4965 HTTP 1.1" 200 2658 "http://www.buttercupgames.com/cart.do?action=addtocart&categoryId=ARCADE&productId=BS-AG-G09" "Mozilla/5.0 (Windows; U; Windows NT 5.1; en-US; rv:1.9.2.28) Gecko/20120306 YFF3 Firefox/3.6.28 ( .NET CLR 3.5.30729; .NET4.0C)" 589
183.60.133.18 - - [19/Mar/2022:13:30:58] "POST /cart/error.do?msg=CreditNotAccepted&JSESSIONID=SD5SL5FF7ADFF4965 HTTP 1.1" 200 3007 "http://www.buttercupgames.com/cart.do?action=purchase&" "Mozilla/5.0 (Windows; U; Windows NT 5.1; en-US; rv:1.9.2.28) Gecko/20120306 YFF3 Firefox/3.6.28 ( .NET CLR 3.5.30729; .NET4.0C)" 346
109.169.32.135 - - [19/Mar/2022:13:31:13] "GET /oldlink?&JSESSIONID=SD9SL8FF4ADFF4951 HTTP 1.1" 200 819 "http://www.buttercupgames.com/category.screen?categoryId=ARCADE" "Mozilla/4.0 (compatible; MSIE 7.0; Windows NT 5.2; .NET CLR 1.1.4322; InfoPath.1; MS-RTC LM 8)" 322
109.169.32.135 - - [19/Mar/2022:13:31:33] "GET /product.screen?productId=FS-SG-G03&JSESSIONID=SD9SL8FF4ADFF4951 HTTP 1.1" 200 3638 "http://www.buttercupgames.com/oldlink" "Mozilla/4.0 (compatible; MSIE 7.0; Windows NT 5.2; .NET CLR 1.1.4322; InfoPath.1; MS-RTC LM 8)" 512
109.169.32.135 - - [19/Mar/2022:13:31:38] "POST /category.screen?categoryId=SIMULATION&JSESSIONID=SD9SL8FF4ADFF4951 HTTP 1.1" 200 1009 "http://www.buttercupgames.com/category.screen?categoryId=SIMULATION" "Mozilla/4.0 (compatible; MSIE 7.0; Windows NT 5.2; .NET CLR 1.1.4322; InfoPath.1; MS-RTC LM 8)" 471
109.169.32.135 - - [19/Mar/2022:13:31:51] "GET /cart.do?action=view&productId=SC-MG-G10&JSESSIONID=SD9SL8FF4ADFF4951 HTTP 1.1" 200 3398 "http://www.buttercupgames.com/oldlink" "Mozilla/4.0 (compatible; MSIE 7.0; Windows NT 5.2; .NET CLR 1.1.4322; InfoPath.1; MS-RTC LM 8)" 639
109.169.32.135 - - [19/Mar/2022:13:32:00] "GET /category.screen?categoryId=STRATEGY&JSESSIONID=SD9SL8FF4ADFF4951 HTTP 1.1" 200 2820 "http://www.buttercupgames.com/oldlink" "Mozilla/4.0 (compatible; MSIE 7.0; Windows NT 5.2; .NET CLR 1.1.4322; InfoPath.1; MS-RTC LM 8)" 968
109.169.32.135 - - [19/Mar/2022:13:32:14] "GET /product.screen?productId=SC-MG-G10&JSESSIONID=SD9SL8FF4ADFF4951 HTTP 1.1" 200 2453 "http://www.buttercupgames.com/product.screen?productId=SC-MG-G10" "Mozilla/4.0 (compatible; MSIE 7.0; Windows NT 5.2; .NET CLR 1.1.4322; InfoPath.1; MS-RTC LM 8)" 704
109.169.32.135 - - [19/Mar/2022:13:32:24] "GET /category.screen?categoryId=NULL&JSESSIONID=SD9SL8FF4ADFF4951 HTTP 1.1" 406 2671 "http://www.buttercupgames.com/category.screen?categoryId=NULL" "Mozilla/4.0 (compatible; MSIE 7.0; Windows NT 5.2; .NET CLR 1.1.4322; InfoPath.1; MS-RTC LM 8)" 990
109.169.32.135 - - [19/Mar/2022:13:32:33] "GET /product.screen?productId=WC-SH-A02&JSESSIONID=SD9SL8FF4ADFF4951 HTTP 1.1" 200 960 "http://www.buttercupgames.com/oldlink" "Mozilla/4.0 (compatible; MSIE 7.0; Windows NT 5.2; .NET CLR 1.1.4322; InfoPath.1; MS-RTC LM 8)" 125
109.169.32.135 - - [19/Mar/2022:13:32:41] "GET /product.screen?productId=WC-SH-A02&JSESSIONID=SD9SL8FF4ADFF4951 HTTP 1.1" 200 1567 "http://www.buttercupgames.com/category.screen?categoryId=ACCESSORIES" "Mozilla/4.0 (compatible; MSIE 7.0; Windows NT 5.2; .NET CLR 1.1.4322; InfoPath.1; MS-RTC LM 8)" 820
67.133.102.54 - - [19/Mar/2022:13:34:00] "GET /category.screen?categoryId=NULL&JSESSIONID=SD5SL5FF9ADFF4952 HTTP 1.1" 406 291 "http://www.google.com" "Mozilla/5.0 (Macintosh; Intel Mac OS X 10_7_4) AppleWebKit/536.5 (KHTML, like Gecko) Chrome/19.0.1084.46 Safari/536.5" 451
209.160.24.63 - - [19/Mar/2022:13:34:02] "GET /oldlink?&JSESSIONID=SD2SL2FF3ADFF4955 HTTP 1.1" 200 3257 "http://www.yahoo.com" "Mozilla/5.0 (Windows; U; Windows NT 5.1; en-US; rv:1.9.2.28) Gecko/20120306 YFF3 Firefox/3.6.28 ( .NET CLR 3.5.30729; .NET4.0C)" 843
67.133.102.54 - - [19/Mar/2022:13:34:06] "GET /oldlink?&JSESSIONID=SD5SL5FF9ADFF4952 HTTP 1.1" 200 3685 "http://www.buttercupgames.com/product.screen?productId=FS-SG-G03" "Mozilla/5.0 (Macintosh; Intel Mac OS X 10_7_4) AppleWebKit/536.5 (KHTML, like Gecko) Chrome/19.0.1084.46 Safari/536.5" 571
209.160.24.63 - - [19/Mar/2022:13:34:08] "POST /category.screen?categoryId=STRATEGY&JSESSIONID=SD2SL2FF3ADFF4955 HTTP 1.1" 200 1441 "http://www.buttercupgames.com/oldlink" "Mozilla/5.0 (Windows; U; Windows NT 5.1; en-US; rv:1.9.2.28) Gecko/20120306 YFF3 Firefox/3.6.28 ( .NET CLR 3.5.30729; .NET4.0C)" 140
67.133.102.54 - - [19/Mar/2022:13:34:19] "GET /oldlink?&JSESSIONID=SD5SL5FF9ADFF4952 HTTP 1.1" 200 3434 "http://www.buttercupgames.com/oldlink" "Mozilla/5.0 (Macintosh; Intel Mac OS X 10_7_4) AppleWebKit/536.5 (KHTML, like Gecko) Chrome/19.0.1084.46 Safari/536.5" 274
67.133.102.54 - - [19/Mar/2022:13:34:32] "GET /product.screen?productId=SC-MG-G10&JSESSIONID=SD5SL5FF9ADFF4952 HTTP 1.1" 200 1275 "http://www.buttercupgames.com/oldlink" "Mozilla/5.0 (Macintosh; Intel Mac OS X 10_7_4) AppleWebKit/536.5 (KHTML, like Gecko) Chrome/19.0.1084.46 Safari/536.5" 928
67.133.102.54 - - [19/Mar/2022:13:34:50] "GET /product.screen?productId=WC-SH-T02&JSESSIONID=SD5SL5FF9ADFF4952 HTTP 1.1" 200 925 "http://www.buttercupgames.com/product.screen?productId=WC-SH-T02" "Mozilla/5.0 (Macintosh; Intel Mac OS X 10_7_4) AppleWebKit/536.5 (KHTML, like Gecko) Chrome/19.0.1084.46 Safari/536.5" 461
67.133.102.54 - - [19/Mar/2022:13:35:03] "GET /category.screen?categoryId=SIMULATION&JSESSIONID=SD5SL5FF9ADFF4952 HTTP 1.1" 200 1348 "http://www.buttercupgames.com/category.screen?categoryId=SIMULATION" "Mozilla/5.0 (Macintosh; Intel Mac OS X 10_7_4) AppleWebKit/536.5 (KHTML, like Gecko) Chrome/19.0.1084.46 Safari/536.5" 336
67.133.102.54 - - [19/Mar/2022:13:35:08] "GET /cart.do?action=changequantity&productId=MB-AG-G07&JSESSIONID=SD5SL5FF9ADFF4952 HTTP 1.1" 200 2191 "http://www.buttercupgames.com/product.screen?productId=MB-AG-G07" "Mozilla/5.0 (Macintosh; Intel Mac OS X 10_7_4) AppleWebKit/536.5 (KHTML, like Gecko) Chrome/19.0.1084.46 Safari/536.5" 995
67.133.102.54 - - [19/Mar/2022:13:35:30] "GET /product.screen?productId=CU-PG-G06&JSESSIONID=SD5SL5FF9ADFF4952 HTTP 1.1" 200 939 "http://www.buttercupgames.com/category.screen?categoryId=SPORTS" "Mozilla/5.0 (Macintosh; Intel Mac OS X 10_7_4) AppleWebKit/536.5 (KHTML, like Gecko) Chrome/19.0.1084.46 Safari/536.5" 592
67.133.102.54 - - [19/Mar/2022:13:35:35] "POST /cart.do?action=addtocart&productId=CU-PG-G06&JSESSIONID=SD5SL5FF9ADFF4952 HTTP 1.1" 200 2639 "http://www.buttercupgames.com/product.screen?productId=CU-PG-G06" "Mozilla/5.0 (Macintosh; Intel Mac OS X 10_7_4) AppleWebKit/536.5 (KHTML, like Gecko) Chrome/19.0.1084.46 Safari/536.5" 373
67.133.102.54 - - [19/Mar/2022:13:35:38] "POST /success.do?action=purchase&categoryId=SPORTS&productId=CU-PG-G06&JSESSIONID=SD5SL5FF9ADFF4952 HTTP 1.1" 200 587 "http://www.buttercupgames.com/cart.do?action=addtocart&categoryId=SPORTS&productId=CU-PG-G06" "Mozilla/5.0 (Macintosh; Intel Mac OS X 10_7_4) AppleWebKit/536.5 (KHTML, like Gecko) Chrome/19.0.1084.46 Safari/536.5" 410
