196.28.38.71 - - [19/Mar/2022:21:36:44] "GET /cart.do?action=purchase&JSESSIONID=SD3SL10FF3ADFF4954 HTTP 1.1" 406 246 "http://www.buttercupgames.com/category.screen?categoryId=NULL" "Mozilla/5.0 (Macintosh; U; Intel Mac OS X 10_6_3; en-US) AppleWebKit/533.4 (KHTML, like Gecko) Chrome/5.0.375.38 Safari/533.4" 861
27.102.11.11 - - [19/Mar/2022:21:36:52] "GET /product.screen?productId=DC-SG-G02&JSESSIONID=SD0SL8FF2ADFF4963 HTTP 1.1" 200 2269 "http://www.buttercupgames.com/category.screen?categoryId=STRATEGY" "Mozilla/5.0 (Windows; U; Windows NT 5.1; en-US; rv:1.9.2.28) Gecko/20120306 YFF3 Firefox/3.6.28 ( .NET CLR 3.5.30729; .NET4.0C)" 521
27.102.11.11 - - [19/Mar/2022:21:36:53] "POST /cart.do?action=addtocart&productId=DC-SG-G02&JSESSIONID=SD0SL8FF2ADFF4963 HTTP 1.1" 200 986 "http://www.buttercupgames.com/product.screen?productId=DC-SG-G02" "Mozilla/5.0 (Windows; U; Windows NT 5.1; en-US; rv:1.9.2.28) Gecko/20120306 YFF3 Firefox/3.6.28 ( .NET CLR 3.5.30729; .NET4.0C)" 779
27.102.11.11 - - [19/Mar/2022:21:36:56] "POST /success.do?action=purchase&categoryId=STRATEGY&productId=DC-SG-G02&JSESSIONID=SD0SL8FF2ADFF4963 HTTP 1.1" 200 2578 "http://www.buttercupgames.com/cart.do?action=addtocart&categoryId=STRATEGY&productId=DC-SG-G02" "Mozilla/5.0 (Windows; U; Windows NT 5.1; en-US; rv:1.9.2.28) Gecko/20120306 YFF3 Firefox/3.6.28 ( .NET CLR 3.5.30729; .NET4.0C)" 934
27.102.11.11 - - [19/Mar/2022:21:36:56] "POST /cart/success.do?JSESSIONID=SD0SL8FF2ADFF4963&productId=BS-AG-G09 HTTP 1.1" 200 3685 "http://www.buttercupgames.com/cart.do?action=purchase&" "Mozilla/5.0 (Windows; U; Windows NT 5.1; en-US; rv:1.9.2.28) Gecko/20120306 YFF3 Firefox/3.6.28 ( .NET CLR 3.5.30729; .NET4.0C)" 471
196.28.38.71 - - [19/Mar/2022:21:37:00] "GET /cart.do?action=view&productId=WC-SH-T02&JSESSIONID=SD3SL10FF3ADFF4954 HTTP 1.1" 200 929 "http://www.buttercupgames.com/product.screen?productId=WC-SH-T02" "Mozilla/5.0 (Macintosh; U; Intel Mac OS X 10_6_3; en-US) AppleWebKit/533.4 (KHTML, like Gecko) Chrome/5.0.375.38 Safari/533.4" 421
27.102.11.11 - - [19/Mar/2022:21:37:01] "POST /product.screen?productId=WC-SH-A01&JSESSIONID=SD0SL8FF2ADFF4963 HTTP 1.1" 200 3794 "http://www.buttercupgames.com/cart.do?action=view&productId=WC-SH-A01" "Mozilla/5.0 (Windows; U; Windows NT 5.1; en-US; rv:1.9.2.28) Gecko/20120306 YFF3 Firefox/3.6.28 ( .NET CLR 3.5.30729; .NET4.0C)" 951
196.28.38.71 - - [19/Mar/2022:21:37:06] "GET /category.screen?categoryId=STRATEGY&JSESSIONID=SD3SL10FF3ADFF4954 HTTP 1.1" 200 708 "http://www.buttercupgames.com/category.screen?categoryId=STRATEGY" "Mozilla/5.0 (Macintosh; U; Intel Mac OS X 10_6_3; en-US) AppleWebKit/533.4 (KHTML, like Gecko) Chrome/5.0.375.38 Safari/533.4" 967
196.28.38.71 - - [19/Mar/2022:21:37:11] "GET /category.screen?categoryId=STRATEGY&JSESSIONID=SD3SL10FF3ADFF4954 HTTP 1.1" 200 259 "http://www.buttercupgames.com/oldlink" "Mozilla/5.0 (Macintosh; U; Intel Mac OS X 10_6_3; en-US) AppleWebKit/533.4 (KHTML, like Gecko) Chrome/5.0.375.38 Safari/533.4" 816
196.28.38.71 - - [19/Mar/2022:21:37:15] "GET /oldlink?&JSESSIONID=SD3SL10FF3ADFF4954 HTTP 1.1" 200 3858 "http://www.buttercupgames.com/oldlink" "Mozilla/5.0 (Macintosh; U; Intel Mac OS X 10_6_3; en-US) AppleWebKit/533.4 (KHTML, like Gecko) Chrome/5.0.375.38 Safari/533.4" 839
27.102.11.11 - - [19/Mar/2022:21:37:16] "GET /product.screen?productId=FI-AG-G08&JSESSIONID=SD0SL8FF2ADFF4963 HTTP 1.1" 200 3547 "http://www.buttercupgames.com/category.screen?categoryId=ARCADE" "Mozilla/5.0 (Windows; U; Windows NT 5.1; en-US; rv:1.9.2.28) Gecko/20120306 YFF3 Firefox/3.6.28 ( .NET CLR 3.5.30729; .NET4.0C)" 727
27.102.11.11 - - [19/Mar/2022:21:37:27] "GET /oldlink?&JSESSIONID=SD0SL8FF2ADFF4963 HTTP 1.1" 200 1275 "http://www.buttercupgames.com/cart.do?action=addtocart&productId=CU-PG-G06" "Mozilla/5.0 (Windows; U; Windows NT 5.1; en-US; rv:1.9.2.28) Gecko/20120306 YFF3 Firefox/3.6.28 ( .NET CLR 3.5.30729; .NET4.0C)" 109
196.28.38.71 - - [19/Mar/2022:21:37:33] "GET /product.screen?productId=DC-SG-G02&JSESSIONID=SD3SL10FF3ADFF4954 HTTP 1.1" 200 1672 "http://www.buttercupgames.com/category.screen?categoryId=STRATEGY" "Mozilla/5.0 (Macintosh; U; Intel Mac OS X 10_6_3; en-US) AppleWebKit/533.4 (KHTML, like Gecko) Chrome/5.0.375.38 Safari/533.4" 543
196.28.38.71 - - [19/Mar/2022:21:37:38] "POST /cart.do?action=addtocart&productId=DC-SG-G02&JSESSIONID=SD3SL10FF3ADFF4954 HTTP 1.1" 200 403 "http://www.buttercupgames.com/product.screen?productId=DC-SG-G02" "Mozilla/5.0 (Macintosh; U; Intel Mac OS X 10_6_3; en-US) AppleWebKit/533.4 (KHTML, like Gecko) Chrome/5.0.375.38 Safari/533.4" 814
196.28.38.71 - - [19/Mar/2022:21:37:41] "POST /success.do?action=purchase&categoryId=STRATEGY&productId=DC-SG-G02&JSESSIONID=SD3SL10FF3ADFF4954 HTTP 1.1" 200 1495 "http://www.buttercupgames.com/cart.do?action=addtocart&categoryId=STRATEGY&productId=DC-SG-G02" "Mozilla/5.0 (Macintosh; U; Intel Mac OS X 10_6_3; en-US) AppleWebKit/533.4 (KHTML, like Gecko) Chrome/5.0.375.38 Safari/533.4" 442
196.28.38.71 - - [19/Mar/2022:21:37:41] "POST /cart/success.do?JSESSIONID=SD3SL10FF3ADFF4954&productId=FI-AG-G08 HTTP 1.1" 200 2630 "http://www.buttercupgames.com/cart.do?action=purchase&" "Mozilla/5.0 (Macintosh; U; Intel Mac OS X 10_6_3; en-US) AppleWebKit/533.4 (KHTML, like Gecko) Chrome/5.0.375.38 Safari/533.4" 891
27.102.11.11 - - [19/Mar/2022:21:37:42] "GET /category.screen?categoryId=STRATEGY&JSESSIONID=SD0SL8FF2ADFF4963 HTTP 1.1" 200 2018 "http://www.buttercupgames.com/cart.do?action=remove&productId=PZ-SG-G05" "Mozilla/5.0 (Windows; U; Windows NT 5.1; en-US; rv:1.9.2.28) Gecko/20120306 YFF3 Firefox/3.6.28 ( .NET CLR 3.5.30729; .NET4.0C)" 207
27.102.11.11 - - [19/Mar/2022:21:37:52] "GET /cart.do?action=view&JSESSIONID=SD0SL8FF2ADFF4963 HTTP 1.1" 505 1308 "http://www.buttercupgames.com/cart.do?action=view&" "Mozilla/5.0 (Windows; U; Windows NT 5.1; en-US; rv:1.9.2.28) Gecko/20120306 YFF3 Firefox/3.6.28 ( .NET CLR 3.5.30729; .NET4.0C)" 609
27.102.11.11 - - [19/Mar/2022:21:38:00] "GET /search.do?items=2112&JSESSIONID=SD0SL8FF2ADFF4963 HTTP 1.1" 404 1565 "http://www.buttercupgames.com/category.screen?categoryId=NULL" "Mozilla/5.0 (Windows; U; Windows NT 5.1; en-US; rv:1.9.2.28) Gecko/20120306 YFF3 Firefox/3.6.28 ( .NET CLR 3.5.30729; .NET4.0C)" 255
27.102.11.11 - - [19/Mar/2022:21:38:14] "GET /cart.do?action=addtocart&productId=MB-AG-G07&JSESSIONID=SD0SL8FF2ADFF4963 HTTP 1.1" 200 870 "http://www.buttercupgames.com/cart.do?action=addtocart&productId=MB-AG-G07" "Mozilla/5.0 (Windows; U; Windows NT 5.1; en-US; rv:1.9.2.28) Gecko/20120306 YFF3 Firefox/3.6.28 ( .NET CLR 3.5.30729; .NET4.0C)" 753
27.102.11.11 - - [19/Mar/2022:21:38:32] "GET /oldlink?&JSESSIONID=SD0SL8FF2ADFF4963 HTTP 1.1" 200 1593 "http://www.buttercupgames.com/oldlink" "Mozilla/5.0 (Windows; U; Windows NT 5.1; en-US; rv:1.9.2.28) Gecko/20120306 YFF3 Firefox/3.6.28 ( .NET CLR 3.5.30729; .NET4.0C)" 194
49.212.64.138 - - [19/Mar/2022:21:40:02] "POST /cart.do?action=addtocart&productId=FS-SG-G03&JSESSIONID=SD2SL3FF8ADFF4952 HTTP 1.1" 200 1981 "http://www.yahoo.com" "Mozilla/5.0 (Macintosh; Intel Mac OS X 10_6_8) AppleWebKit/534.55.3 (KHTML, like Gecko) Version/5.1.5 Safari/534.55.3" 797
49.212.64.138 - - [19/Mar/2022:21:40:09] "GET /product.screen?productId=WC-SH-T02&JSESSIONID=SD2SL3FF8ADFF4952 HTTP 1.1" 200 3143 "http://www.buttercupgames.com/category.screen?categoryId=TEE" "Mozilla/5.0 (Macintosh; Intel Mac OS X 10_6_8) AppleWebKit/534.55.3 (KHTML, like Gecko) Version/5.1.5 Safari/534.55.3" 449
49.212.64.138 - - [19/Mar/2022:21:40:12] "POST /cart.do?action=addtocart&productId=WC-SH-T02&JSESSIONID=SD2SL3FF8ADFF4952 HTTP 1.1" 200 3610 "http://www.buttercupgames.com/product.screen?productId=WC-SH-T02" "Mozilla/5.0 (Macintosh; Intel Mac OS X 10_6_8) AppleWebKit/534.55.3 (KHTML, like Gecko) Version/5.1.5 Safari/534.55.3" 385
49.212.64.138 - - [19/Mar/2022:21:40:17] "POST /success.do?action=purchase&categoryId=TEE&productId=WC-SH-T02&JSESSIONID=SD2SL3FF8ADFF4952 HTTP 1.1" 200 3392 "http://www.buttercupgames.com/cart.do?action=addtocart&categoryId=TEE&productId=WC-SH-T02" "Mozilla/5.0 (Macintosh; Intel Mac OS X 10_6_8) AppleWebKit/534.55.3 (KHTML, like Gecko) Version/5.1.5 Safari/534.55.3" 872
49.212.64.138 - - [19/Mar/2022:21:40:17] "POST /cart/success.do?JSESSIONID=SD2SL3FF8ADFF4952&productId=WC-SH-A01 HTTP 1.1" 200 422 "http://www.buttercupgames.com/cart.do?action=purchase&" "Mozilla/5.0 (Macintosh; Intel Mac OS X 10_6_8) AppleWebKit/534.55.3 (KHTML, like Gecko) Version/5.1.5 Safari/534.55.3" 843
89.167.143.32 - - [19/Mar/2022:21:40:17] "GET /oldlink?&JSESSIONID=SD9SL7FF7ADFF4958 HTTP 1.1" 200 3501 "http://www.buttercupgames.com" "Mozilla/5.0 (iPad; CPU OS 5_1_1 like Mac OS X) AppleWebKit/534.46 (KHTML, like Gecko) Version/5.1 Mobile/9B206 Safari/7534.48.3" 211
89.167.143.32 - - [19/Mar/2022:21:40:29] "GET /oldlink?&JSESSIONID=SD9SL7FF7ADFF4958 HTTP 1.1" 200 1593 "http://www.buttercupgames.com/product.screen?productId=WC-SH-A01" "Mozilla/5.0 (iPad; CPU OS 5_1_1 like Mac OS X) AppleWebKit/534.46 (KHTML, like Gecko) Version/5.1 Mobile/9B206 Safari/7534.48.3" 562
89.167.143.32 - - [19/Mar/2022:21:40:35] "GET /product.screen?productId=WC-SH-T02&JSESSIONID=SD9SL7FF7ADFF4958 HTTP 1.1" 200 3367 "http://www.buttercupgames.com/category.screen?categoryId=TEE" "Mozilla/5.0 (iPad; CPU OS 5_1_1 like Mac OS X) AppleWebKit/534.46 (KHTML, like Gecko) Version/5.1 Mobile/9B206 Safari/7534.48.3" 918
49.212.64.138 - - [19/Mar/2022:21:40:35] "GET /cart.do?action=view&productId=DB-SG-G01&JSESSIONID=SD2SL3FF8ADFF4952 HTTP 1.1" 200 3565 "http://www.buttercupgames.com/category.screen?categoryId=STRATEGY" "Mozilla/5.0 (Macintosh; Intel Mac OS X 10_6_8) AppleWebKit/534.55.3 (KHTML, like Gecko) Version/5.1.5 Safari/534.55.3" 770
49.212.64.138 - - [19/Mar/2022:21:40:44] "GET /oldlink?&JSESSIONID=SD2SL3FF8ADFF4952 HTTP 1.1" 200 1139 "http://www.buttercupgames.com/category.screen?categoryId=STRATEGY" "Mozilla/5.0 (Macintosh; Intel Mac OS X 10_6_8) AppleWebKit/534.55.3 (KHTML, like Gecko) Version/5.1.5 Safari/534.55.3" 331
89.167.143.32 - - [19/Mar/2022:21:40:49] "GET /category.screen?categoryId=STRATEGY&JSESSIONID=SD9SL7FF7ADFF4958 HTTP 1.1" 200 3059 "http://www.buttercupgames.com/category.screen?categoryId=STRATEGY" "Mozilla/5.0 (iPad; CPU OS 5_1_1 like Mac OS X) AppleWebKit/534.46 (KHTML, like Gecko) Version/5.1 Mobile/9B206 Safari/7534.48.3" 874
89.167.143.32 - - [19/Mar/2022:21:40:53] "GET /cart.do?action=view&productId=MB-AG-T01&JSESSIONID=SD9SL7FF7ADFF4958 HTTP 1.1" 200 780 "http://www.buttercupgames.com/cart.do?action=view&productId=MB-AG-T01" "Mozilla/5.0 (iPad; CPU OS 5_1_1 like Mac OS X) AppleWebKit/534.46 (KHTML, like Gecko) Version/5.1 Mobile/9B206 Safari/7534.48.3" 728
49.212.64.138 - - [19/Mar/2022:21:40:54] "POST /oldlink?&JSESSIONID=SD2SL3FF8ADFF4952 HTTP 1.1" 503 3834 "http://www.buttercupgames.com/category.screen?categoryId=NULL" "Mozilla/5.0 (Macintosh; Intel Mac OS X 10_6_8) AppleWebKit/534.55.3 (KHTML, like Gecko) Version/5.1.5 Safari/534.55.3" 407
89.167.143.32 - - [19/Mar/2022:21:41:09] "GET /oldlink?&JSESSIONID=SD9SL7FF7ADFF4958 HTTP 1.1" 200 1337 "http://www.buttercupgames.com/product.screen?productId=BS-AG-G09" "Mozilla/5.0 (iPad; CPU OS 5_1_1 like Mac OS X) AppleWebKit/534.46 (KHTML, like Gecko) Version/5.1 Mobile/9B206 Safari/7534.48.3" 956
89.167.143.32 - - [19/Mar/2022:21:41:24] "GET /category.screen?categoryId=ARCADE&JSESSIONID=SD9SL7FF7ADFF4958 HTTP 1.1" 200 2853 "http://www.buttercupgames.com/product.screen?productId=BS-AG-G09" "Mozilla/5.0 (iPad; CPU OS 5_1_1 like Mac OS X) AppleWebKit/534.46 (KHTML, like Gecko) Version/5.1 Mobile/9B206 Safari/7534.48.3" 884
89.167.143.32 - - [19/Mar/2022:21:41:36] "GET /product.screen?productId=SF-BVS-01&JSESSIONID=SD9SL7FF7ADFF4958 HTTP 1.1" 406 3013 "http://www.buttercupgames.com/cart.do?action=view&" "Mozilla/5.0 (iPad; CPU OS 5_1_1 like Mac OS X) AppleWebKit/534.46 (KHTML, like Gecko) Version/5.1 Mobile/9B206 Safari/7534.48.3" 928
89.167.143.32 - - [19/Mar/2022:21:41:40] "GET /cart.do?action=view&productId=MB-AG-G07&JSESSIONID=SD9SL7FF7ADFF4958 HTTP 1.1" 200 1258 "http://www.buttercupgames.com/category.screen?categoryId=ARCADE" "Mozilla/5.0 (iPad; CPU OS 5_1_1 like Mac OS X) AppleWebKit/534.46 (KHTML, like Gecko) Version/5.1 Mobile/9B206 Safari/7534.48.3" 352
89.167.143.32 - - [19/Mar/2022:21:41:53] "POST /cart.do?action=addtocart&JSESSIONID=SD9SL7FF7ADFF4958 HTTP 1.1" 505 3799 "http://www.buttercupgames.com/category.screen?categoryId=NULL" "Mozilla/5.0 (iPad; CPU OS 5_1_1 like Mac OS X) AppleWebKit/534.46 (KHTML, like Gecko) Version/5.1 Mobile/9B206 Safari/7534.48.3" 671
89.167.143.32 - - [19/Mar/2022:21:42:02] "POST /category.screen?categoryId=ARCADE&JSESSIONID=SD9SL7FF7ADFF4958 HTTP 1.1" 200 3818 "http://www.buttercupgames.com/cart.do?action=view&productId=FI-AG-G08" "Mozilla/5.0 (iPad; CPU OS 5_1_1 like Mac OS X) AppleWebKit/534.46 (KHTML, like Gecko) Version/5.1 Mobile/9B206 Safari/7534.48.3" 825
89.167.143.32 - - [19/Mar/2022:21:42:21] "POST /cart.do?action=view&JSESSIONID=SD9SL7FF7ADFF4958 HTTP 1.1" 500 2174 "http://www.buttercupgames.com/category.screen?categoryId=NULL" "Mozilla/5.0 (iPad; CPU OS 5_1_1 like Mac OS X) AppleWebKit/534.46 (KHTML, like Gecko) Version/5.1 Mobile/9B206 Safari/7534.48.3" 211
107.3.146.207 - - [19/Mar/2022:21:44:40] "GET /cart.do?action=remove&productId=FI-AG-G08&JSESSIONID=SD2SL1FF2ADFF4960 HTTP 1.1" 200 3535 "http://www.buttercupgames.com" "Mozilla/5.0 (Macintosh; Intel Mac OS X 10_7_4) AppleWebKit/536.5 (KHTML, like Gecko) Chrome/19.0.1084.46 Safari/536.5" 510
107.3.146.207 - - [19/Mar/2022:21:44:48] "GET /cart.do?action=view&productId=SC-MG-G10&JSESSIONID=SD2SL1FF2ADFF4960 HTTP 1.1" 200 1639 "http://www.buttercupgames.com/category.screen?categoryId=SIMULATION" "Mozilla/5.0 (Macintosh; Intel Mac OS X 10_7_4) AppleWebKit/536.5 (KHTML, like Gecko) Chrome/19.0.1084.46 Safari/536.5" 233
107.3.146.207 - - [19/Mar/2022:21:44:52] "POST /product.screen?productId=CU-PG-G06&JSESSIONID=SD2SL1FF2ADFF4960 HTTP 1.1" 200 1085 "http://www.buttercupgames.com/category.screen?categoryId=SPORTS" "Mozilla/5.0 (Macintosh; Intel Mac OS X 10_7_4) AppleWebKit/536.5 (KHTML, like Gecko) Chrome/19.0.1084.46 Safari/536.5" 356
107.3.146.207 - - [19/Mar/2022:21:44:53] "POST /cart.do?action=addtocart&productId=CU-PG-G06&JSESSIONID=SD2SL1FF2ADFF4960 HTTP 1.1" 200 1955 "http://www.buttercupgames.com/product.screen?productId=CU-PG-G06" "Mozilla/5.0 (Macintosh; Intel Mac OS X 10_7_4) AppleWebKit/536.5 (KHTML, like Gecko) Chrome/19.0.1084.46 Safari/536.5" 520
107.3.146.207 - - [19/Mar/2022:21:44:58] "POST /success.do?action=purchase&categoryId=SPORTS&productId=CU-PG-G06&JSESSIONID=SD2SL1FF2ADFF4960 HTTP 1.1" 200 469 "http://www.buttercupgames.com/cart.do?action=addtocart&categoryId=SPORTS&productId=CU-PG-G06" "Mozilla/5.0 (Macintosh; Intel Mac OS X 10_7_4) AppleWebKit/536.5 (KHTML, like Gecko) Chrome/19.0.1084.46 Safari/536.5" 729
107.3.146.207 - - [19/Mar/2022:21:44:58] "POST /cart/success.do?JSESSIONID=SD2SL1FF2ADFF4960&productId=CU-PG-G06 HTTP 1.1" 200 2705 "http://www.buttercupgames.com/cart.do?action=purchase&" "Mozilla/5.0 (Macintosh; Intel Mac OS X 10_7_4) AppleWebKit/536.5 (KHTML, like Gecko) Chrome/19.0.1084.46 Safari/536.5" 543
107.3.146.207 - - [19/Mar/2022:21:45:14] "GET /category.screen?categoryId=ARCADE&JSESSIONID=SD2SL1FF2ADFF4960 HTTP 1.1" 200 904 "http://www.buttercupgames.com/cart.do?action=view&productId=BS-AG-G09" "Mozilla/5.0 (Macintosh; Intel Mac OS X 10_7_4) AppleWebKit/536.5 (KHTML, like Gecko) Chrome/19.0.1084.46 Safari/536.5" 382
107.3.146.207 - - [19/Mar/2022:21:45:25] "GET /numa/numa.html?JSESSIONID=SD2SL1FF2ADFF4960 HTTP 1.1" 404 2528 "http://www.buttercupgames.com/oldlink" "Mozilla/5.0 (Macintosh; Intel Mac OS X 10_7_4) AppleWebKit/536.5 (KHTML, like Gecko) Chrome/19.0.1084.46 Safari/536.5" 352
107.3.146.207 - - [19/Mar/2022:21:45:38] "GET /oldlink?&JSESSIONID=SD2SL1FF2ADFF4960 HTTP 1.1" 200 2063 "http://www.buttercupgames.com/product.screen?productId=FI-AG-G08" "Mozilla/5.0 (Macintosh; Intel Mac OS X 10_7_4) AppleWebKit/536.5 (KHTML, like Gecko) Chrome/19.0.1084.46 Safari/536.5" 828
107.3.146.207 - - [19/Mar/2022:21:45:54] "GET /oldlink?&JSESSIONID=SD2SL1FF2ADFF4960 HTTP 1.1" 200 3643 "http://www.buttercupgames.com/cart.do?action=view&productId=MB-AG-G07" "Mozilla/5.0 (Macintosh; Intel Mac OS X 10_7_4) AppleWebKit/536.5 (KHTML, like Gecko) Chrome/19.0.1084.46 Safari/536.5" 976
107.3.146.207 - - [19/Mar/2022:21:46:10] "POST /product.screen?productId=MB-AG-G07&JSESSIONID=SD2SL1FF2ADFF4960 HTTP 1.1" 200 2794 "http://www.buttercupgames.com/cart.do?action=changequantity&productId=MB-AG-G07" "Mozilla/5.0 (Macintosh; Intel Mac OS X 10_7_4) AppleWebKit/536.5 (KHTML, like Gecko) Chrome/19.0.1084.46 Safari/536.5" 836
107.3.146.207 - - [19/Mar/2022:21:46:17] "GET /cart.do?action=view&productId=WC-SH-G04&JSESSIONID=SD2SL1FF2ADFF4960 HTTP 1.1" 200 591 "http://www.buttercupgames.com/product.screen?productId=WC-SH-G04" "Mozilla/5.0 (Macintosh; Intel Mac OS X 10_7_4) AppleWebKit/536.5 (KHTML, like Gecko) Chrome/19.0.1084.46 Safari/536.5" 793
107.3.146.207 - - [19/Mar/2022:21:46:27] "GET /cart.do?action=remove&productId=FI-AG-G08&JSESSIONID=SD2SL1FF2ADFF4960 HTTP 1.1" 200 986 "http://www.buttercupgames.com/category.screen?categoryId=ARCADE" "Mozilla/5.0 (Macintosh; Intel Mac OS X 10_7_4) AppleWebKit/536.5 (KHTML, like Gecko) Chrome/19.0.1084.46 Safari/536.5" 345
91.217.178.210 - - [19/Mar/2022:21:46:45] "GET /product.screen?productId=WC-SH-A02&JSESSIONID=SD1SL5FF9ADFF4961 HTTP 1.1" 200 2781 "http://www.buttercupgames.com" "Mozilla/5.0 (Windows NT 6.1; WOW64; rv:12.0) Gecko/20100101 Firefox/12.0" 238
91.217.178.210 - - [19/Mar/2022:21:46:54] "POST /cart.do?action=addtocart&productId=SC-MG-G10&JSESSIONID=SD1SL5FF9ADFF4961 HTTP 1.1" 200 3892 "http://www.buttercupgames.com/category.screen?categoryId=SIMULATION" "Mozilla/5.0 (Windows NT 6.1; WOW64; rv:12.0) Gecko/20100101 Firefox/12.0" 419
91.217.178.210 - - [19/Mar/2022:21:47:12] "GET /category.screen?categoryId=ARCADE&JSESSIONID=SD1SL5FF9ADFF4961 HTTP 1.1" 200 1613 "http://www.buttercupgames.com/category.screen?categoryId=ARCADE" "Mozilla/5.0 (Windows NT 6.1; WOW64; rv:12.0) Gecko/20100101 Firefox/12.0" 261
217.15.20.146 - - [19/Mar/2022:21:49:37] "GET /product.screen?productId=MB-AG-T01&JSESSIONID=SD1SL4FF10ADFF4955 HTTP 1.1" 200 1727 "http://www.buttercupgames.com/category.screen?categoryId=TEE" "Mozilla/5.0 (Windows NT 6.1; WOW64) AppleWebKit/536.5 (KHTML, like Gecko) Chrome/19.0.1084.52 Safari/536.5" 588
217.15.20.146 - - [19/Mar/2022:21:49:39] "POST /cart.do?action=addtocart&productId=MB-AG-T01&JSESSIONID=SD1SL4FF10ADFF4955 HTTP 1.1" 200 2013 "http://www.buttercupgames.com/product.screen?productId=MB-AG-T01" "Mozilla/5.0 (Windows NT 6.1; WOW64) AppleWebKit/536.5 (KHTML, like Gecko) Chrome/19.0.1084.52 Safari/536.5" 668
217.15.20.146 - - [19/Mar/2022:21:49:40] "POST /success.do?action=purchase&categoryId=TEE&productId=MB-AG-T01&JSESSIONID=SD1SL4FF10ADFF4955 HTTP 1.1" 200 2311 "http://www.buttercupgames.com/cart.do?action=addtocart&categoryId=TEE&productId=MB-AG-T01" "Mozilla/5.0 (Windows NT 6.1; WOW64) AppleWebKit/536.5 (KHTML, like Gecko) Chrome/19.0.1084.52 Safari/536.5" 791
217.15.20.146 - - [19/Mar/2022:21:49:40] "POST /cart/success.do?JSESSIONID=SD1SL4FF10ADFF4955&productId=WC-SH-A01 HTTP 1.1" 200 792 "http://www.buttercupgames.com/cart.do?action=purchase&" "Mozilla/5.0 (Windows NT 6.1; WOW64) AppleWebKit/536.5 (KHTML, like Gecko) Chrome/19.0.1084.52 Safari/536.5" 694
217.15.20.146 - - [19/Mar/2022:21:49:57] "GET /product.screen?productId=WC-SH-G04&JSESSIONID=SD1SL4FF10ADFF4955 HTTP 1.1" 200 2914 "http://www.buttercupgames.com/category.screen?categoryId=SHOOTER" "Mozilla/5.0 (Windows NT 6.1; WOW64) AppleWebKit/536.5 (KHTML, like Gecko) Chrome/19.0.1084.52 Safari/536.5" 420
217.15.20.146 - - [19/Mar/2022:21:50:00] "POST /cart.do?action=addtocart&productId=WC-SH-G04&JSESSIONID=SD1SL4FF10ADFF4955 HTTP 1.1" 200 3996 "http://www.buttercupgames.com/product.screen?productId=WC-SH-G04" "Mozilla/5.0 (Windows NT 6.1; WOW64) AppleWebKit/536.5 (KHTML, like Gecko) Chrome/19.0.1084.52 Safari/536.5" 286
217.15.20.146 - - [19/Mar/2022:21:50:03] "POST /success.do?action=purchase&categoryId=SHOOTER&productId=WC-SH-G04&JSESSIONID=SD1SL4FF10ADFF4955 HTTP 1.1" 200 1656 "http://www.buttercupgames.com/cart.do?action=addtocart&categoryId=SHOOTER&productId=WC-SH-G04" "Mozilla/5.0 (Windows NT 6.1; WOW64) AppleWebKit/536.5 (KHTML, like Gecko) Chrome/19.0.1084.52 Safari/536.5" 198
217.15.20.146 - - [19/Mar/2022:21:50:03] "POST /cart/success.do?JSESSIONID=SD1SL4FF10ADFF4955&productId=WC-SH-T02 HTTP 1.1" 200 3947 "http://www.buttercupgames.com/cart.do?action=purchase&" "Mozilla/5.0 (Windows NT 6.1; WOW64) AppleWebKit/536.5 (KHTML, like Gecko) Chrome/19.0.1084.52 Safari/536.5" 982
217.15.20.146 - - [19/Mar/2022:21:50:10] "GET /product.screen?productId=WC-SH-G04&JSESSIONID=SD1SL4FF10ADFF4955 HTTP 1.1" 200 250 "http://www.buttercupgames.com/oldlink" "Mozilla/5.0 (Windows NT 6.1; WOW64) AppleWebKit/536.5 (KHTML, like Gecko) Chrome/19.0.1084.52 Safari/536.5" 756
88.191.145.142 - - [19/Mar/2022:21:50:33] "GET /product.screen?productId=DB-SG-G01&JSESSIONID=SD1SL6FF6ADFF4956 HTTP 1.1" 200 1532 "http://www.buttercupgames.com/category.screen?categoryId=STRATEGY" "Mozilla/5.0 (Windows; U; Windows NT 5.1; en-US; rv:1.9.2.28) Gecko/20120306 YFF3 Firefox/3.6.28 ( .NET CLR 3.5.30729; .NET4.0C)" 931
88.191.145.142 - - [19/Mar/2022:21:50:36] "POST /cart.do?action=addtocart&productId=DB-SG-G01&JSESSIONID=SD1SL6FF6ADFF4956 HTTP 1.1" 200 2227 "http://www.buttercupgames.com/product.screen?productId=DB-SG-G01" "Mozilla/5.0 (Windows; U; Windows NT 5.1; en-US; rv:1.9.2.28) Gecko/20120306 YFF3 Firefox/3.6.28 ( .NET CLR 3.5.30729; .NET4.0C)" 363
88.191.145.142 - - [19/Mar/2022:21:50:41] "POST /success.do?action=purchase&categoryId=STRATEGY&productId=DB-SG-G01&JSESSIONID=SD1SL6FF6ADFF4956 HTTP 1.1" 200 835 "http://www.buttercupgames.com/cart.do?action=addtocart&categoryId=STRATEGY&productId=DB-SG-G01" "Mozilla/5.0 (Windows; U; Windows NT 5.1; en-US; rv:1.9.2.28) Gecko/20120306 YFF3 Firefox/3.6.28 ( .NET CLR 3.5.30729; .NET4.0C)" 851
88.191.145.142 - - [19/Mar/2022:21:50:41] "POST /cart/success.do?JSESSIONID=SD1SL6FF6ADFF4956&productId=MB-AG-T01 HTTP 1.1" 200 733 "http://www.buttercupgames.com/cart.do?action=purchase&" "Mozilla/5.0 (Windows; U; Windows NT 5.1; en-US; rv:1.9.2.28) Gecko/20120306 YFF3 Firefox/3.6.28 ( .NET CLR 3.5.30729; .NET4.0C)" 303
88.191.145.142 - - [19/Mar/2022:21:50:52] "GET /product.screen?productId=WC-SH-G04&JSESSIONID=SD1SL6FF6ADFF4956 HTTP 1.1" 200 2875 "http://www.buttercupgames.com/category.screen?categoryId=SHOOTER" "Mozilla/5.0 (Windows; U; Windows NT 5.1; en-US; rv:1.9.2.28) Gecko/20120306 YFF3 Firefox/3.6.28 ( .NET CLR 3.5.30729; .NET4.0C)" 991
88.191.145.142 - - [19/Mar/2022:21:51:04] "GET /oldlink?&JSESSIONID=SD1SL6FF6ADFF4956 HTTP 1.1" 200 3483 "http://www.buttercupgames.com/product.screen?productId=WC-SH-A01" "Mozilla/5.0 (Windows; U; Windows NT 5.1; en-US; rv:1.9.2.28) Gecko/20120306 YFF3 Firefox/3.6.28 ( .NET CLR 3.5.30729; .NET4.0C)" 217
88.191.145.142 - - [19/Mar/2022:21:51:22] "GET /oldlink?&JSESSIONID=SD1SL6FF6ADFF4956 HTTP 1.1" 503 1424 "http://www.buttercupgames.com/product.screen?productId=SF-BVS-01" "Mozilla/5.0 (Windows; U; Windows NT 5.1; en-US; rv:1.9.2.28) Gecko/20120306 YFF3 Firefox/3.6.28 ( .NET CLR 3.5.30729; .NET4.0C)" 581
170.192.178.10 - - [19/Mar/2022:21:52:25] "GET /category.screen?categoryId=STRATEGY&JSESSIONID=SD5SL3FF10ADFF4955 HTTP 1.1" 200 2389 "http://www.buttercupgames.com" "Mozilla/4.0 (compatible; MSIE 6.0; Windows NT 5.1; SV1)" 385
170.192.178.10 - - [19/Mar/2022:21:52:34] "GET /product.screen?productId=SC-MG-G10&JSESSIONID=SD5SL3FF10ADFF4955 HTTP 1.1" 200 646 "http://www.buttercupgames.com/product.screen?productId=SC-MG-G10" "Mozilla/4.0 (compatible; MSIE 6.0; Windows NT 5.1; SV1)" 379
125.89.78.6 - - [19/Mar/2022:21:56:04] "GET /product.screen?productId=FS-SG-G03&JSESSIONID=SD8SL2FF2ADFF4951 HTTP 1.1" 200 1479 "http://www.buttercupgames.com/category.screen?categoryId=STRATEGY" "Googlebot/2.1 (http://www.googlebot.com/bot.html)" 307
125.89.78.6 - - [19/Mar/2022:21:56:09] "POST /cart.do?action=addtocart&productId=FS-SG-G03&JSESSIONID=SD8SL2FF2ADFF4951 HTTP 1.1" 200 800 "http://www.buttercupgames.com/product.screen?productId=FS-SG-G03" "Googlebot/2.1 (http://www.googlebot.com/bot.html)" 711
125.89.78.6 - - [19/Mar/2022:21:56:12] "POST /success.do?action=purchase&categoryId=STRATEGY&productId=FS-SG-G03&JSESSIONID=SD8SL2FF2ADFF4951 HTTP 1.1" 200 991 "http://www.buttercupgames.com/cart.do?action=addtocart&categoryId=STRATEGY&productId=FS-SG-G03" "Mozilla/5.0 (compatible; MSIE 9.0; Windows NT 6.1; WOW64; Trident/5.0; BOIE9;ENUS)" 448
125.89.78.6 - - [19/Mar/2022:21:56:12] "POST /cart/success.do?JSESSIONID=SD8SL2FF2ADFF4951&productId=WC-SH-A01 HTTP 1.1" 200 2436 "http://www.buttercupgames.com/cart.do?action=purchase&" "Mozilla/5.0 (compatible; MSIE 9.0; Windows NT 6.1; WOW64; Trident/5.0; BOIE9;ENUS)" 448
69.175.97.11 - - [19/Mar/2022:21:57:50] "GET /category.screen?categoryId=ARCADE&JSESSIONID=SD4SL8FF2ADFF4957 HTTP 1.1" 200 2033 "http://www.buttercupgames.com" "Mozilla/5.0 (Macintosh; Intel Mac OS X 10_7_4) AppleWebKit/536.5 (KHTML, like Gecko) Chrome/19.0.1084.46 Safari/536.5" 445
69.175.97.11 - - [19/Mar/2022:21:57:59] "GET /product.screen?productId=MB-AG-G07&JSESSIONID=SD4SL8FF2ADFF4957 HTTP 1.1" 200 792 "http://www.buttercupgames.com/oldlink" "Mozilla/5.0 (Macintosh; Intel Mac OS X 10_7_4) AppleWebKit/536.5 (KHTML, like Gecko) Chrome/19.0.1084.46 Safari/536.5" 402
69.175.97.11 - - [19/Mar/2022:21:58:03] "GET /oldlink?&JSESSIONID=SD4SL8FF2ADFF4957 HTTP 1.1" 503 1551 "http://www.buttercupgames.com/product.screen?productId=SF-BVS-01" "Mozilla/5.0 (Macintosh; Intel Mac OS X 10_7_4) AppleWebKit/536.5 (KHTML, like Gecko) Chrome/19.0.1084.46 Safari/536.5" 187
198.35.1.10 - - [19/Mar/2022:22:03:08] "GET /product.screen?productId=CU-PG-G06&JSESSIONID=SD3SL2FF2ADFF4956 HTTP 1.1" 200 421 "http://www.google.com" "Mozilla/5.0 (Windows NT 6.1; WOW64) AppleWebKit/536.5 (KHTML, like Gecko) Chrome/19.0.1084.46 Safari/536.5" 231
198.35.1.10 - - [19/Mar/2022:22:03:15] "GET /cart.do?action=changequantity&productId=WC-SH-G04&JSESSIONID=SD3SL2FF2ADFF4956 HTTP 1.1" 200 3169 "http://www.buttercupgames.com/category.screen?categoryId=SHOOTER" "Mozilla/5.0 (Windows NT 6.1; WOW64) AppleWebKit/536.5 (KHTML, like Gecko) Chrome/19.0.1084.46 Safari/536.5" 286
198.35.1.10 - - [19/Mar/2022:22:03:31] "GET /oldlink?&JSESSIONID=SD3SL2FF2ADFF4956 HTTP 1.1" 200 1156 "http://www.buttercupgames.com/category.screen?categoryId=SIMULATION" "Mozilla/5.0 (Windows NT 6.1; WOW64) AppleWebKit/536.5 (KHTML, like Gecko) Chrome/19.0.1084.46 Safari/536.5" 841
198.35.1.10 - - [19/Mar/2022:22:03:38] "GET /product.screen?productId=DB-SG-G01&JSESSIONID=SD3SL2FF2ADFF4956 HTTP 1.1" 200 438 "http://www.buttercupgames.com/product.screen?productId=DB-SG-G01" "Mozilla/5.0 (Windows NT 6.1; WOW64) AppleWebKit/536.5 (KHTML, like Gecko) Chrome/19.0.1084.46 Safari/536.5" 564
91.199.80.24 - - [19/Mar/2022:22:03:38] "GET /cart.do?action=view&productId=WC-SH-G04&JSESSIONID=SD3SL7FF2ADFF4956 HTTP 1.1" 200 984 "http://www.google.com" "Mozilla/4.0 (compatible; MSIE 7.0; Windows NT 5.2; .NET CLR 1.1.4322; InfoPath.1; MS-RTC LM 8)" 105
91.199.80.24 - - [19/Mar/2022:22:03:48] "GET /product.screen?productId=DB-SG-G01&JSESSIONID=SD3SL7FF2ADFF4956 HTTP 1.1" 200 3981 "http://www.buttercupgames.com/category.screen?categoryId=STRATEGY" "Mozilla/4.0 (compatible; MSIE 7.0; Windows NT 5.2; .NET CLR 1.1.4322; InfoPath.1; MS-RTC LM 8)" 880
198.35.1.10 - - [19/Mar/2022:22:03:50] "GET /category.screen?categoryId=STRATEGY&JSESSIONID=SD3SL2FF2ADFF4956 HTTP 1.1" 200 1961 "http://www.buttercupgames.com/category.screen?categoryId=STRATEGY" "Mozilla/5.0 (Windows NT 6.1; WOW64) AppleWebKit/536.5 (KHTML, like Gecko) Chrome/19.0.1084.46 Safari/536.5" 394
91.199.80.24 - - [19/Mar/2022:22:03:52] "POST /cart.do?action=addtocart&productId=DB-SG-G01&JSESSIONID=SD3SL7FF2ADFF4956 HTTP 1.1" 200 1360 "http://www.buttercupgames.com/product.screen?productId=DB-SG-G01" "Mozilla/4.0 (compatible; MSIE 7.0; Windows NT 5.2; .NET CLR 1.1.4322; InfoPath.1; MS-RTC LM 8)" 777
91.199.80.24 - - [19/Mar/2022:22:03:55] "POST /success.do?action=purchase&categoryId=STRATEGY&productId=DB-SG-G01&JSESSIONID=SD3SL7FF2ADFF4956 HTTP 1.1" 503 1612 "http://www.buttercupgames.com/cart.do?action=addtocart&categoryId=STRATEGY&productId=DB-SG-G01" "Mozilla/4.0 (compatible; MSIE 7.0; Windows NT 5.2; .NET CLR 1.1.4322; InfoPath.1; MS-RTC LM 8)" 400
198.35.1.10 - - [19/Mar/2022:22:04:07] "GET /product.screen?productId=CU-PG-G06&JSESSIONID=SD3SL2FF2ADFF4956 HTTP 1.1" 200 1007 "http://www.buttercupgames.com/oldlink" "Mozilla/5.0 (Windows NT 6.1; WOW64) AppleWebKit/536.5 (KHTML, like Gecko) Chrome/19.0.1084.46 Safari/536.5" 839
198.35.1.10 - - [19/Mar/2022:22:04:24] "POST /product.screen?productId=SF-BVS-01&JSESSIONID=SD3SL2FF2ADFF4956 HTTP 1.1" 408 1931 "http://www.buttercupgames.com/category.screen?categoryId=NULL" "Mozilla/5.0 (Windows NT 6.1; WOW64) AppleWebKit/536.5 (KHTML, like Gecko) Chrome/19.0.1084.46 Safari/536.5" 221
198.35.1.10 - - [19/Mar/2022:22:04:36] "GET /product.screen?productId=SF-BVS-01&JSESSIONID=SD3SL2FF2ADFF4956 HTTP 1.1" 400 468 "http://www.buttercupgames.com/product.screen?productId=SF-BVS-01" "Mozilla/5.0 (Windows NT 6.1; WOW64) AppleWebKit/536.5 (KHTML, like Gecko) Chrome/19.0.1084.46 Safari/536.5" 158
24.185.15.226 - - [19/Mar/2022:22:08:10] "GET /cart.do?action=changequantity&productId=PZ-SG-G05&JSESSIONID=SD5SL4FF8ADFF4950 HTTP 1.1" 200 363 "http://www.yahoo.com" "Mozilla/4.0 (compatible; MSIE 7.0; Windows NT 5.2; .NET CLR 1.1.4322; InfoPath.1; MS-RTC LM 8)" 161
24.185.15.226 - - [19/Mar/2022:22:08:29] "POST /category.screen?categoryId=STRATEGY&JSESSIONID=SD5SL4FF8ADFF4950 HTTP 1.1" 200 1654 "http://www.buttercupgames.com/category.screen?categoryId=STRATEGY" "Mozilla/4.0 (compatible; MSIE 7.0; Windows NT 5.2; .NET CLR 1.1.4322; InfoPath.1; MS-RTC LM 8)" 525
217.197.192.20 - - [19/Mar/2022:22:08:58] "GET /category.screen?categoryId=NULL&JSESSIONID=SD9SL5FF6ADFF4964 HTTP 1.1" 406 1277 "http://www.google.com" "Mozilla/5.0 (Macintosh; Intel Mac OS X 10_7_4) AppleWebKit/536.5 (KHTML, like Gecko) Chrome/19.0.1084.46 Safari/536.5" 101
217.197.192.20 - - [19/Mar/2022:22:09:04] "GET /cart.do?action=view&productId=WC-SH-G04&JSESSIONID=SD9SL5FF6ADFF4964 HTTP 1.1" 200 2852 "http://www.buttercupgames.com/cart.do?action=view&productId=WC-SH-G04" "Mozilla/5.0 (Macintosh; Intel Mac OS X 10_7_4) AppleWebKit/536.5 (KHTML, like Gecko) Chrome/19.0.1084.46 Safari/536.5" 916
217.197.192.20 - - [19/Mar/2022:22:09:14] "GET /cart.do?action=view&productId=WC-SH-A01&JSESSIONID=SD9SL5FF6ADFF4964 HTTP 1.1" 200 2369 "http://www.buttercupgames.com/category.screen?categoryId=ACCESSORIES" "Mozilla/5.0 (Macintosh; Intel Mac OS X 10_7_4) AppleWebKit/536.5 (KHTML, like Gecko) Chrome/19.0.1084.46 Safari/536.5" 724
217.197.192.20 - - [19/Mar/2022:22:09:31] "GET /cart.do?action=changequantity&productId=DB-SG-G01&JSESSIONID=SD9SL5FF6ADFF4964 HTTP 1.1" 200 2653 "http://www.buttercupgames.com/category.screen?categoryId=STRATEGY" "Mozilla/5.0 (Macintosh; Intel Mac OS X 10_7_4) AppleWebKit/536.5 (KHTML, like Gecko) Chrome/19.0.1084.46 Safari/536.5" 971
217.197.192.20 - - [19/Mar/2022:22:09:40] "POST /category.screen?categoryId=TEE&JSESSIONID=SD9SL5FF6ADFF4964 HTTP 1.1" 200 1080 "http://www.buttercupgames.com/oldlink" "Mozilla/5.0 (Macintosh; Intel Mac OS X 10_7_4) AppleWebKit/536.5 (KHTML, like Gecko) Chrome/19.0.1084.46 Safari/536.5" 568
217.197.192.20 - - [19/Mar/2022:22:09:48] "GET /product.screen?productId=WC-SH-A02&JSESSIONID=SD9SL5FF6ADFF4964 HTTP 1.1" 200 2518 "http://www.buttercupgames.com/product.screen?productId=WC-SH-A02" "Mozilla/5.0 (Macintosh; Intel Mac OS X 10_7_4) AppleWebKit/536.5 (KHTML, like Gecko) Chrome/19.0.1084.46 Safari/536.5" 339
217.197.192.20 - - [19/Mar/2022:22:09:57] "GET /cart.do?action=changequantity&productId=SC-MG-G10&JSESSIONID=SD9SL5FF6ADFF4964 HTTP 1.1" 200 2134 "http://www.buttercupgames.com/cart.do?action=changequantity&productId=SC-MG-G10" "Mozilla/5.0 (Macintosh; Intel Mac OS X 10_7_4) AppleWebKit/536.5 (KHTML, like Gecko) Chrome/19.0.1084.46 Safari/536.5" 990
201.3.120.132 - - [19/Mar/2022:22:11:35] "GET /cart.do?action=addtocart&JSESSIONID=SD5SL2FF6ADFF4957 HTTP 1.1" 505 2924 "http://www.buttercupgames.com" "Mozilla/4.0 (compatible; MSIE 7.0; Windows NT 5.1; Trident/4.0; .NET CLR 2.0.50727; MS-RTC LM 8; InfoPath.2)" 976
201.3.120.132 - - [19/Mar/2022:22:11:45] "GET /oldlink?&JSESSIONID=SD5SL2FF6ADFF4957 HTTP 1.1" 505 3051 "http://www.buttercupgames.com/category.screen?categoryId=NULL" "Mozilla/4.0 (compatible; MSIE 7.0; Windows NT 5.1; Trident/4.0; .NET CLR 2.0.50727; MS-RTC LM 8; InfoPath.2)" 318
201.3.120.132 - - [19/Mar/2022:22:11:56] "GET /product.screen?productId=MB-AG-G07&JSESSIONID=SD5SL2FF6ADFF4957 HTTP 1.1" 200 3507 "http://www.buttercupgames.com/category.screen?categoryId=ARCADE" "Mozilla/4.0 (compatible; MSIE 7.0; Windows NT 5.1; Trident/4.0; .NET CLR 2.0.50727; MS-RTC LM 8; InfoPath.2)" 888
201.3.120.132 - - [19/Mar/2022:22:11:57] "POST /cart.do?action=addtocart&productId=MB-AG-G07&JSESSIONID=SD5SL2FF6ADFF4957 HTTP 1.1" 200 3577 "http://www.buttercupgames.com/product.screen?productId=MB-AG-G07" "Mozilla/4.0 (compatible; MSIE 7.0; Windows NT 5.1; Trident/4.0; .NET CLR 2.0.50727; MS-RTC LM 8; InfoPath.2)" 488
201.3.120.132 - - [19/Mar/2022:22:12:01] "POST /success.do?action=purchase&categoryId=ARCADE&productId=MB-AG-G07&JSESSIONID=SD5SL2FF6ADFF4957 HTTP 1.1" 200 1478 "http://www.buttercupgames.com/cart.do?action=addtocart&categoryId=ARCADE&productId=MB-AG-G07" "Mozilla/4.0 (compatible; MSIE 7.0; Windows NT 5.1; Trident/4.0; .NET CLR 2.0.50727; MS-RTC LM 8; InfoPath.2)" 469
201.3.120.132 - - [19/Mar/2022:22:12:01] "POST /cart/success.do?JSESSIONID=SD5SL2FF6ADFF4957&productId=WC-SH-T02 HTTP 1.1" 200 1973 "http://www.buttercupgames.com/cart.do?action=purchase&" "Mozilla/4.0 (compatible; MSIE 7.0; Windows NT 5.1; Trident/4.0; .NET CLR 2.0.50727; MS-RTC LM 8; InfoPath.2)" 894
201.3.120.132 - - [19/Mar/2022:22:12:16] "POST /category.screen?categoryId=NULL&JSESSIONID=SD5SL2FF6ADFF4957 HTTP 1.1" 408 2046 "http://www.buttercupgames.com/cart.do?action=view&" "Mozilla/4.0 (compatible; MSIE 7.0; Windows NT 5.1; Trident/4.0; .NET CLR 2.0.50727; MS-RTC LM 8; InfoPath.2)" 547
201.3.120.132 - - [19/Mar/2022:22:12:23] "GET /cart.do?action=view&productId=DB-SG-G01&JSESSIONID=SD5SL2FF6ADFF4957 HTTP 1.1" 200 3317 "http://www.buttercupgames.com/product.screen?productId=DB-SG-G01" "Mozilla/4.0 (compatible; MSIE 7.0; Windows NT 5.1; Trident/4.0; .NET CLR 2.0.50727; MS-RTC LM 8; InfoPath.2)" 340
201.3.120.132 - - [19/Mar/2022:22:12:38] "GET /oldlink?&JSESSIONID=SD5SL2FF6ADFF4957 HTTP 1.1" 200 3059 "http://www.buttercupgames.com/cart.do?action=addtocart&productId=SC-MG-G10" "Mozilla/4.0 (compatible; MSIE 7.0; Windows NT 5.1; Trident/4.0; .NET CLR 2.0.50727; MS-RTC LM 8; InfoPath.2)" 524
201.3.120.132 - - [19/Mar/2022:22:12:42] "GET /category.screen?categoryId=TEE&JSESSIONID=SD5SL2FF6ADFF4957 HTTP 1.1" 200 1900 "http://www.buttercupgames.com/cart.do?action=remove&productId=MB-AG-T01" "Mozilla/4.0 (compatible; MSIE 7.0; Windows NT 5.1; Trident/4.0; .NET CLR 2.0.50727; MS-RTC LM 8; InfoPath.2)" 437
128.241.220.82 - - [19/Mar/2022:22:12:54] "POST /category.screen?categoryId=TEE&JSESSIONID=SD2SL1FF10ADFF4951 HTTP 1.1" 200 3689 "http://www.buttercupgames.com" "Mozilla/4.0 (compatible; MSIE 7.0; Windows NT 5.1; .NET CLR 2.0.50727; .NET CLR 3.0.4506.2152; .NET CLR 3.5.30729; InfoPath.1; .NET4.0C; .NET4.0E; MS-RTC LM 8)" 951
201.3.120.132 - - [19/Mar/2022:22:13:00] "GET /category.screen?categoryId=STRATEGY&JSESSIONID=SD5SL2FF6ADFF4957 HTTP 1.1" 200 3551 "http://www.buttercupgames.com/category.screen?categoryId=STRATEGY" "Mozilla/4.0 (compatible; MSIE 7.0; Windows NT 5.1; Trident/4.0; .NET CLR 2.0.50727; MS-RTC LM 8; InfoPath.2)" 631
128.241.220.82 - - [19/Mar/2022:22:13:08] "GET /category.screen?categoryId=STRATEGY&JSESSIONID=SD2SL1FF10ADFF4951 HTTP 1.1" 200 2274 "http://www.buttercupgames.com/product.screen?productId=DB-SG-G01" "Mozilla/4.0 (compatible; MSIE 7.0; Windows NT 5.1; .NET CLR 2.0.50727; .NET CLR 3.0.4506.2152; .NET CLR 3.5.30729; InfoPath.1; .NET4.0C; .NET4.0E; MS-RTC LM 8)" 732
128.241.220.82 - - [19/Mar/2022:22:13:20] "GET /product.screen?productId=DB-SG-G01&JSESSIONID=SD2SL1FF10ADFF4951 HTTP 1.1" 200 2683 "http://www.buttercupgames.com/product.screen?productId=DB-SG-G01" "Mozilla/4.0 (compatible; MSIE 7.0; Windows NT 5.1; .NET CLR 2.0.50727; .NET CLR 3.0.4506.2152; .NET CLR 3.5.30729; InfoPath.1; .NET4.0C; .NET4.0E; MS-RTC LM 8)" 447
128.241.220.82 - - [19/Mar/2022:22:13:32] "POST /cart.do?action=addtocart&productId=DB-SG-G01&JSESSIONID=SD2SL1FF10ADFF4951 HTTP 1.1" 200 1443 "http://www.buttercupgames.com/cart.do?action=addtocart&productId=DB-SG-G01" "Mozilla/4.0 (compatible; MSIE 7.0; Windows NT 5.1; .NET CLR 2.0.50727; .NET CLR 3.0.4506.2152; .NET CLR 3.5.30729; InfoPath.1; .NET4.0C; .NET4.0E; MS-RTC LM 8)" 214
233.77.49.94 - - [19/Mar/2022:22:16:35] "GET /category.screen?categoryId=SPORTS&JSESSIONID=SD10SL7FF7ADFF4957 HTTP 1.1" 200 274 "http://www.buttercupgames.com" "Mozilla/5.0 (iPad; U; CPU OS 4_3_5 like Mac OS X; en-us) AppleWebKit/533.17.9 (KHTML, like Gecko) Version/5.0.2 Mobile/8L1 Safari/6533.18.5" 261
233.77.49.94 - - [19/Mar/2022:22:16:46] "POST /product.screen?productId=PZ-SG-G05&JSESSIONID=SD10SL7FF7ADFF4957 HTTP 1.1" 200 582 "http://www.buttercupgames.com/category.screen?categoryId=STRATEGY" "Mozilla/5.0 (iPad; U; CPU OS 4_3_5 like Mac OS X; en-us) AppleWebKit/533.17.9 (KHTML, like Gecko) Version/5.0.2 Mobile/8L1 Safari/6533.18.5" 552
233.77.49.94 - - [19/Mar/2022:22:16:48] "POST /cart.do?action=addtocart&productId=PZ-SG-G05&JSESSIONID=SD10SL7FF7ADFF4957 HTTP 1.1" 200 2480 "http://www.buttercupgames.com/product.screen?productId=PZ-SG-G05" "Mozilla/5.0 (iPad; U; CPU OS 4_3_5 like Mac OS X; en-us) AppleWebKit/533.17.9 (KHTML, like Gecko) Version/5.0.2 Mobile/8L1 Safari/6533.18.5" 568
233.77.49.94 - - [19/Mar/2022:22:16:52] "POST /success.do?action=purchase&categoryId=STRATEGY&productId=PZ-SG-G05&JSESSIONID=SD10SL7FF7ADFF4957 HTTP 1.1" 200 2734 "http://www.buttercupgames.com/cart.do?action=addtocart&categoryId=STRATEGY&productId=PZ-SG-G05" "Mozilla/5.0 (iPad; U; CPU OS 4_3_5 like Mac OS X; en-us) AppleWebKit/533.17.9 (KHTML, like Gecko) Version/5.0.2 Mobile/8L1 Safari/6533.18.5" 488
233.77.49.94 - - [19/Mar/2022:22:16:52] "POST /cart/success.do?JSESSIONID=SD10SL7FF7ADFF4957&productId=CU-PG-G06 HTTP 1.1" 200 356 "http://www.buttercupgames.com/cart.do?action=purchase&" "Mozilla/5.0 (iPad; U; CPU OS 4_3_5 like Mac OS X; en-us) AppleWebKit/533.17.9 (KHTML, like Gecko) Version/5.0.2 Mobile/8L1 Safari/6533.18.5" 992
233.77.49.94 - - [19/Mar/2022:22:17:04] "GET /stuff/logo.ico?JSESSIONID=SD10SL7FF7ADFF4957 HTTP 1.1" 404 3221 "http://www.buttercupgames.com/product.screen?productId=SF-BVS-01" "Mozilla/5.0 (iPad; U; CPU OS 4_3_5 like Mac OS X; en-us) AppleWebKit/533.17.9 (KHTML, like Gecko) Version/5.0.2 Mobile/8L1 Safari/6533.18.5" 641
233.77.49.94 - - [19/Mar/2022:22:17:16] "GET /product.screen?productId=MB-AG-G07&JSESSIONID=SD10SL7FF7ADFF4957 HTTP 1.1" 200 3831 "http://www.buttercupgames.com/oldlink" "Mozilla/5.0 (iPad; U; CPU OS 4_3_5 like Mac OS X; en-us) AppleWebKit/533.17.9 (KHTML, like Gecko) Version/5.0.2 Mobile/8L1 Safari/6533.18.5" 102
233.77.49.94 - - [19/Mar/2022:22:17:24] "GET /category.screen?categoryId=ACCESSORIES&JSESSIONID=SD10SL7FF7ADFF4957 HTTP 1.1" 200 3401 "http://www.buttercupgames.com/product.screen?productId=WC-SH-A02" "Mozilla/5.0 (iPad; U; CPU OS 4_3_5 like Mac OS X; en-us) AppleWebKit/533.17.9 (KHTML, like Gecko) Version/5.0.2 Mobile/8L1 Safari/6533.18.5" 725
211.166.11.101 - - [19/Mar/2022:22:17:42] "GET /oldlink?&JSESSIONID=SD1SL9FF5ADFF4956 HTTP 1.1" 200 1202 "http://www.buttercupgames.com" "Mozilla/5.0 (Windows; U; Windows NT 5.1; en-US; rv:1.9.2.28) Gecko/20120306 YFF3 Firefox/3.6.28 ( .NET CLR 3.5.30729; .NET4.0C)" 440
233.77.49.94 - - [19/Mar/2022:22:17:43] "GET /product.screen?productId=WC-SH-A02&JSESSIONID=SD10SL7FF7ADFF4957 HTTP 1.1" 200 2803 "http://www.buttercupgames.com/cart.do?action=view&productId=WC-SH-A02" "Mozilla/5.0 (iPad; U; CPU OS 4_3_5 like Mac OS X; en-us) AppleWebKit/533.17.9 (KHTML, like Gecko) Version/5.0.2 Mobile/8L1 Safari/6533.18.5" 794
233.77.49.94 - - [19/Mar/2022:22:17:56] "GET /category.screen?categoryId=SHOOTER&JSESSIONID=SD10SL7FF7ADFF4957 HTTP 1.1" 200 1377 "http://www.buttercupgames.com/product.screen?productId=WC-SH-G04" "Mozilla/5.0 (iPad; U; CPU OS 4_3_5 like Mac OS X; en-us) AppleWebKit/533.17.9 (KHTML, like Gecko) Version/5.0.2 Mobile/8L1 Safari/6533.18.5" 996
211.166.11.101 - - [19/Mar/2022:22:18:00] "GET /product.screen?productId=WC-SH-A01&JSESSIONID=SD1SL9FF5ADFF4956 HTTP 1.1" 200 3157 "http://www.buttercupgames.com/product.screen?productId=WC-SH-A01" "Mozilla/5.0 (Windows; U; Windows NT 5.1; en-US; rv:1.9.2.28) Gecko/20120306 YFF3 Firefox/3.6.28 ( .NET CLR 3.5.30729; .NET4.0C)" 216
211.166.11.101 - - [19/Mar/2022:22:18:13] "GET /cart.do?action=addtocart&productId=SC-MG-G10&JSESSIONID=SD1SL9FF5ADFF4956 HTTP 1.1" 200 1273 "http://www.buttercupgames.com/product.screen?productId=SC-MG-G10" "Mozilla/5.0 (Windows; U; Windows NT 5.1; en-US; rv:1.9.2.28) Gecko/20120306 YFF3 Firefox/3.6.28 ( .NET CLR 3.5.30729; .NET4.0C)" 457
211.166.11.101 - - [19/Mar/2022:22:18:31] "GET /category.screen?categoryId=ACCESSORIES&JSESSIONID=SD1SL9FF5ADFF4956 HTTP 1.1" 200 3689 "http://www.buttercupgames.com/product.screen?productId=WC-SH-A01" "Mozilla/5.0 (Windows; U; Windows NT 5.1; en-US; rv:1.9.2.28) Gecko/20120306 YFF3 Firefox/3.6.28 ( .NET CLR 3.5.30729; .NET4.0C)" 599
211.166.11.101 - - [19/Mar/2022:22:18:45] "POST /category.screen?categoryId=SHOOTER&JSESSIONID=SD1SL9FF5ADFF4956 HTTP 1.1" 200 2471 "http://www.buttercupgames.com/category.screen?categoryId=SHOOTER" "Mozilla/5.0 (Windows; U; Windows NT 5.1; en-US; rv:1.9.2.28) Gecko/20120306 YFF3 Firefox/3.6.28 ( .NET CLR 3.5.30729; .NET4.0C)" 482
211.166.11.101 - - [19/Mar/2022:22:18:49] "GET /category.screen?categoryId=ACCESSORIES&JSESSIONID=SD1SL9FF5ADFF4956 HTTP 1.1" 200 3174 "http://www.buttercupgames.com/cart.do?action=changequantity&productId=WC-SH-A01" "Mozilla/5.0 (Windows; U; Windows NT 5.1; en-US; rv:1.9.2.28) Gecko/20120306 YFF3 Firefox/3.6.28 ( .NET CLR 3.5.30729; .NET4.0C)" 648
211.166.11.101 - - [19/Mar/2022:22:19:06] "GET /category.screen?categoryId=ACCESSORIES&JSESSIONID=SD1SL9FF5ADFF4956 HTTP 1.1" 200 868 "http://www.buttercupgames.com/cart.do?action=remove&productId=WC-SH-A01" "Mozilla/5.0 (Windows; U; Windows NT 5.1; en-US; rv:1.9.2.28) Gecko/20120306 YFF3 Firefox/3.6.28 ( .NET CLR 3.5.30729; .NET4.0C)" 664
94.229.0.21 - - [19/Mar/2022:22:20:23] "POST /cart.do?action=view&productId=WC-SH-A02&JSESSIONID=SD0SL2FF8ADFF4966 HTTP 1.1" 200 1750 "http://www.buttercupgames.com" "Mozilla/4.0 (compatible; MSIE 7.0; Windows NT 5.2; .NET CLR 1.1.4322; InfoPath.1; MS-RTC LM 8)" 994
217.15.20.146 - - [19/Mar/2022:22:23:24] "POST /product.screen?productId=DC-SG-G02&JSESSIONID=SD9SL10FF8ADFF4952 HTTP 1.1" 200 3159 "http://www.bing.com" "Mozilla/5.0 (iPad; U; CPU OS 4_3_5 like Mac OS X; en-us) AppleWebKit/533.17.9 (KHTML, like Gecko) Version/5.0.2 Mobile/8L1 Safari/6533.18.5" 649
206.225.11.127 - - [19/Mar/2022:22:23:36] "GET /oldlink?&JSESSIONID=SD1SL6FF3ADFF4959 HTTP 1.1" 200 760 "http://www.buttercupgames.com" "Mozilla/5.0 (Macintosh; Intel Mac OS X 10_6_8) AppleWebKit/534.55.3 (KHTML, like Gecko) Version/5.1.5 Safari/534.55.3" 495
217.15.20.146 - - [19/Mar/2022:22:23:37] "GET /product.screen?productId=WC-SH-G04&JSESSIONID=SD9SL10FF8ADFF4952 HTTP 1.1" 200 471 "http://www.buttercupgames.com/category.screen?categoryId=SHOOTER" "Mozilla/5.0 (iPad; U; CPU OS 4_3_5 like Mac OS X; en-us) AppleWebKit/533.17.9 (KHTML, like Gecko) Version/5.0.2 Mobile/8L1 Safari/6533.18.5" 919
217.15.20.146 - - [19/Mar/2022:22:23:48] "POST /oldlink?&JSESSIONID=SD9SL10FF8ADFF4952 HTTP 1.1" 408 2938 "http://www.buttercupgames.com/product.screen?productId=SF-BVS-01" "Mozilla/5.0 (iPad; U; CPU OS 4_3_5 like Mac OS X; en-us) AppleWebKit/533.17.9 (KHTML, like Gecko) Version/5.0.2 Mobile/8L1 Safari/6533.18.5" 796
217.15.20.146 - - [19/Mar/2022:22:23:55] "GET /oldlink?&JSESSIONID=SD9SL10FF8ADFF4952 HTTP 1.1" 200 570 "http://www.buttercupgames.com/category.screen?categoryId=STRATEGY" "Mozilla/5.0 (iPad; U; CPU OS 4_3_5 like Mac OS X; en-us) AppleWebKit/533.17.9 (KHTML, like Gecko) Version/5.0.2 Mobile/8L1 Safari/6533.18.5" 742
206.225.11.127 - - [19/Mar/2022:22:23:55] "GET /product.screen?productId=CU-PG-G06&JSESSIONID=SD1SL6FF3ADFF4959 HTTP 1.1" 200 3766 "http://www.buttercupgames.com/oldlink" "Mozilla/5.0 (Macintosh; Intel Mac OS X 10_6_8) AppleWebKit/534.55.3 (KHTML, like Gecko) Version/5.1.5 Safari/534.55.3" 399
217.15.20.146 - - [19/Mar/2022:22:24:12] "GET /oldlink?&JSESSIONID=SD9SL10FF8ADFF4952 HTTP 1.1" 200 987 "http://www.buttercupgames.com/oldlink" "Mozilla/5.0 (iPad; U; CPU OS 4_3_5 like Mac OS X; en-us) AppleWebKit/533.17.9 (KHTML, like Gecko) Version/5.0.2 Mobile/8L1 Safari/6533.18.5" 296
206.225.11.127 - - [19/Mar/2022:22:24:12] "GET /category.screen?categoryId=TEE&JSESSIONID=SD1SL6FF3ADFF4959 HTTP 1.1" 200 3981 "http://www.buttercupgames.com/oldlink" "Mozilla/5.0 (Macintosh; Intel Mac OS X 10_6_8) AppleWebKit/534.55.3 (KHTML, like Gecko) Version/5.1.5 Safari/534.55.3" 862
217.15.20.146 - - [19/Mar/2022:22:24:26] "GET /oldlink?&JSESSIONID=SD9SL10FF8ADFF4952 HTTP 1.1" 200 2148 "http://www.buttercupgames.com/cart.do?action=view&productId=WC-SH-G04" "Mozilla/5.0 (iPad; U; CPU OS 4_3_5 like Mac OS X; en-us) AppleWebKit/533.17.9 (KHTML, like Gecko) Version/5.0.2 Mobile/8L1 Safari/6533.18.5" 295
206.225.11.127 - - [19/Mar/2022:22:24:31] "GET /oldlink?&JSESSIONID=SD1SL6FF3ADFF4959 HTTP 1.1" 200 2969 "http://www.buttercupgames.com/cart.do?action=view&productId=FS-SG-G03" "Mozilla/5.0 (Macintosh; Intel Mac OS X 10_6_8) AppleWebKit/534.55.3 (KHTML, like Gecko) Version/5.1.5 Safari/534.55.3" 585
206.225.11.127 - - [19/Mar/2022:22:24:39] "GET /product.screen?productId=MB-AG-T01&JSESSIONID=SD1SL6FF3ADFF4959 HTTP 1.1" 200 811 "http://www.buttercupgames.com/category.screen?categoryId=TEE" "Mozilla/5.0 (Macintosh; Intel Mac OS X 10_6_8) AppleWebKit/534.55.3 (KHTML, like Gecko) Version/5.1.5 Safari/534.55.3" 455
206.225.11.127 - - [19/Mar/2022:22:24:40] "POST /cart.do?action=addtocart&productId=MB-AG-T01&JSESSIONID=SD1SL6FF3ADFF4959 HTTP 1.1" 200 2190 "http://www.buttercupgames.com/product.screen?productId=MB-AG-T01" "Mozilla/5.0 (Macintosh; Intel Mac OS X 10_6_8) AppleWebKit/534.55.3 (KHTML, like Gecko) Version/5.1.5 Safari/534.55.3" 168
206.225.11.127 - - [19/Mar/2022:22:24:41] "POST /success.do?action=purchase&categoryId=TEE&productId=MB-AG-T01&JSESSIONID=SD1SL6FF3ADFF4959 HTTP 1.1" 200 2296 "http://www.buttercupgames.com/cart.do?action=addtocart&categoryId=TEE&productId=MB-AG-T01" "Mozilla/5.0 (Macintosh; Intel Mac OS X 10_6_8) AppleWebKit/534.55.3 (KHTML, like Gecko) Version/5.1.5 Safari/534.55.3" 774
206.225.11.127 - - [19/Mar/2022:22:24:41] "POST /cart/error.do?msg=FormError&JSESSIONID=SD1SL6FF3ADFF4959 HTTP 1.1" 200 2597 "http://www.buttercupgames.com/cart.do?action=purchase&" "Mozilla/5.0 (Macintosh; Intel Mac OS X 10_6_8) AppleWebKit/534.55.3 (KHTML, like Gecko) Version/5.1.5 Safari/534.55.3" 958
217.15.20.146 - - [19/Mar/2022:22:24:45] "GET /oldlink?&JSESSIONID=SD9SL10FF8ADFF4952 HTTP 1.1" 200 2776 "http://www.buttercupgames.com/category.screen?categoryId=TEE" "Mozilla/5.0 (iPad; U; CPU OS 4_3_5 like Mac OS X; en-us) AppleWebKit/533.17.9 (KHTML, like Gecko) Version/5.0.2 Mobile/8L1 Safari/6533.18.5" 602
217.15.20.146 - - [19/Mar/2022:22:25:00] "GET /cart.do?action=addtocart&productId=WC-SH-A01&JSESSIONID=SD9SL10FF8ADFF4952 HTTP 1.1" 200 3211 "http://www.buttercupgames.com/category.screen?categoryId=ACCESSORIES" "Mozilla/5.0 (iPad; U; CPU OS 4_3_5 like Mac OS X; en-us) AppleWebKit/533.17.9 (KHTML, like Gecko) Version/5.0.2 Mobile/8L1 Safari/6533.18.5" 813
217.15.20.146 - - [19/Mar/2022:22:25:17] "GET /oldlink?&JSESSIONID=SD9SL10FF8ADFF4952 HTTP 1.1" 200 1675 "http://www.buttercupgames.com/category.screen?categoryId=STRATEGY" "Mozilla/5.0 (iPad; U; CPU OS 4_3_5 like Mac OS X; en-us) AppleWebKit/533.17.9 (KHTML, like Gecko) Version/5.0.2 Mobile/8L1 Safari/6533.18.5" 470
217.15.20.146 - - [19/Mar/2022:22:25:32] "GET /product.screen?productId=WC-SH-T02&JSESSIONID=SD9SL10FF8ADFF4952 HTTP 1.1" 200 3542 "http://www.buttercupgames.com/category.screen?categoryId=TEE" "Mozilla/5.0 (iPad; U; CPU OS 4_3_5 like Mac OS X; en-us) AppleWebKit/533.17.9 (KHTML, like Gecko) Version/5.0.2 Mobile/8L1 Safari/6533.18.5" 335
217.15.20.146 - - [19/Mar/2022:22:25:34] "POST /cart.do?action=addtocart&productId=WC-SH-T02&JSESSIONID=SD9SL10FF8ADFF4952 HTTP 1.1" 200 368 "http://www.buttercupgames.com/product.screen?productId=WC-SH-T02" "Mozilla/5.0 (iPad; U; CPU OS 4_3_5 like Mac OS X; en-us) AppleWebKit/533.17.9 (KHTML, like Gecko) Version/5.0.2 Mobile/8L1 Safari/6533.18.5" 515
217.15.20.146 - - [19/Mar/2022:22:25:36] "POST /success.do?action=purchase&categoryId=TEE&productId=WC-SH-T02&JSESSIONID=SD9SL10FF8ADFF4952 HTTP 1.1" 200 3220 "http://www.buttercupgames.com/cart.do?action=addtocart&categoryId=TEE&productId=WC-SH-T02" "Mozilla/5.0 (iPad; U; CPU OS 4_3_5 like Mac OS X; en-us) AppleWebKit/533.17.9 (KHTML, like Gecko) Version/5.0.2 Mobile/8L1 Safari/6533.18.5" 629
217.15.20.146 - - [19/Mar/2022:22:25:36] "POST /cart/success.do?productId=GT-SC-G01&JSESSIONID=SD9SL10FF8ADFF4952 HTTP 1.1" 200 1389 "http://www.buttercupgames.com/cart.do?action=purchase&productId=GT-SC-G01" "Mozilla/5.0 (iPad; U; CPU OS 4_3_5 like Mac OS X; en-us) AppleWebKit/533.17.9 (KHTML, like Gecko) Version/5.0.2 Mobile/8L1 Safari/6533.18.5" 614
