188.138.40.166 - - [19/Mar/2022:08:22:08] "GET /category.screen?categoryId=ACCESSORIES&JSESSIONID=SD9SL8FF10ADFF4951 HTTP 1.1" 200 968 "http://www.buttercupgames.com/category.screen?categoryId=ACCESSORIES" "Mozilla/5.0 (Windows; U; Windows NT 5.1; en-US; rv:1.9.2.28) Gecko/20120306 YFF3 Firefox/3.6.28 ( .NET CLR 3.5.30729; .NET4.0C)" 369
188.138.40.166 - - [19/Mar/2022:08:22:32] "GET /category.screen?categoryId=SPORTS&JSESSIONID=SD9SL8FF10ADFF4951 HTTP 1.1" 200 990 "http://www.buttercupgames.com/cart.do?action=view&productId=CU-PG-G06" "Mozilla/5.0 (Windows; U; Windows NT 5.1; en-US; rv:1.9.2.28) Gecko/20120306 YFF3 Firefox/3.6.28 ( .NET CLR 3.5.30729; .NET4.0C)" 686
188.138.40.166 - - [19/Mar/2022:08:22:49] "GET /category.screen?categoryId=ACCESSORIES&JSESSIONID=SD9SL8FF10ADFF4951 HTTP 1.1" 200 452 "http://www.buttercupgames.com/oldlink" "Mozilla/5.0 (Windows; U; Windows NT 5.1; en-US; rv:1.9.2.28) Gecko/20120306 YFF3 Firefox/3.6.28 ( .NET CLR 3.5.30729; .NET4.0C)" 538
188.138.40.166 - - [19/Mar/2022:08:22:55] "GET /cart.do?action=remove&productId=WC-SH-A01&JSESSIONID=SD9SL8FF10ADFF4951 HTTP 1.1" 200 233 "http://www.buttercupgames.com/category.screen?categoryId=ACCESSORIES" "Mozilla/5.0 (Windows; U; Windows NT 5.1; en-US; rv:1.9.2.28) Gecko/20120306 YFF3 Firefox/3.6.28 ( .NET CLR 3.5.30729; .NET4.0C)" 389
27.102.11.11 - - [19/Mar/2022:08:25:56] "GET /category.screen?categoryId=NULL&JSESSIONID=SD4SL1FF3ADFF4951 HTTP 1.1" 500 1903 "http://www.buttercupgames.com" "Mozilla/5.0 (Windows; U; Windows NT 5.1; en-GB; rv:1.8.1.6) Gecko/20070725 Firefox/2.0.0.6" 775
223.205.219.198 - - [19/Mar/2022:08:28:27] "GET /oldlink?&JSESSIONID=SD7SL10FF9ADFF4960 HTTP 1.1" 406 202 "http://www.bing.com" "Mozilla/5.0 (Macintosh; Intel Mac OS X 10_7_4) AppleWebKit/536.5 (KHTML, like Gecko) Chrome/19.0.1084.46 Safari/536.5" 904
223.205.219.198 - - [19/Mar/2022:08:28:46] "GET /oldlink?&JSESSIONID=SD7SL10FF9ADFF4960 HTTP 1.1" 408 281 "http://www.buttercupgames.com/category.screen?categoryId=NULL" "Mozilla/5.0 (Macintosh; Intel Mac OS X 10_7_4) AppleWebKit/536.5 (KHTML, like Gecko) Chrome/19.0.1084.46 Safari/536.5" 142
223.205.219.198 - - [19/Mar/2022:08:28:59] "GET /product.screen?productId=CU-PG-G06&JSESSIONID=SD7SL10FF9ADFF4960 HTTP 1.1" 200 2772 "http://www.buttercupgames.com/cart.do?action=addtocart&productId=CU-PG-G06" "Mozilla/5.0 (Macintosh; Intel Mac OS X 10_7_4) AppleWebKit/536.5 (KHTML, like Gecko) Chrome/19.0.1084.46 Safari/536.5" 498
223.205.219.198 - - [19/Mar/2022:08:29:08] "GET /category.screen?categoryId=ARCADE&JSESSIONID=SD7SL10FF9ADFF4960 HTTP 1.1" 200 3967 "http://www.buttercupgames.com/category.screen?categoryId=ARCADE" "Mozilla/5.0 (Macintosh; Intel Mac OS X 10_7_4) AppleWebKit/536.5 (KHTML, like Gecko) Chrome/19.0.1084.46 Safari/536.5" 752
223.205.219.198 - - [19/Mar/2022:08:29:19] "GET /product.screen?productId=WC-SH-G04&JSESSIONID=SD7SL10FF9ADFF4960 HTTP 1.1" 200 299 "http://www.buttercupgames.com/category.screen?categoryId=SHOOTER" "Mozilla/5.0 (Macintosh; Intel Mac OS X 10_7_4) AppleWebKit/536.5 (KHTML, like Gecko) Chrome/19.0.1084.46 Safari/536.5" 527
223.205.219.198 - - [19/Mar/2022:08:29:23] "POST /cart.do?action=addtocart&productId=WC-SH-G04&JSESSIONID=SD7SL10FF9ADFF4960 HTTP 1.1" 200 988 "http://www.buttercupgames.com/product.screen?productId=WC-SH-G04" "Mozilla/5.0 (Macintosh; Intel Mac OS X 10_7_4) AppleWebKit/536.5 (KHTML, like Gecko) Chrome/19.0.1084.46 Safari/536.5" 387
223.205.219.198 - - [19/Mar/2022:08:29:28] "POST /success.do?action=purchase&categoryId=SHOOTER&productId=WC-SH-G04&JSESSIONID=SD7SL10FF9ADFF4960 HTTP 1.1" 200 1826 "http://www.buttercupgames.com/cart.do?action=addtocart&categoryId=SHOOTER&productId=WC-SH-G04" "Mozilla/5.0 (Macintosh; Intel Mac OS X 10_7_4) AppleWebKit/536.5 (KHTML, like Gecko) Chrome/19.0.1084.46 Safari/536.5" 953
223.205.219.198 - - [19/Mar/2022:08:29:28] "POST /cart/success.do?JSESSIONID=SD7SL10FF9ADFF4960&productId=WC-SH-T02 HTTP 1.1" 200 2112 "http://www.buttercupgames.com/cart.do?action=purchase&" "Mozilla/5.0 (Macintosh; Intel Mac OS X 10_7_4) AppleWebKit/536.5 (KHTML, like Gecko) Chrome/19.0.1084.46 Safari/536.5" 174
223.205.219.198 - - [19/Mar/2022:08:29:41] "GET /product.screen?productId=FI-AG-G08&JSESSIONID=SD7SL10FF9ADFF4960 HTTP 1.1" 200 2548 "http://www.buttercupgames.com/oldlink" "Mozilla/5.0 (Macintosh; Intel Mac OS X 10_7_4) AppleWebKit/536.5 (KHTML, like Gecko) Chrome/19.0.1084.46 Safari/536.5" 503
223.205.219.198 - - [19/Mar/2022:08:30:02] "GET /oldlink?&JSESSIONID=SD7SL10FF9ADFF4960 HTTP 1.1" 200 202 "http://www.buttercupgames.com/product.screen?productId=MB-AG-G07" "Mozilla/5.0 (Macintosh; Intel Mac OS X 10_7_4) AppleWebKit/536.5 (KHTML, like Gecko) Chrome/19.0.1084.46 Safari/536.5" 605
223.205.219.198 - - [19/Mar/2022:08:30:07] "POST /product.screen?productId=SF-BVS-01&JSESSIONID=SD7SL10FF9ADFF4960 HTTP 1.1" 503 2784 "http://www.buttercupgames.com/category.screen?categoryId=NULL" "Mozilla/5.0 (Macintosh; Intel Mac OS X 10_7_4) AppleWebKit/536.5 (KHTML, like Gecko) Chrome/19.0.1084.46 Safari/536.5" 400
211.166.11.101 - - [19/Mar/2022:08:33:04] "POST /product.screen?productId=MB-AG-G07&JSESSIONID=SD6SL4FF5ADFF4963 HTTP 1.1" 200 624 "http://www.buttercupgames.com/category.screen?categoryId=ARCADE" "Mozilla/5.0 (Windows; U; Windows NT 5.1; en-US; rv:1.9.2.28) Gecko/20120306 YFF3 Firefox/3.6.28 ( .NET CLR 3.5.30729; .NET4.0C)" 530
211.166.11.101 - - [19/Mar/2022:08:33:09] "POST /cart.do?action=addtocart&productId=MB-AG-G07&JSESSIONID=SD6SL4FF5ADFF4963 HTTP 1.1" 200 3669 "http://www.buttercupgames.com/product.screen?productId=MB-AG-G07" "Mozilla/5.0 (Windows; U; Windows NT 5.1; en-US; rv:1.9.2.28) Gecko/20120306 YFF3 Firefox/3.6.28 ( .NET CLR 3.5.30729; .NET4.0C)" 215
211.166.11.101 - - [19/Mar/2022:08:33:12] "POST /success.do?action=purchase&categoryId=ARCADE&productId=MB-AG-G07&JSESSIONID=SD6SL4FF5ADFF4963 HTTP 1.1" 200 2980 "http://www.buttercupgames.com/cart.do?action=addtocart&categoryId=ARCADE&productId=MB-AG-G07" "Mozilla/5.0 (Windows; U; Windows NT 5.1; en-US; rv:1.9.2.28) Gecko/20120306 YFF3 Firefox/3.6.28 ( .NET CLR 3.5.30729; .NET4.0C)" 584
211.166.11.101 - - [19/Mar/2022:08:33:12] "POST /cart/success.do?JSESSIONID=SD6SL4FF5ADFF4963&productId=FI-AG-G08 HTTP 1.1" 200 3606 "http://www.buttercupgames.com/cart.do?action=purchase&" "Mozilla/5.0 (Windows; U; Windows NT 5.1; en-US; rv:1.9.2.28) Gecko/20120306 YFF3 Firefox/3.6.28 ( .NET CLR 3.5.30729; .NET4.0C)" 685
211.166.11.101 - - [19/Mar/2022:08:33:36] "GET /cart.do?action=addtocart&productId=DB-SG-G01&JSESSIONID=SD6SL4FF5ADFF4963 HTTP 1.1" 200 3541 "http://www.buttercupgames.com/product.screen?productId=DB-SG-G01" "Mozilla/5.0 (Windows; U; Windows NT 5.1; en-US; rv:1.9.2.28) Gecko/20120306 YFF3 Firefox/3.6.28 ( .NET CLR 3.5.30729; .NET4.0C)" 953
211.166.11.101 - - [19/Mar/2022:08:33:49] "GET /category.screen?categoryId=STRATEGY&JSESSIONID=SD6SL4FF5ADFF4963 HTTP 1.1" 200 3214 "http://www.buttercupgames.com/category.screen?categoryId=STRATEGY" "Mozilla/5.0 (Windows; U; Windows NT 5.1; en-US; rv:1.9.2.28) Gecko/20120306 YFF3 Firefox/3.6.28 ( .NET CLR 3.5.30729; .NET4.0C)" 507
211.166.11.101 - - [19/Mar/2022:08:34:13] "GET /category.screen?categoryId=TEE&JSESSIONID=SD6SL4FF5ADFF4963 HTTP 1.1" 200 2951 "http://www.buttercupgames.com/category.screen?categoryId=TEE" "Mozilla/5.0 (Windows; U; Windows NT 5.1; en-US; rv:1.9.2.28) Gecko/20120306 YFF3 Firefox/3.6.28 ( .NET CLR 3.5.30729; .NET4.0C)" 585
211.166.11.101 - - [19/Mar/2022:08:34:35] "GET /cart.do?action=addtocart&productId=WC-SH-T02&JSESSIONID=SD6SL4FF5ADFF4963 HTTP 1.1" 200 3707 "http://www.buttercupgames.com/product.screen?productId=WC-SH-T02" "Mozilla/5.0 (Windows; U; Windows NT 5.1; en-US; rv:1.9.2.28) Gecko/20120306 YFF3 Firefox/3.6.28 ( .NET CLR 3.5.30729; .NET4.0C)" 658
211.166.11.101 - - [19/Mar/2022:08:34:41] "GET /category.screen?categoryId=ARCADE&JSESSIONID=SD6SL4FF5ADFF4963 HTTP 1.1" 200 1623 "http://www.buttercupgames.com/cart.do?action=addtocart&productId=BS-AG-G09" "Mozilla/5.0 (Windows; U; Windows NT 5.1; en-US; rv:1.9.2.28) Gecko/20120306 YFF3 Firefox/3.6.28 ( .NET CLR 3.5.30729; .NET4.0C)" 372
211.166.11.101 - - [19/Mar/2022:08:34:57] "GET /category.screen?categoryId=NULL&JSESSIONID=SD6SL4FF5ADFF4963 HTTP 1.1" 408 3344 "http://www.buttercupgames.com/oldlink" "Mozilla/5.0 (Windows; U; Windows NT 5.1; en-US; rv:1.9.2.28) Gecko/20120306 YFF3 Firefox/3.6.28 ( .NET CLR 3.5.30729; .NET4.0C)" 292
89.106.20.218 - - [19/Mar/2022:08:35:04] "GET /oldlink?&JSESSIONID=SD7SL8FF3ADFF4954 HTTP 1.1" 200 2742 "http://www.bing.com" "Mozilla/4.0 (compatible; MSIE 7.0; Windows NT 5.2; .NET CLR 1.1.4322; InfoPath.1; MS-RTC LM 8)" 496
211.166.11.101 - - [19/Mar/2022:08:35:14] "GET /category.screen?categoryId=STRATEGY&JSESSIONID=SD6SL4FF5ADFF4963 HTTP 1.1" 200 1896 "http://www.buttercupgames.com/oldlink" "Mozilla/5.0 (Windows; U; Windows NT 5.1; en-US; rv:1.9.2.28) Gecko/20120306 YFF3 Firefox/3.6.28 ( .NET CLR 3.5.30729; .NET4.0C)" 553
89.106.20.218 - - [19/Mar/2022:08:35:22] "GET /cart.do?action=addtocart&productId=MB-AG-T01&JSESSIONID=SD7SL8FF3ADFF4954 HTTP 1.1" 200 2546 "http://www.buttercupgames.com/product.screen?productId=MB-AG-T01" "Mozilla/4.0 (compatible; MSIE 7.0; Windows NT 5.2; .NET CLR 1.1.4322; InfoPath.1; MS-RTC LM 8)" 868
211.166.11.101 - - [19/Mar/2022:08:35:32] "GET /product.screen?productId=BS-AG-G09&JSESSIONID=SD6SL4FF5ADFF4963 HTTP 1.1" 200 230 "http://www.buttercupgames.com/category.screen?categoryId=ARCADE" "Mozilla/5.0 (Windows; U; Windows NT 5.1; en-US; rv:1.9.2.28) Gecko/20120306 YFF3 Firefox/3.6.28 ( .NET CLR 3.5.30729; .NET4.0C)" 538
211.166.11.101 - - [19/Mar/2022:08:35:33] "POST /cart.do?action=addtocart&productId=BS-AG-G09&JSESSIONID=SD6SL4FF5ADFF4963 HTTP 1.1" 200 3908 "http://www.buttercupgames.com/product.screen?productId=BS-AG-G09" "Mozilla/5.0 (Windows; U; Windows NT 5.1; en-US; rv:1.9.2.28) Gecko/20120306 YFF3 Firefox/3.6.28 ( .NET CLR 3.5.30729; .NET4.0C)" 804
89.106.20.218 - - [19/Mar/2022:08:35:35] "GET /product.screen?productId=WC-SH-G04&JSESSIONID=SD7SL8FF3ADFF4954 HTTP 1.1" 200 3945 "http://www.buttercupgames.com/cart.do?action=view&productId=WC-SH-G04" "Mozilla/4.0 (compatible; MSIE 7.0; Windows NT 5.2; .NET CLR 1.1.4322; InfoPath.1; MS-RTC LM 8)" 706
211.166.11.101 - - [19/Mar/2022:08:35:36] "POST /success.do?action=purchase&categoryId=ARCADE&productId=BS-AG-G09&JSESSIONID=SD6SL4FF5ADFF4963 HTTP 1.1" 200 2836 "http://www.buttercupgames.com/cart.do?action=addtocart&categoryId=ARCADE&productId=BS-AG-G09" "Mozilla/5.0 (Windows; U; Windows NT 5.1; en-US; rv:1.9.2.28) Gecko/20120306 YFF3 Firefox/3.6.28 ( .NET CLR 3.5.30729; .NET4.0C)" 493
211.166.11.101 - - [19/Mar/2022:08:35:36] "POST /cart/success.do?JSESSIONID=SD6SL4FF5ADFF4963&productId=FS-SG-G03 HTTP 1.1" 200 3556 "http://www.buttercupgames.com/cart.do?action=purchase&" "Mozilla/5.0 (Windows; U; Windows NT 5.1; en-US; rv:1.9.2.28) Gecko/20120306 YFF3 Firefox/3.6.28 ( .NET CLR 3.5.30729; .NET4.0C)" 820
211.166.11.101 - - [19/Mar/2022:08:35:41] "GET /product.screen?productId=BS-AG-G09&JSESSIONID=SD6SL4FF5ADFF4963 HTTP 1.1" 200 1273 "http://www.buttercupgames.com/category.screen?categoryId=ARCADE" "Mozilla/5.0 (Windows; U; Windows NT 5.1; en-US; rv:1.9.2.28) Gecko/20120306 YFF3 Firefox/3.6.28 ( .NET CLR 3.5.30729; .NET4.0C)" 891
211.166.11.101 - - [19/Mar/2022:08:35:46] "POST /cart.do?action=addtocart&productId=BS-AG-G09&JSESSIONID=SD6SL4FF5ADFF4963 HTTP 1.1" 200 3975 "http://www.buttercupgames.com/product.screen?productId=BS-AG-G09" "Mozilla/5.0 (Windows; U; Windows NT 5.1; en-US; rv:1.9.2.28) Gecko/20120306 YFF3 Firefox/3.6.28 ( .NET CLR 3.5.30729; .NET4.0C)" 983
211.166.11.101 - - [19/Mar/2022:08:35:49] "POST /success.do?action=purchase&categoryId=ARCADE&productId=BS-AG-G09&JSESSIONID=SD6SL4FF5ADFF4963 HTTP 1.1" 200 431 "http://www.buttercupgames.com/cart.do?action=addtocart&categoryId=ARCADE&productId=BS-AG-G09" "Mozilla/5.0 (Windows; U; Windows NT 5.1; en-US; rv:1.9.2.28) Gecko/20120306 YFF3 Firefox/3.6.28 ( .NET CLR 3.5.30729; .NET4.0C)" 311
211.166.11.101 - - [19/Mar/2022:08:35:49] "POST /cart/success.do?JSESSIONID=SD6SL4FF5ADFF4963&productId=WC-SH-A01 HTTP 1.1" 200 1376 "http://www.buttercupgames.com/cart.do?action=purchase&" "Mozilla/5.0 (Windows; U; Windows NT 5.1; en-US; rv:1.9.2.28) Gecko/20120306 YFF3 Firefox/3.6.28 ( .NET CLR 3.5.30729; .NET4.0C)" 553
89.106.20.218 - - [19/Mar/2022:08:35:51] "GET /product.screen?productId=WC-SH-A01&JSESSIONID=SD7SL8FF3ADFF4954 HTTP 1.1" 200 1603 "http://www.buttercupgames.com/category.screen?categoryId=ACCESSORIES" "Mozilla/4.0 (compatible; MSIE 7.0; Windows NT 5.2; .NET CLR 1.1.4322; InfoPath.1; MS-RTC LM 8)" 401
89.106.20.218 - - [19/Mar/2022:08:35:52] "POST /cart.do?action=addtocart&productId=WC-SH-A01&JSESSIONID=SD7SL8FF3ADFF4954 HTTP 1.1" 200 1465 "http://www.buttercupgames.com/product.screen?productId=WC-SH-A01" "Mozilla/4.0 (compatible; MSIE 7.0; Windows NT 5.2; .NET CLR 1.1.4322; InfoPath.1; MS-RTC LM 8)" 632
89.106.20.218 - - [19/Mar/2022:08:35:55] "POST /success.do?action=purchase&categoryId=ACCESSORIES&productId=WC-SH-A01&JSESSIONID=SD7SL8FF3ADFF4954 HTTP 1.1" 200 2056 "http://www.buttercupgames.com/cart.do?action=addtocart&categoryId=ACCESSORIES&productId=WC-SH-A01" "Mozilla/4.0 (compatible; MSIE 7.0; Windows NT 5.2; .NET CLR 1.1.4322; InfoPath.1; MS-RTC LM 8)" 1000
89.106.20.218 - - [19/Mar/2022:08:35:55] "POST /cart/success.do?JSESSIONID=SD7SL8FF3ADFF4954&productId=WSC-MG-G10 HTTP 1.1" 200 404 "http://www.buttercupgames.com/cart.do?action=purchase&" "Mozilla/4.0 (compatible; MSIE 7.0; Windows NT 5.2; .NET CLR 1.1.4322; InfoPath.1; MS-RTC LM 8)" 147
89.106.20.218 - - [19/Mar/2022:08:36:11] "GET /category.screen?categoryId=ARCADE&JSESSIONID=SD7SL8FF3ADFF4954 HTTP 1.1" 200 2113 "http://www.buttercupgames.com/oldlink" "Mozilla/4.0 (compatible; MSIE 7.0; Windows NT 5.2; .NET CLR 1.1.4322; InfoPath.1; MS-RTC LM 8)" 914
89.106.20.218 - - [19/Mar/2022:08:36:36] "GET /category.screen?categoryId=TEE&JSESSIONID=SD7SL8FF3ADFF4954 HTTP 1.1" 200 3602 "http://www.buttercupgames.com/product.screen?productId=MB-AG-T01" "Mozilla/4.0 (compatible; MSIE 7.0; Windows NT 5.2; .NET CLR 1.1.4322; InfoPath.1; MS-RTC LM 8)" 486
199.15.234.66 - - [19/Mar/2022:08:37:49] "GET /cart.do?action=addtocart&JSESSIONID=SD3SL4FF10ADFF4956 HTTP 1.1" 500 3039 "http://www.bing.com" "Mozilla/5.0 (Windows NT 6.1; WOW64) AppleWebKit/536.5 (KHTML, like Gecko) Chrome/19.0.1084.52 Safari/536.5" 543
199.15.234.66 - - [19/Mar/2022:08:37:59] "POST /product.screen?productId=SF-BVS-01&JSESSIONID=SD3SL4FF10ADFF4956 HTTP 1.1" 408 3967 "http://www.buttercupgames.com/oldlink" "Mozilla/5.0 (Windows NT 6.1; WOW64) AppleWebKit/536.5 (KHTML, like Gecko) Chrome/19.0.1084.52 Safari/536.5" 347
199.15.234.66 - - [19/Mar/2022:08:38:12] "GET /product.screen?productId=WC-SH-T02&JSESSIONID=SD3SL4FF10ADFF4956 HTTP 1.1" 200 2278 "http://www.buttercupgames.com/product.screen?productId=WC-SH-T02" "Mozilla/5.0 (Windows NT 6.1; WOW64) AppleWebKit/536.5 (KHTML, like Gecko) Chrome/19.0.1084.52 Safari/536.5" 982
199.15.234.66 - - [19/Mar/2022:08:38:19] "GET /hidden/anna_nicole.html?JSESSIONID=SD3SL4FF10ADFF4956 HTTP 1.1" 404 3902 "http://www.buttercupgames.com/category.screen?categoryId=NULL" "Mozilla/5.0 (Windows NT 6.1; WOW64) AppleWebKit/536.5 (KHTML, like Gecko) Chrome/19.0.1084.52 Safari/536.5" 885
199.15.234.66 - - [19/Mar/2022:08:38:32] "GET /product.screen?productId=SF-BVS-01&JSESSIONID=SD3SL4FF10ADFF4956 HTTP 1.1" 505 2638 "http://www.buttercupgames.com/cart.do?action=view&" "Mozilla/5.0 (Windows NT 6.1; WOW64) AppleWebKit/536.5 (KHTML, like Gecko) Chrome/19.0.1084.52 Safari/536.5" 255
199.15.234.66 - - [19/Mar/2022:08:38:42] "GET /cart.do?action=view&JSESSIONID=SD3SL4FF10ADFF4956 HTTP 1.1" 400 1066 "http://www.buttercupgames.com/oldlink" "Mozilla/5.0 (Windows NT 6.1; WOW64) AppleWebKit/536.5 (KHTML, like Gecko) Chrome/19.0.1084.52 Safari/536.5" 373
199.15.234.66 - - [19/Mar/2022:08:39:02] "GET /product.screen?productId=SC-MG-G10&JSESSIONID=SD3SL4FF10ADFF4956 HTTP 1.1" 200 3680 "http://www.buttercupgames.com/cart.do?action=remove&productId=SC-MG-G10" "Mozilla/5.0 (Windows NT 6.1; WOW64) AppleWebKit/536.5 (KHTML, like Gecko) Chrome/19.0.1084.52 Safari/536.5" 517
199.15.234.66 - - [19/Mar/2022:08:39:26] "GET /category.screen?categoryId=SIMULATION&JSESSIONID=SD3SL4FF10ADFF4956 HTTP 1.1" 200 2197 "http://www.buttercupgames.com/product.screen?productId=SC-MG-G10" "Mozilla/5.0 (Windows NT 6.1; WOW64) AppleWebKit/536.5 (KHTML, like Gecko) Chrome/19.0.1084.52 Safari/536.5" 788
109.169.32.135 - - [19/Mar/2022:08:39:37] "GET /category.screen?categoryId=TEE&JSESSIONID=SD7SL8FF6ADFF4962 HTTP 1.1" 200 2547 "http://www.google.com" "Mozilla/5.0 (compatible; MSIE 9.0; Windows NT 6.1; WOW64; Trident/5.0; BOIE9;ENUS)" 251
199.15.234.66 - - [19/Mar/2022:08:39:48] "GET /category.screen?categoryId=TEE&JSESSIONID=SD3SL4FF10ADFF4956 HTTP 1.1" 200 3706 "http://www.buttercupgames.com/oldlink" "Mozilla/5.0 (Windows NT 6.1; WOW64) AppleWebKit/536.5 (KHTML, like Gecko) Chrome/19.0.1084.52 Safari/536.5" 733
199.15.234.66 - - [19/Mar/2022:08:40:00] "POST /oldlink?&JSESSIONID=SD3SL4FF10ADFF4956 HTTP 1.1" 400 3748 "http://www.buttercupgames.com/product.screen?productId=SF-BVS-01" "Mozilla/5.0 (Windows NT 6.1; WOW64) AppleWebKit/536.5 (KHTML, like Gecko) Chrome/19.0.1084.52 Safari/536.5" 218
109.169.32.135 - - [19/Mar/2022:08:40:00] "POST /cart.do?action=remove&productId=MB-AG-T01&JSESSIONID=SD7SL8FF6ADFF4962 HTTP 1.1" 200 2294 "http://www.buttercupgames.com/oldlink" "Mozilla/5.0 (compatible; MSIE 9.0; Windows NT 6.1; WOW64; Trident/5.0; BOIE9;ENUS)" 622
109.169.32.135 - - [19/Mar/2022:08:40:10] "GET /product.screen?productId=CU-PG-G06&JSESSIONID=SD7SL8FF6ADFF4962 HTTP 1.1" 200 2063 "http://www.buttercupgames.com/oldlink" "Mozilla/5.0 (compatible; MSIE 9.0; Windows NT 6.1; WOW64; Trident/5.0; BOIE9;ENUS)" 599
199.15.234.66 - - [19/Mar/2022:08:40:21] "GET /category.screen?categoryId=STRATEGY&JSESSIONID=SD3SL4FF10ADFF4956 HTTP 1.1" 200 607 "http://www.buttercupgames.com/product.screen?productId=FS-SG-G03" "Mozilla/5.0 (Windows NT 6.1; WOW64) AppleWebKit/536.5 (KHTML, like Gecko) Chrome/19.0.1084.52 Safari/536.5" 983
109.169.32.135 - - [19/Mar/2022:08:40:25] "GET /oldlink?&JSESSIONID=SD7SL8FF6ADFF4962 HTTP 1.1" 200 2266 "http://www.buttercupgames.com/oldlink" "Mozilla/5.0 (compatible; MSIE 9.0; Windows NT 6.1; WOW64; Trident/5.0; BOIE9;ENUS)" 172
109.169.32.135 - - [19/Mar/2022:08:40:32] "POST /cart.do?action=view&productId=DC-SG-G02&JSESSIONID=SD7SL8FF6ADFF4962 HTTP 1.1" 200 532 "http://www.buttercupgames.com/cart.do?action=view&productId=DC-SG-G02" "Mozilla/5.0 (compatible; MSIE 9.0; Windows NT 6.1; WOW64; Trident/5.0; BOIE9;ENUS)" 494
199.15.234.66 - - [19/Mar/2022:08:40:34] "POST /product.screen?productId=SF-BVS-01&JSESSIONID=SD3SL4FF10ADFF4956 HTTP 1.1" 408 1367 "http://www.buttercupgames.com/cart.do?action=purchase&" "Mozilla/5.0 (Windows NT 6.1; WOW64) AppleWebKit/536.5 (KHTML, like Gecko) Chrome/19.0.1084.52 Safari/536.5" 620
109.169.32.135 - - [19/Mar/2022:08:40:41] "GET /category.screen?categoryId=TEE&JSESSIONID=SD7SL8FF6ADFF4962 HTTP 1.1" 200 966 "http://www.buttercupgames.com/category.screen?categoryId=TEE" "Mozilla/5.0 (compatible; MSIE 9.0; Windows NT 6.1; WOW64; Trident/5.0; BOIE9;ENUS)" 342
109.169.32.135 - - [19/Mar/2022:08:40:47] "POST /product.screen?productId=SF-BVS-01&JSESSIONID=SD7SL8FF6ADFF4962 HTTP 1.1" 400 3114 "http://www.buttercupgames.com/category.screen?categoryId=NULL" "Mozilla/5.0 (compatible; MSIE 9.0; Windows NT 6.1; WOW64; Trident/5.0; BOIE9;ENUS)" 214
109.169.32.135 - - [19/Mar/2022:08:40:55] "GET /cart.do?action=view&JSESSIONID=SD7SL8FF6ADFF4962 HTTP 1.1" 503 2862 "http://www.buttercupgames.com/cart.do?action=view&" "Mozilla/5.0 (compatible; MSIE 9.0; Windows NT 6.1; WOW64; Trident/5.0; BOIE9;ENUS)" 723
173.44.37.226 - - [19/Mar/2022:08:42:42] "GET /product.screen?productId=DC-SG-G02&JSESSIONID=SD1SL9FF9ADFF4955 HTTP 1.1" 200 1294 "http://www.google.com" "Mozilla/5.0 (Windows NT 6.1; WOW64) AppleWebKit/536.5 (KHTML, like Gecko) Chrome/19.0.1084.46 Safari/536.5" 319
173.44.37.226 - - [19/Mar/2022:08:42:52] "GET /category.screen?categoryId=NULL&JSESSIONID=SD1SL9FF9ADFF4955 HTTP 1.1" 406 1595 "http://www.buttercupgames.com/product.screen?productId=SF-BVS-01" "Mozilla/5.0 (Windows NT 6.1; WOW64) AppleWebKit/536.5 (KHTML, like Gecko) Chrome/19.0.1084.46 Safari/536.5" 236
173.44.37.226 - - [19/Mar/2022:08:43:06] "POST /oldlink?&JSESSIONID=SD1SL9FF9ADFF4955 HTTP 1.1" 200 851 "http://www.buttercupgames.com/product.screen?productId=DB-SG-G01" "Mozilla/5.0 (Windows NT 6.1; WOW64) AppleWebKit/536.5 (KHTML, like Gecko) Chrome/19.0.1084.46 Safari/536.5" 476
173.44.37.226 - - [19/Mar/2022:08:43:31] "GET /cart.do?action=view&productId=DB-SG-G01&JSESSIONID=SD1SL9FF9ADFF4955 HTTP 1.1" 200 2731 "http://www.buttercupgames.com/category.screen?categoryId=STRATEGY" "Mozilla/5.0 (Windows NT 6.1; WOW64) AppleWebKit/536.5 (KHTML, like Gecko) Chrome/19.0.1084.46 Safari/536.5" 806
195.69.160.22 - - [19/Mar/2022:08:43:35] "GET /oldlink?&JSESSIONID=SD6SL7FF9ADFF4956 HTTP 1.1" 200 1224 "http://www.buttercupgames.com" "Mozilla/5.0 (Windows; U; Windows NT 5.1; en-US; rv:1.9.2.28) Gecko/20120306 YFF3 Firefox/3.6.28 ( .NET CLR 3.5.30729; .NET4.0C)" 944
195.69.160.22 - - [19/Mar/2022:08:43:54] "POST /cart.do?action=view&productId=DC-SG-G02&JSESSIONID=SD6SL7FF9ADFF4956 HTTP 1.1" 200 2694 "http://www.buttercupgames.com/category.screen?categoryId=STRATEGY" "Mozilla/5.0 (Windows; U; Windows NT 5.1; en-US; rv:1.9.2.28) Gecko/20120306 YFF3 Firefox/3.6.28 ( .NET CLR 3.5.30729; .NET4.0C)" 796
195.69.160.22 - - [19/Mar/2022:08:44:13] "GET /product.screen?productId=DC-SG-G02&JSESSIONID=SD6SL7FF9ADFF4956 HTTP 1.1" 200 926 "http://www.buttercupgames.com/category.screen?categoryId=STRATEGY" "Mozilla/5.0 (Windows; U; Windows NT 5.1; en-US; rv:1.9.2.28) Gecko/20120306 YFF3 Firefox/3.6.28 ( .NET CLR 3.5.30729; .NET4.0C)" 439
195.69.160.22 - - [19/Mar/2022:08:44:30] "GET /oldlink?&JSESSIONID=SD6SL7FF9ADFF4956 HTTP 1.1" 200 3861 "http://www.buttercupgames.com/oldlink" "Mozilla/5.0 (Windows; U; Windows NT 5.1; en-US; rv:1.9.2.28) Gecko/20120306 YFF3 Firefox/3.6.28 ( .NET CLR 3.5.30729; .NET4.0C)" 851
195.69.160.22 - - [19/Mar/2022:08:44:35] "POST /product.screen?productId=FS-SG-G03&JSESSIONID=SD6SL7FF9ADFF4956 HTTP 1.1" 200 2497 "http://www.buttercupgames.com/category.screen?categoryId=STRATEGY" "Mozilla/5.0 (Windows; U; Windows NT 5.1; en-US; rv:1.9.2.28) Gecko/20120306 YFF3 Firefox/3.6.28 ( .NET CLR 3.5.30729; .NET4.0C)" 648
195.69.160.22 - - [19/Mar/2022:08:44:39] "POST /cart.do?action=addtocart&productId=FS-SG-G03&JSESSIONID=SD6SL7FF9ADFF4956 HTTP 1.1" 200 1558 "http://www.buttercupgames.com/product.screen?productId=FS-SG-G03" "Mozilla/5.0 (Windows; U; Windows NT 5.1; en-US; rv:1.9.2.28) Gecko/20120306 YFF3 Firefox/3.6.28 ( .NET CLR 3.5.30729; .NET4.0C)" 502
195.69.160.22 - - [19/Mar/2022:08:44:41] "POST /success.do?action=purchase&categoryId=STRATEGY&productId=FS-SG-G03&JSESSIONID=SD6SL7FF9ADFF4956 HTTP 1.1" 200 2545 "http://www.buttercupgames.com/cart.do?action=addtocart&categoryId=STRATEGY&productId=FS-SG-G03" "Mozilla/5.0 (Windows; U; Windows NT 5.1; en-US; rv:1.9.2.28) Gecko/20120306 YFF3 Firefox/3.6.28 ( .NET CLR 3.5.30729; .NET4.0C)" 490
195.69.160.22 - - [19/Mar/2022:08:44:41] "POST /cart/success.do?JSESSIONID=SD6SL7FF9ADFF4956&productId=DC-SG-G02 HTTP 1.1" 200 3957 "http://www.buttercupgames.com/cart.do?action=purchase&" "Mozilla/5.0 (Windows; U; Windows NT 5.1; en-US; rv:1.9.2.28) Gecko/20120306 YFF3 Firefox/3.6.28 ( .NET CLR 3.5.30729; .NET4.0C)" 363
195.69.160.22 - - [19/Mar/2022:08:44:46] "POST /product.screen?productId=MB-AG-T01&JSESSIONID=SD6SL7FF9ADFF4956 HTTP 1.1" 200 2060 "http://www.buttercupgames.com/cart.do?action=changequantity&productId=MB-AG-T01" "Mozilla/5.0 (Windows; U; Windows NT 5.1; en-US; rv:1.9.2.28) Gecko/20120306 YFF3 Firefox/3.6.28 ( .NET CLR 3.5.30729; .NET4.0C)" 902
195.69.160.22 - - [19/Mar/2022:08:44:54] "GET /category.screen?categoryId=ARCADE&JSESSIONID=SD6SL7FF9ADFF4956 HTTP 1.1" 200 1062 "http://www.buttercupgames.com/product.screen?productId=MB-AG-G07" "Mozilla/5.0 (Windows; U; Windows NT 5.1; en-US; rv:1.9.2.28) Gecko/20120306 YFF3 Firefox/3.6.28 ( .NET CLR 3.5.30729; .NET4.0C)" 735
74.53.23.135 - - [19/Mar/2022:08:45:36] "GET /cart.do?action=addtocart&productId=DC-SG-G02&JSESSIONID=SD6SL4FF3ADFF4959 HTTP 1.1" 200 2643 "http://www.buttercupgames.com" "Mozilla/5.0 (Windows NT 6.1; WOW64) AppleWebKit/536.5 (KHTML, like Gecko) Chrome/19.0.1084.46 Safari/536.5" 973
74.53.23.135 - - [19/Mar/2022:08:45:53] "GET /oldlink?&JSESSIONID=SD6SL4FF3ADFF4959 HTTP 1.1" 200 3117 "http://www.buttercupgames.com/cart.do?action=view&productId=WC-SH-A01" "Mozilla/5.0 (Windows NT 6.1; WOW64) AppleWebKit/536.5 (KHTML, like Gecko) Chrome/19.0.1084.46 Safari/536.5" 999
74.53.23.135 - - [19/Mar/2022:08:48:20] "GET /oldlink?&JSESSIONID=SD3SL4FF9ADFF4952 HTTP 1.1" 200 849 "http://www.yahoo.com" "Mozilla/5.0 (Macintosh; Intel Mac OS X 10_7_4) AppleWebKit/536.5 (KHTML, like Gecko) Chrome/19.0.1084.46 Safari/536.5" 690
74.53.23.135 - - [19/Mar/2022:08:48:31] "GET /product.screen?productId=PZ-SG-G05&JSESSIONID=SD3SL4FF9ADFF4952 HTTP 1.1" 200 3733 "http://www.buttercupgames.com/category.screen?categoryId=STRATEGY" "Mozilla/5.0 (Macintosh; Intel Mac OS X 10_7_4) AppleWebKit/536.5 (KHTML, like Gecko) Chrome/19.0.1084.46 Safari/536.5" 752
74.53.23.135 - - [19/Mar/2022:08:48:37] "POST /cart.do?action=addtocart&productId=PZ-SG-G05&JSESSIONID=SD3SL4FF9ADFF4952 HTTP 1.1" 200 3004 "http://www.buttercupgames.com/product.screen?productId=PZ-SG-G05" "Mozilla/5.0 (Macintosh; Intel Mac OS X 10_7_4) AppleWebKit/536.5 (KHTML, like Gecko) Chrome/19.0.1084.46 Safari/536.5" 689
74.53.23.135 - - [19/Mar/2022:08:48:43] "POST /success.do?action=purchase&categoryId=STRATEGY&productId=PZ-SG-G05&JSESSIONID=SD3SL4FF9ADFF4952 HTTP 1.1" 200 3733 "http://www.buttercupgames.com/cart.do?action=addtocart&categoryId=STRATEGY&productId=PZ-SG-G05" "Mozilla/5.0 (Macintosh; Intel Mac OS X 10_7_4) AppleWebKit/536.5 (KHTML, like Gecko) Chrome/19.0.1084.46 Safari/536.5" 166
74.53.23.135 - - [19/Mar/2022:08:49:08] "GET /product.screen?productId=FS-SG-G03&JSESSIONID=SD3SL4FF9ADFF4952 HTTP 1.1" 200 1595 "http://www.buttercupgames.com/oldlink" "Mozilla/5.0 (Macintosh; Intel Mac OS X 10_7_4) AppleWebKit/536.5 (KHTML, like Gecko) Chrome/19.0.1084.46 Safari/536.5" 299
74.125.19.106 - - [19/Mar/2022:08:50:21] "POST /category.screen?categoryId=ARCADE&JSESSIONID=SD6SL5FF8ADFF4957 HTTP 1.1" 200 3749 "http://www.google.com" "Mozilla/4.0 (compatible; MSIE 7.0; Windows NT 5.1; Trident/4.0; .NET CLR 2.0.50727; MS-RTC LM 8; InfoPath.2)" 213
74.125.19.106 - - [19/Mar/2022:08:50:37] "POST /product.screen?productId=CU-PG-G06&JSESSIONID=SD6SL5FF8ADFF4957 HTTP 1.1" 200 2478 "http://www.buttercupgames.com/cart.do?action=changequantity&productId=CU-PG-G06" "Mozilla/4.0 (compatible; MSIE 7.0; Windows NT 5.1; Trident/4.0; .NET CLR 2.0.50727; MS-RTC LM 8; InfoPath.2)" 124
74.125.19.106 - - [19/Mar/2022:08:50:47] "GET /product.screen?productId=DB-SG-G01&JSESSIONID=SD6SL5FF8ADFF4957 HTTP 1.1" 200 3460 "http://www.buttercupgames.com/oldlink" "Mozilla/4.0 (compatible; MSIE 7.0; Windows NT 5.1; Trident/4.0; .NET CLR 2.0.50727; MS-RTC LM 8; InfoPath.2)" 933
74.125.19.106 - - [19/Mar/2022:08:50:55] "GET /cart.do?action=view&productId=FI-AG-G08&JSESSIONID=SD6SL5FF8ADFF4957 HTTP 1.1" 200 1843 "http://www.buttercupgames.com/cart.do?action=view&productId=FI-AG-G08" "Mozilla/4.0 (compatible; MSIE 7.0; Windows NT 5.1; Trident/4.0; .NET CLR 2.0.50727; MS-RTC LM 8; InfoPath.2)" 415
74.125.19.106 - - [19/Mar/2022:08:51:10] "GET /category.screen?categoryId=ACCESSORIES&JSESSIONID=SD6SL5FF8ADFF4957 HTTP 1.1" 200 2711 "http://www.buttercupgames.com/oldlink" "Mozilla/4.0 (compatible; MSIE 7.0; Windows NT 5.1; Trident/4.0; .NET CLR 2.0.50727; MS-RTC LM 8; InfoPath.2)" 499
74.125.19.106 - - [19/Mar/2022:08:51:21] "GET /category.screen?categoryId=ACCESSORIES&JSESSIONID=SD6SL5FF8ADFF4957 HTTP 1.1" 200 592 "http://www.buttercupgames.com/category.screen?categoryId=ACCESSORIES" "Mozilla/4.0 (compatible; MSIE 7.0; Windows NT 5.1; Trident/4.0; .NET CLR 2.0.50727; MS-RTC LM 8; InfoPath.2)" 106
74.125.19.106 - - [19/Mar/2022:08:51:26] "GET /product.screen?productId=MB-AG-G07&JSESSIONID=SD6SL5FF8ADFF4957 HTTP 1.1" 200 2802 "http://www.buttercupgames.com/category.screen?categoryId=ARCADE" "Mozilla/4.0 (compatible; MSIE 7.0; Windows NT 5.1; Trident/4.0; .NET CLR 2.0.50727; MS-RTC LM 8; InfoPath.2)" 341
74.125.19.106 - - [19/Mar/2022:08:51:30] "POST /cart.do?action=addtocart&productId=MB-AG-G07&JSESSIONID=SD6SL5FF8ADFF4957 HTTP 1.1" 200 3554 "http://www.buttercupgames.com/product.screen?productId=MB-AG-G07" "Mozilla/4.0 (compatible; MSIE 7.0; Windows NT 5.1; Trident/4.0; .NET CLR 2.0.50727; MS-RTC LM 8; InfoPath.2)" 129
74.125.19.106 - - [19/Mar/2022:08:51:34] "POST /success.do?action=purchase&categoryId=ARCADE&productId=MB-AG-G07&JSESSIONID=SD6SL5FF8ADFF4957 HTTP 1.1" 200 1653 "http://www.buttercupgames.com/cart.do?action=addtocart&categoryId=ARCADE&productId=MB-AG-G07" "Mozilla/4.0 (compatible; MSIE 7.0; Windows NT 5.1; Trident/4.0; .NET CLR 2.0.50727; MS-RTC LM 8; InfoPath.2)" 537
74.125.19.106 - - [19/Mar/2022:08:51:34] "POST /cart/success.do?JSESSIONID=SD6SL5FF8ADFF4957&productId=MB-AG-G07 HTTP 1.1" 200 1538 "http://www.buttercupgames.com/cart.do?action=purchase&" "Mozilla/4.0 (compatible; MSIE 7.0; Windows NT 5.1; Trident/4.0; .NET CLR 2.0.50727; MS-RTC LM 8; InfoPath.2)" 600
74.125.19.106 - - [19/Mar/2022:08:51:39] "GET /category.screen?categoryId=STRATEGY&JSESSIONID=SD6SL5FF8ADFF4957 HTTP 1.1" 200 2912 "http://www.buttercupgames.com/product.screen?productId=DB-SG-G01" "Mozilla/4.0 (compatible; MSIE 7.0; Windows NT 5.1; Trident/4.0; .NET CLR 2.0.50727; MS-RTC LM 8; InfoPath.2)" 822
74.125.19.106 - - [19/Mar/2022:08:51:55] "GET /product.screen?productId=WC-SH-G04&JSESSIONID=SD6SL5FF8ADFF4957 HTTP 1.1" 200 1636 "http://www.buttercupgames.com/product.screen?productId=WC-SH-G04" "Mozilla/4.0 (compatible; MSIE 7.0; Windows NT 5.1; Trident/4.0; .NET CLR 2.0.50727; MS-RTC LM 8; InfoPath.2)" 455
74.125.19.106 - - [19/Mar/2022:08:52:00] "GET /oldlink?&JSESSIONID=SD6SL5FF8ADFF4957 HTTP 1.1" 200 2702 "http://www.buttercupgames.com/category.screen?categoryId=STRATEGY" "Mozilla/4.0 (compatible; MSIE 7.0; Windows NT 5.1; Trident/4.0; .NET CLR 2.0.50727; MS-RTC LM 8; InfoPath.2)" 332
74.125.19.106 - - [19/Mar/2022:08:52:12] "GET /cart.do?action=view&JSESSIONID=SD6SL5FF8ADFF4957 HTTP 1.1" 400 3708 "http://www.buttercupgames.com/category.screen?categoryId=NULL" "Mozilla/4.0 (compatible; MSIE 7.0; Windows NT 5.1; Trident/4.0; .NET CLR 2.0.50727; MS-RTC LM 8; InfoPath.2)" 432
74.125.19.106 - - [19/Mar/2022:08:52:21] "GET /category.screen?categoryId=NULL&JSESSIONID=SD6SL5FF8ADFF4957 HTTP 1.1" 408 3360 "http://www.buttercupgames.com/cart.do?action=view&" "Mozilla/4.0 (compatible; MSIE 7.0; Windows NT 5.1; Trident/4.0; .NET CLR 2.0.50727; MS-RTC LM 8; InfoPath.2)" 402
216.221.226.11 - - [19/Mar/2022:08:57:25] "GET /numa/numa.html?JSESSIONID=SD7SL4FF9ADFF4955 HTTP 1.1" 404 1374 "http://www.buttercupgames.com" "Mozilla/5.0 (Windows; U; Windows NT 5.1; en-US; rv:1.9.2.28) Gecko/20120306 YFF3 Firefox/3.6.28 ( .NET CLR 3.5.30729; .NET4.0C)" 570
216.221.226.11 - - [19/Mar/2022:08:57:39] "GET /product.screen?productId=MB-AG-G07&JSESSIONID=SD7SL4FF9ADFF4955 HTTP 1.1" 200 2661 "http://www.buttercupgames.com/oldlink" "Mozilla/5.0 (Windows; U; Windows NT 5.1; en-US; rv:1.9.2.28) Gecko/20120306 YFF3 Firefox/3.6.28 ( .NET CLR 3.5.30729; .NET4.0C)" 164
216.221.226.11 - - [19/Mar/2022:08:57:44] "GET /product.screen?productId=FI-AG-G08&JSESSIONID=SD7SL4FF9ADFF4955 HTTP 1.1" 200 600 "http://www.buttercupgames.com/product.screen?productId=FI-AG-G08" "Mozilla/5.0 (Windows; U; Windows NT 5.1; en-US; rv:1.9.2.28) Gecko/20120306 YFF3 Firefox/3.6.28 ( .NET CLR 3.5.30729; .NET4.0C)" 835
216.221.226.11 - - [19/Mar/2022:08:57:56] "GET /product.screen?productId=FS-SG-G03&JSESSIONID=SD7SL4FF9ADFF4955 HTTP 1.1" 200 2188 "http://www.buttercupgames.com/product.screen?productId=FS-SG-G03" "Mozilla/5.0 (Windows; U; Windows NT 5.1; en-US; rv:1.9.2.28) Gecko/20120306 YFF3 Firefox/3.6.28 ( .NET CLR 3.5.30729; .NET4.0C)" 205
216.221.226.11 - - [19/Mar/2022:08:58:08] "GET /category.screen?categoryId=STRATEGY&JSESSIONID=SD7SL4FF9ADFF4955 HTTP 1.1" 200 1447 "http://www.buttercupgames.com/oldlink" "Mozilla/5.0 (Windows; U; Windows NT 5.1; en-US; rv:1.9.2.28) Gecko/20120306 YFF3 Firefox/3.6.28 ( .NET CLR 3.5.30729; .NET4.0C)" 629
216.221.226.11 - - [19/Mar/2022:08:58:19] "GET /category.screen?categoryId=SHOOTER&JSESSIONID=SD7SL4FF9ADFF4955 HTTP 1.1" 200 1285 "http://www.buttercupgames.com/category.screen?categoryId=SHOOTER" "Mozilla/5.0 (Windows; U; Windows NT 5.1; en-US; rv:1.9.2.28) Gecko/20120306 YFF3 Firefox/3.6.28 ( .NET CLR 3.5.30729; .NET4.0C)" 555
216.221.226.11 - - [19/Mar/2022:08:58:35] "GET /product.screen?productId=WC-SH-G04&JSESSIONID=SD7SL4FF9ADFF4955 HTTP 1.1" 200 2893 "http://www.buttercupgames.com/cart.do?action=view&productId=WC-SH-G04" "Mozilla/5.0 (Windows; U; Windows NT 5.1; en-US; rv:1.9.2.28) Gecko/20120306 YFF3 Firefox/3.6.28 ( .NET CLR 3.5.30729; .NET4.0C)" 200
223.205.219.198 - - [19/Mar/2022:08:58:53] "GET /category.screen?categoryId=ARCADE&JSESSIONID=SD10SL6FF10ADFF4958 HTTP 1.1" 200 593 "http://www.buttercupgames.com" "Mozilla/4.0 (compatible; MSIE 7.0; Windows NT 5.1; Trident/4.0; .NET CLR 2.0.50727; MS-RTC LM 8; InfoPath.2)" 681
223.205.219.198 - - [19/Mar/2022:08:59:05] "GET /cart.do?action=addtocart&productId=DC-SG-G02&JSESSIONID=SD10SL6FF10ADFF4958 HTTP 1.1" 200 2000 "http://www.buttercupgames.com/cart.do?action=addtocart&productId=DC-SG-G02" "Mozilla/4.0 (compatible; MSIE 7.0; Windows NT 5.1; Trident/4.0; .NET CLR 2.0.50727; MS-RTC LM 8; InfoPath.2)" 899
223.205.219.198 - - [19/Mar/2022:08:59:29] "POST /category.screen?categoryId=STRATEGY&JSESSIONID=SD10SL6FF10ADFF4958 HTTP 1.1" 200 328 "http://www.buttercupgames.com/oldlink" "Mozilla/4.0 (compatible; MSIE 7.0; Windows NT 5.1; Trident/4.0; .NET CLR 2.0.50727; MS-RTC LM 8; InfoPath.2)" 844
223.205.219.198 - - [19/Mar/2022:08:59:49] "GET /category.screen?categoryId=STRATEGY&JSESSIONID=SD10SL6FF10ADFF4958 HTTP 1.1" 200 2568 "http://www.buttercupgames.com/product.screen?productId=DC-SG-G02" "Mozilla/4.0 (compatible; MSIE 7.0; Windows NT 5.1; Trident/4.0; .NET CLR 2.0.50727; MS-RTC LM 8; InfoPath.2)" 155
223.205.219.198 - - [19/Mar/2022:09:00:02] "GET /cart.do?action=view&productId=WC-SH-A02&JSESSIONID=SD10SL6FF10ADFF4958 HTTP 1.1" 200 647 "http://www.buttercupgames.com/category.screen?categoryId=ACCESSORIES" "Mozilla/4.0 (compatible; MSIE 7.0; Windows NT 5.1; Trident/4.0; .NET CLR 2.0.50727; MS-RTC LM 8; InfoPath.2)" 613
223.205.219.198 - - [19/Mar/2022:09:00:08] "GET /cart.do?action=view&productId=WC-SH-T02&JSESSIONID=SD10SL6FF10ADFF4958 HTTP 1.1" 200 3048 "http://www.buttercupgames.com/cart.do?action=view&productId=WC-SH-T02" "Mozilla/4.0 (compatible; MSIE 7.0; Windows NT 5.1; Trident/4.0; .NET CLR 2.0.50727; MS-RTC LM 8; InfoPath.2)" 945
223.205.219.198 - - [19/Mar/2022:09:00:21] "POST /cart.do?action=addtocart&productId=DB-SG-G01&JSESSIONID=SD10SL6FF10ADFF4958 HTTP 1.1" 200 3756 "http://www.buttercupgames.com/product.screen?productId=DB-SG-G01" "Mozilla/4.0 (compatible; MSIE 7.0; Windows NT 5.1; Trident/4.0; .NET CLR 2.0.50727; MS-RTC LM 8; InfoPath.2)" 256
223.205.219.198 - - [19/Mar/2022:09:00:39] "GET /product.screen?productId=FS-SG-G03&JSESSIONID=SD10SL6FF10ADFF4958 HTTP 1.1" 200 772 "http://www.buttercupgames.com/product.screen?productId=FS-SG-G03" "Mozilla/4.0 (compatible; MSIE 7.0; Windows NT 5.1; Trident/4.0; .NET CLR 2.0.50727; MS-RTC LM 8; InfoPath.2)" 839
223.205.219.198 - - [19/Mar/2022:09:00:49] "GET /product.screen?productId=SF-BVS-01&JSESSIONID=SD10SL6FF10ADFF4958 HTTP 1.1" 400 2357 "http://www.buttercupgames.com/cart.do?action=purchase&" "Mozilla/4.0 (compatible; MSIE 7.0; Windows NT 5.1; Trident/4.0; .NET CLR 2.0.50727; MS-RTC LM 8; InfoPath.2)" 629
223.205.219.198 - - [19/Mar/2022:09:00:56] "GET /product.screen?productId=CU-PG-G06&JSESSIONID=SD10SL6FF10ADFF4958 HTTP 1.1" 200 3352 "http://www.buttercupgames.com/category.screen?categoryId=SPORTS" "Mozilla/4.0 (compatible; MSIE 7.0; Windows NT 5.1; Trident/4.0; .NET CLR 2.0.50727; MS-RTC LM 8; InfoPath.2)" 368
223.205.219.198 - - [19/Mar/2022:09:01:02] "POST /cart.do?action=addtocart&productId=CU-PG-G06&JSESSIONID=SD10SL6FF10ADFF4958 HTTP 1.1" 200 3836 "http://www.buttercupgames.com/product.screen?productId=CU-PG-G06" "Mozilla/4.0 (compatible; MSIE 7.0; Windows NT 5.1; Trident/4.0; .NET CLR 2.0.50727; MS-RTC LM 8; InfoPath.2)" 255
223.205.219.198 - - [19/Mar/2022:09:01:03] "POST /success.do?action=purchase&categoryId=SPORTS&productId=CU-PG-G06&JSESSIONID=SD10SL6FF10ADFF4958 HTTP 1.1" 200 804 "http://www.buttercupgames.com/cart.do?action=addtocart&categoryId=SPORTS&productId=CU-PG-G06" "Mozilla/4.0 (compatible; MSIE 7.0; Windows NT 5.1; Trident/4.0; .NET CLR 2.0.50727; MS-RTC LM 8; InfoPath.2)" 466
223.205.219.198 - - [19/Mar/2022:09:01:03] "POST /cart/success.do?JSESSIONID=SD10SL6FF10ADFF4958&productId=WC-SH-G04 HTTP 1.1" 200 3902 "http://www.buttercupgames.com/cart.do?action=purchase&" "Mozilla/4.0 (compatible; MSIE 7.0; Windows NT 5.1; Trident/4.0; .NET CLR 2.0.50727; MS-RTC LM 8; InfoPath.2)" 372
223.205.219.198 - - [19/Mar/2022:09:01:18] "GET /product.screen?productId=FI-AG-G08&JSESSIONID=SD10SL6FF10ADFF4958 HTTP 1.1" 200 1679 "http://www.buttercupgames.com/category.screen?categoryId=ARCADE" "Mozilla/4.0 (compatible; MSIE 7.0; Windows NT 5.1; Trident/4.0; .NET CLR 2.0.50727; MS-RTC LM 8; InfoPath.2)" 315
108.65.113.83 - - [19/Mar/2022:09:04:30] "GET /product.screen?productId=DC-SG-G02&JSESSIONID=SD8SL2FF4ADFF4963 HTTP 1.1" 200 2810 "http://www.buttercupgames.com/category.screen?categoryId=STRATEGY" "Mozilla/5.0 (Windows; U; Windows NT 5.1; en-GB; rv:1.8.1.6) Gecko/20070725 Firefox/2.0.0.6" 462
108.65.113.83 - - [19/Mar/2022:09:04:33] "POST /cart.do?action=addtocart&productId=DC-SG-G02&JSESSIONID=SD8SL2FF4ADFF4963 HTTP 1.1" 200 1011 "http://www.buttercupgames.com/product.screen?productId=DC-SG-G02" "Mozilla/5.0 (Windows; U; Windows NT 5.1; en-GB; rv:1.8.1.6) Gecko/20070725 Firefox/2.0.0.6" 530
108.65.113.83 - - [19/Mar/2022:09:04:37] "POST /success.do?action=purchase&categoryId=STRATEGY&productId=DC-SG-G02&JSESSIONID=SD8SL2FF4ADFF4963 HTTP 1.1" 200 1104 "http://www.buttercupgames.com/cart.do?action=addtocart&categoryId=STRATEGY&productId=DC-SG-G02" "Mozilla/5.0 (Windows; U; Windows NT 5.1; en-GB; rv:1.8.1.6) Gecko/20070725 Firefox/2.0.0.6" 903
108.65.113.83 - - [19/Mar/2022:09:04:37] "POST /cart/error.do?msg=NothingInCart&JSESSIONID=SD8SL2FF4ADFF4963 HTTP 1.1" 200 1106 "http://www.buttercupgames.com/cart.do?action=purchase&" "Mozilla/5.0 (Windows; U; Windows NT 5.1; en-GB; rv:1.8.1.6) Gecko/20070725 Firefox/2.0.0.6" 613
108.65.113.83 - - [19/Mar/2022:09:04:55] "GET /oldlink?&JSESSIONID=SD8SL2FF4ADFF4963 HTTP 1.1" 200 1898 "http://www.buttercupgames.com/oldlink" "Mozilla/5.0 (Windows; U; Windows NT 5.1; en-GB; rv:1.8.1.6) Gecko/20070725 Firefox/2.0.0.6" 692
108.65.113.83 - - [19/Mar/2022:09:05:07] "GET /product.screen?productId=WC-SH-G04&JSESSIONID=SD8SL2FF4ADFF4963 HTTP 1.1" 200 1848 "http://www.buttercupgames.com/category.screen?categoryId=SHOOTER" "Mozilla/5.0 (Windows; U; Windows NT 5.1; en-GB; rv:1.8.1.6) Gecko/20070725 Firefox/2.0.0.6" 722
108.65.113.83 - - [19/Mar/2022:09:05:08] "POST /cart.do?action=addtocart&productId=WC-SH-G04&JSESSIONID=SD8SL2FF4ADFF4963 HTTP 1.1" 200 947 "http://www.buttercupgames.com/product.screen?productId=WC-SH-G04" "Mozilla/5.0 (Windows; U; Windows NT 5.1; en-GB; rv:1.8.1.6) Gecko/20070725 Firefox/2.0.0.6" 547
108.65.113.83 - - [19/Mar/2022:09:05:11] "POST /success.do?action=purchase&categoryId=SHOOTER&productId=WC-SH-G04&JSESSIONID=SD8SL2FF4ADFF4963 HTTP 1.1" 200 944 "http://www.buttercupgames.com/cart.do?action=addtocart&categoryId=SHOOTER&productId=WC-SH-G04" "Mozilla/5.0 (Windows; U; Windows NT 5.1; en-GB; rv:1.8.1.6) Gecko/20070725 Firefox/2.0.0.6" 695
108.65.113.83 - - [19/Mar/2022:09:05:11] "POST /cart/success.do?JSESSIONID=SD8SL2FF4ADFF4963&productId=PZ-SG-G05 HTTP 1.1" 200 3798 "http://www.buttercupgames.com/cart.do?action=purchase&" "Mozilla/5.0 (Windows; U; Windows NT 5.1; en-GB; rv:1.8.1.6) Gecko/20070725 Firefox/2.0.0.6" 964
108.65.113.83 - - [19/Mar/2022:09:05:20] "POST /category.screen?categoryId=ACCESSORIES&JSESSIONID=SD8SL2FF4ADFF4963 HTTP 1.1" 200 3670 "http://www.buttercupgames.com/oldlink" "Mozilla/5.0 (Windows; U; Windows NT 5.1; en-GB; rv:1.8.1.6) Gecko/20070725 Firefox/2.0.0.6" 890
108.65.113.83 - - [19/Mar/2022:09:05:43] "GET show.do?productId=SF-BVS-01&JSESSIONID=SD8SL2FF4ADFF4963 HTTP 1.1" 404 1900 "http://www.buttercupgames.com/cart.do?action=view&" "Mozilla/5.0 (Windows; U; Windows NT 5.1; en-GB; rv:1.8.1.6) Gecko/20070725 Firefox/2.0.0.6" 563
108.65.113.83 - - [19/Mar/2022:09:05:59] "POST /cart.do?action=changequantity&productId=SC-MG-G10&JSESSIONID=SD8SL2FF4ADFF4963 HTTP 1.1" 200 1804 "http://www.buttercupgames.com/category.screen?categoryId=SIMULATION" "Mozilla/5.0 (Windows; U; Windows NT 5.1; en-GB; rv:1.8.1.6) Gecko/20070725 Firefox/2.0.0.6" 745
92.1.170.135 - - [19/Mar/2022:09:06:00] "GET /cart.do?action=view&productId=WC-SH-A02&JSESSIONID=SD10SL8FF8ADFF4965 HTTP 1.1" 200 510 "http://www.buttercupgames.com" "Mozilla/5.0 (Macintosh; Intel Mac OS X 10_7_4) AppleWebKit/536.5 (KHTML, like Gecko) Chrome/19.0.1084.46 Safari/536.5" 107
108.65.113.83 - - [19/Mar/2022:09:06:13] "GET /cart.do?action=view&productId=DB-SG-G01&JSESSIONID=SD8SL2FF4ADFF4963 HTTP 1.1" 200 3920 "http://www.buttercupgames.com/product.screen?productId=DB-SG-G01" "Mozilla/5.0 (Windows; U; Windows NT 5.1; en-GB; rv:1.8.1.6) Gecko/20070725 Firefox/2.0.0.6" 849
92.1.170.135 - - [19/Mar/2022:09:06:14] "GET /category.screen?categoryId=ARCADE&JSESSIONID=SD10SL8FF8ADFF4965 HTTP 1.1" 200 3944 "http://www.buttercupgames.com/product.screen?productId=FI-AG-G08" "Mozilla/5.0 (Macintosh; Intel Mac OS X 10_7_4) AppleWebKit/536.5 (KHTML, like Gecko) Chrome/19.0.1084.46 Safari/536.5" 424
108.65.113.83 - - [19/Mar/2022:09:06:21] "POST /category.screen?categoryId=ARCADE&JSESSIONID=SD8SL2FF4ADFF4963 HTTP 1.1" 200 822 "http://www.buttercupgames.com/oldlink" "Mozilla/5.0 (Windows; U; Windows NT 5.1; en-GB; rv:1.8.1.6) Gecko/20070725 Firefox/2.0.0.6" 360
92.1.170.135 - - [19/Mar/2022:09:06:22] "GET /product.screen?productId=WC-SH-G04&JSESSIONID=SD10SL8FF8ADFF4965 HTTP 1.1" 200 1813 "http://www.buttercupgames.com/category.screen?categoryId=SHOOTER" "Mozilla/5.0 (Macintosh; Intel Mac OS X 10_7_4) AppleWebKit/536.5 (KHTML, like Gecko) Chrome/19.0.1084.46 Safari/536.5" 566
108.65.113.83 - - [19/Mar/2022:09:06:39] "POST /oldlink?&JSESSIONID=SD8SL2FF4ADFF4963 HTTP 1.1" 200 2563 "http://www.buttercupgames.com/product.screen?productId=DC-SG-G02" "Mozilla/5.0 (Windows; U; Windows NT 5.1; en-GB; rv:1.8.1.6) Gecko/20070725 Firefox/2.0.0.6" 293
92.1.170.135 - - [19/Mar/2022:09:06:43] "GET /oldlink?&JSESSIONID=SD10SL8FF8ADFF4965 HTTP 1.1" 200 3968 "http://www.buttercupgames.com/cart.do?action=view&productId=PZ-SG-G05" "Mozilla/5.0 (Macintosh; Intel Mac OS X 10_7_4) AppleWebKit/536.5 (KHTML, like Gecko) Chrome/19.0.1084.46 Safari/536.5" 308
108.65.113.83 - - [19/Mar/2022:09:06:44] "POST /product.screen?productId=SC-MG-G10&JSESSIONID=SD8SL2FF4ADFF4963 HTTP 1.1" 200 2362 "http://www.buttercupgames.com/category.screen?categoryId=SIMULATION" "Mozilla/5.0 (Windows; U; Windows NT 5.1; en-GB; rv:1.8.1.6) Gecko/20070725 Firefox/2.0.0.6" 307
108.65.113.83 - - [19/Mar/2022:09:06:50] "POST /cart.do?action=addtocart&productId=SC-MG-G10&JSESSIONID=SD8SL2FF4ADFF4963 HTTP 1.1" 200 1103 "http://www.buttercupgames.com/product.screen?productId=SC-MG-G10" "Mozilla/5.0 (Windows; U; Windows NT 5.1; en-GB; rv:1.8.1.6) Gecko/20070725 Firefox/2.0.0.6" 488
108.65.113.83 - - [19/Mar/2022:09:06:56] "POST /success.do?action=purchase&categoryId=SIMULATION&productId=SC-MG-G10&JSESSIONID=SD8SL2FF4ADFF4963 HTTP 1.1" 200 1053 "http://www.buttercupgames.com/cart.do?action=addtocart&categoryId=SIMULATION&productId=SC-MG-G10" "Mozilla/5.0 (Windows; U; Windows NT 5.1; en-GB; rv:1.8.1.6) Gecko/20070725 Firefox/2.0.0.6" 367
108.65.113.83 - - [19/Mar/2022:09:06:56] "POST /cart/success.do?JSESSIONID=SD8SL2FF4ADFF4963&productId=CU-PG-G06 HTTP 1.1" 200 2277 "http://www.buttercupgames.com/cart.do?action=purchase&" "Mozilla/5.0 (Windows; U; Windows NT 5.1; en-GB; rv:1.8.1.6) Gecko/20070725 Firefox/2.0.0.6" 597
92.1.170.135 - - [19/Mar/2022:09:07:01] "GET /oldlink?&JSESSIONID=SD10SL8FF8ADFF4965 HTTP 1.1" 503 2623 "http://www.buttercupgames.com/oldlink" "Mozilla/5.0 (Macintosh; Intel Mac OS X 10_7_4) AppleWebKit/536.5 (KHTML, like Gecko) Chrome/19.0.1084.46 Safari/536.5" 985
74.125.19.106 - - [19/Mar/2022:09:09:05] "GET /product.screen?productId=DC-SG-G02&JSESSIONID=SD1SL7FF1ADFF4963 HTTP 1.1" 200 2589 "http://www.buttercupgames.com" "Mozilla/5.0 (compatible; MSIE 9.0; Windows NT 6.1; WOW64; Trident/5.0; BOIE9;ENUS)" 349
74.125.19.106 - - [19/Mar/2022:09:09:10] "GET /product.screen?productId=SF-BVS-01&JSESSIONID=SD1SL7FF1ADFF4963 HTTP 1.1" 500 1852 "http://www.buttercupgames.com/category.screen?categoryId=NULL" "Mozilla/5.0 (compatible; MSIE 9.0; Windows NT 6.1; WOW64; Trident/5.0; BOIE9;ENUS)" 196
74.125.19.106 - - [19/Mar/2022:09:09:20] "GET /product.screen?productId=WC-SH-A01&JSESSIONID=SD1SL7FF1ADFF4963 HTTP 1.1" 200 274 "http://www.buttercupgames.com/oldlink" "Mozilla/5.0 (compatible; MSIE 9.0; Windows NT 6.1; WOW64; Trident/5.0; BOIE9;ENUS)" 370
74.125.19.106 - - [19/Mar/2022:09:09:41] "POST /oldlink?&JSESSIONID=SD1SL7FF1ADFF4963 HTTP 1.1" 200 3037 "http://www.buttercupgames.com/cart.do?action=view&productId=DC-SG-G02" "Mozilla/5.0 (compatible; MSIE 9.0; Windows NT 6.1; WOW64; Trident/5.0; BOIE9;ENUS)" 211
74.125.19.106 - - [19/Mar/2022:09:09:57] "GET /product.screen?productId=WC-SH-A01&JSESSIONID=SD1SL7FF1ADFF4963 HTTP 1.1" 200 1154 "http://www.buttercupgames.com/category.screen?categoryId=ACCESSORIES" "Mozilla/5.0 (compatible; MSIE 9.0; Windows NT 6.1; WOW64; Trident/5.0; BOIE9;ENUS)" 687
74.125.19.106 - - [19/Mar/2022:09:10:07] "GET /category.screen?categoryId=SHOOTER&JSESSIONID=SD1SL7FF1ADFF4963 HTTP 1.1" 200 1393 "http://www.buttercupgames.com/oldlink" "Mozilla/5.0 (compatible; MSIE 9.0; Windows NT 6.1; WOW64; Trident/5.0; BOIE9;ENUS)" 958
74.125.19.106 - - [19/Mar/2022:09:10:27] "GET /oldlink?&JSESSIONID=SD1SL7FF1ADFF4963 HTTP 1.1" 200 3434 "http://www.buttercupgames.com/product.screen?productId=DC-SG-G02" "Mozilla/5.0 (compatible; MSIE 9.0; Windows NT 6.1; WOW64; Trident/5.0; BOIE9;ENUS)" 319
141.146.8.66 - - [19/Mar/2022:09:11:23] "GET /cart.do?action=view&productId=WC-SH-T02&JSESSIONID=SD4SL8FF6ADFF4963 HTTP 1.1" 200 472 "http://www.buttercupgames.com" "Mozilla/5.0 (compatible; MSIE 9.0; Windows NT 6.1; WOW64; Trident/5.0; BOIE9;ENUS)" 347
141.146.8.66 - - [19/Mar/2022:09:11:34] "GET /cart.do?action=view&productId=BS-AG-G09&JSESSIONID=SD4SL8FF6ADFF4963 HTTP 1.1" 200 3759 "http://www.buttercupgames.com/cart.do?action=view&productId=BS-AG-G09" "Mozilla/5.0 (compatible; MSIE 9.0; Windows NT 6.1; WOW64; Trident/5.0; BOIE9;ENUS)" 714
141.146.8.66 - - [19/Mar/2022:09:11:53] "GET /oldlink?&JSESSIONID=SD4SL8FF6ADFF4963 HTTP 1.1" 200 2659 "http://www.buttercupgames.com/product.screen?productId=PZ-SG-G05" "Mozilla/5.0 (compatible; MSIE 9.0; Windows NT 6.1; WOW64; Trident/5.0; BOIE9;ENUS)" 524
141.146.8.66 - - [19/Mar/2022:09:12:08] "GET /oldlink?&JSESSIONID=SD4SL8FF6ADFF4963 HTTP 1.1" 200 1845 "http://www.buttercupgames.com/product.screen?productId=DC-SG-G02" "Mozilla/5.0 (compatible; MSIE 9.0; Windows NT 6.1; WOW64; Trident/5.0; BOIE9;ENUS)" 639
141.146.8.66 - - [19/Mar/2022:09:12:32] "GET /cart.do?action=view&productId=PZ-SG-G05&JSESSIONID=SD4SL8FF6ADFF4963 HTTP 1.1" 200 1344 "http://www.buttercupgames.com/product.screen?productId=PZ-SG-G05" "Mozilla/5.0 (compatible; MSIE 9.0; Windows NT 6.1; WOW64; Trident/5.0; BOIE9;ENUS)" 263
141.146.8.66 - - [19/Mar/2022:09:12:43] "GET /cart.do?action=changequantity&productId=MB-AG-G07&JSESSIONID=SD4SL8FF6ADFF4963 HTTP 1.1" 200 3314 "http://www.buttercupgames.com/cart.do?action=changequantity&productId=MB-AG-G07" "Mozilla/5.0 (compatible; MSIE 9.0; Windows NT 6.1; WOW64; Trident/5.0; BOIE9;ENUS)" 644
141.146.8.66 - - [19/Mar/2022:09:13:02] "POST /category.screen?categoryId=ARCADE&JSESSIONID=SD4SL8FF6ADFF4963 HTTP 1.1" 200 1986 "http://www.buttercupgames.com/category.screen?categoryId=ARCADE" "Mozilla/5.0 (compatible; MSIE 9.0; Windows NT 6.1; WOW64; Trident/5.0; BOIE9;ENUS)" 183
216.221.226.11 - - [19/Mar/2022:09:14:01] "GET /cart.do?action=purchase&JSESSIONID=SD7SL3FF8ADFF4958 HTTP 1.1" 406 458 "http://www.buttercupgames.com" "Mozilla/5.0 (Macintosh; Intel Mac OS X 10_7_4) AppleWebKit/536.5 (KHTML, like Gecko) Chrome/19.0.1084.46 Safari/536.5" 346
216.221.226.11 - - [19/Mar/2022:09:14:07] "GET /product.screen?productId=CU-PG-G06&JSESSIONID=SD7SL3FF8ADFF4958 HTTP 1.1" 200 3528 "http://www.buttercupgames.com/cart.do?action=view&productId=CU-PG-G06" "Mozilla/5.0 (Macintosh; Intel Mac OS X 10_7_4) AppleWebKit/536.5 (KHTML, like Gecko) Chrome/19.0.1084.46 Safari/536.5" 131
216.221.226.11 - - [19/Mar/2022:09:14:29] "GET /category.screen?categoryId=STRATEGY&JSESSIONID=SD7SL3FF8ADFF4958 HTTP 1.1" 200 2786 "http://www.buttercupgames.com/product.screen?productId=PZ-SG-G05" "Mozilla/5.0 (Macintosh; Intel Mac OS X 10_7_4) AppleWebKit/536.5 (KHTML, like Gecko) Chrome/19.0.1084.46 Safari/536.5" 105
216.221.226.11 - - [19/Mar/2022:09:14:52] "POST /product.screen?productId=DB-SG-G01&JSESSIONID=SD7SL3FF8ADFF4958 HTTP 1.1" 200 2308 "http://www.buttercupgames.com/category.screen?categoryId=STRATEGY" "Mozilla/5.0 (Macintosh; Intel Mac OS X 10_7_4) AppleWebKit/536.5 (KHTML, like Gecko) Chrome/19.0.1084.46 Safari/536.5" 129
